08-19 11:49:50.262 W/StorageManagerService( 1783): No primary storage defined yet; hacking together a stub
08-19 11:49:50.266 W/ActivityThread( 3745): Failed to find provider info for com.miui.idprovider (user not unlocked)
08-19 11:49:50.283 W/ActivityThread( 3745): Failed to find provider info for com.sohu.inputmethod.sogou.xiaomi.multiprovider (user not unlocked)
08-19 11:49:50.295 W/StorageManagerService( 1783): No primary storage defined yet; hacking together a stub
08-19 11:49:50.296 I/chatty  ( 1783): uid=1000(system) Binder:1783_5 identical 2 lines
08-19 11:49:50.298 W/StorageManagerService( 1783): No primary storage defined yet; hacking together a stub
08-19 11:49:50.365 W/ActivityThread( 3745): Failed to find provider info for com.miui.idprovider (user not unlocked)
08-19 11:49:50.375 W/StorageManagerService( 1783): No primary storage defined yet; hacking together a stub
08-19 11:49:50.378 W/StorageManagerService( 1783): No primary storage defined yet; hacking together a stub
08-19 11:49:50.378 W/StorageManagerService( 1783): No primary storage defined yet; hacking together a stub
08-19 11:49:50.379 W/ActivityThread( 3745): Failed to find provider info for com.miui.idprovider (user not unlocked)
08-19 11:49:50.380 W/ActivityThread( 3745): Failed to find provider info for com.miui.idprovider (user not unlocked)
08-19 11:49:50.383 W/ActivityThread( 3745): Failed to find provider info for com.sohu.inputmethod.sogou.xiaomi.multiprovider (user not unlocked)
08-19 11:49:50.385 W/StorageManagerService( 1783): No primary storage defined yet; hacking together a stub
08-19 11:49:50.387 I/chatty  ( 1783): uid=1000(system) Binder:1783_1 identical 2 lines
08-19 11:49:50.395 W/StorageManagerService( 1783): No primary storage defined yet; hacking together a stub
08-19 11:49:50.405 I/ActivityManager( 1783): User 0 state changed from RUNNING_LOCKED to RUNNING_UNLOCKING
08-19 11:49:50.406 W/Looper  ( 1783): Slow dispatch took 405ms android.fg h=android.os.Handler c=com.android.server.am.-$$Lambda$UserController$stQk1028ON105v_u-VMykVjcxLk@7a351ed m=0
08-19 11:49:50.406 I/SystemServerTimingAsync( 1783): ssm.UnlockingUser-0
08-19 11:49:50.406 I/SystemServiceManager( 1783): Calling onUnlockingUser 0
08-19 11:49:50.406 I/SystemServerTimingAsync( 1783): ssm.onUnlockingUser-0_com.android.server.security.FileIntegrityService
08-19 11:49:50.406 I/SystemServerTimingAsync( 1783): ssm.onUnlockingUser-0_com.android.server.pm.Installer
08-19 11:49:50.406 I/SystemServerTimingAsync( 1783): ssm.onUnlockingUser-0_com.android.server.os.DeviceIdentifiersPolicyService
08-19 11:49:50.406 I/SystemServerTimingAsync( 1783): ssm.onUnlockingUser-0_com.android.server.uri.UriGrantsManagerService$Lifecycle
08-19 11:49:50.406 I/SystemServerTimingAsync( 1783): ssm.onUnlockingUser-0_com.android.server.wm.ActivityTaskManagerService$Lifecycle
08-19 11:49:50.406 W/Looper  ( 1783): Slow delivery took 405ms android.fg h=android.os.Handler c=com.android.server.am.-$$Lambda$UserController$Pih7tcLApDzPmXN5YpO0gEbpMtw@dce4822 m=0
08-19 11:49:50.407 W/Looper  ( 1783): Drained
08-19 11:49:50.408 I/LaunchParamsPersister( 1783): Didn't find launch param folder for user 0
08-19 11:49:50.408 I/SystemServerTimingAsync( 1783): ssm.onUnlockingUser-0_com.android.server.am.ActivityManagerService$Lifecycle
08-19 11:49:50.408 I/SystemServerTimingAsync( 1783): ssm.onUnlockingUser-0_com.android.server.pm.DataLoaderManagerService
08-19 11:49:50.408 I/SystemServerTimingAsync( 1783): ssm.onUnlockingUser-0_com.android.server.power.PowerManagerService
08-19 11:49:50.408 I/SystemServerTimingAsync( 1783): ssm.onUnlockingUser-0_com.android.server.power.ThermalManagerService
08-19 11:49:50.409 I/SystemServerTimingAsync( 1783): ssm.onUnlockingUser-0_com.android.server.recoverysystem.RecoverySystemService$Lifecycle
08-19 11:49:50.409 I/SystemServerTimingAsync( 1783): ssm.onUnlockingUser-0_com.android.server.lights.MiuiLightsService
08-19 11:49:50.409 I/SystemServerTimingAsync( 1783): ssm.onUnlockingUser-0_com.android.server.display.DisplayManagerService
08-19 11:49:50.409 I/SystemServerTimingAsync( 1783): ssm.onUnlockingUser-0_com.android.server.pm.CloudControlPreinstallService
08-19 11:49:50.409 I/SystemServerTimingAsync( 1783): ssm.onUnlockingUser-0_com.android.server.pm.AdvancePreinstallService
08-19 11:49:50.409 I/SystemServerTimingAsync( 1783): ssm.onUnlockingUser-0_com.android.server.pm.UserManagerService$LifeCycle
08-19 11:49:50.409 I/SystemServerTimingAsync( 1783): ssm.onUnlockingUser-0_com.android.server.om.OverlayManagerService
08-19 11:49:50.409 I/SystemServerTimingAsync( 1783): ssm.onUnlockingUser-0_com.android.server.SensorPrivacyService
08-19 11:49:50.409 I/SystemServerTimingAsync( 1783): ssm.onUnlockingUser-0_com.android.server.SystemConfigService
08-19 11:49:50.409 I/SystemServerTimingAsync( 1783): ssm.onUnlockingUser-0_com.android.server.BatteryService
08-19 11:49:50.409 I/SystemServerTimingAsync( 1783): ssm.onUnlockingUser-0_com.android.server.usage.UsageStatsService
08-19 11:49:50.409 I/SystemServerTimingAsync( 1783): ssm.onUnlockingUser-0_com.android.server.webkit.WebViewUpdateService
08-19 11:49:50.409 I/SystemServerTimingAsync( 1783): ssm.onUnlockingUser-0_com.android.server.CachedDeviceStateService
08-19 11:49:50.409 I/SystemServerTimingAsync( 1783): ssm.onUnlockingUser-0_com.android.server.BinderCallsStatsService$LifeCycle
08-19 11:49:50.409 I/SystemServerTimingAsync( 1783): ssm.onUnlockingUser-0_com.android.server.LooperStatsService$Lifecycle
08-19 11:49:50.409 I/SystemServerTimingAsync( 1783): ssm.onUnlockingUser-0_com.android.server.rollback.RollbackManagerService
08-19 11:49:50.410 I/SystemServerTimingAsync( 1783): ssm.onUnlockingUser-0_com.android.server.os.BugreportManagerService
08-19 11:49:50.410 I/SystemServerTimingAsync( 1783): ssm.onUnlockingUser-0_com.android.server.gpu.GpuService
08-19 11:49:50.410 I/SystemServerTimingAsync( 1783): ssm.onUnlockingUser-0_com.android.server.security.KeyChainSystemService
08-19 11:49:50.410 I/SystemServerTimingAsync( 1783): ssm.onUnlockingUser-0_com.android.server.telecom.TelecomLoaderService
08-19 11:49:50.410 I/SystemServerTimingAsync( 1783): ssm.onUnlockingUser-0_com.android.server.accounts.AccountManagerService$Lifecycle
08-19 11:49:50.410 I/SystemServerTimingAsync( 1783): ssm.onUnlockingUser-0_com.android.server.content.ContentService$Lifecycle
08-19 11:49:50.410 I/SystemServerTimingAsync( 1783): ssm.onUnlockingUser-0_com.android.server.DropBoxManagerService
08-19 11:49:50.410 I/SystemServerTimingAsync( 1783): ssm.onUnlockingUser-0_com.android.server.AlarmManagerService
08-19 11:49:50.410 I/SystemServerTimingAsync( 1783): ssm.onUnlockingUser-0_com.android.server.BluetoothService
08-19 11:49:50.411 I/SystemServerTimingAsync( 1783): ssm.onUnlockingUser-0_com.android.server.connectivity.IpConnectivityMetrics
08-19 11:49:50.411 I/SystemServerTimingAsync( 1783): ssm.onUnlockingUser-0_com.android.server.net.watchlist.NetworkWatchlistService$Lifecycle
08-19 11:49:50.411 I/SystemServerTimingAsync( 1783): ssm.onUnlockingUser-0_com.android.server.PinnerService
08-19 11:49:50.411 I/SystemServerTimingAsync( 1783): ssm.onUnlockingUser-0_com.google.android.startop.iorap.IorapForwardingService
08-19 11:49:50.411 I/SystemServerTimingAsync( 1783): ssm.onUnlockingUser-0_com.android.server.ActivityTriggerService
08-19 11:49:50.411 I/SystemServerTimingAsync( 1783): ssm.onUnlockingUser-0_com.android.server.integrity.AppIntegrityManagerService
08-19 11:49:50.411 I/SystemServerTimingAsync( 1783): ssm.onUnlockingUser-0_com.android.server.inputmethod.InputMethodManagerService$Lifecycle
08-19 11:49:50.411 I/SystemServerTimingAsync( 1783): ssm.onUnlockingUser-0_com.android.server.accessibility.AccessibilityManagerService$Lifecycle
08-19 11:49:50.411 I/SystemServerTimingAsync( 1783): ssm.onUnlockingUser-0_com.android.server.StorageManagerService$Lifecycle
08-19 11:49:50.411 I/StorageSessionController( 1783): On user unlock 0
08-19 11:49:50.411 I/StorageSessionController( 1783): Initialialising...
08-19 11:49:50.422 I/vold    (  644): onUserStarted: 0
08-19 11:49:50.422 I/StorageManagerService( 1783): Mounting volume VolumeInfo{emulated;0}:
08-19 11:49:50.422 I/StorageManagerService( 1783):     type=EMULATED diskId=null partGuid= mountFlags=PRIMARY|VISIBLE 
08-19 11:49:50.422 I/StorageManagerService( 1783):     mountUserId=0 state=UNMOUNTED 
08-19 11:49:50.422 I/StorageManagerService( 1783):     fsType=null fsUuid=null fsLabel=null 
08-19 11:49:50.422 I/StorageManagerService( 1783):     path=null internalPath=null 
08-19 11:49:50.423 I/vold    (  644): Executing sdcardfs
08-19 11:49:50.427 W/InputMethodManagerService( 1783): Skipping input method com.UCMobile/com.pp.assistant.cockroach.service.CockroachService: it does not require the permission android.permission.BIND_INPUT_METHOD
08-19 11:49:50.436 E/TimeSparseArray( 1783): Overwriting value android.util.AtomicFile@eb485a0 by android.util.AtomicFile@d53d559
08-19 11:49:50.436 E/TimeSparseArray( 1783): Overwriting value android.util.AtomicFile@de821ff by android.util.AtomicFile@6c5bcc
08-19 11:49:50.436 E/TimeSparseArray( 1783): Overwriting value android.util.AtomicFile@e9e752a by android.util.AtomicFile@9a6df1b
08-19 11:49:50.437 E/TimeSparseArray( 1783): Overwriting value android.util.AtomicFile@99d691 by android.util.AtomicFile@606b9f6
08-19 11:49:50.438 I/SystemServerTimingAsync( 1783): ssm.onUnlockingUser-0_com.android.server.usage.StorageStatsService$Lifecycle
08-19 11:49:50.438 I/SystemServerTimingAsync( 1783): ssm.onUnlockingUser-0_com.android.server.UiModeManagerService
08-19 11:49:50.438 I/SystemServerTimingAsync( 1783): ssm.onUnlockingUser-0_com.android.server.locksettings.LockSettingsService$Lifecycle
08-19 11:49:50.438 I/SystemServerTimingAsync( 1783): ssm.onUnlockingUser-0_com.android.server.PersistentDataBlockService
08-19 11:49:50.438 I/SystemServerTimingAsync( 1783): ssm.onUnlockingUser-0_com.android.server.testharness.TestHarnessModeService
08-19 11:49:50.438 I/SystemServerTimingAsync( 1783): ssm.onUnlockingUser-0_com.android.server.oemlock.OemLockService
08-19 11:49:50.438 I/SystemServerTimingAsync( 1783): ssm.onUnlockingUser-0_com.android.server.DeviceIdleController
08-19 11:49:50.438 I/SystemServerTimingAsync( 1783): ssm.onUnlockingUser-0_com.android.server.devicepolicy.DevicePolicyManagerService$Lifecycle
08-19 11:49:50.438 I/SystemServerTimingAsync( 1783): ssm.onUnlockingUser-0_com.android.server.textservices.TextServicesManagerService$Lifecycle
08-19 11:49:50.442 W/sdcard  ( 3931): Device explicitly enabled sdcardfs
08-19 11:49:50.443 W/TextServicesManagerService( 1783): no available spell checker services found
08-19 11:49:50.443 I/SystemServerTimingAsync( 1783): ssm.onUnlockingUser-0_com.android.server.textclassifier.TextClassificationManagerService$Lifecycle
08-19 11:49:50.443 I/SystemServerTimingAsync( 1783): ssm.onUnlockingUser-0_com.android.server.NetworkScoreService$Lifecycle
08-19 11:49:50.443 I/SystemServerTimingAsync( 1783): ssm.onUnlockingUser-0_com.android.server.wifi.WifiService
08-19 11:49:50.443 I/SystemServerTimingAsync( 1783): ssm.onUnlockingUser-0_com.android.server.wifi.scanner.WifiScanningService
08-19 11:49:50.443 I/SystemServerTimingAsync( 1783): ssm.onUnlockingUser-0_com.android.server.wifi.rtt.RttService
08-19 11:49:50.443 I/SystemServerTimingAsync( 1783): ssm.onUnlockingUser-0_com.android.server.wifi.aware.WifiAwareService
08-19 11:49:50.443 I/SystemServerTimingAsync( 1783): ssm.onUnlockingUser-0_com.android.server.wifi.p2p.WifiP2pService
08-19 11:49:50.443 I/SystemServerTimingAsync( 1783): ssm.onUnlockingUser-0_com.android.server.ethernet.EthernetService
08-19 11:49:50.443 I/SystemServerTimingAsync( 1783): ssm.onUnlockingUser-0_com.android.server.notification.NotificationManagerService
08-19 11:49:50.443 I/SystemServerTimingAsync( 1783): ssm.onUnlockingUser-0_com.android.server.storage.DeviceStorageMonitorService
08-19 11:49:50.443 I/SystemServerTimingAsync( 1783): ssm.onUnlockingUser-0_com.android.server.location.LocationManagerService$Lifecycle
08-19 11:49:50.443 I/SystemServerTimingAsync( 1783): ssm.onUnlockingUser-0_com.android.server.timedetector.TimeDetectorService$Lifecycle
08-19 11:49:50.443 I/NotificationHistory( 1783): Attempted to unlock gone/disabled user 0
08-19 11:49:50.443 I/SystemServerTimingAsync( 1783): ssm.onUnlockingUser-0_com.android.server.timezonedetector.TimeZoneDetectorService$Lifecycle
08-19 11:49:50.443 I/SystemServerTimingAsync( 1783): ssm.onUnlockingUser-0_com.android.server.search.SearchManagerService$Lifecycle
08-19 11:49:50.443 I/SystemServerTimingAsync( 1783): ssm.onUnlockingUser-0_com.android.server.wallpaper.WallpaperManagerService$Lifecycle
08-19 11:49:50.443 I/WallpaperManagerService( 1783): on-unlock-user-0
08-19 11:49:50.444 I/SystemServerTimingAsync( 1783): ssm.onUnlockingUser-0_com.android.server.audio.AudioService$Lifecycle
08-19 11:49:50.444 I/SystemServerTimingAsync( 1783): ssm.onUnlockingUser-0_com.android.server.soundtrigger_middleware.SoundTriggerMiddlewareService$Lifecycle
08-19 11:49:50.444 I/SystemServerTimingAsync( 1783): ssm.onUnlockingUser-0_com.android.server.DockObserver
08-19 11:49:50.444 I/SystemServerTimingAsync( 1783): ssm.onUnlockingUser-0_com.android.server.midi.MidiService$Lifecycle
08-19 11:49:50.444 I/SystemServerTimingAsync( 1783): ssm.onUnlockingUser-0_com.android.server.adb.AdbService$Lifecycle
08-19 11:49:50.444 I/SystemServerTimingAsync( 1783): ssm.onUnlockingUser-0_com.android.server.usb.UsbService$Lifecycle
08-19 11:49:50.444 I/SystemServerTimingAsync( 1783): ssm.onUnlockingUser-0_com.android.server.twilight.TwilightService
08-19 11:49:50.444 I/SystemServerTimingAsync( 1783): ssm.onUnlockingUser-0_com.android.server.display.color.ColorDisplayService
08-19 11:49:50.444 I/SystemServerTimingAsync( 1783): ssm.onUnlockingUser-0_com.android.server.job.JobSchedulerService
08-19 11:49:50.444 I/SystemServerTimingAsync( 1783): ssm.onUnlockingUser-0_com.android.server.soundtrigger.SoundTriggerService
08-19 11:49:50.444 I/SystemServerTimingAsync( 1783): ssm.onUnlockingUser-0_com.android.server.trust.TrustManagerService
08-19 11:49:50.444 I/SystemServerTimingAsync( 1783): ssm.onUnlockingUser-0_com.miui.server.BackupManagerService$Lifecycle
08-19 11:49:50.444 I/SystemServerTimingAsync( 1783): ssm.onUnlockingUser-0_com.android.server.display.ScreenEffectService
08-19 11:49:50.444 I/SystemServerTimingAsync( 1783): ssm.onUnlockingUser-0_com.android.server.backup.BackupManagerService$Lifecycle
08-19 11:49:50.444 I/SystemServerTimingAsync( 1783): ssm.onUnlockingUser-0_com.android.server.appwidget.AppWidgetService
08-19 11:49:50.444 I/SystemServerTimingAsync( 1783): ssm.onUnlockingUser-0_com.android.server.role.RoleManagerService
08-19 11:49:50.444 I/SystemServerTimingAsync( 1783): ssm.onUnlockingUser-0_com.android.server.voiceinteraction.VoiceInteractionManagerService
08-19 11:49:50.444 I/BackupManagerService( 1783): Starting service for user: 0
08-19 11:49:50.446 E/IntervalStats( 1783): Unable to parse usage stats package 289
08-19 11:49:50.446 E/IntervalStats( 1783): Unable to parse usage stats package 300
08-19 11:49:50.446 E/IntervalStats( 1783): Unable to parse usage stats package 301
08-19 11:49:50.446 I/IntervalStats( 1783): Unable to parse class 5 for package 80
08-19 11:49:50.446 I/chatty  ( 1783): uid=1000(system) android.bg identical 4 lines
08-19 11:49:50.446 I/IntervalStats( 1783): Unable to parse class 5 for package 80
08-19 11:49:50.449 E/IntervalStats( 1783): Unable to parse usage stats package 300
08-19 11:49:50.449 E/IntervalStats( 1783): Unable to parse usage stats package 301
08-19 11:49:50.450 I/SystemServerTimingAsync( 1783): ssm.onUnlockingUser-0_com.android.server.SensorNotificationService
08-19 11:49:50.450 I/SystemServerTimingAsync( 1783): ssm.onUnlockingUser-0_com.android.server.emergency.EmergencyAffordanceService
08-19 11:49:50.450 I/SystemServerTimingAsync( 1783): ssm.onUnlockingUser-0_com.android.server.dreams.DreamManagerService
08-19 11:49:50.450 I/SystemServerTimingAsync( 1783): ssm.onUnlockingUser-0_com.android.server.print.PrintManagerService
08-19 11:49:50.450 I/SystemServerTimingAsync( 1783): ssm.onUnlockingUser-0_com.android.server.companion.CompanionDeviceManagerService
08-19 11:49:50.450 I/SystemServerTimingAsync( 1783): ssm.onUnlockingUser-0_com.android.server.restrictions.RestrictionsManagerService
08-19 11:49:50.450 I/SystemServerTimingAsync( 1783): ssm.onUnlockingUser-0_com.android.server.media.MediaSessionService
08-19 11:49:50.450 I/SystemServerTimingAsync( 1783): ssm.onUnlockingUser-0_com.android.server.media.MediaResourceMonitorService
08-19 11:49:50.450 I/SystemServerTimingAsync( 1783): ssm.onUnlockingUser-0_com.android.server.biometrics.fingerprint.FingerprintService
08-19 11:49:50.450 I/SystemServerTimingAsync( 1783): ssm.onUnlockingUser-0_com.android.server.blob.BlobStoreManagerService
08-19 11:49:50.450 I/SystemServerTimingAsync( 1783): ssm.onUnlockingUser-0_com.android.server.biometrics.BiometricService
08-19 11:49:50.450 I/SystemServerTimingAsync( 1783): ssm.onUnlockingUser-0_com.android.server.biometrics.AuthService
08-19 11:49:50.450 I/SystemServerTimingAsync( 1783): ssm.onUnlockingUser-0_com.android.server.pm.ShortcutService$Lifecycle
08-19 11:49:50.450 I/SystemServerTimingAsync( 1783): ssm.onUnlockingUser-0_com.android.server.pm.LauncherAppsService
08-19 11:49:50.450 I/SystemServerTimingAsync( 1783): ssm.onUnlockingUser-0_com.android.server.pm.CrossProfileAppsService
08-19 11:49:50.450 I/SystemServerTimingAsync( 1783): ssm.onUnlockingUser-0_com.android.server.people.PeopleService
08-19 11:49:50.450 I/SystemServerTimingAsync( 1783): ssm.onUnlockingUser-0_com.android.server.media.projection.MediaProjectionManagerService
08-19 11:49:50.450 I/SystemServerTimingAsync( 1783): ssm.onUnlockingUser-0_com.android.server.slice.SliceManagerService$Lifecycle
08-19 11:49:50.450 I/SystemServerTimingAsync( 1783): ssm.onUnlockingUser-0_com.android.server.camera.CameraServiceProxy
08-19 11:49:50.450 I/SystemServerTimingAsync( 1783): ssm.onUnlockingUser-0_com.android.server.stats.StatsCompanion$Lifecycle
08-19 11:49:50.450 I/SystemServerTimingAsync( 1783): ssm.onUnlockingUser-0_com.android.server.stats.pull.StatsPullAtomService
08-19 11:49:50.450 I/SystemServerTimingAsync( 1783): ssm.onUnlockingUser-0_com.android.server.incident.IncidentCompanionService
08-19 11:49:50.450 I/SystemServerTimingAsync( 1783): ssm.onUnlockingUser-0_com.android.server.MmsServiceBroker
08-19 11:49:50.450 I/SystemServerTimingAsync( 1783): ssm.onUnlockingUser-0_com.android.server.autofill.AutofillManagerService
08-19 11:49:50.453 I/SystemServerTimingAsync( 1783): ssm.onUnlockingUser-0_com.android.server.clipboard.ClipboardService
08-19 11:49:50.453 I/SystemServerTimingAsync( 1783): ssm.onUnlockingUser-0_com.android.server.appbinding.AppBindingService$Lifecycle
08-19 11:49:50.453 I/SystemServerTimingAsync( 1783): ssm.onUnlockingUser-0_com.android.server.policy.PermissionPolicyService
08-19 11:49:50.453 I/SystemServerTimingAsync( 1783): ssm.onUnlockingUser-0_com.android.server.pm.StagingManager$Lifecycle
08-19 11:49:50.453 E/IntervalStats( 1783): Unable to parse usage stats package 289
08-19 11:49:50.453 E/IntervalStats( 1783): Unable to parse usage stats package 300
08-19 11:49:50.453 E/IntervalStats( 1783): Unable to parse usage stats package 301
08-19 11:49:50.453 I/ActivityManager( 1783): Start proc 3938:com.tencent.mtt:service/u0a252 for service {com.tencent.mtt/com.tencent.mtt.browser.push.external.account.JobschedulService} caller=android
08-19 11:49:50.456 I/ActivityTaskManager( 1783): Loading recents for user 0 into memory.
08-19 11:49:50.457 E/IntervalStats( 1783): Unable to parse usage stats package 300
08-19 11:49:50.457 E/IntervalStats( 1783): Unable to parse usage stats package 301
08-19 11:49:50.458 E/BackupPasswordManager( 1783): Unable to read backup pw version
08-19 11:49:50.458 E/BackupPasswordManager( 1783): Unable to read saved backup pw hash
08-19 11:49:50.459 W/ActivityManager( 1783): UserLifecycleEvent 5 received without an active userJourneySession.
08-19 11:49:50.459 W/ActivityManager( 1783): UserLifecycleEvent 6 received without an active userJourneySession.
08-19 11:49:50.459 I/ActivityManager( 1783): User 0 state changed from RUNNING_UNLOCKING to RUNNING_UNLOCKED
08-19 11:49:50.462 I/UsageStatsService( 1783): User[0] Rollover scheduled @ 2021-08-20 09:03:37(1629421417054)
08-19 11:49:50.462 W/ActivityTaskManager( 1783): Task: Unknown attribute=is_available
08-19 11:49:50.464 I/chatty  ( 1783): uid=1000(system) android.fg identical 1 line
08-19 11:49:50.466 W/ActivityTaskManager( 1783): Task: Unknown attribute=is_available
08-19 11:49:50.466 I/UsageStatsService( 1783): User[0] Flushing usage stats to disk
08-19 11:49:50.466 W/ActivityTaskManager( 1783): Task: Unknown attribute=is_available
08-19 11:49:50.471 I/chatty  ( 1783): uid=1000(system) android.fg identical 9 lines
08-19 11:49:50.472 W/ActivityTaskManager( 1783): Task: Unknown attribute=is_available
08-19 11:49:50.473 I/vold    (  644): Mounting emulated fuse volume
08-19 11:49:50.482 W/XSpaceManagerService( 1783): Reset XSpace enable, active:false
08-19 11:49:50.485 I/vold    (  644): Bind mounting /mnt/runtime/full/emulated to /mnt/pass_through/0/emulated
08-19 11:49:50.486 I/StorageSessionController( 1783): On volume mount VolumeInfo{emulated;0}:
08-19 11:49:50.486 I/StorageSessionController( 1783):     type=EMULATED diskId=null partGuid= mountFlags=PRIMARY|VISIBLE 
08-19 11:49:50.486 I/StorageSessionController( 1783):     mountUserId=0 state=CHECKING 
08-19 11:49:50.486 I/StorageSessionController( 1783):     fsType=null fsUuid=null fsLabel=null 
08-19 11:49:50.486 I/StorageSessionController( 1783):     path=/storage/emulated internalPath=/data/media 
08-19 11:49:50.486 I/StorageSessionController( 1783): Creating connection for user: 0
08-19 11:49:50.486 I/StorageSessionController( 1783): Creating and starting session with id: emulated;0
08-19 11:49:50.486 I/StorageUserConnection( 1783): Binding to the ExternalStorageService for user 0
08-19 11:49:50.507 I/ActivityManager( 1783): Start proc 3950:com.baidu.input_mi/u0a271 for service {com.baidu.input_mi/com.baidu.input_mi.ImeService} caller=android
08-19 11:49:50.531 I/StorageUserConnection( 1783): Bound to the ExternalStorageService for user 0
08-19 11:49:50.538 I/ActivityManager( 1783): Start proc 3982:com.miui.voiceassist/u0a151 for service {com.miui.voiceassist/com.xiaomi.voiceassistant.AssistInteractionService} caller=android
08-19 11:49:50.541 I/BackupManagerService( 1783): [UserID:0] Package com.vmos.app not installed; dropping from full backup
08-19 11:49:50.544 W/XSpaceManagerService( 1783): XSpace init, active:false
08-19 11:49:50.544 W/ContextImpl( 1783): Calling a method in the system process without a qualified user: android.app.ContextImpl.startService:1679 com.miui.server.XSpaceManagerService.startXSpaceService:586 com.miui.server.XSpaceManagerService.init:459 com.android.server.am.ExtraActivityManagerService.finishBooting:150 com.android.server.am.ActivityManagerServiceInjector.finishBooting:269 
08-19 11:49:50.546 I/BackupManagerService( 1783): [UserID:0] Backup enabled => false
08-19 11:49:50.561 W/StorageManagerService( 1783): Reporting emulated;0 unmounted due to system locked
08-19 11:49:50.561 W/AppWidgetServiceImpl( 1783): No android.appwidget.provider meta-data for AppWidget provider 'ProviderId{user:0, app:10246, cmp:ComponentInfo{com.sankuai.youxuan/com.dianping.base.push.pushservice.PhoneStatusReceiver}}'
08-19 11:49:50.568 I/ActivityManager( 1783): Start proc 4011:com.miui.contentcatcher/1000 for added application com.miui.contentcatcher caller=android
08-19 11:49:50.569 I/ActivityManager( 1783): Posting BOOT_COMPLETED user #0
08-19 11:49:50.576 W/AppWidgetServiceImpl( 1783): No android.appwidget.provider meta-data for AppWidget provider 'ProviderId{user:0, app:10230, cmp:ComponentInfo{com.xunmeng.pinduoduo/com.xunmeng.pinduoduo.lifecycle.receiver.SystemReceiver}}'
08-19 11:49:50.580 W/ActivityManager( 1783): Slow operation: 105ms so far, now at startProcess: returned from zygote!
08-19 11:49:50.581 W/StorageManagerService( 1783): Reporting emulated;0 unmounted due to system locked
08-19 11:49:50.583 I/AppWidgetServiceImpl( 1783): Processing of handleUserUnlocked u0 took 14 ms
08-19 11:49:50.584 W/ActivityManager( 1783): Slow operation: 109ms so far, now at startProcess: done updating battery stats
08-19 11:49:50.584 W/ActivityManager( 1783): Slow operation: 109ms so far, now at startProcess: building log message
08-19 11:49:50.584 I/ActivityManager( 1783): Start proc 4042:com.miui.dmregservice/u0a107 for added application com.miui.dmregservice caller=android
08-19 11:49:50.584 W/ActivityManager( 1783): Slow operation: 109ms so far, now at startProcess: starting to update pids map
08-19 11:49:50.585 W/ActivityManager( 1783): Slow operation: 109ms so far, now at startProcess: done updating pids map
08-19 11:49:50.585 W/ActivityManager( 1783): Slow operation: 108ms so far, now at startProcess: asking zygote to start proc
08-19 11:49:50.589 I/SystemServerTimingAsync( 1783): ssm.UnlockedUser-0
08-19 11:49:50.589 I/SystemServiceManager( 1783): Calling onUnlockedUser 0
08-19 11:49:50.589 I/SystemServerTimingAsync( 1783): ssm.onUnlockedUser-0_com.android.server.security.FileIntegrityService
08-19 11:49:50.589 I/SystemServerTimingAsync( 1783): ssm.onUnlockedUser-0_com.android.server.pm.Installer
08-19 11:49:50.589 I/SystemServerTimingAsync( 1783): ssm.onUnlockedUser-0_com.android.server.os.DeviceIdentifiersPolicyService
08-19 11:49:50.589 I/SystemServerTimingAsync( 1783): ssm.onUnlockedUser-0_com.android.server.uri.UriGrantsManagerService$Lifecycle
08-19 11:49:50.589 I/SystemServerTimingAsync( 1783): ssm.onUnlockedUser-0_com.android.server.wm.ActivityTaskManagerService$Lifecycle
08-19 11:49:50.589 I/SystemServerTimingAsync( 1783): ssm.onUnlockedUser-0_com.android.server.am.ActivityManagerService$Lifecycle
08-19 11:49:50.589 I/SystemServerTimingAsync( 1783): ssm.onUnlockedUser-0_com.android.server.pm.DataLoaderManagerService
08-19 11:49:50.589 I/SystemServerTimingAsync( 1783): ssm.onUnlockedUser-0_com.android.server.power.PowerManagerService
08-19 11:49:50.589 I/SystemServerTimingAsync( 1783): ssm.onUnlockedUser-0_com.android.server.power.ThermalManagerService
08-19 11:49:50.589 I/SystemServerTimingAsync( 1783): ssm.onUnlockedUser-0_com.android.server.recoverysystem.RecoverySystemService$Lifecycle
08-19 11:49:50.589 I/SystemServerTimingAsync( 1783): ssm.onUnlockedUser-0_com.android.server.lights.MiuiLightsService
08-19 11:49:50.589 I/SystemServerTimingAsync( 1783): ssm.onUnlockedUser-0_com.android.server.display.DisplayManagerService
08-19 11:49:50.589 I/SystemServerTimingAsync( 1783): ssm.onUnlockedUser-0_com.android.server.pm.CloudControlPreinstallService
08-19 11:49:50.589 I/SystemServerTimingAsync( 1783): ssm.onUnlockedUser-0_com.android.server.pm.AdvancePreinstallService
08-19 11:49:50.589 I/SystemServerTimingAsync( 1783): ssm.onUnlockedUser-0_com.android.server.pm.UserManagerService$LifeCycle
08-19 11:49:50.589 I/SystemServerTimingAsync( 1783): ssm.onUnlockedUser-0_com.android.server.om.OverlayManagerService
08-19 11:49:50.589 I/SystemServerTimingAsync( 1783): ssm.onUnlockedUser-0_com.android.server.SensorPrivacyService
08-19 11:49:50.589 I/SystemServerTimingAsync( 1783): ssm.onUnlockedUser-0_com.android.server.SystemConfigService
08-19 11:49:50.589 I/SystemServerTimingAsync( 1783): ssm.onUnlockedUser-0_com.android.server.BatteryService
08-19 11:49:50.589 I/SystemServerTimingAsync( 1783): ssm.onUnlockedUser-0_com.android.server.usage.UsageStatsService
08-19 11:49:50.589 I/SystemServerTimingAsync( 1783): ssm.onUnlockedUser-0_com.android.server.webkit.WebViewUpdateService
08-19 11:49:50.589 I/SystemServerTimingAsync( 1783): ssm.onUnlockedUser-0_com.android.server.CachedDeviceStateService
08-19 11:49:50.589 I/SystemServerTimingAsync( 1783): ssm.onUnlockedUser-0_com.android.server.BinderCallsStatsService$LifeCycle
08-19 11:49:50.589 I/SystemServerTimingAsync( 1783): ssm.onUnlockedUser-0_com.android.server.LooperStatsService$Lifecycle
08-19 11:49:50.589 I/SystemServerTimingAsync( 1783): ssm.onUnlockedUser-0_com.android.server.rollback.RollbackManagerService
08-19 11:49:50.589 I/SystemServerTimingAsync( 1783): ssm.onUnlockedUser-0_com.android.server.os.BugreportManagerService
08-19 11:49:50.589 I/SystemServerTimingAsync( 1783): ssm.onUnlockedUser-0_com.android.server.gpu.GpuService
08-19 11:49:50.589 I/SystemServerTimingAsync( 1783): ssm.onUnlockedUser-0_com.android.server.security.KeyChainSystemService
08-19 11:49:50.589 I/SystemServerTimingAsync( 1783): ssm.onUnlockedUser-0_com.android.server.telecom.TelecomLoaderService
08-19 11:49:50.589 I/SystemServerTimingAsync( 1783): ssm.onUnlockedUser-0_com.android.server.accounts.AccountManagerService$Lifecycle
08-19 11:49:50.589 I/SystemServerTimingAsync( 1783): ssm.onUnlockedUser-0_com.android.server.content.ContentService$Lifecycle
08-19 11:49:50.589 I/SystemServerTimingAsync( 1783): ssm.onUnlockedUser-0_com.android.server.DropBoxManagerService
08-19 11:49:50.589 I/SystemServerTimingAsync( 1783): ssm.onUnlockedUser-0_com.android.server.AlarmManagerService
08-19 11:49:50.589 I/SystemServerTimingAsync( 1783): ssm.onUnlockedUser-0_com.android.server.BluetoothService
08-19 11:49:50.589 I/SystemServerTimingAsync( 1783): ssm.onUnlockedUser-0_com.android.server.connectivity.IpConnectivityMetrics
08-19 11:49:50.589 I/SystemServerTimingAsync( 1783): ssm.onUnlockedUser-0_com.android.server.net.watchlist.NetworkWatchlistService$Lifecycle
08-19 11:49:50.589 I/SystemServerTimingAsync( 1783): ssm.onUnlockedUser-0_com.android.server.PinnerService
08-19 11:49:50.589 I/SystemServerTimingAsync( 1783): ssm.onUnlockedUser-0_com.google.android.startop.iorap.IorapForwardingService
08-19 11:49:50.589 I/SystemServerTimingAsync( 1783): ssm.onUnlockedUser-0_com.android.server.ActivityTriggerService
08-19 11:49:50.589 I/SystemServerTimingAsync( 1783): ssm.onUnlockedUser-0_com.android.server.integrity.AppIntegrityManagerService
08-19 11:49:50.589 I/SystemServerTimingAsync( 1783): ssm.onUnlockedUser-0_com.android.server.inputmethod.InputMethodManagerService$Lifecycle
08-19 11:49:50.589 I/SystemServerTimingAsync( 1783): ssm.onUnlockedUser-0_com.android.server.accessibility.AccessibilityManagerService$Lifecycle
08-19 11:49:50.589 I/SystemServerTimingAsync( 1783): ssm.onUnlockedUser-0_com.android.server.StorageManagerService$Lifecycle
08-19 11:49:50.589 I/SystemServerTimingAsync( 1783): ssm.onUnlockedUser-0_com.android.server.usage.StorageStatsService$Lifecycle
08-19 11:49:50.589 I/SystemServerTimingAsync( 1783): ssm.onUnlockedUser-0_com.android.server.UiModeManagerService
08-19 11:49:50.589 I/SystemServerTimingAsync( 1783): ssm.onUnlockedUser-0_com.android.server.locksettings.LockSettingsService$Lifecycle
08-19 11:49:50.589 I/SystemServerTimingAsync( 1783): ssm.onUnlockedUser-0_com.android.server.PersistentDataBlockService
08-19 11:49:50.589 I/SystemServerTimingAsync( 1783): ssm.onUnlockedUser-0_com.android.server.testharness.TestHarnessModeService
08-19 11:49:50.589 I/SystemServerTimingAsync( 1783): ssm.onUnlockedUser-0_com.android.server.oemlock.OemLockService
08-19 11:49:50.589 I/SystemServerTimingAsync( 1783): ssm.onUnlockedUser-0_com.android.server.DeviceIdleController
08-19 11:49:50.589 I/SystemServerTimingAsync( 1783): ssm.onUnlockedUser-0_com.android.server.devicepolicy.DevicePolicyManagerService$Lifecycle
08-19 11:49:50.589 I/SystemServerTimingAsync( 1783): ssm.onUnlockedUser-0_com.android.server.textservices.TextServicesManagerService$Lifecycle
08-19 11:49:50.589 I/SystemServerTimingAsync( 1783): ssm.onUnlockedUser-0_com.android.server.textclassifier.TextClassificationManagerService$Lifecycle
08-19 11:49:50.589 I/SystemServerTimingAsync( 1783): ssm.onUnlockedUser-0_com.android.server.NetworkScoreService$Lifecycle
08-19 11:49:50.589 I/SystemServerTimingAsync( 1783): ssm.onUnlockedUser-0_com.android.server.wifi.WifiService
08-19 11:49:50.589 I/SystemServerTimingAsync( 1783): ssm.onUnlockedUser-0_com.android.server.wifi.scanner.WifiScanningService
08-19 11:49:50.589 I/SystemServerTimingAsync( 1783): ssm.onUnlockedUser-0_com.android.server.wifi.rtt.RttService
08-19 11:49:50.589 I/SystemServerTimingAsync( 1783): ssm.onUnlockedUser-0_com.android.server.wifi.aware.WifiAwareService
08-19 11:49:50.589 I/SystemServerTimingAsync( 1783): ssm.onUnlockedUser-0_com.android.server.wifi.p2p.WifiP2pService
08-19 11:49:50.589 I/SystemServerTimingAsync( 1783): ssm.onUnlockedUser-0_com.android.server.ethernet.EthernetService
08-19 11:49:50.589 I/SystemServerTimingAsync( 1783): ssm.onUnlockedUser-0_com.android.server.notification.NotificationManagerService
08-19 11:49:50.589 I/SystemServerTimingAsync( 1783): ssm.onUnlockedUser-0_com.android.server.storage.DeviceStorageMonitorService
08-19 11:49:50.589 I/SystemServerTimingAsync( 1783): ssm.onUnlockedUser-0_com.android.server.location.LocationManagerService$Lifecycle
08-19 11:49:50.589 I/SystemServerTimingAsync( 1783): ssm.onUnlockedUser-0_com.android.server.timedetector.TimeDetectorService$Lifecycle
08-19 11:49:50.589 I/SystemServerTimingAsync( 1783): ssm.onUnlockedUser-0_com.android.server.timezonedetector.TimeZoneDetectorService$Lifecycle
08-19 11:49:50.589 I/SystemServerTimingAsync( 1783): ssm.onUnlockedUser-0_com.android.server.search.SearchManagerService$Lifecycle
08-19 11:49:50.589 I/SystemServerTimingAsync( 1783): ssm.onUnlockedUser-0_com.android.server.wallpaper.WallpaperManagerService$Lifecycle
08-19 11:49:50.589 I/SystemServerTimingAsync( 1783): ssm.onUnlockedUser-0_com.android.server.audio.AudioService$Lifecycle
08-19 11:49:50.589 I/SystemServerTimingAsync( 1783): ssm.onUnlockedUser-0_com.android.server.soundtrigger_middleware.SoundTriggerMiddlewareService$Lifecycle
08-19 11:49:50.589 I/SystemServerTimingAsync( 1783): ssm.onUnlockedUser-0_com.android.server.DockObserver
08-19 11:49:50.589 I/SystemServerTimingAsync( 1783): ssm.onUnlockedUser-0_com.android.server.midi.MidiService$Lifecycle
08-19 11:49:50.589 I/SystemServerTimingAsync( 1783): ssm.onUnlockedUser-0_com.android.server.adb.AdbService$Lifecycle
08-19 11:49:50.589 I/SystemServerTimingAsync( 1783): ssm.onUnlockedUser-0_com.android.server.usb.UsbService$Lifecycle
08-19 11:49:50.589 I/SystemServerTimingAsync( 1783): ssm.onUnlockedUser-0_com.android.server.twilight.TwilightService
08-19 11:49:50.589 I/SystemServerTimingAsync( 1783): ssm.onUnlockedUser-0_com.android.server.display.color.ColorDisplayService
08-19 11:49:50.589 I/SystemServerTimingAsync( 1783): ssm.onUnlockedUser-0_com.android.server.job.JobSchedulerService
08-19 11:49:50.589 I/SystemServerTimingAsync( 1783): ssm.onUnlockedUser-0_com.android.server.soundtrigger.SoundTriggerService
08-19 11:49:50.589 I/SystemServerTimingAsync( 1783): ssm.onUnlockedUser-0_com.android.server.trust.TrustManagerService
08-19 11:49:50.589 I/SystemServerTimingAsync( 1783): ssm.onUnlockedUser-0_com.miui.server.BackupManagerService$Lifecycle
08-19 11:49:50.589 I/SystemServerTimingAsync( 1783): ssm.onUnlockedUser-0_com.android.server.display.ScreenEffectService
08-19 11:49:50.589 I/SystemServerTimingAsync( 1783): ssm.onUnlockedUser-0_com.android.server.backup.BackupManagerService$Lifecycle
08-19 11:49:50.589 I/SystemServerTimingAsync( 1783): ssm.onUnlockedUser-0_com.android.server.appwidget.AppWidgetService
08-19 11:49:50.589 I/SystemServerTimingAsync( 1783): ssm.onUnlockedUser-0_com.android.server.role.RoleManagerService
08-19 11:49:50.589 I/SystemServerTimingAsync( 1783): ssm.onUnlockedUser-0_com.android.server.voiceinteraction.VoiceInteractionManagerService
08-19 11:49:50.589 I/SystemServerTimingAsync( 1783): ssm.onUnlockedUser-0_com.android.server.SensorNotificationService
08-19 11:49:50.589 I/SystemServerTimingAsync( 1783): ssm.onUnlockedUser-0_com.android.server.emergency.EmergencyAffordanceService
08-19 11:49:50.589 I/SystemServerTimingAsync( 1783): ssm.onUnlockedUser-0_com.android.server.dreams.DreamManagerService
08-19 11:49:50.589 I/SystemServerTimingAsync( 1783): ssm.onUnlockedUser-0_com.android.server.print.PrintManagerService
08-19 11:49:50.589 I/SystemServerTimingAsync( 1783): ssm.onUnlockedUser-0_com.android.server.companion.CompanionDeviceManagerService
08-19 11:49:50.589 I/SystemServerTimingAsync( 1783): ssm.onUnlockedUser-0_com.android.server.restrictions.RestrictionsManagerService
08-19 11:49:50.589 I/SystemServerTimingAsync( 1783): ssm.onUnlockedUser-0_com.android.server.media.MediaSessionService
08-19 11:49:50.589 I/SystemServerTimingAsync( 1783): ssm.onUnlockedUser-0_com.android.server.media.MediaResourceMonitorService
08-19 11:49:50.589 I/SystemServerTimingAsync( 1783): ssm.onUnlockedUser-0_com.android.server.biometrics.fingerprint.FingerprintService
08-19 11:49:50.589 I/SystemServerTimingAsync( 1783): ssm.onUnlockedUser-0_com.android.server.blob.BlobStoreManagerService
08-19 11:49:50.589 I/SystemServerTimingAsync( 1783): ssm.onUnlockedUser-0_com.android.server.biometrics.BiometricService
08-19 11:49:50.589 I/SystemServerTimingAsync( 1783): ssm.onUnlockedUser-0_com.android.server.biometrics.AuthService
08-19 11:49:50.589 I/SystemServerTimingAsync( 1783): ssm.onUnlockedUser-0_com.android.server.pm.ShortcutService$Lifecycle
08-19 11:49:50.589 I/SystemServerTimingAsync( 1783): ssm.onUnlockedUser-0_com.android.server.pm.LauncherAppsService
08-19 11:49:50.589 I/SystemServerTimingAsync( 1783): ssm.onUnlockedUser-0_com.android.server.pm.CrossProfileAppsService
08-19 11:49:50.589 I/SystemServerTimingAsync( 1783): ssm.onUnlockedUser-0_com.android.server.people.PeopleService
08-19 11:49:50.589 I/SystemServerTimingAsync( 1783): ssm.onUnlockedUser-0_com.android.server.media.projection.MediaProjectionManagerService
08-19 11:49:50.590 I/SystemServerTimingAsync( 1783): ssm.onUnlockedUser-0_com.android.server.slice.SliceManagerService$Lifecycle
08-19 11:49:50.590 I/SystemServerTimingAsync( 1783): ssm.onUnlockedUser-0_com.android.server.camera.CameraServiceProxy
08-19 11:49:50.590 I/SystemServerTimingAsync( 1783): ssm.onUnlockedUser-0_com.android.server.stats.StatsCompanion$Lifecycle
08-19 11:49:50.590 I/SystemServerTimingAsync( 1783): ssm.onUnlockedUser-0_com.android.server.stats.pull.StatsPullAtomService
08-19 11:49:50.590 I/SystemServerTimingAsync( 1783): ssm.onUnlockedUser-0_com.android.server.incident.IncidentCompanionService
08-19 11:49:50.590 I/SystemServerTimingAsync( 1783): ssm.onUnlockedUser-0_com.android.server.MmsServiceBroker
08-19 11:49:50.590 I/SystemServerTimingAsync( 1783): ssm.onUnlockedUser-0_com.android.server.autofill.AutofillManagerService
08-19 11:49:50.590 I/SystemServerTimingAsync( 1783): ssm.onUnlockedUser-0_com.android.server.clipboard.ClipboardService
08-19 11:49:50.590 I/SystemServerTimingAsync( 1783): ssm.onUnlockedUser-0_com.android.server.appbinding.AppBindingService$Lifecycle
08-19 11:49:50.590 I/SystemServerTimingAsync( 1783): ssm.onUnlockedUser-0_com.android.server.policy.PermissionPolicyService
08-19 11:49:50.590 I/SystemServerTimingAsync( 1783): ssm.onUnlockedUser-0_com.android.server.pm.StagingManager$Lifecycle
08-19 11:49:50.590 W/ActivityManager( 1783): UserLifecycleEvent 6 received without an active userJourneySession.
08-19 11:49:50.600 W/ActivityManager( 1783): Slow operation: 124ms so far, now at startProcess: returned from zygote!
08-19 11:49:50.600 W/ActivityManager( 1783): Slow operation: 124ms so far, now at startProcess: done updating battery stats
08-19 11:49:50.600 W/ActivityManager( 1783): Slow operation: 124ms so far, now at startProcess: building log message
08-19 11:49:50.600 I/ActivityManager( 1783): Start proc 4064:com.miui.daemon/1000 for added application com.miui.daemon caller=android
08-19 11:49:50.600 W/ActivityManager( 1783): Slow operation: 124ms so far, now at startProcess: starting to update pids map
08-19 11:49:50.600 W/ActivityManager( 1783): Slow operation: 124ms so far, now at startProcess: done updating pids map
08-19 11:49:50.600 W/ActivityManager( 1783): Slow operation: 124ms so far, now at startProcess: asking zygote to start proc
08-19 11:49:50.634 W/ActivityManager( 1783): Slow operation: 158ms so far, now at startProcess: returned from zygote!
08-19 11:49:50.636 W/ActivityManager( 1783): Slow operation: 160ms so far, now at startProcess: done updating battery stats
08-19 11:49:50.636 W/ActivityManager( 1783): Slow operation: 160ms so far, now at startProcess: building log message
08-19 11:49:50.636 I/ActivityManager( 1783): Start proc 4103:com.android.nfc/1027 for added application com.android.nfc caller=android
08-19 11:49:50.637 W/ActivityManager( 1783): Slow operation: 160ms so far, now at startProcess: starting to update pids map
08-19 11:49:50.637 W/ActivityManager( 1783): Slow operation: 161ms so far, now at startProcess: done updating pids map
08-19 11:49:50.637 W/ActivityManager( 1783): Slow operation: 160ms so far, now at startProcess: asking zygote to start proc
08-19 11:49:50.638 W/StorageManagerService( 1783): Reporting emulated;0 unmounted due to system locked
08-19 11:49:50.665 E/LoadedApk( 3982): Unable to instantiate appComponentFactory
08-19 11:49:50.665 E/LoadedApk( 3982): java.lang.ClassNotFoundException: Didn't find class "androidx.core.app.CoreComponentFactory" on path: DexPathList[[zip file "/system/app/VoiceAssist/VoiceAssist.apk"],nativeLibraryDirectories=[/system/app/VoiceAssist/lib/arm, /system/app/VoiceAssist/VoiceAssist.apk!/lib/armeabi-v7a, /system/lib, /system_ext/lib, /system/lib, /system_ext/lib]]
08-19 11:49:50.665 E/LoadedApk( 3982): 	at dalvik.system.BaseDexClassLoader.findClass(BaseDexClassLoader.java:207)
08-19 11:49:50.665 E/LoadedApk( 3982): 	at java.lang.ClassLoader.loadClass(ClassLoader.java:379)
08-19 11:49:50.665 E/LoadedApk( 3982): 	at java.lang.ClassLoader.loadClass(ClassLoader.java:312)
08-19 11:49:50.665 E/LoadedApk( 3982): 	at android.app.LoadedApk.createAppFactory(LoadedApk.java:262)
08-19 11:49:50.665 E/LoadedApk( 3982): 	at android.app.LoadedApk.createOrUpdateClassLoaderLocked(LoadedApk.java:907)
08-19 11:49:50.665 E/LoadedApk( 3982): 	at android.app.LoadedApk.getClassLoader(LoadedApk.java:960)
08-19 11:49:50.665 E/LoadedApk( 3982): 	at android.app.LoadedApk.getResources(LoadedApk.java:1192)
08-19 11:49:50.665 E/LoadedApk( 3982): 	at android.app.ContextImpl.createAppContext(ContextImpl.java:2671)
08-19 11:49:50.665 E/LoadedApk( 3982): 	at android.app.ContextImpl.createAppContext(ContextImpl.java:2663)
08-19 11:49:50.665 E/LoadedApk( 3982): 	at android.app.ActivityThread.handleBindApplication(ActivityThread.java:6847)
08-19 11:49:50.665 E/LoadedApk( 3982): 	at android.app.ActivityThread.access$1500(ActivityThread.java:257)
08-19 11:49:50.665 E/LoadedApk( 3982): 	at android.app.ActivityThread$H.handleMessage(ActivityThread.java:1982)
08-19 11:49:50.665 E/LoadedApk( 3982): 	at android.os.Handler.dispatchMessage(Handler.java:106)
08-19 11:49:50.665 E/LoadedApk( 3982): 	at android.os.Looper.loop(Looper.java:236)
08-19 11:49:50.665 E/LoadedApk( 3982): 	at android.app.ActivityThread.main(ActivityThread.java:8057)
08-19 11:49:50.665 E/LoadedApk( 3982): 	at java.lang.reflect.Method.invoke(Native Method)
08-19 11:49:50.665 E/LoadedApk( 3982): 	at com.android.internal.os.RuntimeInit$MethodAndArgsCaller.run(RuntimeInit.java:656)
08-19 11:49:50.665 E/LoadedApk( 3982): 	at com.android.internal.os.ZygoteInit.main(ZygoteInit.java:967)
08-19 11:49:50.703 W/ActivityManager( 1783): Slow operation: 225ms so far, now at startProcess: returned from zygote!
08-19 11:49:50.708 W/ActivityManager( 1783): Slow operation: 230ms so far, now at startProcess: done updating battery stats
08-19 11:49:50.708 W/ActivityManager( 1783): Slow operation: 230ms so far, now at startProcess: building log message
08-19 11:49:50.708 I/ActivityManager( 1783): Start proc 4137:system/u0a71 for added application system caller=android
08-19 11:49:50.708 W/ActivityManager( 1783): Slow operation: 230ms so far, now at startProcess: starting to update pids map
08-19 11:49:50.708 W/ActivityManager( 1783): Slow operation: 230ms so far, now at startProcess: done updating pids map
08-19 11:49:50.708 W/ActivityManager( 1783): Slow operation: 230ms so far, now at startProcess: asking zygote to start proc
08-19 11:49:50.720 W/ActivityManager( 1783): Slow operation: 242ms so far, now at startProcess: returned from zygote!
08-19 11:49:50.720 W/ActivityManager( 1783): Slow operation: 243ms so far, now at startProcess: done updating battery stats
08-19 11:49:50.721 W/ActivityManager( 1783): Slow operation: 243ms so far, now at startProcess: building log message
08-19 11:49:50.721 I/ActivityManager( 1783): Start proc 4164:com.qualcomm.qti.services.systemhelper:systemhelper_service/u0a216 for added application com.qualcomm.qti.services.systemhelper:systemhelper_service caller=android
08-19 11:49:50.721 W/ActivityManager( 1783): Slow operation: 243ms so far, now at startProcess: starting to update pids map
08-19 11:49:50.721 W/ActivityManager( 1783): Slow operation: 243ms so far, now at startProcess: done updating pids map
08-19 11:49:50.721 W/ActivityManager( 1783): Slow operation: 243ms so far, now at startProcess: asking zygote to start proc
08-19 11:49:50.722 W/Looper  ( 1783): Slow dispatch took 140ms main h=com.android.server.job.JobSchedulerService$JobHandler c=null m=6
08-19 11:49:50.742 W/ActivityManager( 1783): Slow operation: 264ms so far, now at startProcess: returned from zygote!
08-19 11:49:50.742 W/ActivityManager( 1783): Slow operation: 264ms so far, now at startProcess: done updating battery stats
08-19 11:49:50.742 W/ActivityManager( 1783): Slow operation: 264ms so far, now at startProcess: building log message
08-19 11:49:50.742 I/ActivityManager( 1783): Start proc 4189:org.ifaa.aidl.manager/1000 for added application org.ifaa.aidl.manager caller=android
08-19 11:49:50.742 W/ActivityManager( 1783): Slow operation: 264ms so far, now at startProcess: starting to update pids map
08-19 11:49:50.742 W/ActivityManager( 1783): Slow operation: 265ms so far, now at startProcess: done updating pids map
08-19 11:49:50.742 W/ActivityManager( 1783): Slow operation: 264ms so far, now at startProcess: asking zygote to start proc
08-19 11:49:50.765 W/ActivityManager( 1783): Slow operation: 286ms so far, now at startProcess: returned from zygote!
08-19 11:49:50.765 W/ActivityManager( 1783): Slow operation: 286ms so far, now at startProcess: done updating battery stats
08-19 11:49:50.765 W/ActivityManager( 1783): Slow operation: 286ms so far, now at startProcess: building log message
08-19 11:49:50.765 I/ActivityManager( 1783): Start proc 4207:.slas/1000 for added application .slas caller=android
08-19 11:49:50.765 W/ActivityManager( 1783): Slow operation: 286ms so far, now at startProcess: starting to update pids map
08-19 11:49:50.767 W/ActivityManager( 1783): Slow operation: 288ms so far, now at startProcess: done updating pids map
08-19 11:49:50.767 W/ActivityManager( 1783): Slow operation: 288ms so far, now at startProcess: asking zygote to start proc
08-19 11:49:50.786 I/SyncManager( 1783): Loaded persisted syncs: 1 periodic syncs, 0 oneshot syncs, 40 total system server jobs, JobStats: FirstLoad: 70/25/1 LastSave: -1/-1/-1
08-19 11:49:50.792 W/ActivityManager( 1783): Slow operation: 314ms so far, now at startProcess: returned from zygote!
08-19 11:49:50.792 W/ActivityManager( 1783): Slow operation: 314ms so far, now at startProcess: done updating battery stats
08-19 11:49:50.792 W/ActivityManager( 1783): Slow operation: 314ms so far, now at startProcess: building log message
08-19 11:49:50.793 I/ActivityManager( 1783): Start proc 4237:.dataservices/1001 for added application .dataservices caller=android
08-19 11:49:50.793 W/ActivityManager( 1783): Slow operation: 314ms so far, now at startProcess: starting to update pids map
08-19 11:49:50.793 W/ActivityManager( 1783): Slow operation: 314ms so far, now at startProcess: done updating pids map
08-19 11:49:50.793 W/ActivityManager( 1783): Slow operation: 314ms so far, now at startProcess: asking zygote to start proc
08-19 11:49:50.827 W/StorageManagerService( 1783): Reporting emulated;0 unmounted due to system locked
08-19 11:49:50.828 W/StorageManagerService( 1783): Reporting emulated;0 unmounted due to system locked
08-19 11:49:50.829 W/ActivityManager( 1783): Slow operation: 350ms so far, now at startProcess: returned from zygote!
08-19 11:49:50.829 W/ActivityManager( 1783): Slow operation: 350ms so far, now at startProcess: done updating battery stats
08-19 11:49:50.829 W/ActivityManager( 1783): Slow operation: 350ms so far, now at startProcess: building log message
08-19 11:49:50.829 I/ActivityManager( 1783): Start proc 4266:org.dtx.aidl.manager/1000 for added application org.dtx.aidl.manager caller=android
08-19 11:49:50.829 W/ActivityManager( 1783): Slow operation: 350ms so far, now at startProcess: starting to update pids map
08-19 11:49:50.829 W/StorageManagerService( 1783): Reporting emulated;0 unmounted due to system locked
08-19 11:49:50.829 W/ActivityManager( 1783): Slow operation: 351ms so far, now at startProcess: done updating pids map
08-19 11:49:50.829 W/ActivityManager( 1783): Slow operation: 351ms so far, now at startProcess: asking zygote to start proc
08-19 11:49:50.844 I/ActivityManager( 1783): Process com.sohu.inputmethod.sogou.xiaomi (pid 3745) has died: cch CAC 
08-19 11:49:50.846 W/ActivityManager( 1783): setHasOverlayUi called on unknown pid: 3745
08-19 11:49:50.860 W/StorageManagerService( 1783): Reporting emulated;0 unmounted due to system locked
08-19 11:49:50.870 W/StorageManagerService( 1783): Reporting emulated;0 unmounted due to system locked
08-19 11:49:50.871 E/ContentCatcherManager( 4011): failed to get ContentCatcherService.
08-19 11:49:50.873 W/ActivityManager( 1783): Slow operation: 394ms so far, now at startProcess: returned from zygote!
