08-19 12:01:36.316 I/PowerManagerService( 1783): Waking up from Asleep (uid=1000, reason=WAKE_REASON_PLUGGED_IN, details=android.server.power:PLUGGED:false)...
08-19 12:01:36.320 W/BroadcastQueue( 1783): Background execution not allowed: receiving Intent { act=android.intent.action.ACTION_POWER_DISCONNECTED flg=0x4000010 (has extras) } to com.tencent.android.qqdownloader/com.qq.AppService.MainReceiver
08-19 12:01:36.323 I/MiuiChargeManager( 2677): notifyBatteryStatusChanged:  status: 3 isPlugged: 0 level: 70 wireState: -1 chargeSpeed: 0 mWiredChargeType: 0 mWirelessChargeType: 0 chargeDeviceType: -1 maxChargingWattage: -1 SUPPORT_BROADCAST_QUICK_CHARGE: true
08-19 12:01:36.324 W/BroadcastQueue( 1783): Background execution not allowed: receiving Intent { act=android.intent.action.ACTION_POWER_DISCONNECTED flg=0x4000010 (has extras) } to com.google.android.gms/.chimera.GmsIntentOperationService$PersistentTrustedReceiver
08-19 12:01:36.326 W/BroadcastQueue( 1783): Background execution not allowed: receiving Intent { act=android.intent.action.ACTION_POWER_DISCONNECTED flg=0x4000010 (has extras) } to com.lbe.security.miui/xm.dt.rs.PowerChangeReceiver
08-19 12:01:36.326 W/BroadcastQueue( 1783): Background execution not allowed: receiving Intent { act=android.intent.action.ACTION_POWER_DISCONNECTED flg=0x4000010 (has extras) } to com.miui.systemAdSolution/com.xiaomi.ad.server.AdReceiver
08-19 12:01:36.326 W/BroadcastQueue( 1783): Background execution not allowed: receiving Intent { act=android.intent.action.ACTION_POWER_DISCONNECTED flg=0x4000010 (has extras) } to com.miui.video/.schedule.UsbChargingReceiver
08-19 12:01:36.337 I/UsbPortManager( 1783): ClientCallback V1_2: port0
08-19 12:01:36.339 I/DisplayPowerController( 1783): Blocking screen on until initial contents have been drawn.
08-19 12:01:36.339 I/UsbPortManager( 1783): USB port changed: port=UsbPort{id=port0, supportedModes=dualsupportedContaminantProtectionModes=5supportsEnableContaminantPresenceProtection=falsesupportsEnableContaminantPresenceDetection=false, status=UsbPortStatus{connected=false, currentMode=none, currentPowerRole=no-power, currentDataRole=no-data, supportedRoleCombinations=[no-power:no-data], contaminantDetectionStatus=2, contaminantProtectionStatus=1}, canChangeMode=true, canChangePowerRole=false, canChangeDataRole=false, connectedAtMillis=0, lastConnectDurationMillis=710817
08-19 12:01:36.339 I/WindowManager( 1783): Screen turning on...
08-19 12:01:36.348 I/Timeline( 1783): Timeline: App_transition_ready time:723228
08-19 12:01:36.348 I/Timeline( 1783): Timeline: App_transition_stopped time:723229
08-19 12:01:36.348 I/WindowManager( 1783): mKeyguardDelegate.ShowListener.onDrawn.
08-19 12:01:36.352 I/AutomaticBrightnessControllerInjector( 1783): setLightSensorEnabled: false
08-19 12:01:36.352 I/AutomaticBrightnessControllerInjector( 1783): getLatestData res: 303.0
08-19 12:01:36.352 I/AutomaticBrightnessControllerInjector( 1783): setAccSensorEnabled enable
08-19 12:01:36.354 I/WindowManager( 1783): Started waking up... (why=ON_BECAUSE_OF_USER)
08-19 12:01:36.358 I/AutomaticBrightnessControllerInjector( 1783): setMotionSensorEnabled enable
08-19 12:01:36.360 W/BroadcastQueue( 1783): Background execution not allowed: receiving Intent { act=android.intent.action.ACTION_POWER_DISCONNECTED flg=0x4000010 (has extras) } to com.mfashiongallery.emag/.ext_interface.PowerConnectionReceiver
08-19 12:01:36.365 I/AutomaticBrightnessControllerInjector( 1783): getLatestData res: 21.44927
08-19 12:01:36.365 I/AutomaticBrightnessControllerInjector( 1783): skip debounce!
08-19 12:01:36.366 I/BackLightController( 1783):  grayScale = 0.6 factor = 1.0 inBrightness = 0.20004885 outBrightness = 0.20004885
08-19 12:01:36.369 I/BackLightController( 1783):  grayScale = 0.6 factor = 1.0 inBrightness = 0.20004885 outBrightness = 0.20004885
08-19 12:01:36.383 W/BroadcastQueue( 1783): Background execution not allowed: receiving Intent { act=android.intent.action.ACTION_POWER_DISCONNECTED flg=0x4000010 (has extras) } to com.tencent.mtt/.browser.push.service.PushStatReceiver
08-19 12:01:36.395 W/MiuiAppUsageStats( 1783): Ops! Fail to aggregate due to different package. event.pkgName=com.miui.touchassistant, stat.pkgName=com.android.settings
08-19 12:01:36.395 W/MiuiAppUsageStats( 1783): Ops! Fail to aggregate due to different package. event.pkgName=com.miui.touchassistant, stat.pkgName=com.android.settings
08-19 12:01:36.400 I/BackLightController( 1783):  grayScale = 0.6 factor = 1.0 inBrightness = 0.20004885 outBrightness = 0.20004885
08-19 12:01:36.402 W/WindowManager( 1783): Setting mKeyguardDrawComplete
08-19 12:01:36.402 I/BackLightController( 1783):  grayScale = 0.6 factor = 1.0 inBrightness = 0.20004885 outBrightness = 0.20004885
08-19 12:01:36.402 I/DisplayManagerService( 1783): Display device changed state: "内置屏幕", ON
08-19 12:01:36.403 I/WindowManager( 1783): All windows ready for display!
08-19 12:01:36.406 W/BroadcastQueue( 1783): Background execution not allowed: receiving Intent { act=android.intent.action.USER_PRESENT flg=0x24200010 } to com.eg.android.AlipayGphone/com.alipay.pushsdk.BroadcastActionReceiver
08-19 12:01:36.406 W/BroadcastQueue( 1783): Background execution not allowed: receiving Intent { act=android.intent.action.USER_PRESENT flg=0x24200010 } to com.google.android.gms/.auth.setup.devicesignals.LockScreenReceiver
08-19 12:01:36.406 W/BroadcastQueue( 1783): Background execution not allowed: receiving Intent { act=android.intent.action.USER_PRESENT flg=0x24200010 } to com.google.android.gms/.chimera.GmsIntentOperationService$PersistentTrustedReceiver
08-19 12:01:36.406 W/BroadcastQueue( 1783): Background execution not allowed: receiving Intent { act=android.intent.action.USER_PRESENT flg=0x24200010 } to com.miui.voiceassist/com.xiaomi.voiceassistant.voiceTrigger.adapter.BootupReceiver
08-19 12:01:36.406 W/BroadcastQueue( 1783): Background execution not allowed: receiving Intent { act=android.intent.action.USER_PRESENT flg=0x24200010 } to com.autonavi.minimap/com.taobao.accs.EventReceiver
08-19 12:01:36.406 W/BroadcastQueue( 1783): Background execution not allowed: receiving Intent { act=android.intent.action.USER_PRESENT flg=0x24200010 } to com.mi.health/.sleeptrace.SleepTraceReceiver
08-19 12:01:36.406 W/BroadcastQueue( 1783): Background execution not allowed: receiving Intent { act=android.intent.action.USER_PRESENT flg=0x24200010 } to com.tencent.android.qqdownloader/com.tencent.assistant.module.timer.ScheduleJobReceiver
08-19 12:01:36.419 W/WindowManager( 1783): Setting mWindowManagerDrawComplete
08-19 12:01:36.421 I/DisplayPowerController( 1783): Unblocked screen on after 82 ms
08-19 12:01:36.422 I/BackLightController( 1783):  grayScale = 0.6 factor = 1.0 inBrightness = 0.20004885 outBrightness = 0.20004885
08-19 12:01:36.427 E/BatteryExternalStatsWorker( 1783): wifi info is invalid: null
08-19 12:01:36.429 E/BatteryExternalStatsWorker( 1783): modem info is invalid: null
08-19 12:01:36.437 E/com.android.server.pm.PackageManagerServiceInjector( 1783): MIUILOG- Permission Denied getInstalledPackages. pkg : com.tencent.android.qqdownloader uid : 10275
08-19 12:01:36.468 E/ActivityThread( 3002): Failed to find provider info for com.android.thememanager.theme_lockwallpaper
08-19 12:01:36.479 I/ActivityManager( 1783): Start proc 26759:com.mfashiongallery.emag/u0a254 for service {com.mfashiongallery.emag/com.mfashiongallery.emag.lks.minusonescreen.overlay.OverlayService} caller=com.android.systemui
08-19 12:01:36.508 I/BackLightController( 1783):  grayScale = 0.6 factor = 1.0 inBrightness = 0.20004885 outBrightness = 0.20004885
08-19 12:01:36.526 I/WindowManager( 1783): Finished waking up... (why=ON_BECAUSE_OF_USER)
08-19 12:01:36.545 I/Timeline( 1783): Timeline: Activity_windows_visible id: ActivityRecord{2cfda99 u0 com.android.settings/.MainSettings t102} time:723425
08-19 12:01:36.698 W/ActivityManager( 1783): Background start not allowed: service Intent { cmp=com.tencent.android.qqdownloader/com.tencent.assistant.daemon.CoreService (has extras) } to com.tencent.android.qqdownloader/com.tencent.assistant.daemon.CoreService from pid=10865 uid=10275 pkg=com.tencent.android.qqdownloader startFg?=false
08-19 12:01:36.759 W/BpBinder(10865): PerfMonitor binderTransact :  time=332ms interface=com.tencent.nucleus.manager.bigfile.IBigFileScan code=3
08-19 12:01:36.766 W/PackageParsing(11129): Unknown element under <manifest>: supports-gl-texture at /storage/emulated/0/Android/data/com.tencent.android.qqdownloader/files/tassistant/apk/com.tencent.qqmusic_2250.apk Binary XML file line #79
08-19 12:01:36.766 W/PackageParsing(11129): Unknown element under <manifest>: supports-gl-texture at /storage/emulated/0/Android/data/com.tencent.android.qqdownloader/files/tassistant/apk/com.tencent.qqmusic_2250.apk Binary XML file line #80
08-19 12:01:36.769 W/PackageParsing(11129): No actions in intent-filter at /storage/emulated/0/Android/data/com.tencent.android.qqdownloader/files/tassistant/apk/com.tencent.qqmusic_2250.apk Binary XML file line #271
08-19 12:01:36.769 W/PackageParsing(11129): No actions in intent-filter at /storage/emulated/0/Android/data/com.tencent.android.qqdownloader/files/tassistant/apk/com.tencent.qqmusic_2250.apk Binary XML file line #276
08-19 12:01:36.770 W/PackageParsing(11129): No actions in intent-filter at /storage/emulated/0/Android/data/com.tencent.android.qqdownloader/files/tassistant/apk/com.tencent.qqmusic_2250.apk Binary XML file line #281
08-19 12:01:36.770 W/PackageParsing(11129): No actions in intent-filter at /storage/emulated/0/Android/data/com.tencent.android.qqdownloader/files/tassistant/apk/com.tencent.qqmusic_2250.apk Binary XML file line #286
08-19 12:01:36.770 W/PackageParsing(11129): No actions in intent-filter at /storage/emulated/0/Android/data/com.tencent.android.qqdownloader/files/tassistant/apk/com.tencent.qqmusic_2250.apk Binary XML file line #291
08-19 12:01:36.770 W/PackageParsing(11129): No actions in intent-filter at /storage/emulated/0/Android/data/com.tencent.android.qqdownloader/files/tassistant/apk/com.tencent.qqmusic_2250.apk Binary XML file line #296
08-19 12:01:36.770 W/PackageParsing(11129): No actions in intent-filter at /storage/emulated/0/Android/data/com.tencent.android.qqdownloader/files/tassistant/apk/com.tencent.qqmusic_2250.apk Binary XML file line #301
08-19 12:01:36.770 W/PackageParsing(11129): No actions in intent-filter at /storage/emulated/0/Android/data/com.tencent.android.qqdownloader/files/tassistant/apk/com.tencent.qqmusic_2250.apk Binary XML file line #306
08-19 12:01:36.770 W/PackageParsing(11129): No actions in intent-filter at /storage/emulated/0/Android/data/com.tencent.android.qqdownloader/files/tassistant/apk/com.tencent.qqmusic_2250.apk Binary XML file line #311
08-19 12:01:36.770 W/PackageParsing(11129): No actions in intent-filter at /storage/emulated/0/Android/data/com.tencent.android.qqdownloader/files/tassistant/apk/com.tencent.qqmusic_2250.apk Binary XML file line #317
08-19 12:01:36.770 W/PackageParsing(11129): No actions in intent-filter at /storage/emulated/0/Android/data/com.tencent.android.qqdownloader/files/tassistant/apk/com.tencent.qqmusic_2250.apk Binary XML file line #323
08-19 12:01:36.770 W/PackageParsing(11129): No actions in intent-filter at /storage/emulated/0/Android/data/com.tencent.android.qqdownloader/files/tassistant/apk/com.tencent.qqmusic_2250.apk Binary XML file line #328
08-19 12:01:36.770 W/PackageParsing(11129): No actions in intent-filter at /storage/emulated/0/Android/data/com.tencent.android.qqdownloader/files/tassistant/apk/com.tencent.qqmusic_2250.apk Binary XML file line #334
08-19 12:01:36.770 W/PackageParsing(11129): No actions in intent-filter at /storage/emulated/0/Android/data/com.tencent.android.qqdownloader/files/tassistant/apk/com.tencent.qqmusic_2250.apk Binary XML file line #339
08-19 12:01:36.770 W/PackageParsing(11129): No actions in intent-filter at /storage/emulated/0/Android/data/com.tencent.android.qqdownloader/files/tassistant/apk/com.tencent.qqmusic_2250.apk Binary XML file line #344
08-19 12:01:36.771 W/PackageParsing(11129): No actions in intent-filter at /storage/emulated/0/Android/data/com.tencent.android.qqdownloader/files/tassistant/apk/com.tencent.qqmusic_2250.apk Binary XML file line #349
08-19 12:01:36.771 W/PackageParsing(11129): No actions in intent-filter at /storage/emulated/0/Android/data/com.tencent.android.qqdownloader/files/tassistant/apk/com.tencent.qqmusic_2250.apk Binary XML file line #354
08-19 12:01:36.771 W/PackageParsing(11129): No actions in intent-filter at /storage/emulated/0/Android/data/com.tencent.android.qqdownloader/files/tassistant/apk/com.tencent.qqmusic_2250.apk Binary XML file line #359
08-19 12:01:36.771 W/PackageParsing(11129): No actions in intent-filter at /storage/emulated/0/Android/data/com.tencent.android.qqdownloader/files/tassistant/apk/com.tencent.qqmusic_2250.apk Binary XML file line #364
08-19 12:01:36.771 W/PackageParsing(11129): No actions in intent-filter at /storage/emulated/0/Android/data/com.tencent.android.qqdownloader/files/tassistant/apk/com.tencent.qqmusic_2250.apk Binary XML file line #369
08-19 12:01:36.771 W/PackageParsing(11129): No actions in intent-filter at /storage/emulated/0/Android/data/com.tencent.android.qqdownloader/files/tassistant/apk/com.tencent.qqmusic_2250.apk Binary XML file line #374
08-19 12:01:36.771 W/PackageParsing(11129): No actions in intent-filter at /storage/emulated/0/Android/data/com.tencent.android.qqdownloader/files/tassistant/apk/com.tencent.qqmusic_2250.apk Binary XML file line #380
08-19 12:01:36.771 W/PackageParsing(11129): No actions in intent-filter at /storage/emulated/0/Android/data/com.tencent.android.qqdownloader/files/tassistant/apk/com.tencent.qqmusic_2250.apk Binary XML file line #385
08-19 12:01:36.772 W/PackageParsing(11129): No actions in intent-filter at /storage/emulated/0/Android/data/com.tencent.android.qqdownloader/files/tassistant/apk/com.tencent.qqmusic_2250.apk Binary XML file line #390
08-19 12:01:36.772 W/PackageParsing(11129): No actions in intent-filter at /storage/emulated/0/Android/data/com.tencent.android.qqdownloader/files/tassistant/apk/com.tencent.qqmusic_2250.apk Binary XML file line #395
08-19 12:01:36.772 W/PackageParsing(11129): No actions in intent-filter at /storage/emulated/0/Android/data/com.tencent.android.qqdownloader/files/tassistant/apk/com.tencent.qqmusic_2250.apk Binary XML file line #400
08-19 12:01:36.772 W/PackageParsing(11129): No actions in intent-filter at /storage/emulated/0/Android/data/com.tencent.android.qqdownloader/files/tassistant/apk/com.tencent.qqmusic_2250.apk Binary XML file line #405
08-19 12:01:36.772 W/PackageParsing(11129): No actions in intent-filter at /storage/emulated/0/Android/data/com.tencent.android.qqdownloader/files/tassistant/apk/com.tencent.qqmusic_2250.apk Binary XML file line #410
08-19 12:01:36.773 W/PackageParsing(11129): No actions in intent-filter at /storage/emulated/0/Android/data/com.tencent.android.qqdownloader/files/tassistant/apk/com.tencent.qqmusic_2250.apk Binary XML file line #448
08-19 12:01:36.773 W/PackageParsing(11129): No actions in intent-filter at /storage/emulated/0/Android/data/com.tencent.android.qqdownloader/files/tassistant/apk/com.tencent.qqmusic_2250.apk Binary XML file line #461
08-19 12:01:36.773 W/PackageParsing(11129): No actions in intent-filter at /storage/emulated/0/Android/data/com.tencent.android.qqdownloader/files/tassistant/apk/com.tencent.qqmusic_2250.apk Binary XML file line #466
08-19 12:01:36.773 W/PackageParsing(11129): No actions in intent-filter at /storage/emulated/0/Android/data/com.tencent.android.qqdownloader/files/tassistant/apk/com.tencent.qqmusic_2250.apk Binary XML file line #471
08-19 12:01:36.773 W/PackageParsing(11129): No actions in intent-filter at /storage/emulated/0/Android/data/com.tencent.android.qqdownloader/files/tassistant/apk/com.tencent.qqmusic_2250.apk Binary XML file line #476
08-19 12:01:36.773 W/PackageParsing(11129): No actions in intent-filter at /storage/emulated/0/Android/data/com.tencent.android.qqdownloader/files/tassistant/apk/com.tencent.qqmusic_2250.apk Binary XML file line #481
08-19 12:01:36.773 W/PackageParsing(11129): No actions in intent-filter at /storage/emulated/0/Android/data/com.tencent.android.qqdownloader/files/tassistant/apk/com.tencent.qqmusic_2250.apk Binary XML file line #486
08-19 12:01:36.774 W/PackageParsing(11129): No actions in intent-filter at /storage/emulated/0/Android/data/com.tencent.android.qqdownloader/files/tassistant/apk/com.tencent.qqmusic_2250.apk Binary XML file line #553
08-19 12:01:36.774 W/PackageParsing(11129): No actions in intent-filter at /storage/emulated/0/Android/data/com.tencent.android.qqdownloader/files/tassistant/apk/com.tencent.qqmusic_2250.apk Binary XML file line #581
08-19 12:01:36.777 W/PackageParsing(11129): No actions in intent-filter at /storage/emulated/0/Android/data/com.tencent.android.qqdownloader/files/tassistant/apk/com.tencent.qqmusic_2250.apk Binary XML file line #727
08-19 12:01:36.777 W/PackageParsing(11129): No actions in intent-filter at /storage/emulated/0/Android/data/com.tencent.android.qqdownloader/files/tassistant/apk/com.tencent.qqmusic_2250.apk Binary XML file line #732
08-19 12:01:36.780 W/PackageParsing(11129): No actions in intent-filter at /storage/emulated/0/Android/data/com.tencent.android.qqdownloader/files/tassistant/apk/com.tencent.qqmusic_2250.apk Binary XML file line #825
08-19 12:01:36.871 W/NotificationHistory( 1783): Attempted to add notif for locked/gone/disabled user 0
08-19 12:01:36.916 W/PackageParsing(11129): Unknown element under <manifest>: supports-gl-texture at /storage/emulated/0/Android/data/com.tencent.android.qqdownloader/files/tassistant/apk/com.tencent.qqmusic_2250.apk Binary XML file line #79
08-19 12:01:36.916 W/PackageParsing(11129): Unknown element under <manifest>: supports-gl-texture at /storage/emulated/0/Android/data/com.tencent.android.qqdownloader/files/tassistant/apk/com.tencent.qqmusic_2250.apk Binary XML file line #80
08-19 12:01:36.920 W/PackageParsing(11129): No actions in intent-filter at /storage/emulated/0/Android/data/com.tencent.android.qqdownloader/files/tassistant/apk/com.tencent.qqmusic_2250.apk Binary XML file line #271
08-19 12:01:36.920 W/PackageParsing(11129): No actions in intent-filter at /storage/emulated/0/Android/data/com.tencent.android.qqdownloader/files/tassistant/apk/com.tencent.qqmusic_2250.apk Binary XML file line #276
08-19 12:01:36.920 W/PackageParsing(11129): No actions in intent-filter at /storage/emulated/0/Android/data/com.tencent.android.qqdownloader/files/tassistant/apk/com.tencent.qqmusic_2250.apk Binary XML file line #281
08-19 12:01:36.920 W/PackageParsing(11129): No actions in intent-filter at /storage/emulated/0/Android/data/com.tencent.android.qqdownloader/files/tassistant/apk/com.tencent.qqmusic_2250.apk Binary XML file line #286
08-19 12:01:36.920 W/PackageParsing(11129): No actions in intent-filter at /storage/emulated/0/Android/data/com.tencent.android.qqdownloader/files/tassistant/apk/com.tencent.qqmusic_2250.apk Binary XML file line #291
08-19 12:01:36.920 W/PackageParsing(11129): No actions in intent-filter at /storage/emulated/0/Android/data/com.tencent.android.qqdownloader/files/tassistant/apk/com.tencent.qqmusic_2250.apk Binary XML file line #296
08-19 12:01:36.920 W/PackageParsing(11129): No actions in intent-filter at /storage/emulated/0/Android/data/com.tencent.android.qqdownloader/files/tassistant/apk/com.tencent.qqmusic_2250.apk Binary XML file line #301
08-19 12:01:36.920 W/PackageParsing(11129): No actions in intent-filter at /storage/emulated/0/Android/data/com.tencent.android.qqdownloader/files/tassistant/apk/com.tencent.qqmusic_2250.apk Binary XML file line #306
08-19 12:01:36.920 W/PackageParsing(11129): No actions in intent-filter at /storage/emulated/0/Android/data/com.tencent.android.qqdownloader/files/tassistant/apk/com.tencent.qqmusic_2250.apk Binary XML file line #311
08-19 12:01:36.921 W/PackageParsing(11129): No actions in intent-filter at /storage/emulated/0/Android/data/com.tencent.android.qqdownloader/files/tassistant/apk/com.tencent.qqmusic_2250.apk Binary XML file line #317
08-19 12:01:36.921 W/PackageParsing(11129): No actions in intent-filter at /storage/emulated/0/Android/data/com.tencent.android.qqdownloader/files/tassistant/apk/com.tencent.qqmusic_2250.apk Binary XML file line #323
08-19 12:01:36.921 W/PackageParsing(11129): No actions in intent-filter at /storage/emulated/0/Android/data/com.tencent.android.qqdownloader/files/tassistant/apk/com.tencent.qqmusic_2250.apk Binary XML file line #328
08-19 12:01:36.921 W/PackageParsing(11129): No actions in intent-filter at /storage/emulated/0/Android/data/com.tencent.android.qqdownloader/files/tassistant/apk/com.tencent.qqmusic_2250.apk Binary XML file line #334
08-19 12:01:36.921 W/PackageParsing(11129): No actions in intent-filter at /storage/emulated/0/Android/data/com.tencent.android.qqdownloader/files/tassistant/apk/com.tencent.qqmusic_2250.apk Binary XML file line #339
08-19 12:01:36.921 W/PackageParsing(11129): No actions in intent-filter at /storage/emulated/0/Android/data/com.tencent.android.qqdownloader/files/tassistant/apk/com.tencent.qqmusic_2250.apk Binary XML file line #344
08-19 12:01:36.921 W/PackageParsing(11129): No actions in intent-filter at /storage/emulated/0/Android/data/com.tencent.android.qqdownloader/files/tassistant/apk/com.tencent.qqmusic_2250.apk Binary XML file line #349
08-19 12:01:36.921 W/PackageParsing(11129): No actions in intent-filter at /storage/emulated/0/Android/data/com.tencent.android.qqdownloader/files/tassistant/apk/com.tencent.qqmusic_2250.apk Binary XML file line #354
08-19 12:01:36.921 W/PackageParsing(11129): No actions in intent-filter at /storage/emulated/0/Android/data/com.tencent.android.qqdownloader/files/tassistant/apk/com.tencent.qqmusic_2250.apk Binary XML file line #359
08-19 12:01:36.921 W/PackageParsing(11129): No actions in intent-filter at /storage/emulated/0/Android/data/com.tencent.android.qqdownloader/files/tassistant/apk/com.tencent.qqmusic_2250.apk Binary XML file line #364
08-19 12:01:36.921 W/PackageParsing(11129): No actions in intent-filter at /storage/emulated/0/Android/data/com.tencent.android.qqdownloader/files/tassistant/apk/com.tencent.qqmusic_2250.apk Binary XML file line #369
08-19 12:01:36.921 W/PackageParsing(11129): No actions in intent-filter at /storage/emulated/0/Android/data/com.tencent.android.qqdownloader/files/tassistant/apk/com.tencent.qqmusic_2250.apk Binary XML file line #374
08-19 12:01:36.921 W/PackageParsing(11129): No actions in intent-filter at /storage/emulated/0/Android/data/com.tencent.android.qqdownloader/files/tassistant/apk/com.tencent.qqmusic_2250.apk Binary XML file line #380
08-19 12:01:36.922 W/PackageParsing(11129): No actions in intent-filter at /storage/emulated/0/Android/data/com.tencent.android.qqdownloader/files/tassistant/apk/com.tencent.qqmusic_2250.apk Binary XML file line #385
08-19 12:01:36.922 W/PackageParsing(11129): No actions in intent-filter at /storage/emulated/0/Android/data/com.tencent.android.qqdownloader/files/tassistant/apk/com.tencent.qqmusic_2250.apk Binary XML file line #390
08-19 12:01:36.922 W/PackageParsing(11129): No actions in intent-filter at /storage/emulated/0/Android/data/com.tencent.android.qqdownloader/files/tassistant/apk/com.tencent.qqmusic_2250.apk Binary XML file line #395
08-19 12:01:36.922 W/PackageParsing(11129): No actions in intent-filter at /storage/emulated/0/Android/data/com.tencent.android.qqdownloader/files/tassistant/apk/com.tencent.qqmusic_2250.apk Binary XML file line #400
08-19 12:01:36.922 W/PackageParsing(11129): No actions in intent-filter at /storage/emulated/0/Android/data/com.tencent.android.qqdownloader/files/tassistant/apk/com.tencent.qqmusic_2250.apk Binary XML file line #405
08-19 12:01:36.922 W/PackageParsing(11129): No actions in intent-filter at /storage/emulated/0/Android/data/com.tencent.android.qqdownloader/files/tassistant/apk/com.tencent.qqmusic_2250.apk Binary XML file line #410
08-19 12:01:36.923 W/PackageParsing(11129): No actions in intent-filter at /storage/emulated/0/Android/data/com.tencent.android.qqdownloader/files/tassistant/apk/com.tencent.qqmusic_2250.apk Binary XML file line #448
08-19 12:01:36.923 W/PackageParsing(11129): No actions in intent-filter at /storage/emulated/0/Android/data/com.tencent.android.qqdownloader/files/tassistant/apk/com.tencent.qqmusic_2250.apk Binary XML file line #461
08-19 12:01:36.924 W/PackageParsing(11129): No actions in intent-filter at /storage/emulated/0/Android/data/com.tencent.android.qqdownloader/files/tassistant/apk/com.tencent.qqmusic_2250.apk Binary XML file line #466
08-19 12:01:36.924 W/PackageParsing(11129): No actions in intent-filter at /storage/emulated/0/Android/data/com.tencent.android.qqdownloader/files/tassistant/apk/com.tencent.qqmusic_2250.apk Binary XML file line #471
08-19 12:01:36.924 W/PackageParsing(11129): No actions in intent-filter at /storage/emulated/0/Android/data/com.tencent.android.qqdownloader/files/tassistant/apk/com.tencent.qqmusic_2250.apk Binary XML file line #476
08-19 12:01:36.924 W/PackageParsing(11129): No actions in intent-filter at /storage/emulated/0/Android/data/com.tencent.android.qqdownloader/files/tassistant/apk/com.tencent.qqmusic_2250.apk Binary XML file line #481
08-19 12:01:36.924 W/PackageParsing(11129): No actions in intent-filter at /storage/emulated/0/Android/data/com.tencent.android.qqdownloader/files/tassistant/apk/com.tencent.qqmusic_2250.apk Binary XML file line #486
08-19 12:01:36.925 W/PackageParsing(11129): No actions in intent-filter at /storage/emulated/0/Android/data/com.tencent.android.qqdownloader/files/tassistant/apk/com.tencent.qqmusic_2250.apk Binary XML file line #553
08-19 12:01:36.925 W/PackageParsing(11129): No actions in intent-filter at /storage/emulated/0/Android/data/com.tencent.android.qqdownloader/files/tassistant/apk/com.tencent.qqmusic_2250.apk Binary XML file line #581
08-19 12:01:36.928 W/PackageParsing(11129): No actions in intent-filter at /storage/emulated/0/Android/data/com.tencent.android.qqdownloader/files/tassistant/apk/com.tencent.qqmusic_2250.apk Binary XML file line #727
08-19 12:01:36.928 W/PackageParsing(11129): No actions in intent-filter at /storage/emulated/0/Android/data/com.tencent.android.qqdownloader/files/tassistant/apk/com.tencent.qqmusic_2250.apk Binary XML file line #732
08-19 12:01:36.931 W/PackageParsing(11129): No actions in intent-filter at /storage/emulated/0/Android/data/com.tencent.android.qqdownloader/files/tassistant/apk/com.tencent.qqmusic_2250.apk Binary XML file line #825
08-19 12:01:37.074 W/NotificationHistory( 1783): Attempted to add notif for locked/gone/disabled user 0
08-19 12:01:37.485 W/PackageParsing(11129): Unknown element under <manifest>: module at /storage/emulated/0/Android/data/com.tencent.android.qqdownloader/files/tassistant/apk/com.tencent.wework_17371.apk Binary XML file line #5
08-19 12:01:37.486 W/PackageParsing(11129): Ignoring duplicate uses-permissions/uses-permissions-sdk-m: android.permission.INTERNET in package: com.tencent.wework at: Binary XML file line #43
08-19 12:01:37.486 W/PackageParsing(11129): Ignoring duplicate uses-permissions/uses-permissions-sdk-m: android.permission.ACCESS_WIFI_STATE in package: com.tencent.wework at: Binary XML file line #44
08-19 12:01:37.486 W/PackageParsing(11129): Ignoring duplicate uses-permissions/uses-permissions-sdk-m: android.permission.ACCESS_NETWORK_STATE in package: com.tencent.wework at: Binary XML file line #45
08-19 12:01:37.486 W/PackageParsing(11129): Ignoring duplicate uses-permissions/uses-permissions-sdk-m: android.permission.WAKE_LOCK in package: com.tencent.wework at: Binary XML file line #46
08-19 12:01:37.486 W/PackageParsing(11129): Ignoring duplicate uses-permissions/uses-permissions-sdk-m: android.permission.VIBRATE in package: com.tencent.wework at: Binary XML file line #48
08-19 12:01:37.486 W/PackageParsing(11129): Ignoring duplicate uses-permissions/uses-permissions-sdk-m: android.permission.RECEIVE_BOOT_COMPLETED in package: com.tencent.wework at: Binary XML file line #50
08-19 12:01:37.486 W/PackageParsing(11129): Ignoring duplicate uses-permissions/uses-permissions-sdk-m: android.permission.WRITE_EXTERNAL_STORAGE in package: com.tencent.wework at: Binary XML file line #51
08-19 12:01:37.486 W/PackageParsing(11129): Ignoring duplicate uses-permissions/uses-permissions-sdk-m: android.permission.BROADCAST_STICKY in package: com.tencent.wework at: Binary XML file line #52
08-19 12:01:37.486 W/PackageParsing(11129): Ignoring duplicate uses-permissions/uses-permissions-sdk-m: android.permission.BLUETOOTH in package: com.tencent.wework at: Binary XML file line #53
08-19 12:01:37.487 W/PackageParsing(11129): Unknown element under <manifest>: meta-data at /storage/emulated/0/Android/data/com.tencent.android.qqdownloader/files/tassistant/apk/com.tencent.wework_17371.apk Binary XML file line #89
08-19 12:01:37.774 W/PackageParsing(11129): Unknown element under <manifest>: module at /storage/emulated/0/Android/data/com.tencent.android.qqdownloader/files/tassistant/apk/com.tencent.wework_17371.apk Binary XML file line #5
08-19 12:01:37.776 W/PackageParsing(11129): Ignoring duplicate uses-permissions/uses-permissions-sdk-m: android.permission.INTERNET in package: com.tencent.wework at: Binary XML file line #43
08-19 12:01:37.776 W/PackageParsing(11129): Ignoring duplicate uses-permissions/uses-permissions-sdk-m: android.permission.ACCESS_WIFI_STATE in package: com.tencent.wework at: Binary XML file line #44
08-19 12:01:37.776 W/PackageParsing(11129): Ignoring duplicate uses-permissions/uses-permissions-sdk-m: android.permission.ACCESS_NETWORK_STATE in package: com.tencent.wework at: Binary XML file line #45
08-19 12:01:37.776 W/PackageParsing(11129): Ignoring duplicate uses-permissions/uses-permissions-sdk-m: android.permission.WAKE_LOCK in package: com.tencent.wework at: Binary XML file line #46
08-19 12:01:37.776 W/PackageParsing(11129): Ignoring duplicate uses-permissions/uses-permissions-sdk-m: android.permission.VIBRATE in package: com.tencent.wework at: Binary XML file line #48
08-19 12:01:37.776 W/PackageParsing(11129): Ignoring duplicate uses-permissions/uses-permissions-sdk-m: android.permission.RECEIVE_BOOT_COMPLETED in package: com.tencent.wework at: Binary XML file line #50
08-19 12:01:37.776 W/PackageParsing(11129): Ignoring duplicate uses-permissions/uses-permissions-sdk-m: android.permission.WRITE_EXTERNAL_STORAGE in package: com.tencent.wework at: Binary XML file line #51
08-19 12:01:37.776 W/PackageParsing(11129): Ignoring duplicate uses-permissions/uses-permissions-sdk-m: android.permission.BROADCAST_STICKY in package: com.tencent.wework at: Binary XML file line #52
08-19 12:01:37.776 W/PackageParsing(11129): Ignoring duplicate uses-permissions/uses-permissions-sdk-m: android.permission.BLUETOOTH in package: com.tencent.wework at: Binary XML file line #53
08-19 12:01:37.777 W/PackageParsing(11129): Unknown element under <manifest>: meta-data at /storage/emulated/0/Android/data/com.tencent.android.qqdownloader/files/tassistant/apk/com.tencent.wework_17371.apk Binary XML file line #89
08-19 12:01:37.952 W/PackageParsing(11129): No actions in intent-filter at /storage/emulated/0/Android/data/com.tencent.android.qqdownloader/files/tassistant/apk/com.tencent.qqlive_26310.apk Binary XML file line #750
08-19 12:01:37.968 W/PackageParsing(11129): No actions in intent-filter at /storage/emulated/0/Android/data/com.tencent.android.qqdownloader/files/tassistant/apk/com.tencent.qqlive_26310.apk Binary XML file line #1460
08-19 12:01:37.989 W/SchedBoost( 1783): SchedBoost begin: proc: 3002/3147, mode: 1 aff:[4, 5, 6]
08-19 12:01:38.069 W/PackageParsing(11129): No actions in intent-filter at /storage/emulated/0/Android/data/com.tencent.android.qqdownloader/files/tassistant/apk/com.tencent.qqlive_26310.apk Binary XML file line #750
08-19 12:01:38.086 W/PackageParsing(11129): No actions in intent-filter at /storage/emulated/0/Android/data/com.tencent.android.qqdownloader/files/tassistant/apk/com.tencent.qqlive_26310.apk Binary XML file line #1460
08-19 12:01:38.490 W/SchedBoost( 1783): SchedBoost end: proc: 3002/3147 500 aff:[0, 1, 2, 3, 4, 5, 6, 7]
08-19 12:01:38.547 W/SchedBoost( 1783): SchedBoost begin: proc: 3002/3147, mode: 1 aff:[4, 5, 6]
08-19 12:01:38.551 I/Timeline( 1783): Timeline: App_transition_ready time:725431
08-19 12:01:38.551 I/Timeline( 1783): Timeline: Activity_windows_visible id: ActivityRecord{c76478b u0 com.miui.home/.launcher.Launcher t2} time:725432
08-19 12:01:38.551 I/Timeline( 1783): Timeline: App_transition_stopped time:725432
08-19 12:01:38.763 I/ActivityManager( 1783): Start proc 26925:com.android.quicksearchbox/u0a78 for content provider {com.android.quicksearchbox/com.android.quicksearchbox.xiaomi.XiaomiSuggestionProvider} caller=com.miui.home
08-19 12:01:39.047 W/SchedBoost( 1783): SchedBoost end: proc: 3002/3147 500 aff:[0, 1, 2, 3, 4, 5, 6, 7]
08-19 12:01:39.091 W/UriGrantsManagerService( 1783): For security reasons, the system cannot issue a Uri permission grant to content://com.miui.networkassistant.fileprovider/res/tmp_traffic0.png [user 0]; use startActivityAsCaller() instead
08-19 12:01:39.096 W/UriGrantsManagerService( 1783): For security reasons, the system cannot issue a Uri permission grant to content://com.miui.networkassistant.fileprovider/res/tmp_bill0.png [user 0]; use startActivityAsCaller() instead
08-19 12:01:39.101 W/UriGrantsManagerService( 1783): For security reasons, the system cannot issue a Uri permission grant to content://com.miui.networkassistant.fileprovider/res/tmp_traffic0.png [user 0]; use startActivityAsCaller() instead
08-19 12:01:39.105 W/UriGrantsManagerService( 1783): For security reasons, the system cannot issue a Uri permission grant to content://com.miui.networkassistant.fileprovider/res/tmp_bill0.png [user 0]; use startActivityAsCaller() instead
08-19 12:01:40.653 I/ActivityManager( 1783): Start proc 26971:com.miui.newhome:launcher/u0a233 for service {com.miui.newhome/com.miui.newhome.service.FeedOverlayService} caller=com.miui.home
08-19 12:01:41.536 W/NotificationHistory( 1783): Attempted to add notif for locked/gone/disabled user 0
08-19 12:01:44.468 W/BpBinder( 8544): PerfMonitor binderTransact :  time=5874ms interface=com.xiaomi.xmsf.push.service.IHttpService code=1
08-19 12:01:50.605 I/Timeline( 3002): Timeline: Activity_launch_request time:737485
08-19 12:01:50.608 I/ActivityTaskManager( 1783): START u0 {act=android.intent.action.MAIN cat=[android.intent.category.LAUNCHER] flg=0x10200000 cmp=com.tencent.android.qqdownloader/com.tencent.pangu.link.SplashActivity bnds=[586,1056][754,1224] (has extras)} from uid 10103
08-19 12:01:50.629 W/SchedBoost( 1783): SchedBoost begin: proc: 3002/3147, mode: 1 aff:[4, 5, 6]
08-19 12:01:50.629 I/ActivityTaskManager( 1783): The Process com.tencent.android.qqdownloader:daemon Already Exists in BG. So sending its PID: 10865
08-19 12:01:50.629 W/ActivityTaskManager( 1783): Tried to set launchTime (0) < mLastActivityLaunchTime (168689)
08-19 12:01:50.633 I/Timeline( 1783): Timeline: App_transition_ready time:737513
08-19 12:01:50.634 I/Timeline( 1783): Timeline: App_transition_ready time:737515
08-19 12:01:50.643 I/Timeline(10865): Timeline: Activity_launch_request time:737523
08-19 12:01:50.644 I/ActivityTaskManager( 1783): START u0 {flg=0x10000000 cmp=com.tencent.android.qqdownloader/com.tencent.assistant.activity.SplashImplActivity (has extras)} from uid 10275
08-19 12:01:50.658 I/Timeline( 1783): Timeline: App_transition_ready time:737538
08-19 12:01:50.675 I/Timeline( 1783): Timeline: App_transition_ready time:737555
08-19 12:01:50.677 E/ClipboardService( 1783): Denying clipboard access to com.tencent.android.qqdownloader, application is not in focus nor is it a system service for user 0
08-19 12:01:50.679 I/Timeline( 1783): Timeline: App_transition_ready time:737560
08-19 12:01:50.685 I/Timeline( 1783): Timeline: App_transition_ready time:737565
08-19 12:01:50.704 W/SchedBoost( 1783): SchedBoost continue: proc: 3002/3147
08-19 12:01:50.704 I/Timeline( 1783): Timeline: App_transition_ready time:737585
08-19 12:01:51.203 W/SchedBoost( 1783): SchedBoost end: proc: 3002/3147 575 aff:[0, 1, 2, 3, 4, 5, 6, 7]
08-19 12:01:51.235 I/Timeline( 1783): Timeline: Activity_windows_visible id: ActivityRecord{9b706a2 u0 com.tencent.android.qqdownloader/com.tencent.pangu.activity.AppDemoActivity t97} time:738116
08-19 12:01:51.237 I/Timeline( 1783): Timeline: App_transition_stopped time:738117
08-19 12:01:53.014 I/Timeline( 1783): Timeline: App_transition_ready time:739894
08-19 12:01:53.018 I/Timeline( 1783): Timeline: App_transition_ready time:739898
08-19 12:01:53.028 E/ClipboardService( 1783): Denying clipboard access to com.tencent.android.qqdownloader, application is not in focus nor is it a system service for user 0
08-19 12:01:53.067 I/Timeline( 1783): Timeline: App_transition_ready time:739948
08-19 12:01:53.071 I/Timeline( 1783): Timeline: App_transition_ready time:739951
08-19 12:01:53.073 I/Timeline( 1783): Timeline: App_transition_ready time:739953
08-19 12:01:53.096 I/Timeline( 1783): Timeline: App_transition_ready time:739976
08-19 12:01:53.568 I/Timeline( 1783): Timeline: Activity_windows_visible id: ActivityRecord{7971da u0 com.tencent.android.qqdownloader/com.tencent.assistantv2.activity.MainActivity t97} time:740449
08-19 12:01:53.574 I/Timeline( 1783): Timeline: App_transition_stopped time:740454
08-19 12:01:56.794 W/FrameworkListener(  781): Handler 'getaddrinfo' error (Success)
08-19 12:01:57.141 I/Timeline(10926): Timeline: Activity_launch_request time:744021
08-19 12:01:57.142 I/ActivityTaskManager( 1783): START u0 {cmp=com.tencent.android.qqdownloader/com.tencent.pangu.activity.DownloadActivity (has extras)} from uid 10275
08-19 12:01:57.155 I/ActivityTaskManager( 1783): The Process com.tencent.android.qqdownloader Already Exists in BG. So sending its PID: 10926
08-19 12:01:57.155 W/ActivityTaskManager( 1783): Tried to set launchTime (0) < mLastActivityLaunchTime (213551)
08-19 12:01:57.158 I/Timeline( 1783): Timeline: App_transition_ready time:744038
08-19 12:01:57.234 E/ClipboardService( 1783): Denying clipboard access to com.tencent.android.qqdownloader, application is not in focus nor is it a system service for user 0
08-19 12:01:57.242 I/Timeline( 1783): Timeline: App_transition_ready time:744122
08-19 12:01:57.243 I/Timeline( 1783): Timeline: App_transition_ready time:744123
08-19 12:01:57.253 I/Timeline( 1783): Timeline: App_transition_ready time:744133
08-19 12:01:57.254 I/Timeline( 1783): Timeline: App_transition_ready time:744135
08-19 12:01:57.275 I/Timeline( 1783): Timeline: App_transition_ready time:744156
08-19 12:01:57.549 I/Timeline( 1783): Timeline: Activity_windows_visible id: ActivityRecord{1924cfa u0 com.tencent.android.qqdownloader/com.tencent.pangu.activity.DownloadActivity t97} time:744429
08-19 12:01:57.551 I/Timeline( 1783): Timeline: App_transition_stopped time:744431
08-19 12:02:00.207 E/ActivityThread(10865): Failed to find provider info for com.android.badge
08-19 12:02:10.222 I/ActivityManager( 1783): Killing 13381:com.qualcomm.qti.poweroffalarm/u0a190 (adj 975): empty #25
08-19 12:02:14.483 W/PackageParsing(11129): No actions in intent-filter at /storage/emulated/0/Android/data/com.tencent.android.qqdownloader/files/tassistant/apk/com.tencent.qqlive_26310.apk Binary XML file line #750
08-19 12:02:14.489 W/PackageParsing(11129): No actions in intent-filter at /storage/emulated/0/Android/data/com.tencent.android.qqdownloader/files/tassistant/apk/com.tencent.qqlive_26310.apk Binary XML file line #1460
08-19 12:02:14.531 W/PackageParsing(10865): No actions in intent-filter at /storage/emulated/0/Android/data/com.tencent.android.qqdownloader/files/tassistant/apk/com.tencent.qqlive_26310.apk Binary XML file line #750
08-19 12:02:14.537 W/PackageParsing(11129): No actions in intent-filter at /storage/emulated/0/Android/data/com.tencent.android.qqdownloader/files/tassistant/apk/com.tencent.qqlive_26310.apk Binary XML file line #750
08-19 12:02:14.537 W/PackageParsing(10865): No actions in intent-filter at /storage/emulated/0/Android/data/com.tencent.android.qqdownloader/files/tassistant/apk/com.tencent.qqlive_26310.apk Binary XML file line #1460
08-19 12:02:14.543 W/PackageParsing(11129): No actions in intent-filter at /storage/emulated/0/Android/data/com.tencent.android.qqdownloader/files/tassistant/apk/com.tencent.qqlive_26310.apk Binary XML file line #1460
08-19 12:02:14.818 I/Timeline(10926): Timeline: Activity_launch_request time:761698
08-19 12:02:14.819 I/ActivityTaskManager( 1783): START u0 {flg=0x10000000 cmp=com.tencent.android.qqdownloader/com.tencent.pangu.activity.InstallerListenerActivity (has extras)} from uid 10275
08-19 12:02:14.832 I/ActivityTaskManager( 1783): The Process com.tencent.android.qqdownloader Already Exists in BG. So sending its PID: 10926
08-19 12:02:14.832 W/ActivityTaskManager( 1783): Tried to set launchTime (0) < mLastActivityLaunchTime (744036)
08-19 12:02:14.835 I/Timeline( 1783): Timeline: App_transition_ready time:761716
08-19 12:02:14.843 I/Timeline(10926): Timeline: Activity_launch_request time:761723
08-19 12:02:14.843 I/ActivityManager( 1783): Killing 14558:com.miui.cleanmaster/1000 (adj 985): empty #25
08-19 12:02:14.844 I/ActivityTaskManager( 1783): START u0 {act=android.intent.action.VIEW dat=content://com.tencent.pangu.fileprovider/external_path/Android/data/com.tencent.android.qqdownloader/files/tassistant/apk/com.tencent.qqlive_26310.apk typ=application/vnd.android.package-archive flg=0x10000003 cmp=com.miui.packageinstaller/com.android.packageinstaller.PackageInstallerActivity} from uid 10275
08-19 12:02:14.846 W/ActivityTaskManager( 1783): Activity is launching as a new task, so cancelling activity result.
08-19 12:02:14.847 I/ActivityManager( 1783): Killing 13751:com.android.camera/u0a93 (adj 985): empty #26
08-19 12:02:14.864 E/ClipboardService( 1783): Denying clipboard access to com.tencent.android.qqdownloader, application is not in focus nor is it a system service for user 0
08-19 12:02:14.885 I/ActivityManager( 1783): Start proc 27137:com.miui.packageinstaller/u0a74 for pre-top-activity {com.miui.packageinstaller/com.android.packageinstaller.PackageInstallerActivity} caller=com.tencent.android.qqdownloader
08-19 12:02:14.908 W/ActivityTaskManager( 1783): Duplicate finish request for r=ActivityRecord{e6f4c5b u0 com.tencent.android.qqdownloader/com.tencent.pangu.activity.InstallerListenerActivity t97 f}}
08-19 12:02:14.924 I/Timeline( 1783): Timeline: App_transition_ready time:761805
08-19 12:02:15.151 W/PackageParser(27137): No actions in intent filter at /data/user/0/com.miui.packageinstaller/cache/package219069428963507264.apk Binary XML file line #750
08-19 12:02:15.154 W/PackageParser(27137): No actions in intent filter at /data/user/0/com.miui.packageinstaller/cache/package219069428963507264.apk Binary XML file line #1460
08-19 12:02:15.180 I/ActivityManager( 1783): Killing 12317:com.android.vending/u0a188 (adj 985): empty #25
08-19 12:02:15.715 I/Timeline( 1783): Timeline: Activity_windows_visible id: ActivityRecord{36f836 u0 com.miui.packageinstaller/com.android.packageinstaller.PackageInstallerActivity t117} time:762596
08-19 12:02:15.717 I/Timeline( 1783): Timeline: App_transition_stopped time:762597
08-19 12:02:15.867 W/PackageParsing(11129): Unknown element under <manifest>: module at /storage/emulated/0/Android/data/com.tencent.android.qqdownloader/files/tassistant/apk/com.tencent.wework_17371.apk Binary XML file line #5
08-19 12:02:15.867 W/PackageParsing(11129): Ignoring duplicate uses-permissions/uses-permissions-sdk-m: android.permission.INTERNET in package: com.tencent.wework at: Binary XML file line #43
08-19 12:02:15.867 W/PackageParsing(11129): Ignoring duplicate uses-permissions/uses-permissions-sdk-m: android.permission.ACCESS_WIFI_STATE in package: com.tencent.wework at: Binary XML file line #44
08-19 12:02:15.867 W/PackageParsing(11129): Ignoring duplicate uses-permissions/uses-permissions-sdk-m: android.permission.ACCESS_NETWORK_STATE in package: com.tencent.wework at: Binary XML file line #45
08-19 12:02:15.867 W/PackageParsing(11129): Ignoring duplicate uses-permissions/uses-permissions-sdk-m: android.permission.WAKE_LOCK in package: com.tencent.wework at: Binary XML file line #46
08-19 12:02:15.867 W/PackageParsing(11129): Ignoring duplicate uses-permissions/uses-permissions-sdk-m: android.permission.VIBRATE in package: com.tencent.wework at: Binary XML file line #48
08-19 12:02:15.868 W/PackageParsing(11129): Ignoring duplicate uses-permissions/uses-permissions-sdk-m: android.permission.RECEIVE_BOOT_COMPLETED in package: com.tencent.wework at: Binary XML file line #50
08-19 12:02:15.868 W/PackageParsing(11129): Ignoring duplicate uses-permissions/uses-permissions-sdk-m: android.permission.WRITE_EXTERNAL_STORAGE in package: com.tencent.wework at: Binary XML file line #51
08-19 12:02:15.868 W/PackageParsing(11129): Ignoring duplicate uses-permissions/uses-permissions-sdk-m: android.permission.BROADCAST_STICKY in package: com.tencent.wework at: Binary XML file line #52
08-19 12:02:15.868 W/PackageParsing(11129): Ignoring duplicate uses-permissions/uses-permissions-sdk-m: android.permission.BLUETOOTH in package: com.tencent.wework at: Binary XML file line #53
08-19 12:02:15.868 W/PackageParsing(11129): Unknown element under <manifest>: meta-data at /storage/emulated/0/Android/data/com.tencent.android.qqdownloader/files/tassistant/apk/com.tencent.wework_17371.apk Binary XML file line #89
08-19 12:02:15.966 W/PackageParsing(10865): Unknown element under <manifest>: module at /storage/emulated/0/Android/data/com.tencent.android.qqdownloader/files/tassistant/apk/com.tencent.wework_17371.apk Binary XML file line #5
08-19 12:02:15.967 W/PackageParsing(10865): Ignoring duplicate uses-permissions/uses-permissions-sdk-m: android.permission.INTERNET in package: com.tencent.wework at: Binary XML file line #43
08-19 12:02:15.967 W/PackageParsing(10865): Ignoring duplicate uses-permissions/uses-permissions-sdk-m: android.permission.ACCESS_WIFI_STATE in package: com.tencent.wework at: Binary XML file line #44
08-19 12:02:15.967 W/PackageParsing(10865): Ignoring duplicate uses-permissions/uses-permissions-sdk-m: android.permission.ACCESS_NETWORK_STATE in package: com.tencent.wework at: Binary XML file line #45
08-19 12:02:15.967 W/PackageParsing(10865): Ignoring duplicate uses-permissions/uses-permissions-sdk-m: android.permission.WAKE_LOCK in package: com.tencent.wework at: Binary XML file line #46
08-19 12:02:15.967 W/PackageParsing(10865): Ignoring duplicate uses-permissions/uses-permissions-sdk-m: android.permission.VIBRATE in package: com.tencent.wework at: Binary XML file line #48
08-19 12:02:15.967 W/PackageParsing(10865): Ignoring duplicate uses-permissions/uses-permissions-sdk-m: android.permission.RECEIVE_BOOT_COMPLETED in package: com.tencent.wework at: Binary XML file line #50
08-19 12:02:15.967 W/PackageParsing(10865): Ignoring duplicate uses-permissions/uses-permissions-sdk-m: android.permission.WRITE_EXTERNAL_STORAGE in package: com.tencent.wework at: Binary XML file line #51
08-19 12:02:15.967 W/PackageParsing(10865): Ignoring duplicate uses-permissions/uses-permissions-sdk-m: android.permission.BROADCAST_STICKY in package: com.tencent.wework at: Binary XML file line #52
08-19 12:02:15.967 W/PackageParsing(10865): Ignoring duplicate uses-permissions/uses-permissions-sdk-m: android.permission.BLUETOOTH in package: com.tencent.wework at: Binary XML file line #53
08-19 12:02:15.967 W/PackageParsing(10865): Unknown element under <manifest>: meta-data at /storage/emulated/0/Android/data/com.tencent.android.qqdownloader/files/tassistant/apk/com.tencent.wework_17371.apk Binary XML file line #89
08-19 12:02:16.041 W/PackageParsing(11129): Unknown element under <manifest>: module at /storage/emulated/0/Android/data/com.tencent.android.qqdownloader/files/tassistant/apk/com.tencent.wework_17371.apk Binary XML file line #5
08-19 12:02:16.041 W/PackageParsing(11129): Ignoring duplicate uses-permissions/uses-permissions-sdk-m: android.permission.INTERNET in package: com.tencent.wework at: Binary XML file line #43
08-19 12:02:16.041 W/PackageParsing(11129): Ignoring duplicate uses-permissions/uses-permissions-sdk-m: android.permission.ACCESS_WIFI_STATE in package: com.tencent.wework at: Binary XML file line #44
08-19 12:02:16.041 W/PackageParsing(11129): Ignoring duplicate uses-permissions/uses-permissions-sdk-m: android.permission.ACCESS_NETWORK_STATE in package: com.tencent.wework at: Binary XML file line #45
08-19 12:02:16.041 W/PackageParsing(11129): Ignoring duplicate uses-permissions/uses-permissions-sdk-m: android.permission.WAKE_LOCK in package: com.tencent.wework at: Binary XML file line #46
08-19 12:02:16.041 W/PackageParsing(11129): Ignoring duplicate uses-permissions/uses-permissions-sdk-m: android.permission.VIBRATE in package: com.tencent.wework at: Binary XML file line #48
08-19 12:02:16.041 W/PackageParsing(11129): Ignoring duplicate uses-permissions/uses-permissions-sdk-m: android.permission.RECEIVE_BOOT_COMPLETED in package: com.tencent.wework at: Binary XML file line #50
08-19 12:02:16.041 W/PackageParsing(11129): Ignoring duplicate uses-permissions/uses-permissions-sdk-m: android.permission.WRITE_EXTERNAL_STORAGE in package: com.tencent.wework at: Binary XML file line #51
08-19 12:02:16.041 W/PackageParsing(11129): Ignoring duplicate uses-permissions/uses-permissions-sdk-m: android.permission.BROADCAST_STICKY in package: com.tencent.wework at: Binary XML file line #52
