08-19 11:49:45.770 I/SystemServerTiming( 1783): MakeNetworkTimeUpdateReady
08-19 11:49:45.771 I/SystemServerTiming( 1783): MakeInputManagerServiceReady
08-19 11:49:45.774 I/SystemServerTiming( 1783): MakeTelephonyRegistryReady
08-19 11:49:45.775 I/SystemServerTiming( 1783): MakeMediaRouterServiceReady
08-19 11:49:45.775 I/SystemServerTiming( 1783): MakeMmsServiceReady
08-19 11:49:45.775 I/MmsServiceBroker( 1783): Delay connecting to MmsService until an API is called
08-19 11:49:45.775 I/SystemServerTiming( 1783): IncidentDaemonReady
08-19 11:49:45.775 I/SystemServerTiming( 1783): MakeIncrementalServiceReady
08-19 11:49:45.775 I/SystemServerTiming( 1783): getCurrentUser
08-19 11:49:45.775 I/ActivityManager( 1783): Current user:0
08-19 11:49:45.775 I/SystemServerTiming( 1783): ActivityManagerStartApps
08-19 11:49:45.775 I/SystemServerTiming( 1783): ssm.StartUser-0
08-19 11:49:45.775 I/SystemServiceManager( 1783): Calling onStartUser 0
08-19 11:49:45.775 I/SystemServerTiming( 1783): ssm.onStartUser-0_com.android.server.security.FileIntegrityService
08-19 11:49:45.775 I/SystemServerTiming( 1783): ssm.onStartUser-0_com.android.server.pm.Installer
08-19 11:49:45.775 I/SystemServerTiming( 1783): ssm.onStartUser-0_com.android.server.os.DeviceIdentifiersPolicyService
08-19 11:49:45.775 I/SystemServerTiming( 1783): ssm.onStartUser-0_com.android.server.uri.UriGrantsManagerService$Lifecycle
08-19 11:49:45.775 I/SystemServerTiming( 1783): ssm.onStartUser-0_com.android.server.wm.ActivityTaskManagerService$Lifecycle
08-19 11:49:45.775 I/SystemServerTiming( 1783): ssm.onStartUser-0_com.android.server.am.ActivityManagerService$Lifecycle
08-19 11:49:45.775 I/SystemServerTiming( 1783): ssm.onStartUser-0_com.android.server.pm.DataLoaderManagerService
08-19 11:49:45.775 I/SystemServerTiming( 1783): ssm.onStartUser-0_com.android.server.power.PowerManagerService
08-19 11:49:45.775 I/SystemServerTiming( 1783): ssm.onStartUser-0_com.android.server.power.ThermalManagerService
08-19 11:49:45.775 I/SystemServerTiming( 1783): ssm.onStartUser-0_com.android.server.recoverysystem.RecoverySystemService$Lifecycle
08-19 11:49:45.775 I/SystemServerTiming( 1783): ssm.onStartUser-0_com.android.server.lights.MiuiLightsService
08-19 11:49:45.775 I/SystemServerTiming( 1783): ssm.onStartUser-0_com.android.server.display.DisplayManagerService
08-19 11:49:45.775 I/SystemServerTiming( 1783): ssm.onStartUser-0_com.android.server.pm.CloudControlPreinstallService
08-19 11:49:45.775 I/SystemServerTiming( 1783): ssm.onStartUser-0_com.android.server.pm.AdvancePreinstallService
08-19 11:49:45.775 I/SystemServerTiming( 1783): ssm.onStartUser-0_com.android.server.pm.UserManagerService$LifeCycle
08-19 11:49:45.775 I/SystemServerTiming( 1783): ssm.onStartUser-0_com.android.server.om.OverlayManagerService
08-19 11:49:45.783 I/ActivityManager( 1783): Process WebViewLoader-armeabi-v7a (pid 2687) has died: psvc PER 
08-19 11:49:45.786 I/ActivityManagerServiceInjector( 1783):  dying proc's adj: -700
08-19 11:49:45.786 I/ActivityManagerServiceInjector( 1783): top app packageName is null
08-19 11:49:45.786 I/ActivityManager( 1783): time_interval: 300000 do_simple_report: 0
08-19 11:49:45.793 I/ActivityManager( 1783): Process WebViewLoader-arm64-v8a (pid 2697) has died: psvc PER 
08-19 11:49:45.795 I/ActivityManagerServiceInjector( 1783):  dying proc's adj: -700
08-19 11:49:45.795 I/ActivityManagerServiceInjector( 1783): top app packageName is null
08-19 11:49:45.795 I/ActivityManager( 1783): time_interval: 300000 do_simple_report: 0
08-19 11:49:45.886 W/SystemServiceManager( 1783): Service com.android.server.om.OverlayManagerService took 110 ms in onStartUser-0
08-19 11:49:45.886 I/SystemServerTiming( 1783): ssm.onStartUser-0_com.android.server.SensorPrivacyService
08-19 11:49:45.886 I/SystemServerTiming( 1783): ssm.onStartUser-0_com.android.server.SystemConfigService
08-19 11:49:45.886 I/SystemServerTiming( 1783): ssm.onStartUser-0_com.android.server.BatteryService
08-19 11:49:45.886 I/SystemServerTiming( 1783): ssm.onStartUser-0_com.android.server.usage.UsageStatsService
08-19 11:49:45.886 I/SystemServerTiming( 1783): ssm.onStartUser-0_com.android.server.webkit.WebViewUpdateService
08-19 11:49:45.886 I/SystemServerTiming( 1783): ssm.onStartUser-0_com.android.server.CachedDeviceStateService
08-19 11:49:45.886 I/SystemServerTiming( 1783): ssm.onStartUser-0_com.android.server.BinderCallsStatsService$LifeCycle
08-19 11:49:45.886 I/SystemServerTiming( 1783): ssm.onStartUser-0_com.android.server.LooperStatsService$Lifecycle
08-19 11:49:45.886 I/SystemServerTiming( 1783): ssm.onStartUser-0_com.android.server.rollback.RollbackManagerService
08-19 11:49:45.886 I/SystemServerTiming( 1783): ssm.onStartUser-0_com.android.server.os.BugreportManagerService
08-19 11:49:45.886 I/SystemServerTiming( 1783): ssm.onStartUser-0_com.android.server.gpu.GpuService
08-19 11:49:45.886 I/SystemServerTiming( 1783): ssm.onStartUser-0_com.android.server.security.KeyChainSystemService
08-19 11:49:45.886 I/SystemServerTiming( 1783): ssm.onStartUser-0_com.android.server.telecom.TelecomLoaderService
08-19 11:49:45.886 I/SystemServerTiming( 1783): ssm.onStartUser-0_com.android.server.accounts.AccountManagerService$Lifecycle
08-19 11:49:45.886 I/SystemServerTiming( 1783): ssm.onStartUser-0_com.android.server.content.ContentService$Lifecycle
08-19 11:49:45.886 I/SystemServerTiming( 1783): ssm.onStartUser-0_com.android.server.DropBoxManagerService
08-19 11:49:45.886 I/SystemServerTiming( 1783): ssm.onStartUser-0_com.android.server.AlarmManagerService
08-19 11:49:45.886 I/SystemServerTiming( 1783): ssm.onStartUser-0_com.android.server.BluetoothService
08-19 11:49:45.886 I/SystemServerTiming( 1783): ssm.onStartUser-0_com.android.server.connectivity.IpConnectivityMetrics
08-19 11:49:45.886 I/SystemServerTiming( 1783): ssm.onStartUser-0_com.android.server.net.watchlist.NetworkWatchlistService$Lifecycle
08-19 11:49:45.886 I/SystemServerTiming( 1783): ssm.onStartUser-0_com.android.server.PinnerService
08-19 11:49:45.886 I/SystemServerTiming( 1783): ssm.onStartUser-0_com.google.android.startop.iorap.IorapForwardingService
08-19 11:49:45.886 I/SystemServerTiming( 1783): ssm.onStartUser-0_com.android.server.ActivityTriggerService
08-19 11:49:45.886 I/SystemServerTiming( 1783): ssm.onStartUser-0_com.android.server.integrity.AppIntegrityManagerService
08-19 11:49:45.886 I/SystemServerTiming( 1783): ssm.onStartUser-0_com.android.server.inputmethod.InputMethodManagerService$Lifecycle
08-19 11:49:45.886 I/SystemServerTiming( 1783): ssm.onStartUser-0_com.android.server.accessibility.AccessibilityManagerService$Lifecycle
08-19 11:49:45.886 I/SystemServerTiming( 1783): ssm.onStartUser-0_com.android.server.StorageManagerService$Lifecycle
08-19 11:49:45.893 W/StorageManagerService( 1783): No primary storage defined yet; hacking together a stub
08-19 11:49:45.899 I/SystemServerTiming( 1783): ssm.onStartUser-0_com.android.server.usage.StorageStatsService$Lifecycle
08-19 11:49:45.899 I/SystemServerTiming( 1783): ssm.onStartUser-0_com.android.server.UiModeManagerService
08-19 11:49:45.899 I/SystemServerTiming( 1783): ssm.onStartUser-0_com.android.server.locksettings.LockSettingsService$Lifecycle
08-19 11:49:45.899 I/SystemServerTiming( 1783): ssm.onStartUser-0_com.android.server.PersistentDataBlockService
08-19 11:49:45.899 I/SystemServerTiming( 1783): ssm.onStartUser-0_com.android.server.testharness.TestHarnessModeService
08-19 11:49:45.899 I/SystemServerTiming( 1783): ssm.onStartUser-0_com.android.server.oemlock.OemLockService
08-19 11:49:45.899 I/SystemServerTiming( 1783): ssm.onStartUser-0_com.android.server.DeviceIdleController
08-19 11:49:45.899 I/SystemServerTiming( 1783): ssm.onStartUser-0_com.android.server.devicepolicy.DevicePolicyManagerService$Lifecycle
08-19 11:49:45.899 I/SystemServerTiming( 1783): ssm.onStartUser-0_com.android.server.textservices.TextServicesManagerService$Lifecycle
08-19 11:49:45.900 I/SystemServerTiming( 1783): ssm.onStartUser-0_com.android.server.textclassifier.TextClassificationManagerService$Lifecycle
08-19 11:49:45.900 I/SystemServerTiming( 1783): ssm.onStartUser-0_com.android.server.NetworkScoreService$Lifecycle
08-19 11:49:45.900 I/SystemServerTiming( 1783): ssm.onStartUser-0_com.android.server.wifi.WifiService
08-19 11:49:45.900 I/SystemServerTiming( 1783): ssm.onStartUser-0_com.android.server.wifi.scanner.WifiScanningService
08-19 11:49:45.900 I/SystemServerTiming( 1783): ssm.onStartUser-0_com.android.server.wifi.rtt.RttService
08-19 11:49:45.900 I/SystemServerTiming( 1783): ssm.onStartUser-0_com.android.server.wifi.aware.WifiAwareService
08-19 11:49:45.900 I/SystemServerTiming( 1783): ssm.onStartUser-0_com.android.server.wifi.p2p.WifiP2pService
08-19 11:49:45.900 I/SystemServerTiming( 1783): ssm.onStartUser-0_com.android.server.ethernet.EthernetService
08-19 11:49:45.900 I/SystemServerTiming( 1783): ssm.onStartUser-0_com.android.server.notification.NotificationManagerService
08-19 11:49:45.900 I/SystemServerTiming( 1783): ssm.onStartUser-0_com.android.server.storage.DeviceStorageMonitorService
08-19 11:49:45.900 I/SystemServerTiming( 1783): ssm.onStartUser-0_com.android.server.location.LocationManagerService$Lifecycle
08-19 11:49:45.901 I/SystemServerTiming( 1783): ssm.onStartUser-0_com.android.server.timedetector.TimeDetectorService$Lifecycle
08-19 11:49:45.901 I/SystemServerTiming( 1783): ssm.onStartUser-0_com.android.server.timezonedetector.TimeZoneDetectorService$Lifecycle
08-19 11:49:45.901 I/SystemServerTiming( 1783): ssm.onStartUser-0_com.android.server.search.SearchManagerService$Lifecycle
08-19 11:49:45.901 I/SystemServerTiming( 1783): ssm.onStartUser-0_com.android.server.wallpaper.WallpaperManagerService$Lifecycle
08-19 11:49:45.901 I/SystemServerTiming( 1783): ssm.onStartUser-0_com.android.server.audio.AudioService$Lifecycle
08-19 11:49:45.901 I/SystemServerTiming( 1783): ssm.onStartUser-0_com.android.server.soundtrigger_middleware.SoundTriggerMiddlewareService$Lifecycle
08-19 11:49:45.901 I/SystemServerTiming( 1783): ssm.onStartUser-0_com.android.server.DockObserver
08-19 11:49:45.901 I/SystemServerTiming( 1783): ssm.onStartUser-0_com.android.server.midi.MidiService$Lifecycle
08-19 11:49:45.901 I/SystemServerTiming( 1783): ssm.onStartUser-0_com.android.server.adb.AdbService$Lifecycle
08-19 11:49:45.901 I/SystemServerTiming( 1783): ssm.onStartUser-0_com.android.server.usb.UsbService$Lifecycle
08-19 11:49:45.901 I/SystemServerTiming( 1783): ssm.onStartUser-0_com.android.server.twilight.TwilightService
08-19 11:49:45.901 I/SystemServerTiming( 1783): ssm.onStartUser-0_com.android.server.display.color.ColorDisplayService
08-19 11:49:45.901 I/SystemServerTiming( 1783): ssm.onStartUser-0_com.android.server.job.JobSchedulerService
08-19 11:49:45.901 I/SystemServerTiming( 1783): ssm.onStartUser-0_com.android.server.soundtrigger.SoundTriggerService
08-19 11:49:45.901 I/SystemServerTiming( 1783): ssm.onStartUser-0_com.android.server.trust.TrustManagerService
08-19 11:49:45.901 I/SystemServerTiming( 1783): ssm.onStartUser-0_com.miui.server.BackupManagerService$Lifecycle
08-19 11:49:45.901 I/SystemServerTiming( 1783): ssm.onStartUser-0_com.android.server.display.ScreenEffectService
08-19 11:49:45.901 I/SystemServerTiming( 1783): ssm.onStartUser-0_com.android.server.backup.BackupManagerService$Lifecycle
08-19 11:49:45.901 I/SystemServerTiming( 1783): ssm.onStartUser-0_com.android.server.appwidget.AppWidgetService
08-19 11:49:45.901 I/SystemServerTiming( 1783): ssm.onStartUser-0_com.android.server.role.RoleManagerService
08-19 11:49:45.904 I/SystemServerTiming( 1783): ssm.onStartUser-0_com.android.server.voiceinteraction.VoiceInteractionManagerService
08-19 11:49:45.913 I/SystemServerTiming( 1783): ssm.onStartUser-0_com.android.server.SensorNotificationService
08-19 11:49:45.913 I/SystemServerTiming( 1783): ssm.onStartUser-0_com.android.server.emergency.EmergencyAffordanceService
08-19 11:49:45.913 I/SystemServerTiming( 1783): ssm.onStartUser-0_com.android.server.dreams.DreamManagerService
08-19 11:49:45.913 I/SystemServerTiming( 1783): ssm.onStartUser-0_com.android.server.print.PrintManagerService
08-19 11:49:45.913 I/SystemServerTiming( 1783): ssm.onStartUser-0_com.android.server.companion.CompanionDeviceManagerService
08-19 11:49:45.913 I/SystemServerTiming( 1783): ssm.onStartUser-0_com.android.server.restrictions.RestrictionsManagerService
08-19 11:49:45.913 I/SystemServerTiming( 1783): ssm.onStartUser-0_com.android.server.media.MediaSessionService
08-19 11:49:45.913 I/SystemServerTiming( 1783): ssm.onStartUser-0_com.android.server.media.MediaResourceMonitorService
08-19 11:49:45.913 I/SystemServerTiming( 1783): ssm.onStartUser-0_com.android.server.biometrics.fingerprint.FingerprintService
08-19 11:49:45.913 I/SystemServerTiming( 1783): ssm.onStartUser-0_com.android.server.blob.BlobStoreManagerService
08-19 11:49:45.913 I/SystemServerTiming( 1783): ssm.onStartUser-0_com.android.server.biometrics.BiometricService
08-19 11:49:45.913 I/SystemServerTiming( 1783): ssm.onStartUser-0_com.android.server.biometrics.AuthService
08-19 11:49:45.913 I/SystemServerTiming( 1783): ssm.onStartUser-0_com.android.server.pm.ShortcutService$Lifecycle
08-19 11:49:45.913 I/SystemServerTiming( 1783): ssm.onStartUser-0_com.android.server.pm.LauncherAppsService
08-19 11:49:45.913 I/SystemServerTiming( 1783): ssm.onStartUser-0_com.android.server.pm.CrossProfileAppsService
08-19 11:49:45.913 I/SystemServerTiming( 1783): ssm.onStartUser-0_com.android.server.people.PeopleService
08-19 11:49:45.913 I/SystemServerTiming( 1783): ssm.onStartUser-0_com.android.server.media.projection.MediaProjectionManagerService
08-19 11:49:45.913 I/SystemServerTiming( 1783): ssm.onStartUser-0_com.android.server.slice.SliceManagerService$Lifecycle
08-19 11:49:45.913 I/SystemServerTiming( 1783): ssm.onStartUser-0_com.android.server.camera.CameraServiceProxy
08-19 11:49:45.913 I/SystemServerTiming( 1783): ssm.onStartUser-0_com.android.server.stats.StatsCompanion$Lifecycle
08-19 11:49:45.913 I/SystemServerTiming( 1783): ssm.onStartUser-0_com.android.server.stats.pull.StatsPullAtomService
08-19 11:49:45.913 I/SystemServerTiming( 1783): ssm.onStartUser-0_com.android.server.incident.IncidentCompanionService
08-19 11:49:45.913 I/SystemServerTiming( 1783): ssm.onStartUser-0_com.android.server.MmsServiceBroker
08-19 11:49:45.913 I/SystemServerTiming( 1783): ssm.onStartUser-0_com.android.server.autofill.AutofillManagerService
08-19 11:49:45.913 I/SystemServerTiming( 1783): ssm.onStartUser-0_com.android.server.clipboard.ClipboardService
08-19 11:49:45.913 I/SystemServerTiming( 1783): ssm.onStartUser-0_com.android.server.appbinding.AppBindingService$Lifecycle
08-19 11:49:45.914 I/SystemServerTiming( 1783): ssm.onStartUser-0_com.android.server.policy.PermissionPolicyService
08-19 11:49:45.914 I/SystemServerTiming( 1783): ssm.onStartUser-0_com.android.server.pm.StagingManager$Lifecycle
08-19 11:49:45.914 I/SystemServerTiming( 1783): startPersistentApps
08-19 11:49:45.917 I/SystemServerTiming( 1783): startHomeOnAllDisplays
08-19 11:49:45.918 I/ActivityTaskManager( 1783): START u0 {act=android.intent.action.MAIN cat=[android.intent.category.HOME] flg=0x10000100 cmp=com.miui.home/.launcher.Launcher} from uid 0
08-19 11:49:45.957 I/SystemServerTiming( 1783): showSystemReadyErrorDialogs
08-19 11:49:45.988 I/SystemServerTiming( 1783): sendUserStartBroadcast
08-19 11:49:45.989 I/SystemServerTiming( 1783): resumeTopActivities
08-19 11:49:45.990 I/PackageWatchdog( 1783): Saving observer state to file
08-19 11:49:45.990 I/SystemServerTiming( 1783): sendUserSwitchBroadcasts
08-19 11:49:45.990 I/SystemServerTiming( 1783): setBinderProxies
08-19 11:49:45.991 I/ActivityManager( 1783): Start proc 2830:.qtidataservices/u0a177 for added application .qtidataservices caller=android
08-19 11:49:45.992 I/SystemServer( 1783): Entered the Android system server main thread loop.
08-19 11:49:45.997 W/Looper  ( 1783): Slow delivery took 2576ms main h=android.app.ActivityThread$H c=null m=156
08-19 11:49:46.001 I/ActivityManager( 1783): Start proc 2853:com.qualcomm.qti.telephonyservice/1001 for added application com.qualcomm.qti.telephonyservice caller=android
08-19 11:49:46.016 W/VibratorManagementImpl( 1783): onCameraAvailable with id7
08-19 11:49:46.016 W/VibratorManagementImpl( 1783): onCameraAvailable with id5
08-19 11:49:46.016 W/VibratorManagementImpl( 1783): onCameraAvailable with id3
08-19 11:49:46.016 I/ActivityManager( 1783): Start proc 2866:org.codeaurora.ims/u0a200 for added application org.codeaurora.ims caller=android
08-19 11:49:46.016 W/VibratorManagementImpl( 1783): onCameraAvailable with id2
08-19 11:49:46.016 W/VibratorManagementImpl( 1783): onCameraAvailable with id4
08-19 11:49:46.016 W/VibratorManagementImpl( 1783): onCameraAvailable with id1
08-19 11:49:46.016 W/VibratorManagementImpl( 1783): onCameraAvailable with id6
08-19 11:49:46.016 W/VibratorManagementImpl( 1783): onCameraAvailable with id0
08-19 11:49:46.029 I/PackageWatchdog( 1783): Syncing health check requests for packages: {}
08-19 11:49:46.029 I/ExplicitHealthCheckController( 1783): Service not ready to get health check supported packages. Binding...
08-19 11:49:46.030 I/ExplicitHealthCheckController( 1783): Explicit health check service is bound
08-19 11:49:46.031 W/ActivityManager( 1783): Slow operation: 116ms so far, now at startProcess: returned from zygote!
08-19 11:49:46.032 W/ActivityManager( 1783): Slow operation: 116ms so far, now at startProcess: done updating battery stats
08-19 11:49:46.032 W/ActivityManager( 1783): Slow operation: 116ms so far, now at startProcess: building log message
08-19 11:49:46.032 I/ActivityManager( 1783): Start proc 2893:com.qualcomm.qcrilmsgtunnel/1001 for added application com.qualcomm.qcrilmsgtunnel caller=android
08-19 11:49:46.032 W/ActivityManager( 1783): Slow operation: 116ms so far, now at startProcess: starting to update pids map
08-19 11:49:46.032 W/ActivityManager( 1783): Slow operation: 117ms so far, now at startProcess: done updating pids map
08-19 11:49:46.032 W/ActivityManager( 1783): Slow operation: 116ms so far, now at startProcess: asking zygote to start proc
08-19 11:49:46.049 W/ActivityManager( 1783): Slow operation: 133ms so far, now at startProcess: returned from zygote!
08-19 11:49:46.049 W/ActivityManager( 1783): Slow operation: 133ms so far, now at startProcess: done updating battery stats
08-19 11:49:46.049 W/ActivityManager( 1783): Slow operation: 133ms so far, now at startProcess: building log message
08-19 11:49:46.049 I/ActivityManager( 1783): Start proc 2903:com.android.se/1068 for added application com.android.se caller=android
08-19 11:49:46.050 W/ActivityManager( 1783): Slow operation: 133ms so far, now at startProcess: starting to update pids map
08-19 11:49:46.050 W/ActivityManager( 1783): Slow operation: 133ms so far, now at startProcess: done updating pids map
08-19 11:49:46.050 W/ActivityManager( 1783): Slow operation: 133ms so far, now at startProcess: asking zygote to start proc
08-19 11:49:46.060 W/ActivityManager( 1783): Slow operation: 143ms so far, now at startProcess: returned from zygote!
08-19 11:49:46.060 W/ActivityManager( 1783): Slow operation: 144ms so far, now at startProcess: done updating battery stats
08-19 11:49:46.060 W/ActivityManager( 1783): Slow operation: 144ms so far, now at startProcess: building log message
08-19 11:49:46.060 I/ActivityManager( 1783): Start proc 2921:com.qualcomm.qti.devicestatisticsservice/u0a207 for added application com.qualcomm.qti.devicestatisticsservice caller=android
08-19 11:49:46.060 W/ActivityManager( 1783): Slow operation: 144ms so far, now at startProcess: starting to update pids map
08-19 11:49:46.060 W/ActivityManager( 1783): Slow operation: 144ms so far, now at startProcess: done updating pids map
08-19 11:49:46.060 W/ActivityManager( 1783): Slow operation: 144ms so far, now at startProcess: asking zygote to start proc
08-19 11:49:46.063 W/SystemServiceRegistry( 2677): faceService() miuiface, isSupportTee: false
08-19 11:49:46.103 W/ActivityManager( 1783): Slow operation: 186ms so far, now at startProcess: returned from zygote!
08-19 11:49:46.109 W/ActivityManager( 1783): Slow operation: 193ms so far, now at startProcess: done updating battery stats
08-19 11:49:46.109 W/ActivityManager( 1783): Slow operation: 193ms so far, now at startProcess: building log message
08-19 11:49:46.109 I/ActivityManager( 1783): Start proc 2950:.qtidataservices/u0a181 for added application .qtidataservices caller=android
08-19 11:49:46.109 W/ActivityManager( 1783): Slow operation: 193ms so far, now at startProcess: starting to update pids map
08-19 11:49:46.109 W/ActivityManager( 1783): Slow operation: 193ms so far, now at startProcess: done updating pids map
08-19 11:49:46.112 W/ActivityManager( 1783): Slow operation: 195ms so far, now at startProcess: asking zygote to start proc
08-19 11:49:46.128 W/ActivityManager( 1783): Slow operation: 210ms so far, now at startProcess: returned from zygote!
08-19 11:49:46.128 W/ActivityManager( 1783): Slow operation: 210ms so far, now at startProcess: done updating battery stats
08-19 11:49:46.128 I/Watchdog( 1783): Interesting Java process com.android.phone started. Pid 2989
08-19 11:49:46.128 W/ActivityManager( 1783): Slow operation: 210ms so far, now at startProcess: building log message
08-19 11:49:46.128 I/ActivityManager( 1783): Start proc 2989:com.android.phone/1001 for added application com.android.phone caller=android
08-19 11:49:46.128 W/ActivityManager( 1783): Slow operation: 210ms so far, now at startProcess: starting to update pids map
08-19 11:49:46.128 W/ActivityManager( 1783): Slow operation: 211ms so far, now at startProcess: done updating pids map
08-19 11:49:46.128 W/ActivityManager( 1783): Slow operation: 132ms so far, now at startProcess: asking zygote to start proc
08-19 11:49:46.138 W/ActivityManager( 1783): Slow operation: 142ms so far, now at startProcess: returned from zygote!
08-19 11:49:46.139 W/ActivityManager( 1783): Slow operation: 142ms so far, now at startProcess: done updating battery stats
08-19 11:49:46.139 W/ActivityManager( 1783): Slow operation: 142ms so far, now at startProcess: building log message
08-19 11:49:46.139 I/ActivityManager( 1783): Start proc 3002:com.miui.home/u0a103 for top-activity {com.miui.home/com.miui.home.launcher.Launcher} caller=null
08-19 11:49:46.139 W/ActivityManager( 1783): Slow operation: 142ms so far, now at startProcess: starting to update pids map
08-19 11:49:46.139 W/ActivityManager( 1783): Slow operation: 142ms so far, now at startProcess: done updating pids map
08-19 11:49:46.139 W/ActivityManager( 1783): Slow operation: 125ms so far, now at startProcess: asking zygote to start proc
08-19 11:49:46.150 W/ActivityManager( 1783): Slow operation: 136ms so far, now at startProcess: returned from zygote!
08-19 11:49:46.150 W/ActivityManager( 1783): Slow operation: 136ms so far, now at startProcess: done updating battery stats
08-19 11:49:46.150 W/ActivityManager( 1783): Slow operation: 136ms so far, now at startProcess: building log message
08-19 11:49:46.150 I/ActivityManager( 1783): Start proc 3016:com.android.settings:remote/1000 for content provider {com.android.settings/com.android.settings.cloud.CloudSettingsProvider} caller=android
08-19 11:49:46.150 W/ActivityManager( 1783): Slow operation: 136ms so far, now at startProcess: starting to update pids map
08-19 11:49:46.153 W/ActivityManager( 1783): Slow operation: 140ms so far, now at startProcess: done updating pids map
08-19 11:49:46.154 W/ActivityManager( 1783): Slow operation: 139ms so far, now at startProcess: asking zygote to start proc
08-19 11:49:46.170 W/ActivityManager( 1783): Slow operation: 155ms so far, now at startProcess: returned from zygote!
08-19 11:49:46.182 I/MiuiMultiWindowSplitUI( 1783): mUiMode = 16  current ui mode = 16
08-19 11:49:46.182 I/MiuiMultiWindowSplitUI( 1783): orientation has not changed, mDisplayWidth: 1080, current height: 2400
08-19 11:49:46.182 I/ActivityTaskManager( 1783): Config changes=4100 {1.0 ?mcc?mnc [zh_CN] ldltr sw392dp w392dp h796dp 440dpi nrml long hdr widecg port finger -keyb/v/h -nav/h winConfig={ mBounds=Rect(0, 0 - 1080, 2400) mAppBounds=Rect(0, 80 - 1080, 2270) mWindowingMode=fullscreen mDisplayWindowingMode=fullscreen mActivityType=undefined mAlwaysOnTop=undefined mRotation=ROTATION_0} s.12 themeChanged=0 themeChangedFlags=0 extraData = Bundle[{}]}
08-19 11:49:46.193 I/WindowManager( 1783): Override config changes=4100 {1.0 ?mcc?mnc [zh_CN] ldltr sw392dp w392dp h796dp 440dpi nrml long hdr widecg port finger -keyb/v/h -nav/h winConfig={ mBounds=Rect(0, 0 - 1080, 2400) mAppBounds=Rect(0, 80 - 1080, 2270) mWindowingMode=fullscreen mDisplayWindowingMode=fullscreen mActivityType=undefined mAlwaysOnTop=undefined mRotation=ROTATION_0} s.12 themeChanged=0 themeChangedFlags=0 extraData = Bundle[{}]} for displayId=0
08-19 11:49:46.196 I/MiuiMultiWindowSplitUI( 1783): mUiMode = 16  current ui mode = 16
08-19 11:49:46.196 I/MiuiMultiWindowSplitUI( 1783): orientation has not changed, mDisplayWidth: 1080, current height: 2400
08-19 11:49:46.201 I/Timeline( 1783): Timeline: App_transition_ready time:13082
08-19 11:49:46.201 I/Timeline( 1783): Timeline: App_transition_stopped time:13082
08-19 11:49:46.204 W/ActivityManager( 1783): Slow operation: 189ms so far, now at startProcess: done updating battery stats
08-19 11:49:46.204 W/ActivityManager( 1783): Slow operation: 189ms so far, now at startProcess: building log message
08-19 11:49:46.204 I/ActivityManager( 1783): Start proc 3039:com.google.android.ext.services/u0a226 for service {com.google.android.ext.services/android.ext.services.autofill.InlineSuggestionRenderServiceImpl} caller=android
08-19 11:49:46.204 W/ActivityManager( 1783): Slow operation: 189ms so far, now at startProcess: starting to update pids map
08-19 11:49:46.204 W/ActivityManager( 1783): Slow operation: 190ms so far, now at startProcess: done updating pids map
08-19 11:49:46.228 W/Looper  ( 1783): Slow dispatch took 143ms main h=android.app.ActivityThread$H c=null m=114
08-19 11:49:46.247 I/ActivityManager( 1783): Process com.android.bluetooth (pid 2606) has died: fg  SVC 
08-19 11:49:46.249 I/Watchdog( 1783): Interesting Java process com.android.bluetooth died. Pid 2606
08-19 11:49:46.250 I/ActivityManagerServiceInjector( 1783):  dying proc's adj: 0
08-19 11:49:46.250 I/ActivityManagerServiceInjector( 1783): top app name is com.miui.home
08-19 11:49:46.250 I/ActivityManager( 1783): time_interval: 300000 do_simple_report: 0
08-19 11:49:46.304 I/KeyguardSensorInjector( 2677): unregister pickup sensor
08-19 11:49:46.332 E/TrustManagerService( 1783): EXTRA_USER_HANDLE missing or invalid, value=0
08-19 11:49:46.333 I/DropBoxManagerService( 1783): add tag=system_server_wtf isTagEnabled=true flags=0x2
08-19 11:49:46.481 W/ActivityManager( 1783): Unable to start service Intent { cmp=com.miui.analytics/.onetrack.OneTrackService } U=0: not found
08-19 11:49:46.482 W/ActivityManager( 1783): Unbind failed: could not find connection for android.os.BinderProxy@3754318
08-19 11:49:46.509 W/StorageManagerService( 1783): No primary storage defined yet; hacking together a stub
08-19 11:49:46.585 W/Looper  ( 1783): Slow dispatch took 251ms main h=android.app.ActivityThread$H c=android.app.-$$Lambda$LoadedApk$ReceiverDispatcher$Args$_BumDX2UKsnxLVrE6UJsJZkotuA@34f6d4c m=0
08-19 11:49:46.585 W/BpBinder( 2677): PerfMonitor binderTransact :  time=246ms interface=android.view.accessibility.IAccessibilityManager code=5
08-19 11:49:46.586 W/ActivityManager( 1783): Unable to start service Intent { act=android.service.notification.NotificationAssistantService cmp=com.miui.notification/.NotificationListener } U=0: not found
08-19 11:49:46.586 W/NotificationAssistants( 1783): Unable to bind notification assistant service: Intent { act=android.service.notification.NotificationAssistantService cmp=com.miui.notification/.NotificationListener (has extras) } in user 0
08-19 11:49:46.617 E/PackageDexUsage( 1783): Unsupported context?
08-19 11:49:46.689 W/Looper  ( 1783): Slow dispatch took 103ms main h=android.app.ActivityThread$H c=android.app.-$$Lambda$LoadedApk$ReceiverDispatcher$Args$_BumDX2UKsnxLVrE6UJsJZkotuA@647302a m=0
08-19 11:49:46.692 W/BroadcastQueue( 1783): Background execution not allowed: receiving Intent { act=android.net.wifi.WIFI_STATE_CHANGED flg=0x4000010 (has extras) } to com.android.settings/.MiuiSettingsReceiver
08-19 11:49:46.725 W/ActivityThread( 3002): Failed to find provider info for com.xiaomi.mihomemanager.whitelistProvider (user not unlocked)
08-19 11:49:46.738 W/BluetoothManagerService( 1783): bindBluetoothProfileService:Trying to bind to profile: 1, while Bluetooth is disabled
08-19 11:49:46.740 I/Telecom ( 1783): BluetoothRouteManager: getBluetoothAudioConnectedDevice: no service available.
08-19 11:49:46.743 I/Telecom ( 1783): SystemStateHelper: Registering car mode receiver: android.content.IntentFilter@e84e1fa: TS.init@AAA
08-19 11:49:46.753 I/Telecom ( 1783): Logging.Events: Non-call EVENT: AUDIO_ROUTE, Entering state QuiescentEarpieceRoute
08-19 11:49:46.753 I/Telecom ( 1783): BluetoothRouteManager: getBluetoothAudioConnectedDevice: no service available.
08-19 11:49:46.759 I/Telecom ( 1783): CallAudioModeStateMachine: Message received: null.: TS.init->CAMSM.pM_1@AAA
08-19 11:49:46.760 I/Telecom ( 1783): MiuiMissedCallNotifierImpl: reloadFromDatabase()...: TS.init@AAA
08-19 11:49:46.760 I/Telecom ( 1783): MiuiMissedCallNotifierImpl: Boot not yet complete -- call log db may not be available. Deferring loading until boot complete.: TS.init@AAA
08-19 11:49:46.764 W/ActivityThread( 1783): Failed to find provider info for call_log (user not unlocked)
08-19 11:49:46.765 I/Telecom ( 1783): MiuiMissedCallNotifierImpl: reloadFromDatabase()...: TS.init@AAA
08-19 11:49:46.765 I/Telecom ( 1783): MiuiMissedCallNotifierImpl: Boot not yet complete -- call log db may not be available. Deferring loading until boot complete.: TS.init@AAA
08-19 11:49:46.765 W/BluetoothManagerService( 1783): bindBluetoothProfileService:Trying to bind to profile: 1, while Bluetooth is disabled
08-19 11:49:46.770 I/Telecom ( 1783): Class: TelecomSystem.INSTANCE being set
08-19 11:49:46.770 W/ContextImpl( 1783): Calling a method in the system process without a qualified user: android.app.ContextImpl.startService:1679 android.content.ContextWrapper.startService:731 com.android.server.telecom.components.TelecomService.initializeTelecomSystem:221 com.android.server.telecom.components.TelecomService$1.createTelecomService:82 com.android.server.telecom.TelecomLoaderService$TelecomServiceConnection.onServiceConnected:62 
08-19 11:49:46.776 I/ConnectivityModuleConnector( 1783): Networking module service connected
08-19 11:49:46.779 I/ExplicitHealthCheckController( 1783): Explicit health check service is connected ComponentInfo{com.google.android.ext.services/android.ext.services.watchdog.ExplicitHealthCheckServiceImpl}
08-19 11:49:46.779 I/ExplicitHealthCheckController( 1783): Service initialized, syncing requests
08-19 11:49:46.779 I/ConnectivityModuleConnector( 1783): Networking module service connected
08-19 11:49:46.780 I/AutofillManagerService( 1783): Updating for user 0: disabled=false
08-19 11:49:46.780 E/AutofillManagerServiceImpl( 1783): Bad service name: com.miui.contentcatcher/.autofill.services.MiuiAutofillService
08-19 11:49:46.782 W/BpBinder( 2677): PerfMonitor binderTransact :  time=494ms interface=android.app.trust.ITrustManager code=6
08-19 11:49:46.784 I/Telecom ( 1783): WiredHeadsetManager: ACTION_HEADSET_PLUG event, plugged in: false, : WHC.oADA@AAE
08-19 11:49:46.787 I/PackageWatchdog( 1783): Syncing health check requests for packages: {}
08-19 11:49:46.787 W/Looper  ( 1783): Drained
08-19 11:49:46.787 W/ActivityManager( 1783): Unable to start service Intent { act=com.miui.cloudservice.PasspointService cmp=com.miui.cloudservice/.alipay.provision.PasspointService } U=0: not found
08-19 11:49:46.789 I/ExplicitHealthCheckController( 1783): Explicit health check supported packages []
08-19 11:49:46.789 W/NotificationHistory( 1783): Attempted to add notif for locked/gone/disabled user 0
08-19 11:49:46.790 I/ExplicitHealthCheckController( 1783): Explicit health check requested packages []
08-19 11:49:46.790 I/ExplicitHealthCheckController( 1783): No more health check requests, unbinding...
08-19 11:49:46.790 I/ExplicitHealthCheckController( 1783): Explicit health check service is unbound
08-19 11:49:46.833 I/StatusBarManagerService( 1783): registerStatusBar bar=com.android.internal.statusbar.IStatusBar$Stub$Proxy@5d10ce5
08-19 11:49:46.949 W/ActivityThread( 3002): Failed to find provider info for com.miui.idprovider (user not unlocked)
08-19 11:49:46.952 W/ActivityThread( 3002): Failed to find provider info for com.miui.analytics.OneTrackProvider (user not unlocked)
08-19 11:49:46.953 W/Looper  ( 3002): PerfMonitor looperActivity : package=com.miui.home/.launcher.Launcher time=446ms latency=309ms running=276ms  procState=2 ClientTransaction{ callbacks=[android.app.servertransaction.LaunchActivityItem] lifecycleRequest=android.app.servertransaction.ResumeActivityItem } historyMsgCount=5 (msgIndex=2 wall=300ms seq=2 running=100ms runnable=9ms io=156ms binder=25ms late=30ms h=android.app.ActivityThread$H w=110)
08-19 11:49:46.954 W/Looper  ( 3002): PerfMonitor looperActivity : package=com.miui.home/.launcher.Launcher time=0ms latency=756ms running=0ms  procState=2 ClientTransaction{ callbacks=[android.app.servertransaction.TopResumedActivityChangeItem] } historyMsgCount=6 (msgIndex=2 wall=300ms seq=2 running=100ms runnable=9ms io=156ms binder=25ms late=30ms h=android.app.ActivityThread$H w=110) (msgIndex=6 wall=446ms seq=6 running=276ms runnable=49ms io=26ms binder=38ms late=309ms h=android.app.ActivityThread$H w=159)
08-19 11:49:46.956 W/ActivityThread( 3002): Failed to find provider info for com.miui.analytics.OneTrackProvider (user not unlocked)
08-19 11:49:46.969 W/ActivityManager( 1783): Unable to start service Intent { cmp=com.miui.analytics/.onetrack.OneTrackService } U=0: not found
08-19 11:49:46.969 W/ActivityManager( 1783): Unbind failed: could not find connection for android.os.BinderProxy@e4d32bf
08-19 11:49:47.041 W/BpBinder( 2677): PerfMonitor binderTransact :  time=234ms interface=com.android.internal.telephony.ISub code=44
08-19 11:49:47.059 W/Looper  ( 1783): Slow delivery took 201ms android.fg h=android.os.Handler c=<recycled PooledLambda@572c598> m=0
08-19 11:49:47.075 W/ActivityThread( 2989): Failed to find provider info for com.android.contacts (user not unlocked)
08-19 11:49:47.093 W/ContextImpl( 1783): Calling a method in the system process without a qualified user: android.app.ContextImpl.sendBroadcastMultiplePermissions:1153 android.content.Context.sendBroadcastWithMultiplePermissions:2159 com.android.server.wifi.p2p.WifiP2pServiceImpl$P2pStateMachine.sendBroadcastMultiplePermissions:3333 com.android.server.wifi.p2p.WifiP2pServiceImpl$P2pStateMachine.sendP2pConnectionChangedBroadcast:3360 com.android.server.wifi.p2p.WifiP2pServiceImpl$P2pStateMachine.access$5600:787 
08-19 11:49:47.096 W/BluetoothManagerService( 1783): bindBluetoothProfileService:Trying to bind to profile: 1, while Bluetooth is disabled
08-19 11:49:47.102 W/ContextImpl( 1783): Calling a method in the system process without a qualified user: android.app.ContextImpl.sendBroadcastMultiplePermissions:1153 android.content.Context.sendBroadcastWithMultiplePermissions:2159 com.android.server.wifi.p2p.WifiP2pServiceImpl$P2pStateMachine.sendBroadcastMultiplePermissions:3333 com.android.server.wifi.p2p.WifiP2pServiceImpl$P2pStateMachine.sendThisDeviceChangedBroadcast:3342 com.android.server.wifi.p2p.WifiP2pServiceImpl$P2pStateMachine.updateThisDevice:4102 
08-19 11:49:47.119 I/Timeline( 1783): Timeline: Activity_windows_visible id: ActivityRecord{c76478b u0 com.miui.home/.launcher.Launcher t2} time:13999
08-19 11:49:47.190 W/ActivityManager( 1783): Unable to start service Intent { act=com.miui.launcher.WINDOW_OVERLAY dat=app://com.miui.home:10103?sv=3&cv=3 pkg=com.miui.personalassistant } U=0: not found
08-19 11:49:47.193 W/Looper  ( 2989): PerfMonitor longMsg : seq=2 plan=11:49:46.164 late=4ms wall=1026ms running=318ms runnable=214ms io=195ms binder=265ms h=android.app.ActivityThread$H w=110 procState=0
08-19 11:49:47.196 I/ActivityManagerTiming( 1783): FinishBooting
08-19 11:49:47.196 I/WindowManager( 1783): Started waking up... (why=ON_BECAUSE_OF_UNKNOWN)
08-19 11:49:47.196 I/WindowManager( 1783): Finished waking up... (why=ON_BECAUSE_OF_UNKNOWN)
08-19 11:49:47.196 I/WindowManager( 1783): Screen turning on...
08-19 11:49:47.196 W/KeyguardServiceDelegate( 1783): onScreenTurningOn(): no keyguard service!
08-19 11:49:47.225 W/StorageManagerService( 1783): No primary storage defined yet; hacking together a stub
08-19 11:49:47.228 W/StorageManagerService( 1783): No primary storage defined yet; hacking together a stub
08-19 11:49:47.257 W/ActivityThread( 2989): Failed to find provider info for com.miui.idprovider (user not unlocked)
08-19 11:49:47.279 E/SettingsProvider( 1783): Requested user 10 does not exist
08-19 11:49:47.279 I/DropBoxManagerService( 1783): add tag=system_server_wtf isTagEnabled=true flags=0x2
08-19 11:49:47.303 W/ActivityThread( 2677): Failed to find provider info for com.miui.networkassistant.provider (user not unlocked)
08-19 11:49:47.304 W/ActivityThread( 2677): Failed to find provider info for com.miui.networkassistant.provider (user not unlocked)
08-19 11:49:47.304 W/ActivityThread( 2677): Failed to find provider info for com.mi.health.provider.main (user not unlocked)
08-19 11:49:47.306 W/ActivityThread( 2677): Failed to find provider info for com.xiaomi.misettings.usagestats.screentimecontentprovider (user not unlocked)
08-19 11:49:47.306 W/ActivityThread( 2677): Failed to find provider info for com.miui.powercenter.provider (user not unlocked)
08-19 11:49:47.312 I/ActivityManager( 1783): Start proc 3344:com.miui.weather2/u0a266 for content provider {com.miui.weather2/com.miui.weather2.providers.WeatherProvider} caller=com.miui.home
08-19 11:49:47.335 W/Looper  ( 2677): PerfMonitor longMsg : seq=3 plan=11:49:45.682 late=555ms wall=1097ms running=431ms runnable=218ms io=37ms binder=447ms h=android.app.ActivityThread$H w=114 procState=0
08-19 11:49:47.347 W/Looper  ( 1783): Drained
08-19 11:49:47.363 I/ActivityManager( 1783): Start proc 3364:.qtidataservices/u0a178 for service {vendor.qti.iwlan/vendor.qti.iwlan.QualifiedNetworksServiceImpl} caller=com.android.phone
08-19 11:49:47.384 E/LoadedApk( 3344): Unable to instantiate appComponentFactory
08-19 11:49:47.384 E/LoadedApk( 3344): java.lang.ClassNotFoundException: Didn't find class "androidx.core.app.CoreComponentFactory" on path: DexPathList[[zip file "/data/app/Weather/Weather.apk"],nativeLibraryDirectories=[/data/app/Weather/lib/arm, /data/app/Weather/Weather.apk!/lib/armeabi, /system/lib, /system_ext/lib]]
08-19 11:49:47.384 E/LoadedApk( 3344): 	at dalvik.system.BaseDexClassLoader.findClass(BaseDexClassLoader.java:207)
08-19 11:49:47.384 E/LoadedApk( 3344): 	at java.lang.ClassLoader.loadClass(ClassLoader.java:379)
08-19 11:49:47.384 E/LoadedApk( 3344): 	at java.lang.ClassLoader.loadClass(ClassLoader.java:312)
08-19 11:49:47.384 E/LoadedApk( 3344): 	at android.app.LoadedApk.createAppFactory(LoadedApk.java:262)
08-19 11:49:47.384 E/LoadedApk( 3344): 	at android.app.LoadedApk.createOrUpdateClassLoaderLocked(LoadedApk.java:907)
08-19 11:49:47.384 E/LoadedApk( 3344): 	at android.app.LoadedApk.getClassLoader(LoadedApk.java:960)
08-19 11:49:47.384 E/LoadedApk( 3344): 	at android.app.LoadedApk.getResources(LoadedApk.java:1192)
08-19 11:49:47.384 E/LoadedApk( 3344): 	at android.app.ContextImpl.createAppContext(ContextImpl.java:2671)
08-19 11:49:47.384 E/LoadedApk( 3344): 	at android.app.ContextImpl.createAppContext(ContextImpl.java:2663)
08-19 11:49:47.384 E/LoadedApk( 3344): 	at android.app.ActivityThread.handleBindApplication(ActivityThread.java:6847)
08-19 11:49:47.384 E/LoadedApk( 3344): 	at android.app.ActivityThread.access$1500(ActivityThread.java:257)
08-19 11:49:47.384 E/LoadedApk( 3344): 	at android.app.ActivityThread$H.handleMessage(ActivityThread.java:1982)
08-19 11:49:47.384 E/LoadedApk( 3344): 	at android.os.Handler.dispatchMessage(Handler.java:106)
08-19 11:49:47.384 E/LoadedApk( 3344): 	at android.os.Looper.loop(Looper.java:236)
08-19 11:49:47.384 E/LoadedApk( 3344): 	at android.app.ActivityThread.main(ActivityThread.java:8057)
08-19 11:49:47.384 E/LoadedApk( 3344): 	at java.lang.reflect.Method.invoke(Native Method)
08-19 11:49:47.384 E/LoadedApk( 3344): 	at com.android.internal.os.RuntimeInit$MethodAndArgsCaller.run(RuntimeInit.java:656)
08-19 11:49:47.384 E/LoadedApk( 3344): 	at com.android.internal.os.ZygoteInit.main(ZygoteInit.java:967)
08-19 11:49:47.533 W/ActivityManager( 1783): Unable to start service Intent { cmp=com.miui.daemon/.performance.SysoptService } U=0: not found
08-19 11:49:47.740 W/ActivityManager( 1783): Receiver with filter android.content.IntentFilter@93d2d8c already registered for pid 2677, callerPackage is com.android.systemui
08-19 11:49:47.783 W/Looper  ( 2677): PerfMonitor doFrame : time=150ms vsyncFrame=12 latency=556ms procState=0 historyMsgCount=67 (msgIndex=1 wall=1097ms seq=3 running=431ms runnable=218ms io=37ms binder=447ms late=555ms h=android.app.ActivityThread$H w=114) (msgIndex=5 wall=56ms seq=7 running=23ms runnable=10ms binder=15ms late=1455ms h=android.app.ActivityThread$H w=156) (msgIndex=14 wall=59ms seq=16 running=5ms runnable=24ms binder=53ms late=1102ms h=android.os.Handler c=com.android.systemui.wm.-$$Lambda$DisplayController$1$zJ2mVywyLG45RsLGtw9ST7xxypY) (msgIndex=38 wall=144ms seq=40 running=79ms runnable=35ms io=2ms binder=10ms late=802ms h=com.android.systemui.shared.plugins.PluginInstanceManager$MainHandler w=1)
08-19 11:49:47.969 I/ActivityManager( 1783): Start proc 3418:com.android.settings/1000 for service {com.android.settings/com.android.settings.development.qstile.DevelopmentTiles$WirelessDebugging} caller=com.android.systemui
08-19 11:49:47.990 W/ActivityManager( 1783): Unable to start service Intent { act=onetrack.action.TRACK_EVENT flg=0x3 pkg=com.miui.analytics (has extras) } U=0: not found
08-19 11:49:48.057 I/MiuiChargeManager( 2677): notifyBatteryStatusChanged:  status: 2 isPlugged: 1 level: 66 wireState: 11 chargeSpeed: 0 mWiredChargeType: 0 mWirelessChargeType: 0 chargeDeviceType: 0 maxChargingWattage: 7500000 SUPPORT_BROADCAST_QUICK_CHARGE: true
08-19 11:49:48.060 I/ActivityManager( 1783): Start proc 3439:com.miui.aod/1000 for service {com.miui.aod/com.miui.aod.MiuiAodService} caller=com.android.systemui
08-19 11:49:48.186 W/ActivityManager( 1783): Receiver with filter android.content.IntentFilter@bc70e82 already registered for pid 2989, callerPackage is com.android.phone
08-19 11:49:48.221 I/DropBoxManagerService( 1783): add tag=system_app_wtf isTagEnabled=true flags=0x2
08-19 11:49:48.235 W/BroadcastQueue( 1783): Background execution not allowed: receiving Intent { act=android.intent.action.USER_PRESENT flg=0x24200010 } to com.google.android.gms/.chimera.GmsIntentOperationService$PersistentTrustedReceiver
08-19 11:49:48.237 E/ITouchFeature( 3439): java.util.NoSuchElementException
08-19 11:49:48.238 I/ITouchFeature( 3439): current device and process support v1 service
08-19 11:49:48.238 I/ITouchFeature( 3439): current device and process support version:1
08-19 11:49:48.238 I/WindowManager( 1783): mKeyguardDelegate.ShowListener.onDrawn.
08-19 11:49:48.238 W/WindowManager( 1783): Setting mKeyguardDrawComplete
08-19 11:49:48.238 I/WindowManager( 1783): All windows ready for display!
08-19 11:49:48.238 W/WindowManager( 1783): Setting mWindowManagerDrawComplete
08-19 11:49:48.271 W/ActivityThread( 3439): Failed to find provider info for com.mi.health.provider.main (user not unlocked)
08-19 11:49:48.273 W/ActivityThread( 3439): Failed to find provider info for com.mi.health.provider.main (user not unlocked)
08-19 11:49:48.318 E/NetworkPolicy( 1783): Missing subscriberId for subId 1
08-19 11:49:48.318 E/StatsPullAtomService( 1783): subInfo of subId 1 is invalid, ignored.
08-19 11:49:48.321 I/DropBoxManagerService( 1783): add tag=system_server_wtf isTagEnabled=true flags=0x2
08-19 11:49:48.324 E/BatteryExternalStatsWorker( 1783): modem info is invalid: null
08-19 11:49:48.337 W/Telecom ( 1783): PhoneAccountRegistrar: Trying to set nonexistent default outgoing ComponentInfo{com.android.phone/com.android.services.telephony.TelephonyConnectionService}, ***, UserHandle{0}: TSI.sUSOPA@AAg
08-19 11:49:48.340 E/StatsPullAtomService( 1783): subInfo of subId 1 is invalid, ignored.
08-19 11:49:48.341 E/NetworkPolicy( 1783): Missing subscriberId for subId 1
08-19 11:49:48.357 I/Telecom ( 1783): MiuiCallsManager: Sending phone-account ComponentInfo{com.android.phone/com.android.services.telephony.TelephonyConnectionService}, ***, UserHandle{0} unregistered intent as user: TSI.uPA@AAo
08-19 11:49:48.357 I/Telecom ( 1783): MiuiCallsManager: Sending phone-account unregistered intent to default dialer: TSI.uPA@AAo
08-19 11:49:48.368 I/Telecom ( 1783): PhoneAccountRegistrar: New phone account registered: [[ ] PhoneAccount: ComponentInfo{com.android.phone/com.android.services.telephony.TelephonyConnectionService}, ***, UserHandle{0} Capabilities: CallProvider MultiUser PlaceEmerg SimSub  Audio Routes: BESW Schemes: tel voicemail  Extras: Bundle[{android.telecom.extra.SUPPORTS_VIDEO_CALLING_FALLBACK=true, android.telecom.extra.SORT_ORDER=0}] GroupId: ***]: TSI.rPA@AAs
08-19 11:49:48.369 I/Telecom ( 1783): MiuiCallsManager: Sending phone-account ComponentInfo{com.android.phone/com.android.services.telephony.TelephonyConnectionService}, ***, UserHandle{0} registered intent as user: TSI.rPA@AAs
08-19 11:49:48.370 I/Telecom ( 1783): MiuiCallsManager: Sending phone-account registered intent to default dialer: TSI.rPA@AAs
08-19 11:49:48.386 I/Telecom ( 1783): PhoneAccountRegistrar: setUserSelectedOutgoingPhoneAccount: ComponentInfo{com.android.phone/com.android.services.telephony.TelephonyConnectionService}, ***, UserHandle{0}: TSI.sUSOPA@ABI
08-19 11:49:48.395 I/Telecom ( 1783): MiuiCallsManager: Sending phone-account ComponentInfo{com.android.phone/com.android.services.telephony.TelephonyConnectionService}, ***, UserHandle{0} unregistered intent as user: TSI.uPA@ABQ
08-19 11:49:48.395 I/Telecom ( 1783): MiuiCallsManager: Sending phone-account unregistered intent to default dialer: TSI.uPA@ABQ
08-19 11:49:48.404 I/Telecom ( 1783): PhoneAccountRegistrar: New phone account registered: [[ ] PhoneAccount: ComponentInfo{com.android.phone/com.android.services.telephony.TelephonyConnectionService}, ***, UserHandle{0} Capabilities: CallProvider MultiUser PlaceEmerg SimSub  Audio Routes: BESW Schemes: tel voicemail  Extras: Bundle[{android.telecom.extra.SUPPORTS_VIDEO_CALLING_FALLBACK=true, android.telecom.extra.SORT_ORDER=0}] GroupId: ***]: TSI.rPA@ABU
08-19 11:49:48.405 I/Telecom ( 1783): MiuiCallsManager: Sending phone-account ComponentInfo{com.android.phone/com.android.services.telephony.TelephonyConnectionService}, ***, UserHandle{0} registered intent as user: TSI.rPA@ABU
08-19 11:49:48.406 I/Telecom ( 1783): MiuiCallsManager: Sending phone-account registered intent to default dialer: TSI.rPA@ABU
08-19 11:49:48.414 I/Telecom ( 1783): PhoneAccountRegistrar: setUserSelectedOutgoingPhoneAccount: update voice sub; account=null, subId=-1: TSI.sUSOPA@ABk
08-19 11:49:48.429 I/Telecom ( 1783): MiuiCallsManager: Sending phone-account ComponentInfo{com.android.phone/com.android.services.telephony.TelephonyConnectionService}, ***, UserHandle{0} unregistered intent as user: TSI.uPA@ABs
08-19 11:49:48.430 I/Telecom ( 1783): MiuiCallsManager: Sending phone-account unregistered intent to default dialer: TSI.uPA@ABs
08-19 11:49:48.436 I/Telecom ( 1783): PhoneAccountRegistrar: New phone account registered: [[ ] PhoneAccount: ComponentInfo{com.android.phone/com.android.services.telephony.TelephonyConnectionService}, ***, UserHandle{0} Capabilities: CallProvider MultiUser PlaceEmerg SimSub  Audio Routes: BESW Schemes: tel voicemail  Extras: Bundle[{android.telecom.extra.SUPPORTS_VIDEO_CALLING_FALLBACK=true, android.telecom.extra.SORT_ORDER=0}] GroupId: ***]: TSI.rPA@ABw
08-19 11:49:48.437 I/Telecom ( 1783): MiuiCallsManager: Sending phone-account ComponentInfo{com.android.phone/com.android.services.telephony.TelephonyConnectionService}, ***, UserHandle{0} registered intent as user: TSI.rPA@ABw
08-19 11:49:48.437 I/Telecom ( 1783): MiuiCallsManager: Sending phone-account registered intent to default dialer: TSI.rPA@ABw
08-19 11:49:48.448 I/Telecom ( 1783): PhoneAccountRegistrar: setUserSelectedOutgoingPhoneAccount: ComponentInfo{com.android.phone/com.android.services.telephony.TelephonyConnectionService}, ***, UserHandle{0}: TSI.sUSOPA@ACM
08-19 11:49:48.449 I/Telecom ( 1783): PhoneAccountRegistrar: setUserSelectedOutgoingPhoneAccount: update voice sub; account=ComponentInfo{com.android.phone/com.android.services.telephony.TelephonyConnectionService}, ***, UserHandle{0}, subId=1: TSI.sUSOPA@ACM
08-19 11:49:48.484 W/StorageManagerService( 1783): No primary storage defined yet; hacking together a stub
08-19 11:49:48.487 I/Telecom ( 1783): PhoneAccountRegistrar: getSimCallManager: SimCallManager for subId 1 queried, returning: null: TSI.gSCMFU@ACQ
08-19 11:49:48.501 W/ActivityThread( 3418): Failed to find provider info for com.xiaomi.providers.appindex (user not unlocked)
08-19 11:49:48.501 I/ActivityManager( 1783): Start proc 3533:android.process.acore/u0a72 for content provider {com.android.providers.blockednumber/com.android.providers.blockednumber.BlockedNumberProvider} caller=android
08-19 11:49:48.512 W/ActivityThread( 3418): Failed to find provider info for com.xiaomi.providers.appindex (user not unlocked)
