08-19 12:02:16.041 W/PackageParsing(11129): Ignoring duplicate uses-permissions/uses-permissions-sdk-m: android.permission.BLUETOOTH in package: com.tencent.wework at: Binary XML file line #53
08-19 12:02:16.042 W/PackageParsing(11129): Unknown element under <manifest>: meta-data at /storage/emulated/0/Android/data/com.tencent.android.qqdownloader/files/tassistant/apk/com.tencent.wework_17371.apk Binary XML file line #89
08-19 12:02:16.427 I/Timeline(10926): Timeline: Activity_launch_request time:763308
08-19 12:02:16.428 I/ActivityTaskManager( 1783): START u0 {flg=0x10000000 cmp=com.tencent.android.qqdownloader/com.tencent.pangu.activity.InstallerListenerActivity (has extras)} from uid 10275
08-19 12:02:16.919 I/ActivityManager( 1783): Start proc 27200:com.android.camera/u0a93 for FastRestart com.android.camera caller=system
08-19 12:02:17.456 W/PackageParsing( 6301): No actions in intent-filter at /data/user/0/com.miui.guardprovider/cache/package7627358718564771105.apk Binary XML file line #750
08-19 12:02:17.461 W/PackageParsing( 6301): No actions in intent-filter at /data/user/0/com.miui.guardprovider/cache/package7627358718564771105.apk Binary XML file line #1460
08-19 12:02:17.482 W/PackageParsing( 6301): No actions in intent-filter at /data/user/0/com.miui.guardprovider/cache/package7627358718564771105.apk Binary XML file line #750
08-19 12:02:17.486 W/PackageParsing( 6301): No actions in intent-filter at /data/user/0/com.miui.guardprovider/cache/package7627358718564771105.apk Binary XML file line #1460
08-19 12:02:17.599 W/PackageParsing( 6301): No actions in intent-filter at /data/user/0/com.miui.guardprovider/cache/package7627358718564771105.apk Binary XML file line #750
08-19 12:02:17.603 W/PackageParsing( 6301): No actions in intent-filter at /data/user/0/com.miui.guardprovider/cache/package7627358718564771105.apk Binary XML file line #1460
08-19 12:02:17.750 W/BpBinder(27137): PerfMonitor binderTransact :  time=438ms interface=android.content.IContentProvider code=1
08-19 12:02:21.994 I/Timeline(27137): Timeline: Activity_launch_request time:768875
08-19 12:02:21.997 I/ActivityTaskManager( 1783): START u0 {dat=file:///data/user/0/com.miui.packageinstaller/cache/package219069428963507264.apk cmp=com.miui.packageinstaller/com.android.packageinstaller.InstallAppProgress (has extras)} from uid 10074
08-19 12:02:22.008 I/ActivityTaskManager( 1783): The Process com.miui.packageinstaller Already Exists in BG. So sending its PID: 27137
08-19 12:02:22.008 W/ActivityTaskManager( 1783): Tried to set launchTime (0) < mLastActivityLaunchTime (761795)
08-19 12:02:22.011 I/Timeline( 1783): Timeline: App_transition_ready time:768891
08-19 12:02:22.048 I/InstallationStatistic( 1783): beginInstallSession: 1329042807
08-19 12:02:22.063 I/Timeline( 1783): Timeline: App_transition_ready time:768943
08-19 12:02:22.065 I/Timeline( 1783): Timeline: App_transition_ready time:768946
08-19 12:02:22.068 I/Timeline( 1783): Timeline: App_transition_ready time:768948
08-19 12:02:22.090 I/Timeline( 1783): Timeline: App_transition_ready time:768971
08-19 12:02:22.593 I/Timeline( 1783): Timeline: Activity_windows_visible id: ActivityRecord{6ed5f96 u0 com.miui.packageinstaller/com.android.packageinstaller.InstallAppProgress t117} time:769473
08-19 12:02:22.597 I/Timeline( 1783): Timeline: App_transition_stopped time:769477
08-19 12:02:22.850 W/PackageParser( 6301): No actions in intent filter at /data/app/vmdl1329042807.tmp/base.apk Binary XML file line #750
08-19 12:02:22.854 W/PackageParser( 6301): No actions in intent filter at /data/app/vmdl1329042807.tmp/base.apk Binary XML file line #1460
08-19 12:02:22.860 W/BpBinder( 3002): PerfMonitor binderTransact :  time=411ms interface=android.content.pm.IPackageInstaller code=6
08-19 12:02:22.901 W/PackageParsing( 1783): No actions in intent-filter at /data/app/vmdl1329042807.tmp/base.apk Binary XML file line #750
08-19 12:02:22.910 W/PackageParsing( 1783): No actions in intent-filter at /data/app/vmdl1329042807.tmp/base.apk Binary XML file line #1460
08-19 12:02:22.921 W/RuleEvaluation( 1783): Integrity rule files are not available.
08-19 12:02:22.922 I/PackageManager( 1783): Integrity check passed for file:///data/app/vmdl1329042807.tmp
08-19 12:02:22.948 W/PackageParsing( 1783): No actions in intent-filter at /data/app/vmdl1329042807.tmp/base.apk Binary XML file line #750
08-19 12:02:22.955 W/PackageParsing( 1783): No actions in intent-filter at /data/app/vmdl1329042807.tmp/base.apk Binary XML file line #1460
08-19 12:02:23.102 W/PackageManager( 1783): Skipping provider name com.tencent.qqlive.fileProvider (in package com.tencent.qqlive): name already used by com.tencent.qqlive
08-19 12:02:23.102 W/PackageManager( 1783): Skipping provider name com.tencent.qqlive.fileProvider (in package com.tencent.qqlive): name already used by com.tencent.qqlive
08-19 12:02:23.105 I/PackageManager( 1783): Permission ownership changed. Updating all permissions.
08-19 12:02:26.587 W/BroadcastQueue( 1783): Background execution not allowed: receiving Intent { act=com.tencent.assistant.st.report.PluginLogProcessorReceiver.TIME flg=0x14 (has extras) } to com.tencent.android.qqdownloader/com.tencent.assistant.st.report.PluginLogProcessorReceiver
08-19 12:02:32.594 W/BpBinder( 1783): PerfMonitor binderTransact :  time=9360ms interface=android.os.IInstalld code=18
08-19 12:02:32.596 W/Looper  ( 1783): PerfMonitor longMsg : seq=55 plan=12:02:22.922 late=0ms wall=9674ms running=266ms runnable=3ms io=36ms binder=9367ms h=com.android.server.pm.PackageManagerService$PackageHandler c=com.android.server.pm.-$$Lambda$PackageManagerService$9znobjOH7ab0F1jsW2oFdNipS-8 procState=0
08-19 12:02:32.597 I/InstallationStatistic( 1783): com.tencent.qqlive|com.miui.packageinstaller|10548|314|82|40|0|9363
08-19 12:02:32.640 I/RoleManagerService( 1783): Granting default roles...
08-19 12:02:32.643 I/MiuiCompatModePackages( 1783): package com.tencent.qqlive updated, removing config
08-19 12:02:32.644 I/WakePathChecker( 1783): updateLauncherPackageNames =com.miui.home
08-19 12:02:32.644 I/WakePathChecker( 1783): updateLauncherPackageNames =com.android.settings
08-19 12:02:32.655 W/BroadcastQueue( 1783): Background execution not allowed: receiving Intent { act=android.intent.action.PACKAGE_ADDED dat=package:com.tencent.qqlive flg=0x4000010 (has extras) } to com.lbe.security.miui/com.lbe.security.service.BootReceiver
08-19 12:02:32.655 W/BroadcastQueue( 1783): Background execution not allowed: receiving Intent { act=android.intent.action.PACKAGE_ADDED dat=package:com.tencent.qqlive flg=0x4000010 (has extras) } to com.tencent.android.qqdownloader/com.tencent.assistant.localres.localapk.PackageChangedReceiver
08-19 12:02:32.689 W/BroadcastQueue( 1783): Background execution not allowed: receiving Intent { act=android.intent.action.PACKAGE_ADDED dat=package:com.tencent.qqlive flg=0x4000010 (has extras) } to com.android.providers.downloads/.receiver.ApplicationInstallReceiver
08-19 12:02:32.689 W/BroadcastQueue( 1783): Background execution not allowed: receiving Intent { act=android.intent.action.PACKAGE_ADDED dat=package:com.tencent.qqlive flg=0x4000010 (has extras) } to com.android.settings/.search.provider.UpdateReceiver
08-19 12:02:32.691 E/com.android.server.pm.PackageManagerServiceInjector( 1783): MIUILOG- Permission Denied getInstalledPackages. pkg : com.tencent.android.qqdownloader uid : 10275
08-19 12:02:32.719 W/BroadcastQueue( 1783): Background execution not allowed: receiving Intent { act=android.intent.action.PACKAGE_ADDED dat=package:com.tencent.qqlive flg=0x4000010 (has extras) } to com.android.vending/com.google.android.finsky.packagemanager.impl.PackageMonitorReceiverImpl$RegisteredReceiver
08-19 12:02:32.720 W/BroadcastQueue( 1783): Background execution not allowed: receiving Intent { act=android.intent.action.PACKAGE_ADDED dat=package:com.tencent.qqlive flg=0x4000010 (has extras) } to com.google.android.gms/.games.chimera.GamesSystemBroadcastReceiverProxy
08-19 12:02:32.720 W/BroadcastQueue( 1783): Background execution not allowed: receiving Intent { act=android.intent.action.PACKAGE_ADDED dat=package:com.tencent.qqlive flg=0x4000010 (has extras) } to com.google.android.gms/.gass.chimera.PackageChangeBroadcastReceiver
08-19 12:02:32.720 W/BroadcastQueue( 1783): Background execution not allowed: receiving Intent { act=android.intent.action.PACKAGE_ADDED dat=package:com.tencent.qqlive flg=0x4000010 (has extras) } to com.google.android.gms/.chimera.GmsIntentOperationService$PersistentTrustedReceiver
08-19 12:02:32.720 W/BroadcastQueue( 1783): Background execution not allowed: receiving Intent { act=android.intent.action.PACKAGE_ADDED dat=package:com.tencent.qqlive flg=0x4000010 (has extras) } to com.sohu.inputmethod.sogou.xiaomi/com.sohu.inputmethod.flx.dynamic.tools.download.InstallFinishReceiver
08-19 12:02:32.727 W/BroadcastQueue( 1783): Background execution not allowed: receiving Intent { act=android.intent.action.PACKAGE_ADDED dat=package:com.tencent.qqlive flg=0x4000010 (has extras) } to com.xiaomi.market/.data.MyPackageMonitor
08-19 12:02:32.727 W/BroadcastQueue( 1783): Background execution not allowed: receiving Intent { act=android.intent.action.PACKAGE_ADDED dat=package:com.tencent.qqlive flg=0x4000010 (has extras) } to com.xiaomi.misettings/.usagestats.AppTimerReceiver
08-19 12:02:32.727 W/BroadcastQueue( 1783): Background execution not allowed: receiving Intent { act=android.intent.action.PACKAGE_ADDED dat=package:com.tencent.qqlive flg=0x4000010 (has extras) } to com.autonavi.minimap/com.amap.bundle.appupgrade.InstallListener
08-19 12:02:32.727 W/BroadcastQueue( 1783): Background execution not allowed: receiving Intent { act=android.intent.action.PACKAGE_ADDED dat=package:com.tencent.qqlive flg=0x4000010 (has extras) } to com.tencent.android.qqdownloader/com.qq.AppService.APKReceiver
08-19 12:02:32.781 E/com.android.server.pm.PackageManagerServiceInjector( 1783): MIUILOG- Permission Denied getInstalledPackages. pkg : com.tencent.android.qqdownloader uid : 10275
08-19 12:02:32.797 W/Looper  ( 1783): Slow dispatch took 156ms main h=android.app.ActivityThread$H c=android.app.-$$Lambda$LoadedApk$ReceiverDispatcher$Args$_BumDX2UKsnxLVrE6UJsJZkotuA@e0e76ec m=0
08-19 12:02:32.854 W/Looper  ( 1783): Slow delivery took 214ms main h=android.os.Handler c=android.app.-$$Lambda$LoadedApk$ReceiverDispatcher$Args$_BumDX2UKsnxLVrE6UJsJZkotuA@97480fc m=0
08-19 12:02:32.949 I/ActivityManager( 1783): Start proc 27359:com.miui.cleanmaster/1000 for service {com.miui.cleanmaster/com.miui.optimizecenter.service.CleanMasterService} caller=com.miui.securitycenter
08-19 12:02:32.982 W/Looper  ( 1783): Slow dispatch took 112ms android.fg h=android.os.Handler c=<recycled PooledLambda@553858b> m=0
08-19 12:02:33.092 E/com.android.server.pm.PackageManagerServiceInjector( 1783): MIUILOG- Permission Denied getInstalledPackages. pkg : com.tencent.android.qqdownloader uid : 10275
08-19 12:02:33.102 W/BpBinder(10865): PerfMonitor binderTransact :  time=313ms interface=com.tencent.assistant.updateservice.IAppUpdateServiceCallback code=1
08-19 12:02:33.125 W/TextServicesManagerService( 1783): no available spell checker services found
08-19 12:02:33.130 W/Looper  ( 1783): Slow dispatch took 145ms android.fg h=android.os.Handler c=<recycled PooledLambda@b166a5> m=0
08-19 12:02:33.134 W/Looper  ( 1783): Slow dispatch took 270ms main h=android.app.ActivityThread$H c=android.app.-$$Lambda$LoadedApk$ReceiverDispatcher$Args$_BumDX2UKsnxLVrE6UJsJZkotuA@243e3fb m=0
08-19 12:02:33.134 I/Telecom ( 1783): DefaultDialerCache: Refreshing default dialer for user 0: now com.android.contacts: DDC.oR@AME
08-19 12:02:33.263 I/ActivityManager( 1783): Start proc 27399:com.android.vending/u0a188 for broadcast {com.android.vending/com.google.android.finsky.packagemanager.impl.PackageMonitorReceiverImpl$RegisteredReceiver} caller=null
08-19 12:02:33.277 W/Looper  ( 1783): Slow delivery took 274ms android.fg h=android.os.Handler c=<recycled PooledLambda@c879e84> m=0
08-19 12:02:33.277 W/Looper  ( 1783): Slow dispatch took 147ms android.fg h=android.os.Handler c=<recycled PooledLambda@c879e84> m=0
08-19 12:02:33.283 I/Telecom ( 1783): DefaultDialerCache: Refreshing default dialer for user 0: now com.android.contacts: DDC.oR@AMI
08-19 12:02:33.284 W/Looper  ( 1783): Drained
08-19 12:02:33.368 W/XSpaceManagerService( 1783): update XSpace App: packageName:com.tencent.qqlive, user:UserHandle{0}, action:android.intent.action.PACKAGE_ADDED
08-19 12:02:33.370 I/NotificationService( 1783): notification blocked by assistant request
08-19 12:02:33.373 W/NotificationHistory( 1783): Attempted to add notif for locked/gone/disabled user 0
08-19 12:02:33.374 I/NotificationService( 1783): notification blocked by assistant request
08-19 12:02:33.429 W/TextServicesManagerService( 1783): no available spell checker services found
08-19 12:02:33.575 W/Looper  ( 1783): Drained
08-19 12:02:34.122 E/com.android.server.pm.PackageManagerServiceInjector( 1783): MIUILOG- Permission Denied getInstalledPackages. pkg : com.tencent.mtt uid : 10252
08-19 12:02:34.237 E/ActivityThread(10865): Failed to find provider info for com.android.badge
08-19 12:02:34.377 I/chatty  (10865): uid=10275 com.tencent.android.qqdownloader:daemon identical 3 lines
08-19 12:02:34.388 E/ActivityThread(10865): Failed to find provider info for com.android.badge
08-19 12:02:34.543 W/NotificationHistory( 1783): Attempted to add notif for locked/gone/disabled user 0
08-19 12:02:35.073 I/WakePathChecker( 1783): MIUILOG-WAKEPATH pushWakePathWhiteList: userId=0 size=4
08-19 12:02:35.074 I/WakePathChecker( 1783): MIUILOG-WAKEPATH pushWakePathRuleInfos: wakeType=1 userId=0 size=4
08-19 12:02:35.075 I/WakePathChecker( 1783): MIUILOG-WAKEPATH pushWakePathRuleInfos: wakeType=8 userId=0 size=6
08-19 12:02:35.076 I/WakePathChecker( 1783): MIUILOG-WAKEPATH pushWakePathRuleInfos: wakeType=4 userId=0 size=3
08-19 12:02:35.077 I/WakePathChecker( 1783): MIUILOG-WAKEPATH pushWakePathRuleInfos: wakeType=2 userId=0 size=0
08-19 12:02:35.077 I/WakePathChecker( 1783): MIUILOG-WAKEPATH pushWakePathRuleInfos: wakeType=17 userId=0 size=0
08-19 12:02:35.078 I/WakePathChecker( 1783): MIUILOG-WAKEPATH pushWakePathRuleInfos: wakeType=32 userId=0 size=0
08-19 12:02:35.079 I/WakePathChecker( 1783): MIUILOG-WAKEPATH pushWakePathRuleInfos: wakeType=256 userId=0 size=5
08-19 12:02:35.081 I/WakePathChecker( 1783): MIUILOG-WAKEPATH pushWakePathRuleInfos: wakeType=128 userId=0 size=3
08-19 12:02:35.081 I/WakePathChecker( 1783): MIUILOG-WAKEPATH pushWakePathRuleInfos: wakeType=64 userId=0 size=1
08-19 12:02:35.219 I/WakePathChecker( 1783): MIUILOG-WAKEPATH pushWakePathWhiteList: userId=0 size=4
08-19 12:02:35.550 W/NotificationHistory( 1783): Attempted to add notif for locked/gone/disabled user 0
08-19 12:02:36.306 W/Looper  (27399): PerfMonitor longMsg : seq=2 plan=12:02:33.334 late=6ms wall=2963ms running=96ms runnable=49ms binder=59ms h=android.app.ActivityThread$H w=110 procState=11
08-19 12:02:36.519 E/ActivityThread(11297): Failed to find provider info for null
08-19 12:02:36.520 W/BroadcastQueue( 1783): Background execution not allowed: receiving Intent { act=android.search.action.SEARCHABLES_CHANGED flg=0x24000010 } to com.android.quicksearchbox/.CorporaUpdateReceiver
08-19 12:02:36.703 W/NotificationService( 1783): Toast already killed. pkg=com.tencent.android.qqdownloader token=android.os.BinderProxy@fbdb425
08-19 12:02:37.140 I/Timeline( 1783): Timeline: App_transition_ready time:784021
08-19 12:02:37.144 I/Timeline( 1783): Timeline: App_transition_ready time:784025
08-19 12:02:37.162 I/Timeline( 1783): Timeline: App_transition_ready time:784043
08-19 12:02:37.172 I/Timeline( 1783): Timeline: App_transition_ready time:784053
08-19 12:02:37.176 I/Timeline( 1783): Timeline: App_transition_ready time:784056
08-19 12:02:37.183 I/Timeline( 1783): Timeline: App_transition_ready time:784063
08-19 12:02:37.981 I/Timeline( 1783): Timeline: Activity_windows_visible id: ActivityRecord{1924cfa u0 com.tencent.android.qqdownloader/com.tencent.pangu.activity.DownloadActivity t97} time:784861
08-19 12:02:37.985 I/Timeline( 1783): Timeline: App_transition_stopped time:784865
08-19 12:02:38.700 I/ActivityManager( 1783): Killing 13414:com.miui.contentcatcher:autofill/1000 (adj 985): empty #25
08-19 12:02:41.088 I/ActivityManager( 1783): Start proc 27516:com.google.process.gapps/u0a189 for content provider {com.google.android.gsf/com.google.android.gsf.settings.GoogleSettingsProvider} caller=com.android.vending
08-19 12:02:45.037 W/PackageParsing(11129): Unknown element under <manifest>: module at /storage/emulated/0/Android/data/com.tencent.android.qqdownloader/files/tassistant/apk/com.tencent.wework_17371.apk Binary XML file line #5
08-19 12:02:45.037 W/PackageParsing(11129): Ignoring duplicate uses-permissions/uses-permissions-sdk-m: android.permission.INTERNET in package: com.tencent.wework at: Binary XML file line #43
08-19 12:02:45.037 W/PackageParsing(11129): Ignoring duplicate uses-permissions/uses-permissions-sdk-m: android.permission.ACCESS_WIFI_STATE in package: com.tencent.wework at: Binary XML file line #44
08-19 12:02:45.037 W/PackageParsing(11129): Ignoring duplicate uses-permissions/uses-permissions-sdk-m: android.permission.ACCESS_NETWORK_STATE in package: com.tencent.wework at: Binary XML file line #45
08-19 12:02:45.037 W/PackageParsing(11129): Ignoring duplicate uses-permissions/uses-permissions-sdk-m: android.permission.WAKE_LOCK in package: com.tencent.wework at: Binary XML file line #46
08-19 12:02:45.037 W/PackageParsing(11129): Ignoring duplicate uses-permissions/uses-permissions-sdk-m: android.permission.VIBRATE in package: com.tencent.wework at: Binary XML file line #48
08-19 12:02:45.038 W/PackageParsing(11129): Ignoring duplicate uses-permissions/uses-permissions-sdk-m: android.permission.RECEIVE_BOOT_COMPLETED in package: com.tencent.wework at: Binary XML file line #50
08-19 12:02:45.038 W/PackageParsing(11129): Ignoring duplicate uses-permissions/uses-permissions-sdk-m: android.permission.WRITE_EXTERNAL_STORAGE in package: com.tencent.wework at: Binary XML file line #51
08-19 12:02:45.038 W/PackageParsing(11129): Ignoring duplicate uses-permissions/uses-permissions-sdk-m: android.permission.BROADCAST_STICKY in package: com.tencent.wework at: Binary XML file line #52
08-19 12:02:45.038 W/PackageParsing(11129): Ignoring duplicate uses-permissions/uses-permissions-sdk-m: android.permission.BLUETOOTH in package: com.tencent.wework at: Binary XML file line #53
08-19 12:02:45.038 W/PackageParsing(11129): Unknown element under <manifest>: meta-data at /storage/emulated/0/Android/data/com.tencent.android.qqdownloader/files/tassistant/apk/com.tencent.wework_17371.apk Binary XML file line #89
08-19 12:02:45.180 W/PackageParsing(10865): Unknown element under <manifest>: module at /storage/emulated/0/Android/data/com.tencent.android.qqdownloader/files/tassistant/apk/com.tencent.wework_17371.apk Binary XML file line #5
08-19 12:02:45.181 W/PackageParsing(10865): Ignoring duplicate uses-permissions/uses-permissions-sdk-m: android.permission.INTERNET in package: com.tencent.wework at: Binary XML file line #43
08-19 12:02:45.181 W/PackageParsing(10865): Ignoring duplicate uses-permissions/uses-permissions-sdk-m: android.permission.ACCESS_WIFI_STATE in package: com.tencent.wework at: Binary XML file line #44
08-19 12:02:45.181 W/PackageParsing(10865): Ignoring duplicate uses-permissions/uses-permissions-sdk-m: android.permission.ACCESS_NETWORK_STATE in package: com.tencent.wework at: Binary XML file line #45
08-19 12:02:45.181 W/PackageParsing(10865): Ignoring duplicate uses-permissions/uses-permissions-sdk-m: android.permission.WAKE_LOCK in package: com.tencent.wework at: Binary XML file line #46
08-19 12:02:45.181 W/PackageParsing(10865): Ignoring duplicate uses-permissions/uses-permissions-sdk-m: android.permission.VIBRATE in package: com.tencent.wework at: Binary XML file line #48
08-19 12:02:45.181 W/PackageParsing(10865): Ignoring duplicate uses-permissions/uses-permissions-sdk-m: android.permission.RECEIVE_BOOT_COMPLETED in package: com.tencent.wework at: Binary XML file line #50
08-19 12:02:45.181 W/PackageParsing(10865): Ignoring duplicate uses-permissions/uses-permissions-sdk-m: android.permission.WRITE_EXTERNAL_STORAGE in package: com.tencent.wework at: Binary XML file line #51
08-19 12:02:45.182 W/PackageParsing(10865): Ignoring duplicate uses-permissions/uses-permissions-sdk-m: android.permission.BROADCAST_STICKY in package: com.tencent.wework at: Binary XML file line #52
08-19 12:02:45.182 W/PackageParsing(10865): Ignoring duplicate uses-permissions/uses-permissions-sdk-m: android.permission.BLUETOOTH in package: com.tencent.wework at: Binary XML file line #53
08-19 12:02:45.182 W/PackageParsing(10865): Unknown element under <manifest>: meta-data at /storage/emulated/0/Android/data/com.tencent.android.qqdownloader/files/tassistant/apk/com.tencent.wework_17371.apk Binary XML file line #89
08-19 12:02:45.234 W/PackageParsing(11129): Unknown element under <manifest>: module at /storage/emulated/0/Android/data/com.tencent.android.qqdownloader/files/tassistant/apk/com.tencent.wework_17371.apk Binary XML file line #5
08-19 12:02:45.235 W/PackageParsing(11129): Ignoring duplicate uses-permissions/uses-permissions-sdk-m: android.permission.INTERNET in package: com.tencent.wework at: Binary XML file line #43
08-19 12:02:45.235 W/PackageParsing(11129): Ignoring duplicate uses-permissions/uses-permissions-sdk-m: android.permission.ACCESS_WIFI_STATE in package: com.tencent.wework at: Binary XML file line #44
08-19 12:02:45.235 W/PackageParsing(11129): Ignoring duplicate uses-permissions/uses-permissions-sdk-m: android.permission.ACCESS_NETWORK_STATE in package: com.tencent.wework at: Binary XML file line #45
08-19 12:02:45.235 W/PackageParsing(11129): Ignoring duplicate uses-permissions/uses-permissions-sdk-m: android.permission.WAKE_LOCK in package: com.tencent.wework at: Binary XML file line #46
08-19 12:02:45.235 W/PackageParsing(11129): Ignoring duplicate uses-permissions/uses-permissions-sdk-m: android.permission.VIBRATE in package: com.tencent.wework at: Binary XML file line #48
08-19 12:02:45.235 W/PackageParsing(11129): Ignoring duplicate uses-permissions/uses-permissions-sdk-m: android.permission.RECEIVE_BOOT_COMPLETED in package: com.tencent.wework at: Binary XML file line #50
08-19 12:02:45.235 W/PackageParsing(11129): Ignoring duplicate uses-permissions/uses-permissions-sdk-m: android.permission.WRITE_EXTERNAL_STORAGE in package: com.tencent.wework at: Binary XML file line #51
08-19 12:02:45.235 W/PackageParsing(11129): Ignoring duplicate uses-permissions/uses-permissions-sdk-m: android.permission.BROADCAST_STICKY in package: com.tencent.wework at: Binary XML file line #52
08-19 12:02:45.235 W/PackageParsing(11129): Ignoring duplicate uses-permissions/uses-permissions-sdk-m: android.permission.BLUETOOTH in package: com.tencent.wework at: Binary XML file line #53
08-19 12:02:45.236 W/PackageParsing(11129): Unknown element under <manifest>: meta-data at /storage/emulated/0/Android/data/com.tencent.android.qqdownloader/files/tassistant/apk/com.tencent.wework_17371.apk Binary XML file line #89
08-19 12:02:45.670 I/Timeline(10926): Timeline: Activity_launch_request time:792550
08-19 12:02:45.671 I/ActivityTaskManager( 1783): START u0 {flg=0x10000000 cmp=com.tencent.android.qqdownloader/com.tencent.pangu.activity.InstallerListenerActivity (has extras)} from uid 10275
08-19 12:02:45.686 I/ActivityTaskManager( 1783): The Process com.tencent.android.qqdownloader Already Exists in BG. So sending its PID: 10926
08-19 12:02:45.686 W/ActivityTaskManager( 1783): Tried to set launchTime (0) < mLastActivityLaunchTime (761714)
08-19 12:02:45.690 I/Timeline( 1783): Timeline: App_transition_ready time:792570
08-19 12:02:45.698 I/Timeline(10926): Timeline: Activity_launch_request time:792579
08-19 12:02:45.699 I/ActivityTaskManager( 1783): START u0 {act=android.intent.action.VIEW dat=content://com.tencent.pangu.fileprovider/external_path/Android/data/com.tencent.android.qqdownloader/files/tassistant/apk/com.tencent.wework_17371.apk typ=application/vnd.android.package-archive flg=0x10000003 cmp=com.miui.packageinstaller/com.android.packageinstaller.PackageInstallerActivity} from uid 10275
08-19 12:02:45.699 W/ActivityTaskManager( 1783): Activity is launching as a new task, so cancelling activity result.
08-19 12:02:45.754 W/ActivityTaskManager( 1783): Duplicate finish request for r=ActivityRecord{80fc431 u0 com.tencent.android.qqdownloader/com.tencent.pangu.activity.InstallerListenerActivity t97 f}}
08-19 12:02:45.756 I/ActivityTaskManager( 1783): The Process com.miui.packageinstaller Already Exists in BG. So sending its PID: 27137
08-19 12:02:45.756 W/ActivityTaskManager( 1783): Tried to set launchTime (0) < mLastActivityLaunchTime (768889)
08-19 12:02:45.767 I/Timeline( 1783): Timeline: App_transition_ready time:792647
08-19 12:02:45.769 E/ClipboardService( 1783): Denying clipboard access to com.tencent.android.qqdownloader, application is not in focus nor is it a system service for user 0
08-19 12:02:46.159 W/PackageParser(27137): Unknown element under <manifest>: module at /data/user/0/com.miui.packageinstaller/cache/package6978263320810754618.apk Binary XML file line #5
08-19 12:02:46.159 W/PackageParser(27137): Ignoring duplicate uses-permissions/uses-permissions-sdk-m: android.permission.INTERNET in package: com.tencent.wework at: Binary XML file line #43
08-19 12:02:46.159 W/PackageParser(27137): Ignoring duplicate uses-permissions/uses-permissions-sdk-m: android.permission.ACCESS_WIFI_STATE in package: com.tencent.wework at: Binary XML file line #44
08-19 12:02:46.159 W/PackageParser(27137): Ignoring duplicate uses-permissions/uses-permissions-sdk-m: android.permission.ACCESS_NETWORK_STATE in package: com.tencent.wework at: Binary XML file line #45
08-19 12:02:46.159 W/PackageParser(27137): Ignoring duplicate uses-permissions/uses-permissions-sdk-m: android.permission.WAKE_LOCK in package: com.tencent.wework at: Binary XML file line #46
08-19 12:02:46.160 W/PackageParser(27137): Ignoring duplicate uses-permissions/uses-permissions-sdk-m: android.permission.VIBRATE in package: com.tencent.wework at: Binary XML file line #48
08-19 12:02:46.160 W/PackageParser(27137): Ignoring duplicate uses-permissions/uses-permissions-sdk-m: android.permission.RECEIVE_BOOT_COMPLETED in package: com.tencent.wework at: Binary XML file line #50
08-19 12:02:46.160 W/PackageParser(27137): Ignoring duplicate uses-permissions/uses-permissions-sdk-m: android.permission.WRITE_EXTERNAL_STORAGE in package: com.tencent.wework at: Binary XML file line #51
08-19 12:02:46.160 W/PackageParser(27137): Ignoring duplicate uses-permissions/uses-permissions-sdk-m: android.permission.BROADCAST_STICKY in package: com.tencent.wework at: Binary XML file line #52
08-19 12:02:46.160 W/PackageParser(27137): Ignoring duplicate uses-permissions/uses-permissions-sdk-m: android.permission.BLUETOOTH in package: com.tencent.wework at: Binary XML file line #53
08-19 12:02:46.160 W/PackageParser(27137): Unknown element under <manifest>: meta-data at /data/user/0/com.miui.packageinstaller/cache/package6978263320810754618.apk Binary XML file line #89
08-19 12:02:46.569 I/Timeline( 1783): Timeline: Activity_windows_visible id: ActivityRecord{66b1ea2 u0 com.miui.packageinstaller/com.android.packageinstaller.PackageInstallerActivity t118} time:793450
08-19 12:02:46.570 I/Timeline( 1783): Timeline: App_transition_stopped time:793451
08-19 12:02:47.117 I/ActivityManager( 1783): Start proc 27590:com.android.vending:download_service/u0a188 for service {com.android.vending/com.google.android.finsky.downloadservice.DownloadService} caller=com.android.vending
08-19 12:02:47.686 W/WindowManager( 1783): removeWindowToken: Attempted to remove non-existing token: android.os.Binder@b4a46cd
08-19 12:02:47.875 I/ActivityManager( 1783): Waited long enough for: ServiceRecord{7320f83 u0 com.tencent.android.qqdownloader/com.tencent.pangu.download.DownloadingService}
08-19 12:02:48.283 W/PackageParsing( 6301): Unknown element under <manifest>: module at /data/user/0/com.miui.guardprovider/cache/package5388690485845118550.apk Binary XML file line #5
08-19 12:02:48.284 W/PackageParsing( 6301): Ignoring duplicate uses-permissions/uses-permissions-sdk-m: android.permission.INTERNET in package: com.tencent.wework at: Binary XML file line #43
08-19 12:02:48.284 W/PackageParsing( 6301): Ignoring duplicate uses-permissions/uses-permissions-sdk-m: android.permission.ACCESS_WIFI_STATE in package: com.tencent.wework at: Binary XML file line #44
08-19 12:02:48.284 W/PackageParsing( 6301): Ignoring duplicate uses-permissions/uses-permissions-sdk-m: android.permission.ACCESS_NETWORK_STATE in package: com.tencent.wework at: Binary XML file line #45
08-19 12:02:48.284 W/PackageParsing( 6301): Ignoring duplicate uses-permissions/uses-permissions-sdk-m: android.permission.WAKE_LOCK in package: com.tencent.wework at: Binary XML file line #46
08-19 12:02:48.284 W/PackageParsing( 6301): Ignoring duplicate uses-permissions/uses-permissions-sdk-m: android.permission.VIBRATE in package: com.tencent.wework at: Binary XML file line #48
08-19 12:02:48.284 W/PackageParsing( 6301): Ignoring duplicate uses-permissions/uses-permissions-sdk-m: android.permission.RECEIVE_BOOT_COMPLETED in package: com.tencent.wework at: Binary XML file line #50
08-19 12:02:48.284 W/PackageParsing( 6301): Ignoring duplicate uses-permissions/uses-permissions-sdk-m: android.permission.WRITE_EXTERNAL_STORAGE in package: com.tencent.wework at: Binary XML file line #51
08-19 12:02:48.284 W/PackageParsing( 6301): Ignoring duplicate uses-permissions/uses-permissions-sdk-m: android.permission.BROADCAST_STICKY in package: com.tencent.wework at: Binary XML file line #52
08-19 12:02:48.284 W/PackageParsing( 6301): Ignoring duplicate uses-permissions/uses-permissions-sdk-m: android.permission.BLUETOOTH in package: com.tencent.wework at: Binary XML file line #53
08-19 12:02:48.285 W/PackageParsing( 6301): Unknown element under <manifest>: meta-data at /data/user/0/com.miui.guardprovider/cache/package5388690485845118550.apk Binary XML file line #89
08-19 12:02:48.378 W/PackageParsing( 6301): Unknown element under <manifest>: module at /data/user/0/com.miui.guardprovider/cache/package5388690485845118550.apk Binary XML file line #5
08-19 12:02:48.379 W/PackageParsing( 6301): Ignoring duplicate uses-permissions/uses-permissions-sdk-m: android.permission.INTERNET in package: com.tencent.wework at: Binary XML file line #43
08-19 12:02:48.379 W/PackageParsing( 6301): Ignoring duplicate uses-permissions/uses-permissions-sdk-m: android.permission.ACCESS_WIFI_STATE in package: com.tencent.wework at: Binary XML file line #44
08-19 12:02:48.379 W/PackageParsing( 6301): Ignoring duplicate uses-permissions/uses-permissions-sdk-m: android.permission.ACCESS_NETWORK_STATE in package: com.tencent.wework at: Binary XML file line #45
08-19 12:02:48.379 W/PackageParsing( 6301): Ignoring duplicate uses-permissions/uses-permissions-sdk-m: android.permission.WAKE_LOCK in package: com.tencent.wework at: Binary XML file line #46
08-19 12:02:48.379 W/PackageParsing( 6301): Ignoring duplicate uses-permissions/uses-permissions-sdk-m: android.permission.VIBRATE in package: com.tencent.wework at: Binary XML file line #48
08-19 12:02:48.379 W/PackageParsing( 6301): Ignoring duplicate uses-permissions/uses-permissions-sdk-m: android.permission.RECEIVE_BOOT_COMPLETED in package: com.tencent.wework at: Binary XML file line #50
08-19 12:02:48.379 W/PackageParsing( 6301): Ignoring duplicate uses-permissions/uses-permissions-sdk-m: android.permission.WRITE_EXTERNAL_STORAGE in package: com.tencent.wework at: Binary XML file line #51
08-19 12:02:48.379 W/PackageParsing( 6301): Ignoring duplicate uses-permissions/uses-permissions-sdk-m: android.permission.BROADCAST_STICKY in package: com.tencent.wework at: Binary XML file line #52
08-19 12:02:48.379 W/PackageParsing( 6301): Ignoring duplicate uses-permissions/uses-permissions-sdk-m: android.permission.BLUETOOTH in package: com.tencent.wework at: Binary XML file line #53
08-19 12:02:48.379 W/PackageParsing( 6301): Unknown element under <manifest>: meta-data at /data/user/0/com.miui.guardprovider/cache/package5388690485845118550.apk Binary XML file line #89
08-19 12:02:48.583 W/PackageParsing( 6301): Unknown element under <manifest>: module at /data/user/0/com.miui.guardprovider/cache/package5388690485845118550.apk Binary XML file line #5
08-19 12:02:48.583 W/PackageParsing( 6301): Ignoring duplicate uses-permissions/uses-permissions-sdk-m: android.permission.INTERNET in package: com.tencent.wework at: Binary XML file line #43
08-19 12:02:48.583 W/PackageParsing( 6301): Ignoring duplicate uses-permissions/uses-permissions-sdk-m: android.permission.ACCESS_WIFI_STATE in package: com.tencent.wework at: Binary XML file line #44
08-19 12:02:48.583 W/PackageParsing( 6301): Ignoring duplicate uses-permissions/uses-permissions-sdk-m: android.permission.ACCESS_NETWORK_STATE in package: com.tencent.wework at: Binary XML file line #45
08-19 12:02:48.583 W/PackageParsing( 6301): Ignoring duplicate uses-permissions/uses-permissions-sdk-m: android.permission.WAKE_LOCK in package: com.tencent.wework at: Binary XML file line #46
08-19 12:02:48.583 W/PackageParsing( 6301): Ignoring duplicate uses-permissions/uses-permissions-sdk-m: android.permission.VIBRATE in package: com.tencent.wework at: Binary XML file line #48
08-19 12:02:48.583 W/PackageParsing( 6301): Ignoring duplicate uses-permissions/uses-permissions-sdk-m: android.permission.RECEIVE_BOOT_COMPLETED in package: com.tencent.wework at: Binary XML file line #50
08-19 12:02:48.583 W/PackageParsing( 6301): Ignoring duplicate uses-permissions/uses-permissions-sdk-m: android.permission.WRITE_EXTERNAL_STORAGE in package: com.tencent.wework at: Binary XML file line #51
08-19 12:02:48.583 W/PackageParsing( 6301): Ignoring duplicate uses-permissions/uses-permissions-sdk-m: android.permission.BROADCAST_STICKY in package: com.tencent.wework at: Binary XML file line #52
08-19 12:02:48.583 W/PackageParsing( 6301): Ignoring duplicate uses-permissions/uses-permissions-sdk-m: android.permission.BLUETOOTH in package: com.tencent.wework at: Binary XML file line #53
08-19 12:02:48.584 W/PackageParsing( 6301): Unknown element under <manifest>: meta-data at /data/user/0/com.miui.guardprovider/cache/package5388690485845118550.apk Binary XML file line #89
08-19 12:02:48.797 W/BpBinder(27137): PerfMonitor binderTransact :  time=944ms interface=android.content.IContentProvider code=1
08-19 12:02:53.857 I/Timeline(27137): Timeline: Activity_launch_request time:800737
08-19 12:02:53.859 I/ActivityTaskManager( 1783): START u0 {dat=file:///data/user/0/com.miui.packageinstaller/cache/package6978263320810754618.apk cmp=com.miui.packageinstaller/com.android.packageinstaller.InstallAppProgress (has extras)} from uid 10074
08-19 12:02:53.870 I/ActivityTaskManager( 1783): The Process com.miui.packageinstaller Already Exists in BG. So sending its PID: 27137
08-19 12:02:53.871 W/ActivityTaskManager( 1783): Tried to set launchTime (0) < mLastActivityLaunchTime (792637)
08-19 12:02:53.874 I/Timeline( 1783): Timeline: App_transition_ready time:800754
08-19 12:02:53.954 I/InstallationStatistic( 1783): beginInstallSession: 912276421
08-19 12:02:53.970 I/Timeline( 1783): Timeline: App_transition_ready time:800851
08-19 12:02:53.972 I/Timeline( 1783): Timeline: App_transition_ready time:800853
08-19 12:02:53.974 I/Timeline( 1783): Timeline: App_transition_ready time:800855
08-19 12:02:53.989 I/Timeline( 1783): Timeline: App_transition_ready time:800870
08-19 12:02:54.498 I/Timeline( 1783): Timeline: Activity_windows_visible id: ActivityRecord{4366084 u0 com.miui.packageinstaller/com.android.packageinstaller.InstallAppProgress t118} time:801378
08-19 12:02:54.500 I/Timeline( 1783): Timeline: App_transition_stopped time:801381
08-19 12:02:54.879 W/BpBinder(27137): PerfMonitor binderTransact :  time=264ms interface=android.content.pm.IPackageInstallerSession code=8
08-19 12:02:56.332 W/PackageParser( 6301): Unknown element under <manifest>: module at /data/app/vmdl912276421.tmp/base.apk Binary XML file line #5
08-19 12:02:56.332 W/PackageParser( 6301): Ignoring duplicate uses-permissions/uses-permissions-sdk-m: android.permission.INTERNET in package: com.tencent.wework at: Binary XML file line #43
08-19 12:02:56.332 W/PackageParser( 6301): Ignoring duplicate uses-permissions/uses-permissions-sdk-m: android.permission.ACCESS_WIFI_STATE in package: com.tencent.wework at: Binary XML file line #44
08-19 12:02:56.332 W/PackageParser( 6301): Ignoring duplicate uses-permissions/uses-permissions-sdk-m: android.permission.ACCESS_NETWORK_STATE in package: com.tencent.wework at: Binary XML file line #45
08-19 12:02:56.332 W/PackageParser( 6301): Ignoring duplicate uses-permissions/uses-permissions-sdk-m: android.permission.WAKE_LOCK in package: com.tencent.wework at: Binary XML file line #46
08-19 12:02:56.332 W/PackageParser( 6301): Ignoring duplicate uses-permissions/uses-permissions-sdk-m: android.permission.VIBRATE in package: com.tencent.wework at: Binary XML file line #48
08-19 12:02:56.332 W/PackageParser( 6301): Ignoring duplicate uses-permissions/uses-permissions-sdk-m: android.permission.RECEIVE_BOOT_COMPLETED in package: com.tencent.wework at: Binary XML file line #50
08-19 12:02:56.332 W/PackageParser( 6301): Ignoring duplicate uses-permissions/uses-permissions-sdk-m: android.permission.WRITE_EXTERNAL_STORAGE in package: com.tencent.wework at: Binary XML file line #51
08-19 12:02:56.332 W/PackageParser( 6301): Ignoring duplicate uses-permissions/uses-permissions-sdk-m: android.permission.BROADCAST_STICKY in package: com.tencent.wework at: Binary XML file line #52
08-19 12:02:56.332 W/PackageParser( 6301): Ignoring duplicate uses-permissions/uses-permissions-sdk-m: android.permission.BLUETOOTH in package: com.tencent.wework at: Binary XML file line #53
08-19 12:02:56.332 W/PackageParser( 6301): Unknown element under <manifest>: meta-data at /data/app/vmdl912276421.tmp/base.apk Binary XML file line #89
08-19 12:02:56.466 W/PackageParsing( 1783): Unknown element under <manifest>: module at /data/app/vmdl912276421.tmp/base.apk Binary XML file line #5
08-19 12:02:56.466 W/PackageParsing( 1783): Ignoring duplicate uses-permissions/uses-permissions-sdk-m: android.permission.INTERNET in package: com.tencent.wework at: Binary XML file line #43
08-19 12:02:56.466 W/PackageParsing( 1783): Ignoring duplicate uses-permissions/uses-permissions-sdk-m: android.permission.ACCESS_WIFI_STATE in package: com.tencent.wework at: Binary XML file line #44
08-19 12:02:56.466 W/PackageParsing( 1783): Ignoring duplicate uses-permissions/uses-permissions-sdk-m: android.permission.ACCESS_NETWORK_STATE in package: com.tencent.wework at: Binary XML file line #45
08-19 12:02:56.466 W/PackageParsing( 1783): Ignoring duplicate uses-permissions/uses-permissions-sdk-m: android.permission.WAKE_LOCK in package: com.tencent.wework at: Binary XML file line #46
08-19 12:02:56.466 W/PackageParsing( 1783): Ignoring duplicate uses-permissions/uses-permissions-sdk-m: android.permission.VIBRATE in package: com.tencent.wework at: Binary XML file line #48
08-19 12:02:56.466 W/PackageParsing( 1783): Ignoring duplicate uses-permissions/uses-permissions-sdk-m: android.permission.RECEIVE_BOOT_COMPLETED in package: com.tencent.wework at: Binary XML file line #50
08-19 12:02:56.466 W/PackageParsing( 1783): Ignoring duplicate uses-permissions/uses-permissions-sdk-m: android.permission.WRITE_EXTERNAL_STORAGE in package: com.tencent.wework at: Binary XML file line #51
08-19 12:02:56.466 W/PackageParsing( 1783): Ignoring duplicate uses-permissions/uses-permissions-sdk-m: android.permission.BROADCAST_STICKY in package: com.tencent.wework at: Binary XML file line #52
08-19 12:02:56.466 W/PackageParsing( 1783): Ignoring duplicate uses-permissions/uses-permissions-sdk-m: android.permission.BLUETOOTH in package: com.tencent.wework at: Binary XML file line #53
08-19 12:02:56.467 W/PackageParsing( 1783): Unknown element under <manifest>: meta-data at /data/app/vmdl912276421.tmp/base.apk Binary XML file line #89
08-19 12:02:56.493 W/RuleEvaluation( 1783): Integrity rule files are not available.
08-19 12:02:56.493 I/PackageManager( 1783): Integrity check passed for file:///data/app/vmdl912276421.tmp
08-19 12:02:56.549 W/PackageParsing( 1783): Unknown element under <manifest>: module at /data/app/vmdl912276421.tmp/base.apk Binary XML file line #5
08-19 12:02:56.550 W/PackageParsing( 1783): Ignoring duplicate uses-permissions/uses-permissions-sdk-m: android.permission.INTERNET in package: com.tencent.wework at: Binary XML file line #43
08-19 12:02:56.550 W/PackageParsing( 1783): Ignoring duplicate uses-permissions/uses-permissions-sdk-m: android.permission.ACCESS_WIFI_STATE in package: com.tencent.wework at: Binary XML file line #44
08-19 12:02:56.550 W/PackageParsing( 1783): Ignoring duplicate uses-permissions/uses-permissions-sdk-m: android.permission.ACCESS_NETWORK_STATE in package: com.tencent.wework at: Binary XML file line #45
08-19 12:02:56.550 W/PackageParsing( 1783): Ignoring duplicate uses-permissions/uses-permissions-sdk-m: android.permission.WAKE_LOCK in package: com.tencent.wework at: Binary XML file line #46
08-19 12:02:56.550 W/PackageParsing( 1783): Ignoring duplicate uses-permissions/uses-permissions-sdk-m: android.permission.VIBRATE in package: com.tencent.wework at: Binary XML file line #48
08-19 12:02:56.550 W/PackageParsing( 1783): Ignoring duplicate uses-permissions/uses-permissions-sdk-m: android.permission.RECEIVE_BOOT_COMPLETED in package: com.tencent.wework at: Binary XML file line #50
08-19 12:02:56.550 W/PackageParsing( 1783): Ignoring duplicate uses-permissions/uses-permissions-sdk-m: android.permission.WRITE_EXTERNAL_STORAGE in package: com.tencent.wework at: Binary XML file line #51
08-19 12:02:56.550 W/PackageParsing( 1783): Ignoring duplicate uses-permissions/uses-permissions-sdk-m: android.permission.BROADCAST_STICKY in package: com.tencent.wework at: Binary XML file line #52
08-19 12:02:56.550 W/PackageParsing( 1783): Ignoring duplicate uses-permissions/uses-permissions-sdk-m: android.permission.BLUETOOTH in package: com.tencent.wework at: Binary XML file line #53
08-19 12:02:56.550 W/PackageParsing( 1783): Unknown element under <manifest>: meta-data at /data/app/vmdl912276421.tmp/base.apk Binary XML file line #89
08-19 12:02:56.958 I/PackageManager( 1783): Permission ownership changed. Updating all permissions.
08-19 12:02:57.099 W/Looper  ( 1783): Slow dispatch took 101ms android.fg h=android.os.Handler c=<recycled PooledLambda@5fcc74d> m=0
08-19 12:03:05.070 W/BpBinder( 1783): PerfMonitor binderTransact :  time=7956ms interface=android.os.IInstalld code=18
08-19 12:03:05.072 W/Looper  ( 1783): PerfMonitor longMsg : seq=68 plan=12:02:56.493 late=0ms wall=8579ms running=564ms runnable=10ms io=36ms binder=7971ms h=com.android.server.pm.PackageManagerService$PackageHandler c=com.android.server.pm.-$$Lambda$PackageManagerService$9znobjOH7ab0F1jsW2oFdNipS-8 procState=0
08-19 12:03:05.073 I/InstallationStatistic( 1783): com.tencent.wework|com.miui.packageinstaller|11119|658|261|100|0|7958
08-19 12:03:05.088 I/MiuiCompatModePackages( 1783): package com.tencent.wework updated, removing config
08-19 12:03:05.093 I/WakePathChecker( 1783): updateLauncherPackageNames =com.miui.home
08-19 12:03:05.093 I/WakePathChecker( 1783): updateLauncherPackageNames =com.android.settings
08-19 12:03:05.115 I/RoleManagerService( 1783): Granting default roles...
08-19 12:03:05.147 E/com.android.server.pm.PackageManagerServiceInjector( 1783): MIUILOG- Permission Denied getInstalledPackages. pkg : com.tencent.android.qqdownloader uid : 10275
08-19 12:03:05.181 W/BroadcastQueue( 1783): Background execution not allowed: receiving Intent { act=android.intent.action.PACKAGE_ADDED dat=package:com.tencent.wework flg=0x4000010 (has extras) } to com.lbe.security.miui/com.lbe.security.service.BootReceiver
08-19 12:03:05.182 W/BroadcastQueue( 1783): Background execution not allowed: receiving Intent { act=android.intent.action.PACKAGE_ADDED dat=package:com.tencent.wework flg=0x4000010 (has extras) } to com.tencent.android.qqdownloader/com.tencent.assistant.localres.localapk.PackageChangedReceiver
08-19 12:03:05.198 W/BroadcastQueue( 1783): Background execution not allowed: receiving Intent { act=android.intent.action.PACKAGE_ADDED dat=package:com.tencent.wework flg=0x4000010 (has extras) } to com.android.providers.downloads/.receiver.ApplicationInstallReceiver
08-19 12:03:05.198 W/BroadcastQueue( 1783): Background execution not allowed: receiving Intent { act=android.intent.action.PACKAGE_ADDED dat=package:com.tencent.wework flg=0x4000010 (has extras) } to com.android.settings/.search.provider.UpdateReceiver
08-19 12:03:05.198 W/BroadcastQueue( 1783): Background execution not allowed: receiving Intent { act=android.intent.action.PACKAGE_ADDED dat=package:com.tencent.wework flg=0x4000010 (has extras) } to com.android.vending/com.google.android.finsky.packagemanager.impl.PackageMonitorReceiverImpl$RegisteredReceiver
08-19 12:03:05.198 W/BroadcastQueue( 1783): Background execution not allowed: receiving Intent { act=android.intent.action.PACKAGE_ADDED dat=package:com.tencent.wework flg=0x4000010 (has extras) } to com.google.android.gms/.games.chimera.GamesSystemBroadcastReceiverProxy
08-19 12:03:05.199 W/BroadcastQueue( 1783): Background execution not allowed: receiving Intent { act=android.intent.action.PACKAGE_ADDED dat=package:com.tencent.wework flg=0x4000010 (has extras) } to com.google.android.gms/.gass.chimera.PackageChangeBroadcastReceiver
08-19 12:03:05.199 W/BroadcastQueue( 1783): Background execution not allowed: receiving Intent { act=android.intent.action.PACKAGE_ADDED dat=package:com.tencent.wework flg=0x4000010 (has extras) } to com.google.android.gms/.chimera.GmsIntentOperationService$PersistentTrustedReceiver
08-19 12:03:05.251 E/com.android.server.pm.PackageManagerServiceInjector( 1783): MIUILOG- Permission Denied getInstalledPackages. pkg : com.tencent.android.qqdownloader uid : 10275
08-19 12:03:05.283 W/BroadcastQueue( 1783): Background execution not allowed: receiving Intent { act=android.intent.action.PACKAGE_ADDED dat=package:com.tencent.wework flg=0x4000010 (has extras) } to com.sohu.inputmethod.sogou.xiaomi/com.sohu.inputmethod.flx.dynamic.tools.download.InstallFinishReceiver
08-19 12:03:05.294 W/Looper  ( 1783): Slow dispatch took 205ms main h=android.app.ActivityThread$H c=android.app.-$$Lambda$LoadedApk$ReceiverDispatcher$Args$_BumDX2UKsnxLVrE6UJsJZkotuA@b77e711 m=0
08-19 12:03:05.294 W/Looper  ( 1783): Slow delivery took 208ms main h=android.app.ActivityThread$H c=android.app.-$$Lambda$LoadedApk$ReceiverDispatcher$Args$_BumDX2UKsnxLVrE6UJsJZkotuA@29ac076 m=0
08-19 12:03:05.355 W/BroadcastQueue( 1783): Background execution not allowed: receiving Intent { act=android.intent.action.PACKAGE_ADDED dat=package:com.tencent.wework flg=0x4000010 (has extras) } to com.xiaomi.market/.data.MyPackageMonitor
08-19 12:03:05.355 W/TextServicesManagerService( 1783): no available spell checker services found
08-19 12:03:05.359 W/BroadcastQueue( 1783): Background execution not allowed: receiving Intent { act=android.intent.action.PACKAGE_ADDED dat=package:com.tencent.wework flg=0x4000010 (has extras) } to com.xiaomi.misettings/.usagestats.AppTimerReceiver
08-19 12:03:05.360 W/BroadcastQueue( 1783): Background execution not allowed: receiving Intent { act=android.intent.action.PACKAGE_ADDED dat=package:com.tencent.wework flg=0x4000010 (has extras) } to com.autonavi.minimap/com.amap.bundle.appupgrade.InstallListener
08-19 12:03:05.360 W/BroadcastQueue( 1783): Background execution not allowed: receiving Intent { act=android.intent.action.PACKAGE_ADDED dat=package:com.tencent.wework flg=0x4000010 (has extras) } to com.tencent.android.qqdownloader/com.qq.AppService.APKReceiver
08-19 12:03:05.499 W/BpBinder(10926): PerfMonitor binderTransact :  time=216ms interface=android.content.IContentProvider code=3
08-19 12:03:05.570 W/Looper  ( 1783): Slow dispatch took 258ms main h=android.app.ActivityThread$H c=android.app.-$$Lambda$LoadedApk$ReceiverDispatcher$Args$_BumDX2UKsnxLVrE6UJsJZkotuA@3bb5ceb m=0
08-19 12:03:05.592 I/Telecom ( 1783): DefaultDialerCache: Refreshing default dialer for user 0: now com.android.contacts: DDC.oR@AMU
08-19 12:03:05.620 W/BpBinder(10926): PerfMonitor binderTransact :  time=289ms interface=com.android.internal.telephony.ITelephony code=154
08-19 12:03:05.658 W/Looper  ( 1783): Slow dispatch took 361ms android.fg h=android.os.Handler c=<recycled PooledLambda@d564500> m=0
08-19 12:03:05.700 W/Looper  ( 1783): Slow delivery took 375ms android.fg h=android.os.Handler c=<recycled PooledLambda@6cf931b> m=0
08-19 12:03:05.787 W/BpBinder(10865): PerfMonitor binderTransact :  time=342ms interface=android.os.IPowerManager code=1
08-19 12:03:05.819 W/XSpaceManagerService( 1783): update XSpace App: packageName:com.tencent.wework, user:UserHandle{0}, action:android.intent.action.PACKAGE_ADDED
08-19 12:03:05.841 E/com.android.server.pm.PackageManagerServiceInjector( 1783): MIUILOG- Permission Denied getInstalledPackages. pkg : com.tencent.android.qqdownloader uid : 10275
08-19 12:03:05.948 W/Looper  ( 1783): Slow dispatch took 149ms android.fg h=android.os.Handler c=<recycled PooledLambda@63e7832> m=0
08-19 12:03:05.955 E/ActivityThread(11297): Failed to find provider info for null
