08-19 11:49:50.873 W/ActivityManager( 1783): Slow operation: 395ms so far, now at startProcess: done updating battery stats
08-19 11:49:50.873 W/ActivityManager( 1783): Slow operation: 395ms so far, now at startProcess: building log message
08-19 11:49:50.873 I/ActivityManager( 1783): Start proc 4296:com.miui.voicetrigger/u0a115 for added application com.miui.voicetrigger caller=android
08-19 11:49:50.873 W/ActivityManager( 1783): Slow operation: 395ms so far, now at startProcess: starting to update pids map
08-19 11:49:50.873 W/ActivityManager( 1783): Slow operation: 395ms so far, now at startProcess: done updating pids map
08-19 11:49:50.873 W/ActivityManager( 1783): Slow operation: 394ms so far, now at startProcess: asking zygote to start proc
08-19 11:49:50.882 W/ActivityManager( 1783): Slow operation: 403ms so far, now at startProcess: returned from zygote!
08-19 11:49:50.883 W/ActivityManager( 1783): Slow operation: 403ms so far, now at startProcess: done updating battery stats
08-19 11:49:50.883 W/ActivityManager( 1783): Slow operation: 403ms so far, now at startProcess: building log message
08-19 11:49:50.883 I/ActivityManager( 1783): Start proc 4308:com.xiaomi.mircs/u0a82 for added application com.xiaomi.mircs caller=android
08-19 11:49:50.883 W/ActivityManager( 1783): Slow operation: 403ms so far, now at startProcess: starting to update pids map
08-19 11:49:50.883 W/ActivityManager( 1783): Slow operation: 403ms so far, now at startProcess: done updating pids map
08-19 11:49:50.883 W/ActivityManager( 1783): Slow operation: 403ms so far, now at startProcess: asking zygote to start proc
08-19 11:49:50.900 W/ActivityManager( 1783): Slow operation: 420ms so far, now at startProcess: returned from zygote!
08-19 11:49:50.900 W/ActivityManager( 1783): Slow operation: 421ms so far, now at startProcess: done updating battery stats
08-19 11:49:50.900 W/ActivityManager( 1783): Slow operation: 421ms so far, now at startProcess: building log message
08-19 11:49:50.900 I/ActivityManager( 1783): Start proc 4331:com.xiaomi.xmsfkeeper/u0a119 for added application com.xiaomi.xmsfkeeper caller=android
08-19 11:49:50.900 W/ActivityManager( 1783): Slow operation: 421ms so far, now at startProcess: starting to update pids map
08-19 11:49:50.901 W/StorageManagerService( 1783): Reporting emulated;0 unmounted due to system locked
08-19 11:49:50.901 W/ActivityManager( 1783): Slow operation: 421ms so far, now at startProcess: done updating pids map
08-19 11:49:50.901 W/ActivityManager( 1783): Slow operation: 420ms so far, now at startProcess: asking zygote to start proc
08-19 11:49:50.940 W/ActivityManager( 1783): Slow operation: 459ms so far, now at startProcess: returned from zygote!
08-19 11:49:50.940 W/StorageManagerService( 1783): Reporting emulated;0 unmounted due to system locked
08-19 11:49:50.948 W/ActivityManager( 1783): Slow operation: 467ms so far, now at startProcess: done updating battery stats
08-19 11:49:50.948 W/ActivityManager( 1783): Slow operation: 467ms so far, now at startProcess: building log message
08-19 11:49:50.948 I/ActivityManager( 1783): Start proc 4367:com.xiaomi.finddevice/9810 for added application com.xiaomi.finddevice caller=android
08-19 11:49:50.948 W/ActivityManager( 1783): Slow operation: 467ms so far, now at startProcess: starting to update pids map
08-19 11:49:50.948 W/ActivityManager( 1783): Slow operation: 467ms so far, now at startProcess: done updating pids map
08-19 11:49:50.961 W/ActivityManager( 1783): Slow operation: 480ms so far, now at startProcess: asking zygote to start proc
08-19 11:49:50.982 W/ActivityManager( 1783): Slow operation: 502ms so far, now at startProcess: returned from zygote!
08-19 11:49:50.982 W/ActivityManager( 1783): Slow operation: 502ms so far, now at startProcess: done updating battery stats
08-19 11:49:50.982 W/ActivityManager( 1783): Slow operation: 502ms so far, now at startProcess: building log message
08-19 11:49:50.982 I/ActivityManager( 1783): Start proc 4399:com.qualcomm.qti.workloadclassifier/u0a210 for added application com.qualcomm.qti.workloadclassifier caller=android
08-19 11:49:50.982 W/ActivityManager( 1783): Slow operation: 502ms so far, now at startProcess: starting to update pids map
08-19 11:49:50.982 W/ActivityManager( 1783): Slow operation: 502ms so far, now at startProcess: done updating pids map
08-19 11:49:50.982 W/ActivityManager( 1783): Slow operation: 502ms so far, now at startProcess: asking zygote to start proc
08-19 11:49:51.005 W/ActivityManager( 1783): Slow operation: 524ms so far, now at startProcess: returned from zygote!
08-19 11:49:51.005 W/ActivityManager( 1783): Slow operation: 525ms so far, now at startProcess: done updating battery stats
08-19 11:49:51.005 W/ActivityManager( 1783): Slow operation: 525ms so far, now at startProcess: building log message
08-19 11:49:51.005 I/ActivityManager( 1783): Start proc 4426:com.tencent.soter.soterserver/1000 for added application com.tencent.soter.soterserver caller=android
08-19 11:49:51.005 W/ActivityManager( 1783): Slow operation: 525ms so far, now at startProcess: starting to update pids map
08-19 11:49:51.005 W/ActivityManager( 1783): Slow operation: 525ms so far, now at startProcess: done updating pids map
08-19 11:49:51.005 W/ActivityManager( 1783): Slow operation: 525ms so far, now at startProcess: asking zygote to start proc
08-19 11:49:51.028 W/wificond( 1364): Scan is not started. Ignore abort request
08-19 11:49:51.043 W/ActivityManager( 1783): Slow operation: 562ms so far, now at startProcess: returned from zygote!
08-19 11:49:51.043 W/ActivityManager( 1783): Slow operation: 562ms so far, now at startProcess: done updating battery stats
08-19 11:49:51.043 W/ActivityManager( 1783): Slow operation: 563ms so far, now at startProcess: building log message
08-19 11:49:51.043 I/ActivityManager( 1783): Start proc 4449:com.qualcomm.location/u0a199 for added application com.qualcomm.location caller=android
08-19 11:49:51.043 W/ActivityManager( 1783): Slow operation: 563ms so far, now at startProcess: starting to update pids map
08-19 11:49:51.051 W/ActivityManager( 1783): Slow operation: 571ms so far, now at startProcess: done updating pids map
08-19 11:49:51.054 W/ActivityManager( 1783): Slow operation: 572ms so far, now at startProcess: asking zygote to start proc
08-19 11:49:51.058 I/Telecom ( 1783): PhoneAccountRegistrar: Modify account: [ComponentInfo{com.android.phone/com.android.services.telephony.TelephonyConnectionService}, ***, UserHandle{0}(cap: SuppVideo CallProvider MultiUser PlaceEmerg SimSub AdhocConf -> SuppVideo CallProvider MultiUser PlaceEmerg SimSub )]: TSI.rPA@AIk
08-19 11:49:51.059 I/Telecom ( 1783): MiuiCallsManager: handlePhoneAccountChanged: phoneAccount=[[X] PhoneAccount: ComponentInfo{com.android.phone/com.android.services.telephony.TelephonyConnectionService}, ***, UserHandle{0} Capabilities: SuppVideo CallProvider MultiUser PlaceEmerg SimSub AdhocConf Audio Routes: BESW Schemes: tel voicemail  Extras: Bundle[{android.telecom.extra.SUPPORTS_VIDEO_CALLING_FALLBACK=true, android.telecom.extra.SORT_ORDER=0}] GroupId: ***]: TSI.rPA@AIk
08-19 11:49:51.065 W/ActivityManager( 1783): Slow operation: 583ms so far, now at startProcess: returned from zygote!
08-19 11:49:51.067 W/ActivityManager( 1783): Slow operation: 585ms so far, now at startProcess: done updating battery stats
08-19 11:49:51.068 W/ActivityManager( 1783): Slow operation: 586ms so far, now at startProcess: building log message
08-19 11:49:51.068 I/ActivityManager( 1783): Start proc 4474:com.qualcomm.qti.services.secureui:sui_service/1000 for added application com.qualcomm.qti.services.secureui:sui_service caller=android
08-19 11:49:51.068 W/ActivityManager( 1783): Slow operation: 586ms so far, now at startProcess: starting to update pids map
08-19 11:49:51.068 W/ActivityManager( 1783): Slow operation: 586ms so far, now at startProcess: done updating pids map
08-19 11:49:51.068 W/ActivityManager( 1783): Slow operation: 587ms so far, now at startProcess: asking zygote to start proc
08-19 11:49:51.110 W/StorageManagerService( 1783): Reporting emulated;0 unmounted due to system locked
08-19 11:49:51.113 W/ActivityManager( 1783): Slow operation: 632ms so far, now at startProcess: returned from zygote!
08-19 11:49:51.113 W/ActivityManager( 1783): Slow operation: 632ms so far, now at startProcess: done updating battery stats
08-19 11:49:51.113 W/ActivityManager( 1783): Slow operation: 632ms so far, now at startProcess: building log message
08-19 11:49:51.113 I/ActivityManager( 1783): Start proc 4507:com.miui.face/1000 for added application com.miui.face caller=android
08-19 11:49:51.113 W/ActivityManager( 1783): Slow operation: 632ms so far, now at startProcess: starting to update pids map
08-19 11:49:51.113 W/ActivityManager( 1783): Slow operation: 632ms so far, now at startProcess: done updating pids map
08-19 11:49:51.113 W/ActivityManager( 1783): Slow operation: 585ms so far, now at startProcess: asking zygote to start proc
08-19 11:49:51.132 W/ActivityManager( 1783): Slow operation: 604ms so far, now at startProcess: returned from zygote!
08-19 11:49:51.133 W/ActivityManager( 1783): Slow operation: 604ms so far, now at startProcess: done updating battery stats
08-19 11:49:51.138 I/Watchdog( 1783): Interesting Java process com.android.providers.media.module started. Pid 4515
08-19 11:49:51.138 W/ActivityManager( 1783): Slow operation: 610ms so far, now at startProcess: building log message
08-19 11:49:51.138 I/ActivityManager( 1783): Start proc 4515:com.android.providers.media.module/u0a223 for service {com.android.providers.media.module/com.android.providers.media.fuse.ExternalStorageServiceImpl} caller=android
08-19 11:49:51.138 W/ActivityManager( 1783): Slow operation: 610ms so far, now at startProcess: starting to update pids map
08-19 11:49:51.139 W/ActivityManager( 1783): Slow operation: 610ms so far, now at startProcess: done updating pids map
08-19 11:49:51.139 W/ActivityManager( 1783): Slow operation: 590ms so far, now at startProcess: asking zygote to start proc
08-19 11:49:51.150 W/ActivityManager( 1783): Slow operation: 601ms so far, now at startProcess: returned from zygote!
08-19 11:49:51.150 W/ActivityManager( 1783): Slow operation: 601ms so far, now at startProcess: done updating battery stats
08-19 11:49:51.150 W/ActivityManager( 1783): Slow operation: 601ms so far, now at startProcess: building log message
08-19 11:49:51.150 I/ActivityManager( 1783): Start proc 4538:com.miui.securitycore.remote/1000 for service {com.miui.securitycore/com.miui.xspace.service.XSpaceService} caller=android
08-19 11:49:51.150 W/ActivityManager( 1783): Slow operation: 601ms so far, now at startProcess: starting to update pids map
08-19 11:49:51.150 W/ActivityManager( 1783): Slow operation: 601ms so far, now at startProcess: done updating pids map
08-19 11:49:51.150 W/ActivityManager( 1783): Slow operation: 598ms so far, now at startProcess: asking zygote to start proc
08-19 11:49:51.164 W/ActivityManager( 1783): Slow operation: 613ms so far, now at startProcess: returned from zygote!
08-19 11:49:51.165 W/ActivityManager( 1783): Slow operation: 613ms so far, now at startProcess: done updating battery stats
08-19 11:49:51.165 W/ActivityManager( 1783): Slow operation: 613ms so far, now at startProcess: building log message
08-19 11:49:51.165 I/ActivityManager( 1783): Start proc 4559:com.miui.misound/u0a122 for content provider {com.miui.misound/com.miui.misound.database.AppVolumeProvider} caller=android
08-19 11:49:51.165 W/ActivityManager( 1783): Slow operation: 613ms so far, now at startProcess: starting to update pids map
08-19 11:49:51.165 W/StorageManagerService( 1783): Reporting emulated;0 unmounted due to system locked
08-19 11:49:51.165 W/ActivityManager( 1783): Slow operation: 613ms so far, now at startProcess: done updating pids map
08-19 11:49:51.165 W/ActivityManager( 1783): Slow operation: 597ms so far, now at startProcess: asking zygote to start proc
08-19 11:49:51.173 I/Telecom ( 1783): PhoneAccountRegistrar: Modify account: [ComponentInfo{com.android.phone/com.android.services.telephony.TelephonyConnectionService}, ***, UserHandle{0}(cap: SuppVideo Video CallProvider MultiUser PlaceEmerg SimSub AdhocConf -> SuppVideo CallProvider MultiUser PlaceEmerg SimSub AdhocConf)]: TSI.rPA@AIo
08-19 11:49:51.174 I/Telecom ( 1783): MiuiCallsManager: handlePhoneAccountChanged: phoneAccount=[[X] PhoneAccount: ComponentInfo{com.android.phone/com.android.services.telephony.TelephonyConnectionService}, ***, UserHandle{0} Capabilities: SuppVideo Video CallProvider MultiUser PlaceEmerg SimSub AdhocConf Audio Routes: BESW Schemes: tel voicemail  Extras: Bundle[{android.telecom.extra.SUPPORTS_VIDEO_CALLING_FALLBACK=true, android.telecom.extra.SORT_ORDER=0}] GroupId: ***]: TSI.rPA@AIo
08-19 11:49:51.179 W/ActivityManager( 1783): Slow operation: 611ms so far, now at startProcess: returned from zygote!
08-19 11:49:51.182 W/ActivityManager( 1783): Slow operation: 614ms so far, now at startProcess: done updating battery stats
08-19 11:49:51.182 W/ActivityManager( 1783): Slow operation: 614ms so far, now at startProcess: building log message
08-19 11:49:51.182 I/ActivityManager( 1783): Start proc 4576:com.miui.phrase/u0a127 for content provider {com.miui.phrase/com.miui.provider.InputProvider} caller=com.sohu.inputmethod.sogou.xiaomi
08-19 11:49:51.182 W/ActivityManager( 1783): Slow operation: 614ms so far, now at startProcess: starting to update pids map
08-19 11:49:51.182 W/ActivityManager( 1783): Slow operation: 615ms so far, now at startProcess: done updating pids map
08-19 11:49:51.182 W/ActivityManager( 1783): Slow operation: 599ms so far, now at startProcess: asking zygote to start proc
08-19 11:49:51.190 W/ActivityManager( 1783): Slow operation: 607ms so far, now at startProcess: returned from zygote!
08-19 11:49:51.190 W/ActivityManager( 1783): Slow operation: 607ms so far, now at startProcess: done updating battery stats
08-19 11:49:51.190 W/ActivityManager( 1783): Slow operation: 607ms so far, now at startProcess: building log message
08-19 11:49:51.190 I/ActivityManager( 1783): Start proc 4602:com.miui.personalassistant/u0a88 for service {com.miui.personalassistant/com.miui.personalassistant.overlay.AssistantOverlayService} caller=com.miui.home
08-19 11:49:51.190 W/ActivityManager( 1783): Slow operation: 607ms so far, now at startProcess: starting to update pids map
08-19 11:49:51.191 W/ActivityManager( 1783): Slow operation: 607ms so far, now at startProcess: done updating pids map
08-19 11:49:51.191 W/ActivityManager( 1783): Slow operation: 594ms so far, now at startProcess: asking zygote to start proc
08-19 11:49:51.204 W/ActivityManager( 1783): Slow operation: 608ms so far, now at startProcess: returned from zygote!
08-19 11:49:51.205 W/ActivityManager( 1783): Slow operation: 608ms so far, now at startProcess: done updating battery stats
08-19 11:49:51.205 W/ActivityManager( 1783): Slow operation: 608ms so far, now at startProcess: building log message
08-19 11:49:51.205 I/ActivityManager( 1783): Start proc 4620:com.android.smspush/u0a215 for service {com.android.smspush/com.android.smspush.WapPushManager} caller=com.android.phone
08-19 11:49:51.205 W/ActivityManager( 1783): Slow operation: 608ms so far, now at startProcess: starting to update pids map
08-19 11:49:51.205 W/ActivityManager( 1783): Slow operation: 608ms so far, now at startProcess: done updating pids map
08-19 11:49:51.205 W/ActivityManager( 1783): Slow operation: 593ms so far, now at startProcess: asking zygote to start proc
08-19 11:49:51.217 W/ActivityManager( 1783): Slow operation: 606ms so far, now at startProcess: returned from zygote!
08-19 11:49:51.217 W/ActivityManager( 1783): Slow operation: 606ms so far, now at startProcess: done updating battery stats
08-19 11:49:51.217 W/ActivityManager( 1783): Slow operation: 606ms so far, now at startProcess: building log message
08-19 11:49:51.217 I/ActivityManager( 1783): Start proc 4643:com.mfashiongallery.emag/u0a254 for content provider {com.mfashiongallery.emag/com.mfashiongallery.emag.LockscreenMagazineProvider} caller=com.android.systemui
08-19 11:49:51.217 W/ActivityManager( 1783): Slow operation: 606ms so far, now at startProcess: starting to update pids map
08-19 11:49:51.218 W/ActivityManager( 1783): Slow operation: 606ms so far, now at startProcess: done updating pids map
08-19 11:49:51.218 W/ActivityManager( 1783): Slow operation: 586ms so far, now at startProcess: asking zygote to start proc
08-19 11:49:51.231 W/ActivityManager( 1783): Slow operation: 599ms so far, now at startProcess: returned from zygote!
08-19 11:49:51.235 W/ActivityManager( 1783): Slow operation: 603ms so far, now at startProcess: done updating battery stats
08-19 11:49:51.235 W/ActivityManager( 1783): Slow operation: 603ms so far, now at startProcess: building log message
08-19 11:49:51.235 I/ActivityManager( 1783): Start proc 4656:com.miui.analytics/u0a147 for service {com.miui.analytics/com.miui.analytics.onetrack.OneTrackService} caller=com.android.systemui
08-19 11:49:51.235 W/ActivityManager( 1783): Slow operation: 603ms so far, now at startProcess: starting to update pids map
08-19 11:49:51.235 W/ActivityManager( 1783): Slow operation: 604ms so far, now at startProcess: done updating pids map
08-19 11:49:51.235 W/ActivityManager( 1783): Slow operation: 602ms so far, now at startProcess: asking zygote to start proc
08-19 11:49:51.251 W/ActivityManager( 1783): Slow operation: 618ms so far, now at startProcess: returned from zygote!
08-19 11:49:51.251 W/ActivityManager( 1783): Slow operation: 618ms so far, now at startProcess: done updating battery stats
08-19 11:49:51.252 W/ActivityManager( 1783): Slow operation: 618ms so far, now at startProcess: building log message
08-19 11:49:51.252 I/ActivityManager( 1783): Start proc 4699:com.xiaomi.metoknlp/u0a148 for service {com.xiaomi.metoknlp/com.xiaomi.location.metoknlp.MetokLocationService} caller=android
08-19 11:49:51.252 W/ActivityManager( 1783): Slow operation: 618ms so far, now at startProcess: starting to update pids map
08-19 11:49:51.256 W/ActivityManager( 1783): Slow operation: 623ms so far, now at startProcess: done updating pids map
08-19 11:49:51.256 W/ActivityManager( 1783): Slow operation: 618ms so far, now at startProcess: asking zygote to start proc
08-19 11:49:51.261 I/Telecom ( 1783): MiuiCallsManager: Sending phone-account ComponentInfo{com.android.phone/com.android.services.telephony.TelephonyConnectionService}, ***, UserHandle{0} unregistered intent as user: TSI.uPA@AIw
08-19 11:49:51.261 I/Telecom ( 1783): MiuiCallsManager: Sending phone-account unregistered intent to default dialer: TSI.uPA@AIw
08-19 11:49:51.282 W/ActivityManager( 1783): Slow operation: 644ms so far, now at startProcess: returned from zygote!
08-19 11:49:51.283 W/ActivityManager( 1783): Slow operation: 644ms so far, now at startProcess: done updating battery stats
08-19 11:49:51.283 W/ActivityManager( 1783): Slow operation: 644ms so far, now at startProcess: building log message
08-19 11:49:51.283 I/ActivityManager( 1783): Start proc 4726:com.xiaomi.location.fused/1000 for service {com.xiaomi.location.fused/com.xiaomi.location.fused.FusedLocationService} caller=android
08-19 11:49:51.283 W/ActivityManager( 1783): Slow operation: 644ms so far, now at startProcess: starting to update pids map
08-19 11:49:51.283 W/ActivityManager( 1783): Slow operation: 644ms so far, now at startProcess: done updating pids map
08-19 11:49:51.283 W/ActivityManager( 1783): Slow operation: 635ms so far, now at startProcess: asking zygote to start proc
08-19 11:49:51.301 I/StorageUserConnection( 1783): Service: [ComponentInfo{com.android.providers.media.module/com.android.providers.media.fuse.ExternalStorageServiceImpl}] connected. User [0]
08-19 11:49:51.311 W/ActivityManager( 1783): Slow operation: 663ms so far, now at startProcess: returned from zygote!
08-19 11:49:51.311 W/ActivityManager( 1783): Slow operation: 663ms so far, now at startProcess: done updating battery stats
08-19 11:49:51.311 W/ActivityManager( 1783): Slow operation: 664ms so far, now at startProcess: building log message
08-19 11:49:51.311 I/ActivityManager( 1783): Start proc 4754:com.xiaomi.xmsf/u0a160 for service {com.xiaomi.xmsf/com.xiaomi.push.service.XMPushService} caller=com.android.deskclock
08-19 11:49:51.311 W/ActivityManager( 1783): Slow operation: 664ms so far, now at startProcess: starting to update pids map
08-19 11:49:51.317 W/ActivityManager( 1783): Slow operation: 670ms so far, now at startProcess: done updating pids map
08-19 11:49:51.317 W/ActivityManager( 1783): Slow operation: 644ms so far, now at startProcess: asking zygote to start proc
08-19 11:49:51.334 W/StorageManagerService( 1783): Reporting emulated;0 unmounted due to system locked
08-19 11:49:51.339 I/Telecom ( 1783): PhoneAccountRegistrar: New phone account registered: [[ ] PhoneAccount: ComponentInfo{com.android.phone/com.android.services.telephony.TelephonyConnectionService}, ***, UserHandle{0} Capabilities: SuppVideo Video CallProvider MultiUser PlaceEmerg SimSub AdhocConf Audio Routes: BESW Schemes: tel voicemail  Extras: Bundle[{android.telecom.extra.SUPPORTS_VIDEO_CALLING_FALLBACK=true, android.telecom.extra.SORT_ORDER=0}] GroupId: ***]: TSI.rPA@AI0
08-19 11:49:51.340 I/Telecom ( 1783): MiuiCallsManager: Sending phone-account ComponentInfo{com.android.phone/com.android.services.telephony.TelephonyConnectionService}, ***, UserHandle{0} registered intent as user: TSI.rPA@AI0
08-19 11:49:51.340 I/Telecom ( 1783): MiuiCallsManager: Sending phone-account registered intent to default dialer: TSI.rPA@AI0
08-19 11:49:51.341 W/ActivityManager( 1783): Slow operation: 668ms so far, now at startProcess: returned from zygote!
08-19 11:49:51.341 W/ActivityManager( 1783): Slow operation: 668ms so far, now at startProcess: done updating battery stats
08-19 11:49:51.341 W/ActivityManager( 1783): Slow operation: 668ms so far, now at startProcess: building log message
08-19 11:49:51.341 I/ActivityManager( 1783): Start proc 4784:com.android.keychain/1000 for service {com.android.keychain/com.android.keychain.KeyChainService} caller=com.android.systemui
08-19 11:49:51.341 W/ActivityManager( 1783): Slow operation: 668ms so far, now at startProcess: starting to update pids map
08-19 11:49:51.341 W/ActivityManager( 1783): Slow operation: 668ms so far, now at startProcess: done updating pids map
08-19 11:49:51.341 W/ActivityManager( 1783): Slow operation: 635ms so far, now at startProcess: asking zygote to start proc
08-19 11:49:51.363 W/ActivityManager( 1783): Slow operation: 656ms so far, now at startProcess: returned from zygote!
08-19 11:49:51.363 W/ActivityManager( 1783): Slow operation: 656ms so far, now at startProcess: done updating battery stats
08-19 11:49:51.363 W/ActivityManager( 1783): Slow operation: 656ms so far, now at startProcess: building log message
08-19 11:49:51.363 I/ActivityManager( 1783): Start proc 4812:com.google.process.gservices/u0a189 for content provider {com.google.android.gsf/com.google.android.gsf.gservices.GservicesProvider} caller=com.google.android.gms
08-19 11:49:51.363 W/ActivityManager( 1783): Slow operation: 656ms so far, now at startProcess: starting to update pids map
08-19 11:49:51.363 W/ActivityManager( 1783): Slow operation: 656ms so far, now at startProcess: done updating pids map
08-19 11:49:51.363 W/ActivityManager( 1783): Slow operation: 638ms so far, now at startProcess: asking zygote to start proc
08-19 11:49:51.364 W/StorageManagerService( 1783): Reporting emulated;0 unmounted due to system locked
08-19 11:49:51.365 W/Looper  ( 3808): PerfMonitor longMsg : seq=2 plan=11:49:50.241 late=1ms wall=1121ms running=157ms runnable=33ms io=72ms binder=68ms h=android.app.ActivityThread$H w=110 procState=10
08-19 11:49:51.374 W/StorageManagerService( 1783): Reporting emulated;0 unmounted due to system locked
08-19 11:49:51.384 W/StorageManagerService( 1783): Reporting emulated;0 unmounted due to system locked
08-19 11:49:51.389 W/StorageManagerService( 1783): Reporting emulated;0 unmounted due to system locked
08-19 11:49:51.394 W/StorageManagerService( 1783): Reporting emulated;0 unmounted due to system locked
08-19 11:49:51.395 W/ActivityManager( 1783): Slow operation: 670ms so far, now at startProcess: returned from zygote!
08-19 11:49:51.396 I/Telecom ( 1783): PhoneAccountRegistrar: setUserSelectedOutgoingPhoneAccount: ComponentInfo{com.android.phone/com.android.services.telephony.TelephonyConnectionService}, ***, UserHandle{0}: TSI.sUSOPA@AJQ
08-19 11:49:51.397 W/StorageManagerService( 1783): Reporting emulated;0 unmounted due to system locked
08-19 11:49:51.397 I/Telecom ( 1783): PhoneAccountRegistrar: setUserSelectedOutgoingPhoneAccount: update voice sub; account=ComponentInfo{com.android.phone/com.android.services.telephony.TelephonyConnectionService}, ***, UserHandle{0}, subId=1: TSI.sUSOPA@AJQ
08-19 11:49:51.404 W/ActivityManager( 1783): Slow operation: 680ms so far, now at startProcess: done updating battery stats
08-19 11:49:51.404 W/ActivityManager( 1783): Slow operation: 680ms so far, now at startProcess: building log message
08-19 11:49:51.404 I/ActivityManager( 1783): Start proc 4836:com.miui.notification:remote/1000 for service {com.miui.notification/com.miui.notification.NotificationListener} caller=android
08-19 11:49:51.404 W/ActivityManager( 1783): Slow operation: 680ms so far, now at startProcess: starting to update pids map
08-19 11:49:51.404 W/ActivityManager( 1783): Slow operation: 680ms so far, now at startProcess: done updating pids map
08-19 11:49:51.405 W/ActivityManager( 1783): Slow operation: 661ms so far, now at startProcess: asking zygote to start proc
08-19 11:49:51.414 W/StorageManagerService( 1783): Reporting emulated;0 unmounted due to system locked
08-19 11:49:51.426 W/StorageManagerService( 1783): Reporting emulated;0 unmounted due to system locked
08-19 11:49:51.427 W/StorageManagerService( 1783): Reporting emulated;0 unmounted due to system locked
08-19 11:49:51.429 W/StorageManagerService( 1783): Reporting emulated;0 unmounted due to system locked
08-19 11:49:51.430 W/StorageManagerService( 1783): Reporting emulated;0 unmounted due to system locked
08-19 11:49:51.430 W/StorageManagerService( 1783): Reporting emulated;0 unmounted due to system locked
08-19 11:49:51.434 I/chatty  ( 1783): uid=1000(system) Binder:1783_11 identical 1 line
08-19 11:49:51.441 W/StorageManagerService( 1783): Reporting emulated;0 unmounted due to system locked
08-19 11:49:51.441 W/ActivityManager( 1783): Slow operation: 698ms so far, now at startProcess: returned from zygote!
08-19 11:49:51.442 W/ActivityManager( 1783): Slow operation: 698ms so far, now at startProcess: done updating battery stats
08-19 11:49:51.442 W/ActivityManager( 1783): Slow operation: 698ms so far, now at startProcess: building log message
08-19 11:49:51.442 I/ActivityManager( 1783): Start proc 4878:com.android.printspooler/u0a116 for service {com.android.printspooler/com.android.printspooler.model.PrintSpoolerService} caller=android
08-19 11:49:51.442 W/ActivityManager( 1783): Slow operation: 698ms so far, now at startProcess: starting to update pids map
08-19 11:49:51.443 W/ActivityManager( 1783): Slow operation: 699ms so far, now at startProcess: done updating pids map
08-19 11:49:51.443 W/ActivityManager( 1783): Slow operation: 559ms so far, now at startProcess: asking zygote to start proc
08-19 11:49:51.462 W/ActivityManager( 1783): Slow operation: 578ms so far, now at startProcess: returned from zygote!
08-19 11:49:51.465 W/StorageManagerService( 1783): Reporting emulated;0 unmounted due to system locked
08-19 11:49:51.466 W/ActivityManager( 1783): Slow operation: 582ms so far, now at startProcess: done updating battery stats
08-19 11:49:51.466 W/ActivityManager( 1783): Slow operation: 583ms so far, now at startProcess: building log message
08-19 11:49:51.466 I/ActivityManager( 1783): Start proc 4911:com.android.camera/u0a93 for content provider {com.android.camera/com.android.camera.provider.SplashProvider} caller=com.android.systemui
08-19 11:49:51.466 W/ActivityManager( 1783): Slow operation: 583ms so far, now at startProcess: starting to update pids map
08-19 11:49:51.466 W/ActivityManager( 1783): Slow operation: 583ms so far, now at startProcess: done updating pids map
08-19 11:49:51.466 W/ActivityManager( 1783): Slow operation: 372ms so far, now at startProcess: asking zygote to start proc
08-19 11:49:51.478 W/ActivityManager( 1783): Slow operation: 383ms so far, now at startProcess: returned from zygote!
08-19 11:49:51.483 W/ActivityManager( 1783): Slow operation: 388ms so far, now at startProcess: done updating battery stats
08-19 11:49:51.483 W/ActivityManager( 1783): Slow operation: 389ms so far, now at startProcess: building log message
08-19 11:49:51.483 I/ActivityManager( 1783): Start proc 4932:com.tencent.mtt/u0a252 for content provider {com.tencent.mtt/com.tencent.mtt.base.stat.StatServer} caller=com.tencent.mtt
08-19 11:49:51.483 W/ActivityManager( 1783): Slow operation: 389ms so far, now at startProcess: starting to update pids map
08-19 11:49:51.484 W/ActivityManager( 1783): Slow operation: 389ms so far, now at startProcess: done updating pids map
08-19 11:49:51.484 W/ActivityManager( 1783): Slow operation: 367ms so far, now at startProcess: asking zygote to start proc
08-19 11:49:51.614 W/ContextImpl( 1783): Calling a method in the system process without a qualified user: android.app.ContextImpl.sendBroadcast:1121 miui.security.SecurityManagerCompat.sendSetBootAlarm:158 miui.security.SecurityManagerCompat.writeQcomBootTime:117 miui.security.SecurityManagerCompat.writeBootTime:75 com.miui.server.SecurityManagerService$SecurityWriteHandler.handleMessage:363 
08-19 11:49:51.624 W/ContextImpl( 1783): Calling a method in the system process without a qualified user: android.app.ContextImpl.sendBroadcast:1121 miui.security.SecurityManagerCompat.sendCancelBootAlarm:149 miui.security.SecurityManagerCompat.writeQcomBootTime:119 miui.security.SecurityManagerCompat.writeBootTime:75 com.miui.server.SecurityManagerService$SecurityWriteHandler.handleMessage:363 
08-19 11:49:51.627 I/ActivityManager( 1783): Start proc 5080:com.miui.miservice/u0a91 for broadcast {com.miui.miservice/com.miui.miservice.push.MiServiceReceiver} caller=null
08-19 11:49:51.634 E/ActivityThread( 3982): Failed to find provider info for com.miui.voicetrigger.butter.commandprovider
08-19 11:49:51.635 E/ActivityThread( 3982): Failed to find provider info for com.miui.voicetrigger.butter.commandprovider
08-19 11:49:51.656 I/Telecom ( 1783): PhoneAccountRegistrar: Modify account: [ComponentInfo{com.android.phone/com.android.services.telephony.TelephonyConnectionService}, ***, UserHandle{0}]: TSI.rPA@AJY
08-19 11:49:51.657 I/Telecom ( 1783): MiuiCallsManager: handlePhoneAccountChanged: phoneAccount=[[X] PhoneAccount: ComponentInfo{com.android.phone/com.android.services.telephony.TelephonyConnectionService}, ***, UserHandle{0} Capabilities: SuppVideo Video CallProvider MultiUser PlaceEmerg SimSub AdhocConf Audio Routes: BESW Schemes: tel voicemail  Extras: Bundle[{android.telecom.extra.SUPPORTS_VIDEO_CALLING_FALLBACK=true, android.telecom.extra.SORT_ORDER=0}] GroupId: ***]: TSI.rPA@AJY
08-19 11:49:51.807 I/Nat464Xlat( 1783): Android Xlat is disabled
08-19 11:49:51.807 I/Nat464Xlat( 1783): Android Xlat is disabled
08-19 11:49:51.824 W/Looper  ( 3549): PerfMonitor longMsg : seq=29 plan=11:49:50.643 late=32ms wall=1148ms running=27ms runnable=147ms io=17ms binder=29ms h=android.app.ActivityThread$H w=121 procState=5
08-19 11:49:51.829 E/LoadedApk( 5080): Unable to instantiate appComponentFactory
08-19 11:49:51.829 E/LoadedApk( 5080): java.lang.ClassNotFoundException: Didn't find class "androidx.core.app.CoreComponentFactory" on path: DexPathList[[zip file "/system/priv-app/MiService/MiService.apk"],nativeLibraryDirectories=[/system/priv-app/MiService/lib/arm, /system/priv-app/MiService/MiService.apk!/lib/armeabi, /system/lib, /system_ext/lib, /system/lib, /system_ext/lib]]
08-19 11:49:51.829 E/LoadedApk( 5080): 	at dalvik.system.BaseDexClassLoader.findClass(BaseDexClassLoader.java:207)
08-19 11:49:51.829 E/LoadedApk( 5080): 	at java.lang.ClassLoader.loadClass(ClassLoader.java:379)
08-19 11:49:51.829 E/LoadedApk( 5080): 	at java.lang.ClassLoader.loadClass(ClassLoader.java:312)
08-19 11:49:51.829 E/LoadedApk( 5080): 	at android.app.LoadedApk.createAppFactory(LoadedApk.java:262)
08-19 11:49:51.829 E/LoadedApk( 5080): 	at android.app.LoadedApk.createOrUpdateClassLoaderLocked(LoadedApk.java:907)
08-19 11:49:51.829 E/LoadedApk( 5080): 	at android.app.LoadedApk.getClassLoader(LoadedApk.java:960)
08-19 11:49:51.829 E/LoadedApk( 5080): 	at android.app.LoadedApk.getResources(LoadedApk.java:1192)
08-19 11:49:51.829 E/LoadedApk( 5080): 	at android.app.ContextImpl.createAppContext(ContextImpl.java:2671)
08-19 11:49:51.829 E/LoadedApk( 5080): 	at android.app.ContextImpl.createAppContext(ContextImpl.java:2663)
08-19 11:49:51.829 E/LoadedApk( 5080): 	at android.app.ActivityThread.handleBindApplication(ActivityThread.java:6847)
08-19 11:49:51.829 E/LoadedApk( 5080): 	at android.app.ActivityThread.access$1500(ActivityThread.java:257)
08-19 11:49:51.829 E/LoadedApk( 5080): 	at android.app.ActivityThread$H.handleMessage(ActivityThread.java:1982)
08-19 11:49:51.829 E/LoadedApk( 5080): 	at android.os.Handler.dispatchMessage(Handler.java:106)
08-19 11:49:51.829 E/LoadedApk( 5080): 	at android.os.Looper.loop(Looper.java:236)
08-19 11:49:51.829 E/LoadedApk( 5080): 	at android.app.ActivityThread.main(ActivityThread.java:8057)
08-19 11:49:51.829 E/LoadedApk( 5080): 	at java.lang.reflect.Method.invoke(Native Method)
08-19 11:49:51.829 E/LoadedApk( 5080): 	at com.android.internal.os.RuntimeInit$MethodAndArgsCaller.run(RuntimeInit.java:656)
08-19 11:49:51.829 E/LoadedApk( 5080): 	at com.android.internal.os.ZygoteInit.main(ZygoteInit.java:967)
08-19 11:49:51.840 W/ContextImpl( 1783): Calling a method in the system process without a qualified user: android.app.ContextImpl.sendBroadcast:1136 android.content.ContextWrapper.sendBroadcast:484 com.android.server.wifi.ClientModeImplInjector.sendDigestInfoBroadcast:53 com.android.server.wifi.ClientModeImpl.sendNetworkChangeBroadcast:2865 com.android.server.wifi.ClientModeImpl.sendConnectedState:5679 
08-19 11:49:51.844 W/DnsManager( 1783): updatePrivateDns(100, PrivateDnsConfig{false:/[]})
08-19 11:49:51.852 W/StorageManagerService( 1783): Reporting emulated;0 unmounted due to system locked
08-19 11:49:51.862 W/StorageManagerService( 1783): Reporting emulated;0 unmounted due to system locked
08-19 11:49:51.885 W/Looper  ( 4103): PerfMonitor longMsg : seq=2 plan=11:49:50.709 late=1ms wall=1174ms running=72ms runnable=389ms io=57ms binder=140ms h=android.app.ActivityThread$H w=110 procState=0
08-19 11:49:51.885 I/Nat464Xlat( 1783): Android Xlat is disabled
08-19 11:49:51.885 I/Nat464Xlat( 1783): Android Xlat is disabled
08-19 11:49:51.894 W/BpBinder( 3938): PerfMonitor binderTransact :  time=790ms interface=android.app.IActivityManager code=22
08-19 11:49:51.894 W/BpBinder( 3938): PerfMonitor binderTransact :  time=801ms interface=android.app.IActivityManager code=22
08-19 11:49:51.903 E/NetlinkEvent(  781): NetlinkEvent::FindParam(): Parameter 'INTERFACE' not found
08-19 11:49:51.903 E/NetlinkEvent(  781): NetlinkEvent::FindParam(): Parameter 'STATE' not found
08-19 11:49:51.903 E/NetlinkEvent(  781): NetlinkEvent::FindParam(): Parameter 'TIME_NS' not found
08-19 11:49:51.903 E/NetlinkEvent(  781): NetlinkEvent::FindParam(): Parameter 'UID' not found
08-19 11:49:51.943 W/BpBinder( 2677): PerfMonitor binderTransact :  time=410ms interface=android.content.IContentProvider code=21
08-19 11:49:51.962 I/ActivityManagerServiceInjector( 1783): getAppStartMode cp=com.xiaomi.xmsf uid=10160 flag=1
08-19 11:49:51.970 W/StorageManagerService( 1783): Reporting emulated;0 unmounted due to system locked
08-19 11:49:51.971 E/BatteryExternalStatsWorker( 1783): modem info is invalid: null
08-19 11:49:51.971 W/StorageManagerService( 1783): Reporting emulated;0 unmounted due to system locked
08-19 11:49:52.037 W/ActivityManager( 1783): Background start not allowed: service Intent { act=com.tencent.mtt.service.ACTION_DEFAULT cmp=com.tencent.mtt/.browser.push.service.PushRemoteService } to com.tencent.mtt/.browser.push.service.PushRemoteService from pid=3938 uid=10252 pkg=com.tencent.mtt startFg?=false
08-19 11:49:52.059 W/StorageManagerService( 1783): Reporting emulated;0 unmounted due to system locked
08-19 11:49:52.063 W/StorageManagerService( 1783): Reporting emulated;0 unmounted due to system locked
08-19 11:49:52.064 W/StorageManagerService( 1783): Reporting emulated;0 unmounted due to system locked
08-19 11:49:52.071 W/StorageManagerService( 1783): Reporting emulated;0 unmounted due to system locked
08-19 11:49:52.076 W/StorageManagerService( 1783): Reporting emulated;0 unmounted due to system locked
08-19 11:49:52.076 W/StorageManagerService( 1783): Reporting emulated;0 unmounted due to system locked
08-19 11:49:52.077 W/StorageManagerService( 1783): Reporting emulated;0 unmounted due to system locked
08-19 11:49:52.080 W/StorageManagerService( 1783): Reporting emulated;0 unmounted due to system locked
08-19 11:49:52.088 W/StorageManagerService( 1783): Reporting emulated;0 unmounted due to system locked
08-19 11:49:52.100 W/StorageManagerService( 1783): Reporting emulated;0 unmounted due to system locked
08-19 11:49:52.104 W/StorageManagerService( 1783): Reporting emulated;0 unmounted due to system locked
08-19 11:49:52.112 W/StorageManagerService( 1783): Reporting emulated;0 unmounted due to system locked
08-19 11:49:52.152 W/StorageManagerService( 1783): Reporting emulated;0 unmounted due to system locked
08-19 11:49:52.152 W/StorageManagerService( 1783): Reporting emulated;0 unmounted due to system locked
08-19 11:49:52.154 W/StorageManagerService( 1783): Reporting emulated;0 unmounted due to system locked
08-19 11:49:52.154 W/StorageManagerService( 1783): Reporting emulated;0 unmounted due to system locked
08-19 11:49:52.155 W/StorageManagerService( 1783): Reporting emulated;0 unmounted due to system locked
08-19 11:49:52.157 W/StorageManagerService( 1783): Reporting emulated;0 unmounted due to system locked
08-19 11:49:52.159 W/BluetoothManagerService( 1783): bindBluetoothProfileService:Trying to bind to profile: 1, while Bluetooth is disabled
08-19 11:49:52.164 W/StorageManagerService( 1783): Reporting emulated;0 unmounted due to system locked
08-19 11:49:52.169 W/StorageManagerService( 1783): Reporting emulated;0 unmounted due to system locked
08-19 11:49:52.174 W/StorageManagerService( 1783): Reporting emulated;0 unmounted due to system locked
08-19 11:49:52.175 W/StorageManagerService( 1783): Reporting emulated;0 unmounted due to system locked
08-19 11:49:52.176 W/StorageManagerService( 1783): Reporting emulated;0 unmounted due to system locked
08-19 11:49:52.176 W/NotificationHistory( 1783): Attempted to add notif for locked/gone/disabled user 0
08-19 11:49:52.177 W/StorageManagerService( 1783): Reporting emulated;0 unmounted due to system locked
08-19 11:49:52.177 W/StorageManagerService( 1783): Reporting emulated;0 unmounted due to system locked
08-19 11:49:52.178 W/StorageManagerService( 1783): Reporting emulated;0 unmounted due to system locked
08-19 11:49:52.179 W/StorageManagerService( 1783): Reporting emulated;0 unmounted due to system locked
08-19 11:49:52.179 W/StorageManagerService( 1783): Reporting emulated;0 unmounted due to system locked
08-19 11:49:52.189 W/BpBinder( 3002): PerfMonitor binderTransact :  time=1073ms interface=android.app.IActivityManager code=22
08-19 11:49:52.190 W/BpBinder( 4643): PerfMonitor binderTransact :  time=237ms interface=android.app.IActivityManager code=22
08-19 11:49:52.190 W/BpBinder( 2677): PerfMonitor binderTransact :  time=994ms interface=android.app.IActivityManager code=22
08-19 11:49:52.191 W/StorageManagerService( 1783): Reporting emulated;0 unmounted due to system locked
08-19 11:49:52.221 W/StorageManagerService( 1783): Reporting emulated;0 unmounted due to system locked
08-19 11:49:52.251 W/StorageManagerService( 1783): Reporting emulated;0 unmounted due to system locked
08-19 11:49:52.254 I/ActivityManager( 1783): Start proc 5481:com.miui.notification/1000 for service {com.miui.notification/androidx.room.MultiInstanceInvalidationService} caller=com.miui.notification enableBoost=true
08-19 11:49:52.263 W/StorageManagerService( 1783): Reporting emulated;0 unmounted due to system locked
08-19 11:49:52.270 W/StorageManagerService( 1783): Reporting emulated;0 unmounted due to system locked
08-19 11:49:52.277 W/NotificationHistory( 1783): Attempted to add notif for locked/gone/disabled user 0
08-19 11:49:52.277 W/StorageManagerService( 1783): Reporting emulated;0 unmounted due to system locked
08-19 11:49:52.287 W/StorageManagerService( 1783): Reporting emulated;0 unmounted due to system locked
08-19 11:49:52.312 W/StorageManagerService( 1783): Reporting emulated;0 unmounted due to system locked
08-19 11:49:52.313 W/StorageManagerService( 1783): Reporting emulated;0 unmounted due to system locked
08-19 11:49:52.315 I/ActivityManager( 1783): Start proc 5523:com.google.process.gapps/u0a189 for content provider {com.google.android.gsf/com.google.android.gsf.settings.GoogleSettingsProvider} caller=com.google.android.gms
08-19 11:49:52.333 W/StorageManagerService( 1783): Reporting emulated;0 unmounted due to system locked
08-19 11:49:52.340 W/StorageManagerService( 1783): Reporting emulated;0 unmounted due to system locked
08-19 11:49:52.344 E/LoadedApk( 5481): Unable to instantiate appComponentFactory
08-19 11:49:52.344 E/LoadedApk( 5481): java.lang.ClassNotFoundException: Didn't find class "androidx.core.app.CoreComponentFactory" on path: DexPathList[[zip file "/system/app/NotificationCenter/NotificationCenter.apk"],nativeLibraryDirectories=[/system/app/NotificationCenter/lib/arm64, /system/app/NotificationCenter/NotificationCenter.apk!/lib/arm64-v8a, /system/lib64, /system_ext/lib64, /system/lib64, /system_ext/lib64]]
08-19 11:49:52.344 E/LoadedApk( 5481): 	at dalvik.system.BaseDexClassLoader.findClass(BaseDexClassLoader.java:207)
08-19 11:49:52.344 E/LoadedApk( 5481): 	at java.lang.ClassLoader.loadClass(ClassLoader.java:379)
08-19 11:49:52.344 E/LoadedApk( 5481): 	at java.lang.ClassLoader.loadClass(ClassLoader.java:312)
08-19 11:49:52.344 E/LoadedApk( 5481): 	at android.app.LoadedApk.createAppFactory(LoadedApk.java:262)
08-19 11:49:52.344 E/LoadedApk( 5481): 	at android.app.LoadedApk.createOrUpdateClassLoaderLocked(LoadedApk.java:907)
08-19 11:49:52.344 E/LoadedApk( 5481): 	at android.app.LoadedApk.getClassLoader(LoadedApk.java:960)
08-19 11:49:52.344 E/LoadedApk( 5481): 	at android.app.LoadedApk.getResources(LoadedApk.java:1192)
08-19 11:49:52.344 E/LoadedApk( 5481): 	at android.app.ContextImpl.createAppContext(ContextImpl.java:2671)
08-19 11:49:52.344 E/LoadedApk( 5481): 	at android.app.ContextImpl.createAppContext(ContextImpl.java:2663)
08-19 11:49:52.344 E/LoadedApk( 5481): 	at android.app.ActivityThread.handleBindApplication(ActivityThread.java:6847)
08-19 11:49:52.344 E/LoadedApk( 5481): 	at android.app.ActivityThread.access$1500(ActivityThread.java:257)
08-19 11:49:52.344 E/LoadedApk( 5481): 	at android.app.ActivityThread$H.handleMessage(ActivityThread.java:1982)
08-19 11:49:52.344 E/LoadedApk( 5481): 	at android.os.Handler.dispatchMessage(Handler.java:106)
08-19 11:49:52.344 E/LoadedApk( 5481): 	at android.os.Looper.loop(Looper.java:236)
08-19 11:49:52.344 E/LoadedApk( 5481): 	at android.app.ActivityThread.main(ActivityThread.java:8057)
08-19 11:49:52.344 E/LoadedApk( 5481): 	at java.lang.reflect.Method.invoke(Native Method)
08-19 11:49:52.344 E/LoadedApk( 5481): 	at com.android.internal.os.RuntimeInit$MethodAndArgsCaller.run(RuntimeInit.java:656)
08-19 11:49:52.344 E/LoadedApk( 5481): 	at com.android.internal.os.ZygoteInit.main(ZygoteInit.java:967)
08-19 11:49:52.351 W/BpBinder(  644): PerfMonitor binderTransact :  time=1865ms interface=android.os.IVoldMountCallback code=1
08-19 11:49:52.351 I/vold    (  644): Bind mounting /mnt/runtime/default/emulated/0/Android/data on /mnt/user/0/emulated/0/Android/data
08-19 11:49:52.354 W/StorageManagerService( 1783): Reporting emulated;0 unmounted due to system locked
08-19 11:49:52.358 I/ActivityManager( 1783): Start proc 5565:com.xiaomi.misettings/1000 for broadcast {com.xiaomi.misettings/com.xiaomi.misettings.usagestats.AppTimerReceiver} caller=null
08-19 11:49:52.363 W/BroadcastQueue( 1783): Permission Denial: broadcasting Intent { act=android.net.conn.CONNECTIVITY_CHANGE flg=0x4200010 (has extras) } from null (pid=-1, uid=-1) requires com.tencent.mtt.broadcast due to registered receiver BroadcastFilter{6d1083c 10252/u0 ReceiverList{adafa2f 3938 com.tencent.mtt:service/10252/u0 remote:67c800e}}
08-19 11:49:52.369 I/vold    (  644): Bind mounted /mnt/runtime/default/emulated/0/Android/data on /mnt/user/0/emulated/0/Android/data
08-19 11:49:52.369 I/vold    (  644): Bind mounting /mnt/runtime/default/emulated/0/Android/obb on /mnt/user/0/emulated/0/Android/obb
08-19 11:49:52.370 W/Looper  ( 3938): PerfMonitor longMsg : seq=2 plan=11:49:50.511 late=1ms wall=1858ms running=167ms runnable=287ms io=230ms binder=1031ms h=android.app.ActivityThread$H w=110 procState=8
08-19 11:49:52.370 I/vold    (  644): Bind mounted /mnt/runtime/default/emulated/0/Android/obb on /mnt/user/0/emulated/0/Android/obb
08-19 11:49:52.370 I/vold    (  644): Bind mounting /mnt/runtime/write/emulated/0/Android/obb on /mnt/installer/0/emulated/0/Android/obb
08-19 11:49:52.385 I/vold    (  644): Bind mounted /mnt/runtime/write/emulated/0/Android/obb on /mnt/installer/0/emulated/0/Android/obb
08-19 11:49:52.385 I/vold    (  644): Configuring read_ahead of /mnt/user/0/emulated fuse filesystem to 256kb
08-19 11:49:52.385 I/vold    (  644): Writing 256 to /sys/class/bdi/0:61/read_ahead_kb
08-19 11:49:52.385 I/vold    (  644): Configuring max_ratio of /mnt/user/0/emulated fuse filesystem to 40
08-19 11:49:52.385 I/vold    (  644): Writing 40 to /sys/class/bdi/0:61/max_ratio
08-19 11:49:52.386 W/BpBinder( 1783): PerfMonitor binderTransact :  time=1963ms interface=android.os.IVold code=15
08-19 11:49:52.389 I/StorageManagerService( 1783): Mounted volume VolumeInfo{emulated;0}:
08-19 11:49:52.389 I/StorageManagerService( 1783):     type=EMULATED diskId=null partGuid= mountFlags=PRIMARY|VISIBLE 
08-19 11:49:52.389 I/StorageManagerService( 1783):     mountUserId=0 state=MOUNTED 
08-19 11:49:52.389 I/StorageManagerService( 1783):     fsType=null fsUuid=null fsLabel=null 
08-19 11:49:52.389 I/StorageManagerService( 1783):     path=/storage/emulated internalPath=/data/media 
08-19 11:49:52.389 I/StorageSessionController( 1783): Notifying volume state changed for session with id: emulated;0
08-19 11:49:52.390 W/StorageManagerService( 1783): Reporting emulated;0 unmounted due to system locked
08-19 11:49:52.438 W/StorageManagerService( 1783): Reporting emulated;0 unmounted due to system locked
08-19 11:49:52.492 W/NotificationHistory( 1783): Attempted to add notif for locked/gone/disabled user 0
08-19 11:49:52.503 I/ActivityManager( 1783): Start proc 5660:com.lbe.security.miui/u0a89 for service {com.lbe.security.miui/com.lbe.security.service.SecurityService} caller=com.miui.securitycenter
08-19 11:49:52.552 E/PreinstallApp( 1783): Error occurs while read preinstalled channels java.io.FileNotFoundException: /cust/cust/cn_chinatelecom/recommended_channellist: open failed: ENOENT (No such file or directory)
08-19 11:49:52.552 E/PreinstallApp( 1783): Error occurs while read preinstalled channels java.io.FileNotFoundException: /cust/cust/cn_chinatelecom/ota_recommended_channellist: open failed: ENOENT (No such file or directory)
08-19 11:49:52.558 W/BpBinder( 3549): PerfMonitor binderTransact :  time=274ms interface=android.app.IActivityManager code=22
08-19 11:49:52.560 W/BpBinder( 2677): PerfMonitor binderTransact :  time=322ms interface=com.xiaomi.xmsf.push.service.IHttpService code=1
08-19 11:49:52.572 W/StorageManagerService( 1783): Reporting emulated;0 unmounted due to system locked
08-19 11:49:52.573 W/StorageManagerService( 1783): Reporting emulated;0 unmounted due to system locked
08-19 11:49:52.577 W/StorageManagerService( 1783): Reporting emulated;0 unmounted due to system locked
08-19 11:49:52.595 W/StorageManagerService( 1783): Reporting emulated;0 unmounted due to system locked
08-19 11:49:52.599 W/StorageManagerService( 1783): Reporting emulated;0 unmounted due to system locked
08-19 11:49:52.653 W/Looper  ( 4989): PerfMonitor longMsg : seq=2 plan=11:49:51.631 late=0ms wall=1022ms running=164ms runnable=421ms io=105ms binder=359ms h=android.app.ActivityThread$H w=110 procState=3
08-19 11:49:52.662 W/StorageManagerService( 1783): Reporting emulated;0 unmounted due to system locked
08-19 11:49:52.680 W/StorageManagerService( 1783): Reporting emulated;0 unmounted due to system locked
08-19 11:49:52.689 W/StorageManagerService( 1783): Reporting emulated;0 unmounted due to system locked
08-19 11:49:52.693 W/StorageManagerService( 1783): Reporting emulated;0 unmounted due to system locked
08-19 11:49:52.695 W/StorageManagerService( 1783): Reporting emulated;0 unmounted due to system locked
08-19 11:49:52.696 W/BpBinder( 1783): PerfMonitor binderTransact :  time=306ms interface=android.os.IInstalld code=48
08-19 11:49:52.698 I/StorageSessionController( 1783): Notifying volume state changed for session with id: emulated;0
08-19 11:49:52.807 W/NetworkPolicy( 1783): setRestrictBackgroundUL: already false
