08-19 11:50:42.079 I/ActivityManager( 1783): Start proc 9247:com.xiaomi.misettings/1000 for content provider {com.xiaomi.misettings/com.xiaomi.misettings.usagestats.dataprovider.ScreenTimeContentProvider} caller=com.android.systemui
08-19 11:50:42.088 W/UriGrantsManagerService( 1783): For security reasons, the system cannot issue a Uri permission grant to content://com.miui.networkassistant.fileprovider/res/tmp_bill0.png [user 0]; use startActivityAsCaller() instead
08-19 11:50:42.104 I/ActivityManager( 1783): Start proc 9264:com.mi.health/u0a232 for content provider {com.mi.health/services.dataProvider.DataContentProvider} caller=com.android.systemui
08-19 11:50:42.124 I/ActivityManager( 1783): Start proc 9285:com.miui.vsimcore/1001 for content provider {com.miui.vsimcore/com.miui.vsimcore.provider.SettingProvider} caller=com.android.systemui
08-19 11:50:42.190 E/LoadedApk( 9264): Unable to instantiate appComponentFactory
08-19 11:50:42.190 E/LoadedApk( 9264): java.lang.InstantiationException: java.lang.Class<androidx.core.app.CoreComponentFactory> has no zero argument constructor
08-19 11:50:42.190 E/LoadedApk( 9264): 	at java.lang.Class.newInstance(Native Method)
08-19 11:50:42.190 E/LoadedApk( 9264): 	at android.app.LoadedApk.createAppFactory(LoadedApk.java:262)
08-19 11:50:42.190 E/LoadedApk( 9264): 	at android.app.LoadedApk.createOrUpdateClassLoaderLocked(LoadedApk.java:907)
08-19 11:50:42.190 E/LoadedApk( 9264): 	at android.app.LoadedApk.getClassLoader(LoadedApk.java:960)
08-19 11:50:42.190 E/LoadedApk( 9264): 	at android.app.LoadedApk.getResources(LoadedApk.java:1192)
08-19 11:50:42.190 E/LoadedApk( 9264): 	at android.app.ContextImpl.createAppContext(ContextImpl.java:2671)
08-19 11:50:42.190 E/LoadedApk( 9264): 	at android.app.ContextImpl.createAppContext(ContextImpl.java:2663)
08-19 11:50:42.190 E/LoadedApk( 9264): 	at android.app.ActivityThread.handleBindApplication(ActivityThread.java:6847)
08-19 11:50:42.190 E/LoadedApk( 9264): 	at android.app.ActivityThread.access$1500(ActivityThread.java:257)
08-19 11:50:42.190 E/LoadedApk( 9264): 	at android.app.ActivityThread$H.handleMessage(ActivityThread.java:1982)
08-19 11:50:42.190 E/LoadedApk( 9264): 	at android.os.Handler.dispatchMessage(Handler.java:106)
08-19 11:50:42.190 E/LoadedApk( 9264): 	at android.os.Looper.loop(Looper.java:236)
08-19 11:50:42.190 E/LoadedApk( 9264): 	at android.app.ActivityThread.main(ActivityThread.java:8057)
08-19 11:50:42.190 E/LoadedApk( 9264): 	at java.lang.reflect.Method.invoke(Native Method)
08-19 11:50:42.190 E/LoadedApk( 9264): 	at com.android.internal.os.RuntimeInit$MethodAndArgsCaller.run(RuntimeInit.java:656)
08-19 11:50:42.190 E/LoadedApk( 9264): 	at com.android.internal.os.ZygoteInit.main(ZygoteInit.java:967)
08-19 11:50:42.266 W/BpBinder( 2677): PerfMonitor binderTransact :  time=209ms interface=android.app.IActivityManager code=22
08-19 11:50:42.308 I/ActivityManager( 1783): Start proc 9376:com.android.deskclock/u0a173 for content provider {com.android.deskclock/com.android.deskclock.alarm.bedtime.BedtimeProvider} caller=com.mi.health
08-19 11:50:43.440 W/ContextImpl( 1783): Calling a method in the system process without a qualified user: android.app.ContextImpl.sendBroadcast:1121 miui.security.SecurityManagerCompat.sendCancelBootAlarm:149 miui.security.SecurityManagerCompat.writeQcomBootTime:116 miui.security.SecurityManagerCompat.writeBootTime:75 com.miui.server.SecurityManagerService$SecurityWriteHandler.handleMessage:363 
08-19 11:50:43.441 I/ActivityManager( 1783): Killing 8172:com.qualcomm.qti.performancemode/u0a219 (adj 975): empty #25
08-19 11:50:43.443 W/ContextImpl( 1783): Calling a method in the system process without a qualified user: android.app.ContextImpl.sendBroadcast:1121 miui.security.SecurityManagerCompat.sendSetBootAlarm:158 miui.security.SecurityManagerCompat.writeQcomBootTime:117 miui.security.SecurityManagerCompat.writeBootTime:75 com.miui.server.SecurityManagerService$SecurityWriteHandler.handleMessage:363 
08-19 11:50:43.445 W/ContextImpl( 1783): Calling a method in the system process without a qualified user: android.app.ContextImpl.sendBroadcast:1121 miui.security.SecurityManagerCompat.sendCancelBootAlarm:149 miui.security.SecurityManagerCompat.writeQcomBootTime:119 miui.security.SecurityManagerCompat.writeBootTime:75 com.miui.server.SecurityManagerService$SecurityWriteHandler.handleMessage:363 
08-19 11:50:43.459 I/ActivityManager( 1783): Start proc 9426:com.qualcomm.qti.poweroffalarm/u0a190 for broadcast {com.qualcomm.qti.poweroffalarm/com.qualcomm.qti.poweroffalarm.PowerOffAlarmBroadcastReceiver} caller=android
08-19 11:50:43.509 I/ActivityManager( 1783): Killing 8198:com.xiaomi.market:guard/u0a124 (adj 985): empty #25
08-19 11:50:44.456 W/ContextImpl( 1783): Calling a method in the system process without a qualified user: android.app.ContextImpl.bindService:1758 com.miui.server.WMServiceConnection.bind:59 com.miui.server.WMServiceConnection.access$100:16 com.miui.server.WMServiceConnection$1.run:47 android.os.Handler.handleCallback:938 
08-19 11:50:44.473 I/ActivityManager( 1783): Start proc 9471:com.miui.wmsvc/1000 for service {com.miui.wmsvc/com.miui.wmsvc.WMService} caller=android
08-19 11:50:44.858 W/EventThreadInspector( 1001): PerfMonitor eventThread : avg=31ms max=31ms state=VSync threadName=app displayId=19260718211101825 count=1
08-19 11:50:50.315 I/Timeline( 3002): Timeline: Activity_launch_request time:77195
08-19 11:50:50.318 I/ActivityTaskManager( 1783): START u0 {act=android.intent.action.MAIN cat=[android.intent.category.LAUNCHER] flg=0x10200000 cmp=com.miui.virtualsim/.ui.MainActivity bnds=[719,1470][887,1638] (has extras)} from uid 10103
08-19 11:50:50.344 W/SchedBoost( 1783): SchedBoost begin: proc: 3002/3147, mode: 1 aff:[4, 5, 6]
08-19 11:50:50.345 I/ActivityManager( 1783): Start proc 9562:com.miui.virtualsim/u0a263 for pre-top-activity {com.miui.virtualsim/com.miui.virtualsim.ui.MainActivity} caller=com.miui.home
08-19 11:50:50.385 I/Timeline( 1783): Timeline: App_transition_ready time:77266
08-19 11:50:50.385 W/SchedBoost( 1783): SchedBoost continue: proc: 3002/3147
08-19 11:50:50.551 I/ActivityManager( 1783): Start proc 9604:com.android.quicksearchbox/u0a78 for content provider {com.android.quicksearchbox/com.android.quicksearchbox.xiaomi.XiaomiSuggestionProvider} caller=com.miui.home
08-19 11:50:50.680 I/ActivityTaskManager( 1783): START u0 {act=miui.intent.action.SYSTEM_PERMISSION_DECLARE pkg=com.miui.securitycenter cmp=com.miui.securitycenter/com.miui.permcenter.permissions.SystemAppPermissionDialogActivity (has extras)} from uid 10263
08-19 11:50:50.697 I/ActivityManager( 1783): Start proc 9637:com.miui.securitycenter/1000 for pre-top-activity {com.miui.securitycenter/com.miui.permcenter.permissions.SystemAppPermissionDialogActivity} caller=com.miui.virtualsim
08-19 11:50:50.716 I/Timeline( 1783): Timeline: App_transition_ready time:77596
08-19 11:50:50.734 E/LoadedApk( 9637): Unable to instantiate appComponentFactory
08-19 11:50:50.734 E/LoadedApk( 9637): java.lang.ClassNotFoundException: Didn't find class "androidx.core.app.CoreComponentFactory" on path: DexPathList[[zip file "/system/priv-app/SecurityCenter/SecurityCenter.apk"],nativeLibraryDirectories=[/system/priv-app/SecurityCenter/lib/arm64, /system/priv-app/SecurityCenter/SecurityCenter.apk!/lib/arm64-v8a, /system/lib64, /system_ext/lib64, /system/priv-app/RtMiCloudSDK/RtMiCloudSDK.apk!/lib/arm64-v8a, /system/lib64, /system_ext/lib64]]
08-19 11:50:50.734 E/LoadedApk( 9637): 	at dalvik.system.BaseDexClassLoader.findClass(BaseDexClassLoader.java:207)
08-19 11:50:50.734 E/LoadedApk( 9637): 	at java.lang.ClassLoader.loadClass(ClassLoader.java:379)
08-19 11:50:50.734 E/LoadedApk( 9637): 	at java.lang.ClassLoader.loadClass(ClassLoader.java:312)
08-19 11:50:50.734 E/LoadedApk( 9637): 	at android.app.LoadedApk.createAppFactory(LoadedApk.java:262)
08-19 11:50:50.734 E/LoadedApk( 9637): 	at android.app.LoadedApk.createOrUpdateClassLoaderLocked(LoadedApk.java:907)
08-19 11:50:50.734 E/LoadedApk( 9637): 	at android.app.LoadedApk.getClassLoader(LoadedApk.java:960)
08-19 11:50:50.734 E/LoadedApk( 9637): 	at android.app.LoadedApk.getResources(LoadedApk.java:1192)
08-19 11:50:50.734 E/LoadedApk( 9637): 	at android.app.ContextImpl.createAppContext(ContextImpl.java:2671)
08-19 11:50:50.734 E/LoadedApk( 9637): 	at android.app.ContextImpl.createAppContext(ContextImpl.java:2663)
08-19 11:50:50.734 E/LoadedApk( 9637): 	at android.app.ActivityThread.handleBindApplication(ActivityThread.java:6847)
08-19 11:50:50.734 E/LoadedApk( 9637): 	at android.app.ActivityThread.access$1500(ActivityThread.java:257)
08-19 11:50:50.734 E/LoadedApk( 9637): 	at android.app.ActivityThread$H.handleMessage(ActivityThread.java:1982)
08-19 11:50:50.734 E/LoadedApk( 9637): 	at android.os.Handler.dispatchMessage(Handler.java:106)
08-19 11:50:50.734 E/LoadedApk( 9637): 	at android.os.Looper.loop(Looper.java:236)
08-19 11:50:50.734 E/LoadedApk( 9637): 	at android.app.ActivityThread.main(ActivityThread.java:8057)
08-19 11:50:50.734 E/LoadedApk( 9637): 	at java.lang.reflect.Method.invoke(Native Method)
08-19 11:50:50.734 E/LoadedApk( 9637): 	at com.android.internal.os.RuntimeInit$MethodAndArgsCaller.run(RuntimeInit.java:656)
08-19 11:50:50.734 E/LoadedApk( 9637): 	at com.android.internal.os.ZygoteInit.main(ZygoteInit.java:967)
08-19 11:50:50.807 I/Timeline( 1783): Timeline: App_transition_ready time:77687
08-19 11:50:50.809 I/Timeline( 1783): Timeline: App_transition_ready time:77689
08-19 11:50:50.844 I/Timeline( 1783): Timeline: App_transition_ready time:77724
08-19 11:50:50.873 I/Timeline( 1783): Timeline: App_transition_ready time:77753
08-19 11:50:50.886 W/SchedBoost( 1783): SchedBoost end: proc: 3002/3147 542 aff:[0, 1, 2, 3, 4, 5, 6, 7]
08-19 11:50:50.895 I/Timeline( 1783): Timeline: App_transition_ready time:77775
08-19 11:50:50.897 I/Timeline( 1783): Timeline: App_transition_ready time:77777
08-19 11:50:50.921 I/Timeline( 1783): Timeline: Activity_windows_visible id: ActivityRecord{c0b3103 u0 com.miui.virtualsim/.ui.MainActivity t93} time:77802
08-19 11:50:50.923 I/Timeline( 1783): Timeline: Activity_windows_visible id: ActivityRecord{31032ee u0 com.miui.securitycenter/com.miui.permcenter.permissions.SystemAppPermissionDialogActivity t93} time:77803
08-19 11:50:50.923 I/Timeline( 1783): Timeline: App_transition_stopped time:77803
08-19 11:50:51.958 I/Timeline( 1783): Timeline: App_transition_ready time:78839
08-19 11:50:51.966 I/ActivityTaskManager( 1783): START u0 {cmp=com.miui.virtualsim/.ui.MainActivity (has extras)} from uid 10263
08-19 11:50:51.972 I/ActivityManager( 1783): Killing 8288:com.xiaomi.account:accountservice/u0a170 (adj 975): empty #25
08-19 11:50:51.981 I/ActivityTaskManager( 1783): The Process com.miui.virtualsim Already Exists in BG. So sending its PID: 9562
08-19 11:50:51.981 W/ActivityTaskManager( 1783): Tried to set launchTime (0) < mLastActivityLaunchTime (77244)
08-19 11:50:51.984 I/Timeline( 1783): Timeline: App_transition_ready time:78864
08-19 11:50:51.986 I/Timeline( 1783): Timeline: App_transition_ready time:78867
08-19 11:50:51.989 W/ActivityTaskManager( 1783): Duplicate finish request for r=ActivityRecord{c0b3103 u0 com.miui.virtualsim/.ui.MainActivity t93 f}}
08-19 11:50:52.028 I/ActivityManager( 1783): Start proc 9742:com.xiaomi.account:accountservice/u0a170 for service {com.xiaomi.account/com.xiaomi.account.authenticator.XmAuthenticationService} caller=android
08-19 11:50:52.046 I/Timeline( 1783): Timeline: App_transition_ready time:78926
08-19 11:50:52.061 W/ActivityManager( 1783): Foreground service started from background can not have location/camera/microphone access: service com.tencent.mtt/.browser.notification.weather.ResidentForegroundService
08-19 11:50:52.080 E/LoadedApk( 9742): Unable to instantiate appComponentFactory
08-19 11:50:52.080 E/LoadedApk( 9742): java.lang.ClassNotFoundException: Didn't find class "androidx.core.app.CoreComponentFactory" on path: DexPathList[[zip file "/system/app/XiaomiAccount/XiaomiAccount.apk"],nativeLibraryDirectories=[/system/app/XiaomiAccount/lib/arm64, /system/lib64, /system_ext/lib64, /system/lib64, /system_ext/lib64]]
08-19 11:50:52.080 E/LoadedApk( 9742): 	at dalvik.system.BaseDexClassLoader.findClass(BaseDexClassLoader.java:207)
08-19 11:50:52.080 E/LoadedApk( 9742): 	at java.lang.ClassLoader.loadClass(ClassLoader.java:379)
08-19 11:50:52.080 E/LoadedApk( 9742): 	at java.lang.ClassLoader.loadClass(ClassLoader.java:312)
08-19 11:50:52.080 E/LoadedApk( 9742): 	at android.app.LoadedApk.createAppFactory(LoadedApk.java:262)
08-19 11:50:52.080 E/LoadedApk( 9742): 	at android.app.LoadedApk.createOrUpdateClassLoaderLocked(LoadedApk.java:907)
08-19 11:50:52.080 E/LoadedApk( 9742): 	at android.app.LoadedApk.getClassLoader(LoadedApk.java:960)
08-19 11:50:52.080 E/LoadedApk( 9742): 	at android.app.LoadedApk.getResources(LoadedApk.java:1192)
08-19 11:50:52.080 E/LoadedApk( 9742): 	at android.app.ContextImpl.createAppContext(ContextImpl.java:2671)
08-19 11:50:52.080 E/LoadedApk( 9742): 	at android.app.ContextImpl.createAppContext(ContextImpl.java:2663)
08-19 11:50:52.080 E/LoadedApk( 9742): 	at android.app.ActivityThread.handleBindApplication(ActivityThread.java:6847)
08-19 11:50:52.080 E/LoadedApk( 9742): 	at android.app.ActivityThread.access$1500(ActivityThread.java:257)
08-19 11:50:52.080 E/LoadedApk( 9742): 	at android.app.ActivityThread$H.handleMessage(ActivityThread.java:1982)
08-19 11:50:52.080 E/LoadedApk( 9742): 	at android.os.Handler.dispatchMessage(Handler.java:106)
08-19 11:50:52.080 E/LoadedApk( 9742): 	at android.os.Looper.loop(Looper.java:236)
08-19 11:50:52.080 E/LoadedApk( 9742): 	at android.app.ActivityThread.main(ActivityThread.java:8057)
08-19 11:50:52.080 E/LoadedApk( 9742): 	at java.lang.reflect.Method.invoke(Native Method)
08-19 11:50:52.080 E/LoadedApk( 9742): 	at com.android.internal.os.RuntimeInit$MethodAndArgsCaller.run(RuntimeInit.java:656)
08-19 11:50:52.080 E/LoadedApk( 9742): 	at com.android.internal.os.ZygoteInit.main(ZygoteInit.java:967)
08-19 11:50:52.086 I/Timeline( 1783): Timeline: App_transition_ready time:78967
08-19 11:50:52.088 I/Timeline( 1783): Timeline: App_transition_ready time:78968
08-19 11:50:52.097 I/Timeline( 1783): Timeline: App_transition_ready time:78977
08-19 11:50:52.100 I/Timeline( 1783): Timeline: App_transition_ready time:78980
08-19 11:50:52.171 I/Timeline( 1783): Timeline: App_transition_ready time:79052
08-19 11:50:52.171 I/Timeline( 1783): Timeline: Activity_windows_visible id: ActivityRecord{b997c96 u0 com.miui.virtualsim/.ui.MainActivity t93} time:79052
08-19 11:50:52.171 I/Timeline( 1783): Timeline: App_transition_stopped time:79052
08-19 11:50:52.625 W/BpBinder( 9562): PerfMonitor binderTransact :  time=448ms interface=com.xiaomi.accountsdk.guestaccount.IGuestAccountService code=2
08-19 11:50:52.649 W/BpBinder( 9562): PerfMonitor binderTransact :  time=466ms interface=com.xiaomi.accountsdk.guestaccount.IGuestAccountService code=2
08-19 11:50:53.030 I/RoleManagerService( 1783): Granting default roles...
08-19 11:50:53.115 I/ActivityTaskManager( 1783): START u0 {flg=0x10000 cmp=com.miui.virtualsim/.ui.HomePopupActivity (has extras)} from uid 10263
08-19 11:50:53.164 I/ActivityTaskManager( 1783): The Process com.miui.virtualsim Already Exists in BG. So sending its PID: 9562
08-19 11:50:53.165 W/ActivityTaskManager( 1783): Tried to set launchTime (0) < mLastActivityLaunchTime (78862)
08-19 11:50:53.168 W/Looper  ( 1783): Slow dispatch took 142ms main h=android.app.ActivityThread$H c=android.app.-$$Lambda$LoadedApk$ReceiverDispatcher$Args$_BumDX2UKsnxLVrE6UJsJZkotuA@5b58c94 m=0
08-19 11:50:53.171 I/Timeline( 1783): Timeline: App_transition_ready time:80051
08-19 11:50:53.218 I/Timeline( 1783): Timeline: App_transition_ready time:80099
08-19 11:50:53.221 I/Timeline( 1783): Timeline: App_transition_ready time:80101
08-19 11:50:53.225 I/Timeline( 1783): Timeline: App_transition_ready time:80106
08-19 11:50:53.247 I/Timeline( 1783): Timeline: App_transition_ready time:80127
08-19 11:50:53.247 I/Timeline( 1783): Timeline: Activity_windows_visible id: ActivityRecord{deac264 u0 com.miui.virtualsim/.ui.HomePopupActivity t93} time:80127
08-19 11:50:53.247 I/Timeline( 1783): Timeline: App_transition_stopped time:80127
08-19 11:50:53.256 W/BroadcastQueue( 1783): Background execution not allowed: receiving Intent { act=android.search.action.SEARCHABLES_CHANGED flg=0x24000010 } to com.android.quicksearchbox/.CorporaUpdateReceiver
08-19 11:50:53.294 W/Looper  ( 1783): Slow delivery took 264ms main h=com.android.server.media.MediaRouterService$UserHandler c=android.app.-$$Lambda$LoadedApk$ReceiverDispatcher$Args$_BumDX2UKsnxLVrE6UJsJZkotuA@6cfc64b m=0
08-19 11:50:53.294 I/Telecom ( 1783): DefaultDialerCache: Refreshing default dialer for user 0: now com.android.contacts: DDC.oR@AKk
08-19 11:50:53.294 W/Looper  ( 1783): Drained
08-19 11:50:55.584 I/Timeline( 1783): Timeline: App_transition_ready time:82465
08-19 11:50:55.584 I/Timeline( 1783): Timeline: App_transition_stopped time:82465
08-19 11:50:55.587 I/Timeline( 9562): Timeline: Activity_launch_request time:82467
08-19 11:50:55.588 I/ActivityTaskManager( 1783): START u0 {flg=0x10000000 cmp=com.miui.virtualsim/.ui.DialogActivity (has extras)} from uid 10263
08-19 11:50:55.610 I/ActivityTaskManager( 1783): The Process com.miui.virtualsim Already Exists in BG. So sending its PID: 9562
08-19 11:50:55.610 W/ActivityTaskManager( 1783): Tried to set launchTime (0) < mLastActivityLaunchTime (80046)
08-19 11:50:55.614 I/Timeline( 1783): Timeline: App_transition_ready time:82494
08-19 11:50:55.615 I/Timeline( 1783): Timeline: App_transition_ready time:82496
08-19 11:50:55.618 I/Timeline( 1783): Timeline: App_transition_ready time:82498
08-19 11:50:55.619 I/Timeline( 1783): Timeline: App_transition_ready time:82500
08-19 11:50:55.630 I/Timeline( 1783): Timeline: App_transition_ready time:82511
08-19 11:50:55.669 I/Timeline( 1783): Timeline: App_transition_ready time:82550
08-19 11:50:55.671 I/Timeline( 1783): Timeline: App_transition_ready time:82551
08-19 11:50:55.679 I/Timeline( 1783): Timeline: App_transition_ready time:82559
08-19 11:50:55.681 I/Timeline( 1783): Timeline: App_transition_ready time:82562
08-19 11:50:55.684 I/Timeline( 1783): Timeline: App_transition_ready time:82564
08-19 11:50:55.687 I/Timeline( 1783): Timeline: App_transition_ready time:82568
08-19 11:50:55.691 I/Timeline( 1783): Timeline: App_transition_ready time:82571
08-19 11:50:55.691 I/Timeline( 1783): Timeline: App_transition_stopped time:82571
08-19 11:50:55.974 I/Timeline( 1783): Timeline: Activity_windows_visible id: ActivityRecord{399101b u0 com.miui.virtualsim/.ui.DialogActivity t94} time:82854
08-19 11:51:01.858 I/Timeline( 1783): Timeline: App_transition_ready time:88738
08-19 11:51:01.956 I/Timeline( 1783): Timeline: App_transition_stopped time:88836
08-19 11:51:04.192 W/SchedBoost( 1783): SchedBoost begin: proc: 3002/3147, mode: 1 aff:[4, 5, 6]
08-19 11:51:04.638 W/FrameworkListener(  781): Handler 'getaddrinfo' error (Success)
08-19 11:51:04.692 W/SchedBoost( 1783): SchedBoost end: proc: 3002/3147 500 aff:[0, 1, 2, 3, 4, 5, 6, 7]
08-19 11:51:04.884 W/BroadcastQueue( 1783): Background execution not allowed: receiving Intent { act=android.net.conn.NETWORK_CONDITIONS_MEASURED flg=0x10 (has extras) } to com.google.android.gms/.chimera.GmsIntentOperationService$PersistentTrustedReceiver
08-19 11:51:06.261 W/SchedBoost( 1783): SchedBoost begin: proc: 3002/3147, mode: 1 aff:[4, 5, 6]
08-19 11:51:06.265 I/Timeline( 1783): Timeline: App_transition_ready time:93146
08-19 11:51:06.265 I/Timeline( 1783): Timeline: Activity_windows_visible id: ActivityRecord{c76478b u0 com.miui.home/.launcher.Launcher t2} time:93146
08-19 11:51:06.265 I/Timeline( 1783): Timeline: App_transition_stopped time:93146
08-19 11:51:06.762 W/SchedBoost( 1783): SchedBoost end: proc: 3002/3147 501 aff:[0, 1, 2, 3, 4, 5, 6, 7]
08-19 11:51:08.321 I/ActivityManager( 1783): Killing 8497:com.google.android.syncadapters.contacts/u0a269 (adj 975): empty #25
08-19 11:51:08.568 I/Timeline( 3002): Timeline: Activity_launch_request time:95449
08-19 11:51:08.572 I/ActivityTaskManager( 1783): START u0 {act=android.intent.action.MAIN cat=[android.intent.category.LAUNCHER] flg=0x10200000 cmp=com.duokan.phone.remotecontroller/com.xiaomi.mitv.phone.remotecontroller.HoriWidgetMainActivityV2 bnds=[459,1148][627,1316] (has extras)} from uid 10103
08-19 11:51:08.628 W/SchedBoost( 1783): SchedBoost begin: proc: 3002/3147, mode: 1 aff:[4, 5, 6]
08-19 11:51:08.630 W/BroadcastQueueInjector( 1783): Unable to launch app com.android.browser/10113 for broadcast Intent { act=miui.intent.action.PACKAGE_FIRST_LAUNCH flg=0x1000010 (has extras) }: process is not permitted to  auto start
08-19 11:51:08.636 I/ActivityManager( 1783): Start proc 10009:com.duokan.phone.remotecontroller/u0a243 for pre-top-activity {com.duokan.phone.remotecontroller/com.xiaomi.mitv.phone.remotecontroller.HoriWidgetMainActivityV2} caller=com.miui.home
08-19 11:51:08.644 I/ActivityManager( 1783): Start proc 10021:com.miui.systemAdSolution/u0a154 for broadcast {com.miui.systemAdSolution/com.miui.zeus.msa.pub.preinstall.receiver.PreinstallReceiver} caller=null
08-19 11:51:08.659 I/Timeline( 1783): Timeline: App_transition_ready time:95539
08-19 11:51:08.729 E/PackageDexUsage( 1783): Unsupported context?
08-19 11:51:08.786 I/Timeline(10009): Timeline: Activity_launch_request time:95666
08-19 11:51:08.786 I/ActivityTaskManager( 1783): START u0 {flg=0x10000000 cmp=com.duokan.phone.remotecontroller/com.xiaomi.mitv.phone.remotecontroller.PrivacyActivity} from uid 10243
08-19 11:51:08.800 I/ActivityTaskManager( 1783): The Process com.duokan.phone.remotecontroller Already Exists in BG. So sending its PID: 10009
08-19 11:51:08.800 W/ActivityTaskManager( 1783): Tried to set launchTime (0) < mLastActivityLaunchTime (95534)
08-19 11:51:08.803 I/Timeline( 1783): Timeline: App_transition_ready time:95683
08-19 11:51:08.831 I/Timeline( 1783): Timeline: App_transition_ready time:95711
08-19 11:51:08.836 I/Timeline( 1783): Timeline: App_transition_ready time:95716
08-19 11:51:08.841 I/Timeline( 1783): Timeline: App_transition_ready time:95722
08-19 11:51:08.842 I/Timeline( 1783): Timeline: App_transition_ready time:95723
08-19 11:51:08.853 I/ActivityManager( 1783): Killing 3344:com.miui.weather2/u0a266 (adj 985): empty #25
08-19 11:51:08.859 I/ActivityManager( 1783): Start proc 10102:com.xiaomi.market/u0a124 for broadcast {com.xiaomi.market/com.xiaomi.market.receiver.AppActiveReceiver} caller=null
08-19 11:51:08.863 I/Timeline( 1783): Timeline: App_transition_ready time:95743
08-19 11:51:08.865 I/Timeline( 1783): Timeline: App_transition_ready time:95745
08-19 11:51:08.946 I/ActivityManager( 1783): Start proc 10153:com.miui.systemAdSolution:ui/u0a154 for service {com.miui.systemAdSolution/com.miui.zeus.msa.app.floating.view.FloatingUIService} caller=com.miui.systemAdSolution
08-19 11:51:08.976 I/Timeline( 1783): Timeline: App_transition_ready time:95856
08-19 11:51:08.984 I/Timeline( 1783): Timeline: App_transition_ready time:95864
08-19 11:51:08.990 W/SchedBoost( 1783): SchedBoost continue: proc: 3002/3147
08-19 11:51:08.990 I/Timeline( 1783): Timeline: App_transition_ready time:95870
08-19 11:51:09.270 W/ActivityManager( 1783): Foreground service started from background can not have location/camera/microphone access: service com.xiaomi.market/.service.AppActiveStatService
08-19 11:51:09.320 I/ActivityManager( 1783): Killing 3533:android.process.acore/u0a72 (adj 975): empty #25
08-19 11:51:09.482 W/NotificationHistory( 1783): Attempted to add notif for locked/gone/disabled user 0
08-19 11:51:09.490 W/SchedBoost( 1783): SchedBoost end: proc: 3002/3147 862 aff:[0, 1, 2, 3, 4, 5, 6, 7]
08-19 11:51:09.521 I/Timeline( 1783): Timeline: Activity_windows_visible id: ActivityRecord{718b574 u0 com.duokan.phone.remotecontroller/com.xiaomi.mitv.phone.remotecontroller.PrivacyActivity t95} time:96402
08-19 11:51:09.523 I/Timeline( 1783): Timeline: App_transition_stopped time:96403
08-19 11:51:09.905 I/ActivityManager( 1783): Killing 8612:com.android.vending:download_service/u0a188 (adj 975): empty #25
08-19 11:51:10.090 I/Timeline(10009): Timeline: Activity_launch_request time:96970
08-19 11:51:10.090 I/ActivityTaskManager( 1783): START u0 {flg=0x10000000 cmp=com.duokan.phone.remotecontroller/com.xiaomi.mitv.phone.remotecontroller.HoriWidgetMainActivityV2 (has extras)} from uid 10243
08-19 11:51:10.100 I/ActivityTaskManager( 1783): The Process com.duokan.phone.remotecontroller Already Exists in BG. So sending its PID: 10009
08-19 11:51:10.100 W/ActivityTaskManager( 1783): Tried to set launchTime (0) < mLastActivityLaunchTime (95681)
08-19 11:51:10.103 I/Timeline( 1783): Timeline: App_transition_ready time:96984
08-19 11:51:10.117 I/Timeline( 1783): Timeline: App_transition_ready time:96998
08-19 11:51:10.119 I/Timeline( 1783): Timeline: App_transition_ready time:97000
08-19 11:51:10.133 I/Timeline( 1783): Timeline: App_transition_ready time:97013
08-19 11:51:10.136 I/Timeline( 1783): Timeline: App_transition_ready time:97016
08-19 11:51:10.138 I/Timeline( 1783): Timeline: App_transition_ready time:97019
08-19 11:51:10.144 I/Timeline( 1783): Timeline: App_transition_ready time:97024
08-19 11:51:10.158 I/ActivityManager( 1783): Start proc 10308:com.duokan.phone.remotecontroller:MDNSSDListener/u0a243 for service {com.duokan.phone.remotecontroller/com.duokan.mdnssd.listener.ListenService} caller=com.duokan.phone.remotecontroller
08-19 11:51:10.650 I/Timeline( 1783): Timeline: Activity_windows_visible id: ActivityRecord{7c58e68 u0 com.duokan.phone.remotecontroller/com.xiaomi.mitv.phone.remotecontroller.HoriWidgetMainActivityV2 t95} time:97530
08-19 11:51:10.654 I/Timeline( 1783): Timeline: App_transition_stopped time:97535
08-19 11:51:12.237 I/ActivityTaskManager( 1783): START u0 {act=android.content.pm.action.REQUEST_PERMISSIONS pkg=com.lbe.security.miui cmp=com.lbe.security.miui/com.android.packageinstaller.permission.ui.GrantPermissionsActivity (has extras)} from uid 10243
08-19 11:51:12.262 I/ActivityManager( 1783): Start proc 10408:com.lbe.security.miui:ui/u0a89 for pre-top-activity {com.lbe.security.miui/com.android.packageinstaller.permission.ui.GrantPermissionsActivity} caller=com.duokan.phone.remotecontroller
08-19 11:51:12.277 I/Timeline( 1783): Timeline: App_transition_ready time:99158
08-19 11:51:12.282 I/Timeline( 1783): Timeline: App_transition_ready time:99162
08-19 11:51:12.405 I/Timeline( 1783): Timeline: App_transition_ready time:99286
08-19 11:51:12.406 I/Timeline( 1783): Timeline: App_transition_ready time:99287
08-19 11:51:12.414 I/Timeline( 1783): Timeline: App_transition_ready time:99294
08-19 11:51:12.416 I/Timeline( 1783): Timeline: App_transition_ready time:99296
08-19 11:51:12.428 I/Timeline( 1783): Timeline: App_transition_ready time:99308
08-19 11:51:12.429 I/Timeline( 1783): Timeline: App_transition_ready time:99310
08-19 11:51:12.433 I/Timeline( 1783): Timeline: App_transition_ready time:99313
08-19 11:51:12.435 I/Timeline( 1783): Timeline: App_transition_ready time:99315
08-19 11:51:12.435 I/Timeline( 1783): Timeline: Activity_windows_visible id: ActivityRecord{cb43356 u0 com.lbe.security.miui/com.android.packageinstaller.permission.ui.GrantPermissionsActivity t95} time:99315
08-19 11:51:12.435 I/Timeline( 1783): Timeline: App_transition_stopped time:99315
08-19 11:51:12.477 I/ActivityManager( 1783): Killing 8673:com.miui.sysopt/1000 (adj 985): empty #25
08-19 11:51:13.555 W/AppOps  ( 1783): setUidMode() called with a mode inconsistent with runtime permission state, this is discouraged and you should revoke the runtime permission instead: uid=10243, switchCode=0, mode=4, permission=android.permission.ACCESS_BACKGROUND_LOCATION
08-19 11:51:13.555 W/AppOps  ( 1783): setUidMode() called with a mode inconsistent with runtime permission state, this is discouraged and you should revoke the runtime permission instead: uid=10243, switchCode=0, mode=4, permission=android.permission.ACCESS_BACKGROUND_LOCATION
08-19 11:51:13.605 I/Timeline( 1783): Timeline: App_transition_ready time:100486
08-19 11:51:13.703 I/Timeline( 1783): Timeline: App_transition_stopped time:100583
08-19 11:51:13.782 W/WindowManager( 1783): Failed looking up window session=Session{2b9048e 10408:u0a10089} callers=com.android.server.wm.WindowManagerService.windowForClientLocked:6020 com.android.server.wm.WindowManagerService.removeWindow:2172 com.android.server.wm.Session.remove:195 
08-19 11:51:13.844 E/SensorNotificationService( 1783): Invalid local geomagnetic field, ignore.
08-19 11:51:13.852 I/ActivityManager( 1783): Killing 8791:com.miui.micloudsync/u0a138 (adj 965): empty #25
08-19 11:51:13.853 I/ActivityManager( 1783): Killing 8698:com.xiaomi.finddevice:securitypush/9810 (adj 975): empty #26
08-19 11:51:13.964 W/FrameworkListener(  781): Handler 'getaddrinfo' error (Success)
08-19 11:51:16.823 I/chatty  (  781): uid=0(root) /system/bin/netd identical 1 line
08-19 11:51:19.250 W/FrameworkListener(  781): Handler 'getaddrinfo' error (Success)
08-19 11:51:19.560 W/NotificationService( 1783): Toast already killed. pkg=com.duokan.phone.remotecontroller token=android.os.BinderProxy@8513e7d
08-19 11:51:21.089 W/WindowManager( 1783): Unable to start animation, surface is null or no children.
08-19 11:51:22.647 W/MiuiPerfServiceClient( 4064): interceptAndQueuing:10009|com.duokan.phone.remotecontroller|183|183|unknown|null|com.duokan.phone.remotecontroller/com.xiaomi.mitv.phone.remotecontroller.HoriWidgetMainActivityV2|104465997979|Slow main thread|1
08-19 11:51:22.928 W/BpBinder( 1783): PerfMonitor binderTransact :  time=5209ms interface=android.os.IInstalld code=18
08-19 11:51:23.621 W/FrameworkListener(  781): Handler 'getaddrinfo' error (Success)
08-19 11:51:30.556 W/WindowManager( 1783): removeWindowToken: Attempted to remove non-existing token: android.os.Binder@4e39ef8
08-19 11:51:30.841 W/FrameworkListener(  781): Handler 'getaddrinfo' error (Success)
08-19 11:51:31.236 I/Timeline(10009): Timeline: Activity_launch_request time:118116
08-19 11:51:31.238 I/ActivityTaskManager( 1783): START u0 {cmp=com.duokan.phone.remotecontroller/com.xiaomi.mitv.phone.remotecontroller.ir.activity.RoomActivity} from uid 10243
08-19 11:51:31.250 I/ActivityTaskManager( 1783): The Process com.duokan.phone.remotecontroller Already Exists in BG. So sending its PID: 10009
08-19 11:51:31.250 W/ActivityTaskManager( 1783): Tried to set launchTime (0) < mLastActivityLaunchTime (96981)
08-19 11:51:31.252 I/Timeline( 1783): Timeline: App_transition_ready time:118133
08-19 11:51:31.259 I/ActivityManager( 1783): Killing 8834:com.android.externalstorage/u0a95 (adj 985): empty #25
08-19 11:51:31.314 I/Timeline( 1783): Timeline: App_transition_ready time:118194
08-19 11:51:31.315 I/Timeline( 1783): Timeline: App_transition_ready time:118196
08-19 11:51:31.319 I/Timeline( 1783): Timeline: App_transition_ready time:118199
08-19 11:51:31.330 I/Timeline( 1783): Timeline: App_transition_ready time:118210
08-19 11:51:31.845 I/Timeline( 1783): Timeline: Activity_windows_visible id: ActivityRecord{ccf7ab5 u0 com.duokan.phone.remotecontroller/com.xiaomi.mitv.phone.remotecontroller.ir.activity.RoomActivity t95} time:118726
08-19 11:51:31.853 I/Timeline( 1783): Timeline: App_transition_stopped time:118733
08-19 11:51:33.339 I/Timeline(10009): Timeline: Activity_launch_request time:120220
08-19 11:51:33.342 I/ActivityTaskManager( 1783): START u0 {cmp=com.duokan.phone.remotecontroller/com.xiaomi.mitv.phone.remotecontroller.ir.activity.ControllerSelectActivity} from uid 10243
08-19 11:51:33.353 I/ActivityTaskManager( 1783): The Process com.duokan.phone.remotecontroller Already Exists in BG. So sending its PID: 10009
08-19 11:51:33.354 W/ActivityTaskManager( 1783): Tried to set launchTime (0) < mLastActivityLaunchTime (118131)
08-19 11:51:33.356 I/Timeline( 1783): Timeline: App_transition_ready time:120237
08-19 11:51:33.365 I/Timeline( 1783): Timeline: App_transition_ready time:120245
08-19 11:51:33.367 I/Timeline( 1783): Timeline: App_transition_ready time:120247
08-19 11:51:33.395 I/Timeline( 1783): Timeline: App_transition_ready time:120276
08-19 11:51:33.397 I/Timeline( 1783): Timeline: App_transition_ready time:120278
08-19 11:51:33.399 I/Timeline( 1783): Timeline: App_transition_ready time:120279
08-19 11:51:33.414 I/Timeline( 1783): Timeline: App_transition_ready time:120294
08-19 11:51:33.927 I/Timeline( 1783): Timeline: Activity_windows_visible id: ActivityRecord{37207e4 u0 com.duokan.phone.remotecontroller/com.xiaomi.mitv.phone.remotecontroller.ir.activity.ControllerSelectActivity t95} time:120807
08-19 11:51:33.936 I/Timeline( 1783): Timeline: App_transition_stopped time:120816
08-19 11:51:36.242 W/BaseMiuiPhoneWindowManager( 1783): keyCode:4 down:true eventTime:123120 downTime:123120 policyFlags:2b000000 flags:8 deviceId:-1 isScreenOn:true keyguardActive:false repeatCount:0
08-19 11:51:36.244 W/BaseMiuiPhoneWindowManager( 1783): keyCode:4 down:false eventTime:123120 downTime:123120 policyFlags:2b000000 flags:8 deviceId:-1 isScreenOn:true keyguardActive:false repeatCount:0
08-19 11:51:36.273 I/Timeline( 1783): Timeline: App_transition_ready time:123153
08-19 11:51:36.290 I/Timeline( 1783): Timeline: App_transition_ready time:123171
08-19 11:51:36.305 I/Timeline( 1783): Timeline: App_transition_ready time:123185
08-19 11:51:36.307 I/Timeline( 1783): Timeline: App_transition_ready time:123188
08-19 11:51:36.317 I/Timeline( 1783): Timeline: App_transition_ready time:123198
08-19 11:51:36.324 I/ActivityManager( 1783): Killing 8887:com.android.providers.calendar/u0a101 (adj 985): empty #25
08-19 11:51:36.737 I/Timeline( 1783): Timeline: Activity_windows_visible id: ActivityRecord{ccf7ab5 u0 com.duokan.phone.remotecontroller/com.xiaomi.mitv.phone.remotecontroller.ir.activity.RoomActivity t95} time:123617
08-19 11:51:36.745 I/Timeline( 1783): Timeline: App_transition_stopped time:123625
08-19 11:51:37.196 W/BaseMiuiPhoneWindowManager( 1783): keyCode:4 down:true eventTime:124075 downTime:124075 policyFlags:2b000000 flags:8 deviceId:-1 isScreenOn:true keyguardActive:false repeatCount:0
08-19 11:51:37.197 W/BaseMiuiPhoneWindowManager( 1783): keyCode:4 down:false eventTime:124075 downTime:124075 policyFlags:2b000000 flags:8 deviceId:-1 isScreenOn:true keyguardActive:false repeatCount:0
08-19 11:51:37.227 I/Timeline( 1783): Timeline: App_transition_ready time:124107
08-19 11:51:37.247 I/Timeline( 1783): Timeline: App_transition_ready time:124127
08-19 11:51:37.312 I/Timeline( 1783): Timeline: App_transition_ready time:124192
08-19 11:51:37.314 I/Timeline( 1783): Timeline: App_transition_ready time:124194
08-19 11:51:37.317 I/Timeline( 1783): Timeline: App_transition_ready time:124197
08-19 11:51:37.318 I/Timeline( 1783): Timeline: App_transition_ready time:124198
08-19 11:51:37.324 I/Timeline( 1783): Timeline: App_transition_ready time:124204
08-19 11:51:37.827 I/Timeline( 1783): Timeline: Activity_windows_visible id: ActivityRecord{7c58e68 u0 com.duokan.phone.remotecontroller/com.xiaomi.mitv.phone.remotecontroller.HoriWidgetMainActivityV2 t95} time:124707
08-19 11:51:37.831 I/Timeline( 1783): Timeline: App_transition_stopped time:124712
08-19 11:51:39.516 I/Timeline(10009): Timeline: Activity_launch_request time:126396
08-19 11:51:39.517 I/ActivityTaskManager( 1783): START u0 {cmp=com.duokan.phone.remotecontroller/com.xiaomi.mitv.phone.remotecontroller.ir.activity.panel.ACRCActivityKK (has extras)} from uid 10243
08-19 11:51:39.529 I/ActivityTaskManager( 1783): The Process com.duokan.phone.remotecontroller Already Exists in BG. So sending its PID: 10009
08-19 11:51:39.530 W/ActivityTaskManager( 1783): Tried to set launchTime (0) < mLastActivityLaunchTime (120235)
08-19 11:51:39.531 I/Timeline( 1783): Timeline: App_transition_ready time:126412
08-19 11:51:39.576 I/Timeline( 1783): Timeline: App_transition_ready time:126456
08-19 11:51:39.577 I/Timeline( 1783): Timeline: App_transition_ready time:126458
08-19 11:51:39.581 I/Timeline( 1783): Timeline: App_transition_ready time:126461
08-19 11:51:39.592 I/Timeline( 1783): Timeline: App_transition_ready time:126473
08-19 11:51:40.108 I/Timeline( 1783): Timeline: Activity_windows_visible id: ActivityRecord{3a9ac9d u0 com.duokan.phone.remotecontroller/com.xiaomi.mitv.phone.remotecontroller.ir.activity.panel.ACRCActivityKK t95} time:126988
08-19 11:51:40.115 I/Timeline( 1783): Timeline: App_transition_stopped time:126995
08-19 11:51:40.699 W/FrameworkListener(  781): Handler 'getaddrinfo' error (Success)
08-19 11:51:47.087 W/BaseMiuiPhoneWindowManager( 1783): keyCode:4 down:true eventTime:133966 downTime:133966 policyFlags:2b000000 flags:8 deviceId:-1 isScreenOn:true keyguardActive:false repeatCount:0
08-19 11:51:47.088 W/BaseMiuiPhoneWindowManager( 1783): keyCode:4 down:false eventTime:133966 downTime:133966 policyFlags:2b000000 flags:8 deviceId:-1 isScreenOn:true keyguardActive:false repeatCount:0
08-19 11:51:47.127 I/Timeline( 1783): Timeline: App_transition_ready time:134008
08-19 11:51:47.143 I/Timeline( 1783): Timeline: App_transition_ready time:134023
08-19 11:51:47.210 I/Timeline( 1783): Timeline: App_transition_ready time:134090
08-19 11:51:47.211 I/Timeline( 1783): Timeline: App_transition_ready time:134092
08-19 11:51:47.265 I/Timeline( 1783): Timeline: App_transition_ready time:134145
08-19 11:51:47.273 I/Timeline( 1783): Timeline: App_transition_ready time:134154
08-19 11:51:47.705 I/Timeline( 1783): Timeline: Activity_windows_visible id: ActivityRecord{7c58e68 u0 com.duokan.phone.remotecontroller/com.xiaomi.mitv.phone.remotecontroller.HoriWidgetMainActivityV2 t95} time:134586
08-19 11:51:47.711 I/Timeline( 1783): Timeline: App_transition_stopped time:134591
08-19 11:51:47.859 W/Activity(10009): Slow Operation: Activity com.duokan.phone.remotecontroller/com.xiaomi.mitv.phone.remotecontroller.ir.activity.panel.ACRCActivityKK onStop took 127ms
08-19 11:51:48.207 W/BaseMiuiPhoneWindowManager( 1783): keyCode:4 down:true eventTime:135087 downTime:135087 policyFlags:2b000000 flags:8 deviceId:-1 isScreenOn:true keyguardActive:false repeatCount:0
08-19 11:51:48.208 W/BaseMiuiPhoneWindowManager( 1783): keyCode:4 down:false eventTime:135087 downTime:135087 policyFlags:2b000000 flags:8 deviceId:-1 isScreenOn:true keyguardActive:false repeatCount:0
08-19 11:51:48.240 W/SchedBoost( 1783): SchedBoost begin: proc: 3002/3147, mode: 1 aff:[4, 5, 6]
08-19 11:51:48.245 I/Timeline( 1783): Timeline: App_transition_ready time:135126
08-19 11:51:48.252 I/Timeline( 1783): Timeline: App_transition_ready time:135132
08-19 11:51:48.255 I/Timeline( 1783): Timeline: App_transition_ready time:135136
08-19 11:51:48.256 I/Timeline( 1783): Timeline: App_transition_ready time:135137
08-19 11:51:48.267 I/Timeline( 1783): Timeline: App_transition_ready time:135148
08-19 11:51:48.289 I/Timeline( 1783): Timeline: App_transition_ready time:135169
08-19 11:51:48.294 I/Timeline( 1783): Timeline: App_transition_ready time:135174
08-19 11:51:48.294 W/SchedBoost( 1783): SchedBoost continue: proc: 3002/3147
08-19 11:51:48.748 I/Timeline( 1783): Timeline: Activity_windows_visible id: ActivityRecord{c76478b u0 com.miui.home/.launcher.Launcher t2} time:135628
08-19 11:51:48.759 I/Timeline( 1783): Timeline: App_transition_stopped time:135640
08-19 11:51:48.794 W/SchedBoost( 1783): SchedBoost end: proc: 3002/3147 554 aff:[0, 1, 2, 3, 4, 5, 6, 7]
08-19 11:51:51.589 W/ActivityManager( 1783): Unable to start service Intent { act=com.google.android.gms.drive.ApiService.RESET_AFTER_BOOT flg=0x4 cmp=com.google.android.gms/.drive.api.ApiService (has extras) } U=0: not found
08-19 11:51:51.851 W/FrameworkListener(  781): Handler 'getaddrinfo' error (Success)
08-19 11:51:51.852 W/FrameworkListener(  781): Handler 'getaddrinfo' error (Success)
08-19 11:51:52.112 W/ActivityManager( 1783): Foreground service started from background can not have location/camera/microphone access: service com.tencent.mtt/.browser.notification.weather.ResidentForegroundService
08-19 11:51:54.490 I/ActivityManager( 1783): Start proc 10736:com.mobiletools.systemhelper:register/u0a90 for broadcast {com.mobiletools.systemhelper/com.mobiletools.systemhelper.control.SIMStateReceiver} caller=com.mobiletools.systemhelper
08-19 11:51:54.728 W/FrameworkListener(  781): Handler 'getaddrinfo' error (Success)
08-19 11:52:12.064 I/chatty  (  781): uid=0(root) /system/bin/netd identical 1 line
08-19 11:52:12.066 W/FrameworkListener(  781): Handler 'getaddrinfo' error (Success)
08-19 11:52:16.492 I/Timeline( 3002): Timeline: Activity_launch_request time:163372
08-19 11:52:16.495 I/ActivityTaskManager( 1783): START u0 {act=android.intent.action.MAIN cat=[android.intent.category.LAUNCHER] flg=0x10200000 cmp=com.tencent.android.qqdownloader/com.tencent.pangu.link.SplashActivity bnds=[587,1058][755,1226] (has extras)} from uid 10103
08-19 11:52:16.526 W/SchedBoost( 1783): SchedBoost begin: proc: 3002/3147, mode: 1 aff:[4, 5, 6]
08-19 11:52:16.531 I/ActivityManager( 1783): Start proc 10865:com.tencent.android.qqdownloader:daemon/u0a275 for pre-top-activity {com.tencent.android.qqdownloader/com.tencent.pangu.link.SplashActivity} caller=com.miui.home
08-19 11:52:16.547 I/Timeline( 1783): Timeline: App_transition_ready time:163427
08-19 11:52:16.725 I/ActivityManager( 1783): Start proc 10926:com.tencent.android.qqdownloader/u0a275 for content provider {com.tencent.android.qqdownloader/com.tencent.assistant.db.contentprovider.WallpaperProvider} caller=com.tencent.android.qqdownloader
08-19 11:52:16.743 I/Timeline(10865): Timeline: Activity_launch_request time:163624
08-19 11:52:16.744 I/ActivityTaskManager( 1783): START u0 {flg=0x10000000 cmp=com.tencent.android.qqdownloader/com.tencent.assistant.activity.SplashImplActivity (has extras)} from uid 10275
08-19 11:52:16.786 I/ActivityTaskManager( 1783): The Process com.tencent.android.qqdownloader Already Exists in BG. So sending its PID: 10926
08-19 11:52:16.789 I/Timeline( 1783): Timeline: App_transition_ready time:163669
08-19 11:52:16.793 I/Timeline( 1783): Timeline: App_transition_ready time:163673
08-19 11:52:16.793 I/Timeline( 1783): Timeline: App_transition_ready time:163674
08-19 11:52:16.808 W/SchedBoost( 1783): SchedBoost continue: proc: 3002/3147
08-19 11:52:16.808 I/Timeline( 1783): Timeline: App_transition_ready time:163688
08-19 11:52:17.308 W/SchedBoost( 1783): SchedBoost end: proc: 3002/3147 782 aff:[0, 1, 2, 3, 4, 5, 6, 7]
08-19 11:52:17.324 W/BpBinder( 1783): PerfMonitor binderTransact :  time=360ms interface=android.os.IInstalld code=18
08-19 11:52:17.333 I/Timeline( 1783): Timeline: Activity_windows_visible id: ActivityRecord{1a6a47b u0 com.tencent.android.qqdownloader/com.tencent.assistant.activity.SplashImplActivity t97} time:164214
08-19 11:52:17.334 I/Timeline( 1783): Timeline: App_transition_stopped time:164215
08-19 11:52:17.336 W/BroadcastQueue( 1783): Background execution not allowed: receiving Intent { act=android.net.conn.NETWORK_CONDITIONS_MEASURED flg=0x10 (has extras) } to com.google.android.gms/.chimera.GmsIntentOperationService$PersistentTrustedReceiver
08-19 11:52:17.384 I/Timeline(10926): Timeline: Activity_launch_request time:164265
08-19 11:52:17.385 I/ActivityTaskManager( 1783): START u0 {flg=0x10000000 cmp=com.tencent.android.qqdownloader/com.tencent.pangu.necessary.NewPhoneActivity (has extras)} from uid 10275
08-19 11:52:17.390 I/ActivityManager( 1783): Start proc 11129:com.tencent.android.qqdownloader:tools/u0a275 for service {com.tencent.android.qqdownloader/com.tencent.assistant.tools.ToolService} caller=com.tencent.android.qqdownloader
08-19 11:52:17.396 I/ActivityTaskManager( 1783): The Process com.tencent.android.qqdownloader Already Exists in BG. So sending its PID: 10926
08-19 11:52:17.396 W/ActivityTaskManager( 1783): Tried to set launchTime (0) < mLastActivityLaunchTime (163667)
08-19 11:52:17.399 I/Timeline( 1783): Timeline: App_transition_ready time:164279
08-19 11:52:17.474 E/ClipboardService( 1783): Denying clipboard access to com.tencent.android.qqdownloader, application is not in focus nor is it a system service for user 0
08-19 11:52:17.485 I/Timeline( 1783): Timeline: App_transition_ready time:164365
08-19 11:52:17.489 I/Timeline( 1783): Timeline: App_transition_ready time:164369
08-19 11:52:17.503 I/Timeline( 1783): Timeline: App_transition_ready time:164384
08-19 11:52:17.513 I/Timeline( 1783): Timeline: App_transition_ready time:164393
08-19 11:52:17.515 I/Timeline( 1783): Timeline: App_transition_ready time:164396
08-19 11:52:17.520 I/Timeline( 1783): Timeline: App_transition_ready time:164400
08-19 11:52:17.521 I/Timeline( 1783): Timeline: App_transition_ready time:164402
08-19 11:52:17.534 I/Timeline( 1783): Timeline: App_transition_ready time:164414
08-19 11:52:17.586 I/Timeline( 1783): Timeline: App_transition_ready time:164467
08-19 11:52:17.861 I/Timeline( 1783): Timeline: Activity_windows_visible id: ActivityRecord{4a05cd6 u0 com.tencent.android.qqdownloader/com.tencent.pangu.necessary.NewPhoneActivity t97} time:164742
08-19 11:52:17.864 I/Timeline( 1783): Timeline: App_transition_stopped time:164744
08-19 11:52:18.543 I/ActivityManager( 1783): Start proc 11297:com.tencent.android.qqdownloader:connect/u0a275 for service {com.tencent.android.qqdownloader/com.qq.AppService.IPCService} caller=com.tencent.android.qqdownloader
08-19 11:52:18.592 W/ActivityManager( 1783): Permission Denial: opening provider com.miui.home.launcher.LauncherProvider from ProcessRecord{2aaddb9 10926:com.tencent.android.qqdownloader/u0a275} (pid=10926, uid=10275) requires com.android.launcher.permission.READ_SETTINGS or com.android.launcher.permission.WRITE_SETTINGS
08-19 11:52:19.064 W/BpBinder( 1783): PerfMonitor binderTransact :  time=548ms interface=android.os.IInstalld code=18
08-19 11:52:19.376 W/BroadcastQueue( 1783): Permission Denial: broadcasting Intent { act=action.sk.got:com.tencent.android.qqdownloader flg=0x10 pkg=com.tencent.android.qqdownloader (has extras) } from com.tencent.android.qqdownloader (pid=11129, uid=10275) requires com.tencent.android.qqdownloader.permission.TMF_SHARK due to registered receiver BroadcastFilter{5f0fa5b 10275/u0 ReceiverList{1ef56a 11129 com.tencent.android.qqdownloader:tools/10275/u0 remote:990c755}}
08-19 11:52:19.473 W/BpBinder( 1783): PerfMonitor binderTransact :  time=408ms interface=android.os.IInstalld code=18
08-19 11:52:21.786 I/Timeline(10865): Timeline: Activity_launch_request time:168666
08-19 11:52:21.787 I/ActivityTaskManager( 1783): START u0 {flg=0x10010000 cmp=com.tencent.android.qqdownloader/com.tencent.pangu.module.desktopwin.nonpermission.NonPermissionMainActivity (has extras)} from uid 10275
08-19 11:52:21.807 I/ActivityTaskManager( 1783): The Process com.tencent.android.qqdownloader:daemon Already Exists in BG. So sending its PID: 10865
08-19 11:52:21.807 W/ActivityTaskManager( 1783): Tried to set launchTime (0) < mLastActivityLaunchTime (163424)
08-19 11:52:21.813 I/Timeline( 1783): Timeline: App_transition_ready time:168694
08-19 11:52:21.843 I/ActivityTaskManager( 1783): moveTaskToBack: Task{f4ff366 #99 visible=true type=assistant mode=fullscreen translucent=true A=10275:com.tencent.android.qqdownloader.desktopwin U=0 StackId=98 sz=1}
08-19 11:52:21.876 I/Timeline( 1783): Timeline: App_transition_ready time:168756
08-19 11:52:21.876 I/Timeline( 1783): Timeline: App_transition_stopped time:168756
08-19 11:52:22.096 W/BpBinder( 1783): PerfMonitor binderTransact :  time=359ms interface=android.os.IInstalld code=18
08-19 11:52:22.214 W/FrameworkListener(  781): Handler 'getaddrinfo' error (Success)
08-19 11:52:22.315 W/BpBinder( 1783): PerfMonitor binderTransact :  time=217ms interface=android.os.IInstalld code=18
08-19 11:52:23.496 W/ActivityManager( 1783): Receiver with filter android.content.IntentFilter@dde449 already registered for pid 10865, callerPackage is com.tencent.android.qqdownloader
08-19 11:52:23.823 W/ActivityManager( 1783): Receiver with filter android.content.IntentFilter@1498c26 already registered for pid 10926, callerPackage is com.tencent.android.qqdownloader
08-19 11:52:26.718 W/ActivityManager( 1783): Receiver with filter android.content.IntentFilter@ce13e62 already registered for pid 10865, callerPackage is com.tencent.android.qqdownloader
08-19 11:52:27.005 W/NotificationHistory( 1783): Attempted to add notif for locked/gone/disabled user 0
08-19 11:52:28.016 W/NotificationHistory( 1783): Attempted to add notif for locked/gone/disabled user 0
08-19 11:52:39.108 I/ActivityManager( 1783): Killing 8965:com.android.camera/u0a93 (adj 985): empty #25
08-19 11:52:41.171 I/ActivityManager( 1783): Start proc 11749:com.android.camera/u0a93 for FastRestart com.android.camera caller=system
08-19 11:52:41.735 I/ActivityManager( 1783): Killing 8947:com.miui.gallery/u0a86 (adj 975): empty #25
08-19 11:52:51.775 W/BroadcastQueue( 1783): Background execution not allowed: receiving Intent { act=com.tencent.android.qqdownloader.action.SCHEDULE_JOB flg=0x14 (has extras) } to com.tencent.android.qqdownloader/com.tencent.assistant.module.timer.ScheduleJobReceiver
08-19 11:52:52.168 W/ActivityManager( 1783): Foreground service started from background can not have location/camera/microphone access: service com.tencent.mtt/.browser.notification.weather.ResidentForegroundService
08-19 11:52:52.171 I/Timeline(10926): Timeline: Activity_launch_request time:199052
08-19 11:52:52.172 I/ActivityTaskManager( 1783): START u0 {flg=0x4000000 cmp=com.tencent.android.qqdownloader/com.tencent.assistantv2.activity.MainActivity (has extras)} from uid 10275
08-19 11:52:52.188 I/ActivityTaskManager( 1783): The Process com.tencent.android.qqdownloader Already Exists in BG. So sending its PID: 10926
08-19 11:52:52.188 W/ActivityTaskManager( 1783): Tried to set launchTime (0) < mLastActivityLaunchTime (164277)
