08-19 12:03:31.011 I/WakePathChecker( 1783): MIUILOG-WAKEPATH pushWakePathRuleInfos: wakeType=8 userId=0 size=6
08-19 12:03:31.012 I/WakePathChecker( 1783): MIUILOG-WAKEPATH pushWakePathRuleInfos: wakeType=4 userId=0 size=3
08-19 12:03:31.012 I/WakePathChecker( 1783): MIUILOG-WAKEPATH pushWakePathRuleInfos: wakeType=2 userId=0 size=0
08-19 12:03:31.039 I/WakePathChecker( 1783): MIUILOG-WAKEPATH pushWakePathRuleInfos: wakeType=17 userId=0 size=0
08-19 12:03:31.040 I/WakePathChecker( 1783): MIUILOG-WAKEPATH pushWakePathRuleInfos: wakeType=32 userId=0 size=0
08-19 12:03:31.040 I/WakePathChecker( 1783): MIUILOG-WAKEPATH pushWakePathRuleInfos: wakeType=256 userId=0 size=5
08-19 12:03:31.042 I/WakePathChecker( 1783): MIUILOG-WAKEPATH pushWakePathRuleInfos: wakeType=128 userId=0 size=3
08-19 12:03:31.043 I/WakePathChecker( 1783): MIUILOG-WAKEPATH pushWakePathRuleInfos: wakeType=64 userId=0 size=1
08-19 12:03:31.229 E/ActivityThread(10865): Failed to find provider info for com.android.badge
08-19 12:03:31.258 W/MiuiPerfServiceClient( 4064): interceptAndQueuing:2677|com.android.systemui|161|70|unknown|null|StatusBar|837642900564|Slow main thread|5
08-19 12:03:31.269 I/ActivityManager( 1783): Killing 27948:com.google.android.webview:sandboxed_process0:org.chromium.content.app.SandboxedProcessService0:0/u0a124i2 (adj 0): isolated not needed
08-19 12:03:31.311 I/Timeline( 1783): Timeline: App_transition_ready time:838192
08-19 12:03:31.313 I/Timeline( 1783): Timeline: App_transition_ready time:838193
08-19 12:03:31.320 I/Timeline( 1783): Timeline: App_transition_ready time:838200
08-19 12:03:31.338 I/Timeline( 1783): Timeline: App_transition_ready time:838218
08-19 12:03:31.348 I/Timeline( 1783): Timeline: App_transition_ready time:838228
08-19 12:03:31.352 I/Timeline( 1783): Timeline: App_transition_ready time:838232
08-19 12:03:31.357 E/BatteryExternalStatsWorker( 1783): wifi info is invalid: null
08-19 12:03:31.360 I/Timeline( 1783): Timeline: App_transition_ready time:838240
08-19 12:03:31.363 E/BatteryExternalStatsWorker( 1783): modem info is invalid: null
08-19 12:03:31.368 E/ActivityThread(10865): Failed to find provider info for com.android.badge
08-19 12:03:31.803 I/chatty  (10865): uid=10275 com.tencent.android.qqdownloader:daemon identical 2 lines
08-19 12:03:31.805 E/ActivityThread(10865): Failed to find provider info for com.android.badge
08-19 12:03:32.154 I/Timeline( 1783): Timeline: Activity_windows_visible id: ActivityRecord{a437f9c u0 com.miui.packageinstaller/com.android.packageinstaller.InstallAppProgress t119} time:839034
08-19 12:03:32.156 I/Timeline( 1783): Timeline: App_transition_stopped time:839037
08-19 12:03:32.630 W/Looper  (27816): PerfMonitor doFrame : time=0ms vsyncFrame=25028 latency=592ms procState=18 historyMsgCount=1 (msgIndex=1 wall=597ms seq=1540 running=26ms runnable=8ms io=2ms binder=6ms late=20ms h=android.app.ActivityThread$H w=159)
08-19 12:03:33.172 W/BaseMiuiPhoneWindowManager( 1783): keyCode:4 down:true eventTime:840052 downTime:840052 policyFlags:2b000000 flags:8 deviceId:-1 isScreenOn:true keyguardActive:false repeatCount:0
08-19 12:03:33.174 W/BaseMiuiPhoneWindowManager( 1783): keyCode:4 down:false eventTime:840052 downTime:840052 policyFlags:2b000000 flags:8 deviceId:-1 isScreenOn:true keyguardActive:false repeatCount:0
08-19 12:03:33.215 I/Timeline( 1783): Timeline: App_transition_ready time:840096
08-19 12:03:33.240 I/WakePathChecker( 1783): MIUILOG-WAKEPATH pushWakePathWhiteList: userId=0 size=4
08-19 12:03:33.243 I/Timeline( 1783): Timeline: App_transition_ready time:840123
08-19 12:03:33.248 I/Timeline( 1783): Timeline: App_transition_ready time:840129
08-19 12:03:33.250 W/ActivityManager( 1783): Foreground service started from background can not have location/camera/microphone access: service com.xiaomi.market/.service.CloudConfigSyncService
08-19 12:03:33.261 W/ActivityManager( 1783): Foreground service started from background can not have location/camera/microphone access: service com.xiaomi.market/.service.WebResourceService
08-19 12:03:33.268 I/Timeline( 1783): Timeline: App_transition_ready time:840149
08-19 12:03:33.456 W/NotificationHistory( 1783): Attempted to add notif for locked/gone/disabled user 0
08-19 12:03:33.473 W/NotificationHistory( 1783): Attempted to add notif for locked/gone/disabled user 0
08-19 12:03:33.727 W/NotificationService( 1783): Toast already killed. pkg=com.tencent.android.qqdownloader token=android.os.BinderProxy@5abc5c4
08-19 12:03:33.997 E/ActivityThread(10865): Failed to find provider info for com.android.badge
08-19 12:03:34.071 I/Timeline( 1783): Timeline: Activity_windows_visible id: ActivityRecord{1924cfa u0 com.tencent.android.qqdownloader/com.tencent.pangu.activity.DownloadActivity t97} time:840952
08-19 12:03:34.073 I/Timeline( 1783): Timeline: App_transition_stopped time:840953
08-19 12:03:34.213 W/NotificationHistory( 1783): Attempted to add notif for locked/gone/disabled user 0
08-19 12:03:34.485 W/BaseMiuiPhoneWindowManager( 1783): keyCode:4 down:true eventTime:841365 downTime:841365 policyFlags:2b000000 flags:8 deviceId:-1 isScreenOn:true keyguardActive:false repeatCount:0
08-19 12:03:34.487 W/BaseMiuiPhoneWindowManager( 1783): keyCode:4 down:false eventTime:841365 downTime:841365 policyFlags:2b000000 flags:8 deviceId:-1 isScreenOn:true keyguardActive:false repeatCount:0
08-19 12:03:34.526 I/Timeline( 1783): Timeline: App_transition_ready time:841406
08-19 12:03:34.539 E/ClipboardService( 1783): Denying clipboard access to com.tencent.android.qqdownloader, application is not in focus nor is it a system service for user 0
08-19 12:03:34.545 I/Timeline( 1783): Timeline: App_transition_ready time:841425
08-19 12:03:34.552 I/Timeline( 1783): Timeline: App_transition_ready time:841433
08-19 12:03:34.604 I/Timeline( 1783): Timeline: App_transition_ready time:841485
08-19 12:03:34.764 E/com.android.server.pm.PackageManagerServiceInjector( 1783): MIUILOG- Permission Denied getInstalledPackages. pkg : com.tencent.mtt uid : 10252
08-19 12:03:35.079 I/Timeline( 1783): Timeline: Activity_windows_visible id: ActivityRecord{7971da u0 com.tencent.android.qqdownloader/com.tencent.assistantv2.activity.MainActivity t97} time:841959
08-19 12:03:35.082 I/Timeline( 1783): Timeline: App_transition_stopped time:841962
08-19 12:03:35.474 W/NotificationHistory( 1783): Attempted to add notif for locked/gone/disabled user 0
08-19 12:03:36.477 I/chatty  ( 1783): uid=1000(system) Binder:1783_3 identical 1 line
08-19 12:03:37.484 W/NotificationHistory( 1783): Attempted to add notif for locked/gone/disabled user 0
08-19 12:03:43.214 I/NotificationService( 1783): notification blocked by assistant request
08-19 12:03:43.522 I/ActivityManager( 1783): Killing 18733:com.miui.touchassistant/1000 (adj 925): empty #25
08-19 12:03:44.711 W/WindowManager( 1783): removeWindowToken: Attempted to remove non-existing token: android.os.Binder@6de9ead
08-19 12:03:45.385 I/ActivityManager( 1783): Killing 13487:com.xiaomi.simactivate.service/u0a140 (adj 975): empty #25
08-19 12:03:57.020 I/Timeline(10926): Timeline: Activity_launch_request time:863900
08-19 12:03:57.021 I/ActivityTaskManager( 1783): START u0 {cmp=com.tencent.android.qqdownloader/com.tencent.pangu.update.photonui.UpdatePhotonListActivity (has extras)} from uid 10275
08-19 12:03:57.034 E/ActivityThread(10865): Failed to find provider info for com.android.badge
08-19 12:03:57.035 I/ActivityTaskManager( 1783): The Process com.tencent.android.qqdownloader Already Exists in BG. So sending its PID: 10926
08-19 12:03:57.035 W/ActivityTaskManager( 1783): Tried to set launchTime (0) < mLastActivityLaunchTime (818316)
08-19 12:03:57.038 I/Timeline( 1783): Timeline: App_transition_ready time:863919
08-19 12:03:57.041 I/Timeline( 1783): Timeline: App_transition_ready time:863921
08-19 12:03:57.051 I/ActivityTaskManager( 1783): Activity requesting to dismiss Keyguard: ActivityRecord{fb96cd6 u0 com.tencent.android.qqdownloader/com.tencent.pangu.update.photonui.UpdatePhotonListActivity t97}
08-19 12:03:57.069 E/ClipboardService( 1783): Denying clipboard access to com.tencent.android.qqdownloader, application is not in focus nor is it a system service for user 0
08-19 12:03:57.079 I/Timeline( 1783): Timeline: App_transition_ready time:863959
08-19 12:03:57.080 I/Timeline( 1783): Timeline: App_transition_ready time:863960
08-19 12:03:57.082 I/Timeline( 1783): Timeline: App_transition_ready time:863963
08-19 12:03:57.084 I/Timeline( 1783): Timeline: App_transition_ready time:863965
08-19 12:03:57.093 I/Timeline( 1783): Timeline: App_transition_ready time:863973
08-19 12:03:57.361 I/Timeline( 1783): Timeline: Activity_windows_visible id: ActivityRecord{fb96cd6 u0 com.tencent.android.qqdownloader/com.tencent.pangu.update.photonui.UpdatePhotonListActivity t97} time:864242
08-19 12:03:57.363 I/Timeline( 1783): Timeline: App_transition_stopped time:864243
08-19 12:04:04.604 W/MiuiPerfServiceClient( 4064): interceptAndQueuing:10926|com.tencent.android.qqdownloader|298|223|unknown|null|com.tencent.android.qqdownloader/com.tencent.pangu.update.photonui.UpdatePhotonListActivity|871246541489|Slow handle traversal|4
08-19 12:04:08.437 W/FrameworkListener(  781): Handler 'getaddrinfo' error (Success)
08-19 12:04:09.948 E/ActivityThread(10865): Failed to find provider info for com.android.badge
08-19 12:04:11.494 W/NotificationHistory( 1783): Attempted to add notif for locked/gone/disabled user 0
08-19 12:04:11.785 W/BaseMiuiPhoneWindowManager( 1783): keyCode:4 down:true eventTime:878664 downTime:878664 policyFlags:2b000000 flags:8 deviceId:-1 isScreenOn:true keyguardActive:false repeatCount:0
08-19 12:04:11.786 W/BaseMiuiPhoneWindowManager( 1783): keyCode:4 down:false eventTime:878664 downTime:878664 policyFlags:2b000000 flags:8 deviceId:-1 isScreenOn:true keyguardActive:false repeatCount:0
08-19 12:04:11.819 I/Timeline( 1783): Timeline: App_transition_ready time:878700
08-19 12:04:11.836 E/ClipboardService( 1783): Denying clipboard access to com.tencent.android.qqdownloader, application is not in focus nor is it a system service for user 0
08-19 12:04:11.865 I/Timeline( 1783): Timeline: App_transition_ready time:878746
08-19 12:04:11.872 I/Timeline( 1783): Timeline: App_transition_ready time:878752
08-19 12:04:11.895 I/Timeline( 1783): Timeline: App_transition_ready time:878775
08-19 12:04:12.360 I/Timeline( 1783): Timeline: Activity_windows_visible id: ActivityRecord{7971da u0 com.tencent.android.qqdownloader/com.tencent.assistantv2.activity.MainActivity t97} time:879241
08-19 12:04:12.363 I/Timeline( 1783): Timeline: App_transition_stopped time:879244
08-19 12:04:13.358 W/BaseMiuiPhoneWindowManager( 1783): keyCode:4 down:true eventTime:880237 downTime:880237 policyFlags:2b000000 flags:8 deviceId:-1 isScreenOn:true keyguardActive:false repeatCount:0
08-19 12:04:13.360 W/BaseMiuiPhoneWindowManager( 1783): keyCode:4 down:false eventTime:880237 downTime:880237 policyFlags:2b000000 flags:8 deviceId:-1 isScreenOn:true keyguardActive:false repeatCount:0
08-19 12:04:14.081 W/BaseMiuiPhoneWindowManager( 1783): keyCode:4 down:true eventTime:880960 downTime:880960 policyFlags:2b000000 flags:8 deviceId:-1 isScreenOn:true keyguardActive:false repeatCount:0
08-19 12:04:14.083 W/BaseMiuiPhoneWindowManager( 1783): keyCode:4 down:false eventTime:880960 downTime:880960 policyFlags:2b000000 flags:8 deviceId:-1 isScreenOn:true keyguardActive:false repeatCount:0
08-19 12:04:14.097 I/NotificationService( 1783): cancelToast pkg=com.tencent.android.qqdownloader token=android.os.BinderProxy@96da80c
08-19 12:04:14.097 W/NotificationService( 1783): Toast already cancelled. pkg=com.tencent.android.qqdownloader token=android.os.BinderProxy@96da80c
08-19 12:04:15.392 W/NotificationService( 1783): Toast already killed. pkg=com.tencent.android.qqdownloader token=android.os.BinderProxy@c61903b
08-19 12:04:16.890 W/WindowManager( 1783): Unable to start animation, surface is null or no children.
08-19 12:04:17.919 I/Timeline(10926): Timeline: Activity_launch_request time:884800
08-19 12:04:17.922 I/ActivityTaskManager( 1783): START u0 {cmp=com.tencent.android.qqdownloader/com.tencent.nucleus.socialcontact.usercenter.UserCenterActivityV2 (has extras)} from uid 10275
08-19 12:04:17.938 I/ActivityTaskManager( 1783): The Process com.tencent.android.qqdownloader Already Exists in BG. So sending its PID: 10926
08-19 12:04:17.938 W/ActivityTaskManager( 1783): Tried to set launchTime (0) < mLastActivityLaunchTime (863916)
08-19 12:04:17.942 I/Timeline( 1783): Timeline: App_transition_ready time:884822
08-19 12:04:17.947 I/Timeline( 1783): Timeline: App_transition_ready time:884827
08-19 12:04:17.965 E/ClipboardService( 1783): Denying clipboard access to com.tencent.android.qqdownloader, application is not in focus nor is it a system service for user 0
08-19 12:04:17.977 I/Timeline( 1783): Timeline: App_transition_ready time:884858
08-19 12:04:17.979 I/Timeline( 1783): Timeline: App_transition_ready time:884860
08-19 12:04:17.981 I/Timeline( 1783): Timeline: App_transition_ready time:884862
08-19 12:04:17.990 I/Timeline( 1783): Timeline: App_transition_ready time:884870
08-19 12:04:18.257 I/Timeline( 1783): Timeline: Activity_windows_visible id: ActivityRecord{6607570 u0 com.tencent.android.qqdownloader/com.tencent.nucleus.socialcontact.usercenter.UserCenterActivityV2 t97} time:885138
08-19 12:04:18.259 I/Timeline( 1783): Timeline: App_transition_stopped time:885140
08-19 12:04:19.453 E/ActivityThread(10865): Failed to find provider info for com.android.badge
08-19 12:04:22.225 W/BaseMiuiPhoneWindowManager( 1783): keyCode:4 down:true eventTime:889105 downTime:889105 policyFlags:2b000000 flags:8 deviceId:-1 isScreenOn:true keyguardActive:false repeatCount:0
08-19 12:04:22.226 W/BaseMiuiPhoneWindowManager( 1783): keyCode:4 down:false eventTime:889105 downTime:889105 policyFlags:2b000000 flags:8 deviceId:-1 isScreenOn:true keyguardActive:false repeatCount:0
08-19 12:04:22.261 I/Timeline( 1783): Timeline: App_transition_ready time:889141
08-19 12:04:22.270 E/ClipboardService( 1783): Denying clipboard access to com.tencent.android.qqdownloader, application is not in focus nor is it a system service for user 0
08-19 12:04:22.302 I/Timeline( 1783): Timeline: App_transition_ready time:889183
08-19 12:04:22.307 I/Timeline( 1783): Timeline: App_transition_ready time:889187
08-19 12:04:22.334 I/Timeline( 1783): Timeline: App_transition_ready time:889215
08-19 12:04:22.800 I/Timeline( 1783): Timeline: Activity_windows_visible id: ActivityRecord{7971da u0 com.tencent.android.qqdownloader/com.tencent.assistantv2.activity.MainActivity t97} time:889681
08-19 12:04:22.804 I/Timeline( 1783): Timeline: App_transition_stopped time:889685
08-19 12:04:25.438 I/BackLightController( 1783):  grayScale = 0.6 factor = 1.0 inBrightness = 0.17830972 outBrightness = 0.17830972
08-19 12:04:25.446 I/chatty  ( 1783): uid=1000(system) PowerManagerSer identical 2 lines
08-19 12:04:25.447 I/BackLightController( 1783):  grayScale = 0.6 factor = 1.0 inBrightness = 0.17830972 outBrightness = 0.17830972
08-19 12:04:26.388 W/WindowManager( 1783): removeWindowToken: Attempted to remove non-existing token: android.os.Binder@45278e5
08-19 12:04:26.831 I/BackLightController( 1783):  grayScale = 0.6 factor = 1.0 inBrightness = 0.17830972 outBrightness = 0.17830972
08-19 12:04:27.639 I/BackLightController( 1783):  grayScale = 0.6 factor = 1.0 inBrightness = 0.19223253 outBrightness = 0.19223253
08-19 12:04:27.646 I/chatty  ( 1783): uid=1000(system) PowerManagerSer identical 3 lines
08-19 12:04:31.804 I/BackLightController( 1783):  grayScale = 0.6 factor = 1.0 inBrightness = 0.19223253 outBrightness = 0.19223253
08-19 12:04:40.763 W/BpBinder( 1783): PerfMonitor binderTransact :  time=519ms interface=android.os.IInstalld code=18
08-19 12:04:41.361 W/MiuiPerfServiceClient( 4064): interceptAndQueuing:10926|com.tencent.android.qqdownloader|159|159|unknown|null|com.tencent.android.qqdownloader/com.tencent.assistantv2.activity.MainActivity|907237695798|Slow main thread|1
08-19 12:04:58.837 I/Timeline(10926): Timeline: Activity_launch_request time:925717
08-19 12:04:58.839 I/ActivityTaskManager( 1783): START u0 {cmp=com.tencent.android.qqdownloader/com.tencent.pangu.activity.DownloadActivity (has extras)} from uid 10275
08-19 12:04:58.857 I/ActivityTaskManager( 1783): The Process com.tencent.android.qqdownloader Already Exists in BG. So sending its PID: 10926
08-19 12:04:58.857 W/ActivityTaskManager( 1783): Tried to set launchTime (0) < mLastActivityLaunchTime (884819)
08-19 12:04:58.860 I/Timeline( 1783): Timeline: App_transition_ready time:925740
08-19 12:04:58.928 E/ClipboardService( 1783): Denying clipboard access to com.tencent.android.qqdownloader, application is not in focus nor is it a system service for user 0
08-19 12:04:58.932 I/Timeline( 1783): Timeline: App_transition_ready time:925813
08-19 12:04:58.938 I/Timeline( 1783): Timeline: App_transition_ready time:925818
08-19 12:04:58.950 I/Timeline( 1783): Timeline: App_transition_ready time:925831
08-19 12:04:58.952 I/Timeline( 1783): Timeline: App_transition_ready time:925832
08-19 12:04:58.964 I/Timeline( 1783): Timeline: App_transition_ready time:925845
08-19 12:04:59.245 I/Timeline( 1783): Timeline: Activity_windows_visible id: ActivityRecord{f807628 u0 com.tencent.android.qqdownloader/com.tencent.pangu.activity.DownloadActivity t97} time:926126
08-19 12:04:59.247 I/Timeline( 1783): Timeline: App_transition_stopped time:926127
08-19 12:05:03.129 W/NotificationService( 1783): Toast already killed. pkg=com.tencent.android.qqdownloader token=android.os.BinderProxy@92c8ae8
08-19 12:05:03.809 W/SchedBoost( 1783): SchedBoost begin: proc: 3002/3147, mode: 1 aff:[4, 5, 6]
08-19 12:05:04.309 W/SchedBoost( 1783): SchedBoost end: proc: 3002/3147 500 aff:[0, 1, 2, 3, 4, 5, 6, 7]
08-19 12:05:04.394 W/SchedBoost( 1783): SchedBoost begin: proc: 3002/3147, mode: 1 aff:[4, 5, 6]
08-19 12:05:04.399 I/Timeline( 1783): Timeline: App_transition_ready time:931279
08-19 12:05:04.399 I/Timeline( 1783): Timeline: Activity_windows_visible id: ActivityRecord{c76478b u0 com.miui.home/.launcher.Launcher t2} time:931280
08-19 12:05:04.399 I/Timeline( 1783): Timeline: App_transition_stopped time:931280
08-19 12:05:04.622 W/WindowManager( 1783): Unable to start animation, surface is null or no children.
08-19 12:05:04.895 W/SchedBoost( 1783): SchedBoost end: proc: 3002/3147 501 aff:[0, 1, 2, 3, 4, 5, 6, 7]
08-19 12:05:06.200 I/Timeline( 3002): Timeline: Activity_launch_request time:933081
08-19 12:05:06.204 I/ActivityTaskManager( 1783): START u0 {act=android.intent.action.MAIN cat=[android.intent.category.LAUNCHER] flg=0x10200000 cmp=com.tencent.wework/.launch.LaunchSplashActivity bnds=[332,1347][500,1515] (has extras)} from uid 10103
08-19 12:05:06.273 W/SchedBoost( 1783): SchedBoost begin: proc: 3002/3147, mode: 1 aff:[4, 5, 6]
08-19 12:05:06.281 I/ActivityManager( 1783): Start proc 28563:com.tencent.wework/u0a279 for pre-top-activity {com.tencent.wework/com.tencent.wework.launch.LaunchSplashActivity} caller=com.miui.home
08-19 12:05:06.305 W/SchedBoost( 1783): SchedBoost continue: proc: 3002/3147
08-19 12:05:06.305 I/Timeline( 1783): Timeline: App_transition_ready time:933185
08-19 12:05:06.343 W/ActivityManager( 1783): Foreground service started from background can not have location/camera/microphone access: service com.xiaomi.market/.service.AppActiveStatService
08-19 12:05:06.550 W/NotificationHistory( 1783): Attempted to add notif for locked/gone/disabled user 0
08-19 12:05:06.620 I/ActivityManager( 1783): Start proc 28798:com.tencent.wework:push/u0a279 for service {com.tencent.wework/com.tencent.wework.remote.PushService} caller=com.tencent.wework
08-19 12:05:06.621 E/ActivityThread(28563): Failed to find provider info for com.facebook.katana.provider.AttributionIdProvider
08-19 12:05:06.624 W/ActivityManager( 1783): Permission Denial: opening provider com.android.providers.contacts.ContactsProvider2 from ProcessRecord{9ae12de 28563:com.tencent.wework/u0a279} (pid=28563, uid=10279) requires android.permission.READ_CONTACTS or android.permission.WRITE_CONTACTS
08-19 12:05:06.694 I/Timeline(28563): Timeline: Activity_launch_request time:933575
08-19 12:05:06.695 I/ActivityTaskManager( 1783): START u0 {flg=0x4000000 cmp=com.tencent.wework/.login.controller.LoginWxAuthActivity (has extras)} from uid 10279
08-19 12:05:06.711 W/Looper  (28563): PerfMonitor looperActivity : package=com.tencent.wework/.launch.LaunchSplashActivity time=74ms latency=338ms running=39ms  procState=2 ClientTransaction{ callbacks=[android.app.servertransaction.LaunchActivityItem] lifecycleRequest=android.app.servertransaction.ResumeActivityItem } historyMsgCount=2 (msgIndex=2 wall=334ms seq=2 running=238ms runnable=3ms io=2ms binder=44ms late=4ms h=android.app.ActivityThread$H w=110)
08-19 12:05:06.711 W/Looper  (28563): PerfMonitor looperActivity : package=com.tencent.wework/.launch.LaunchSplashActivity time=0ms latency=412ms running=0ms  procState=2 ClientTransaction{ callbacks=[android.app.servertransaction.TopResumedActivityChangeItem] } historyMsgCount=3 (msgIndex=2 wall=334ms seq=2 running=238ms runnable=3ms io=2ms binder=44ms late=4ms h=android.app.ActivityThread$H w=110) (msgIndex=3 wall=74ms seq=3 running=39ms binder=23ms late=338ms h=android.app.ActivityThread$H w=159)
08-19 12:05:06.767 I/ActivityTaskManager( 1783): The Process com.tencent.wework Already Exists in BG. So sending its PID: 28563
08-19 12:05:06.767 W/ActivityTaskManager( 1783): Tried to set launchTime (0) < mLastActivityLaunchTime (933178)
08-19 12:05:06.770 I/Timeline( 1783): Timeline: App_transition_ready time:933651
08-19 12:05:06.805 W/SchedBoost( 1783): SchedBoost end: proc: 3002/3147 533 aff:[0, 1, 2, 3, 4, 5, 6, 7]
08-19 12:05:06.810 I/ActivityManager( 1783): Start proc 28975:com.tencent.wework:wxa_container0/u0a279 for service {com.tencent.wework/com.tencent.luggage.wxa.standalone_open_runtime.app.WxaIPCContainerService0} caller=com.tencent.wework
08-19 12:05:06.835 I/Timeline( 1783): Timeline: App_transition_stopped time:933715
08-19 12:05:06.995 I/Timeline( 1783): Timeline: Activity_windows_visible id: ActivityRecord{9758c7c u0 com.tencent.wework/.login.controller.LoginWxAuthActivity t122} time:933875
08-19 12:05:07.463 I/RoleManagerService( 1783): Granting default roles...
08-19 12:05:07.629 W/Looper  ( 1783): Slow dispatch took 167ms main h=android.app.ActivityThread$H c=android.app.-$$Lambda$LoadedApk$ReceiverDispatcher$Args$_BumDX2UKsnxLVrE6UJsJZkotuA@45e5c04 m=0
08-19 12:05:07.683 W/Looper  ( 1783): Slow delivery took 216ms main h=com.android.server.media.MediaRouterService$UserHandler c=android.app.-$$Lambda$LoadedApk$ReceiverDispatcher$Args$_BumDX2UKsnxLVrE6UJsJZkotuA@e1ed130 m=0
08-19 12:05:07.683 I/Telecom ( 1783): DefaultDialerCache: Refreshing default dialer for user 0: now com.android.contacts: DDC.oR@AMs
08-19 12:05:07.691 W/Looper  ( 1783): Drained
08-19 12:05:07.709 W/Looper  ( 1783): Slow delivery took 203ms android.fg h=android.os.Handler c=<recycled PooledLambda@20a08eb> m=0
08-19 12:05:07.711 W/BroadcastQueue( 1783): Background execution not allowed: receiving Intent { act=android.search.action.SEARCHABLES_CHANGED flg=0x24000010 } to com.android.quicksearchbox/.CorporaUpdateReceiver
08-19 12:05:07.751 W/Looper  ( 1783): Drained
08-19 12:05:10.578 I/Timeline(28563): Timeline: Activity_launch_request time:937458
08-19 12:05:10.579 I/ActivityTaskManager( 1783): START u0 {cmp=com.tencent.wework/.common.controller.AndroidWebViewActivity (has extras)} from uid 10279
08-19 12:05:10.592 I/ActivityTaskManager( 1783): The Process com.tencent.wework Already Exists in BG. So sending its PID: 28563
08-19 12:05:10.592 W/ActivityTaskManager( 1783): Tried to set launchTime (0) < mLastActivityLaunchTime (933648)
08-19 12:05:10.595 I/Timeline( 1783): Timeline: App_transition_ready time:937475
08-19 12:05:10.672 I/ActivityManager( 1783): Start proc 29262:com.google.android.webview:sandboxed_process0:org.chromium.content.app.SandboxedProcessService0:0/u0i3 for  {com.tencent.wework/org.chromium.content.app.SandboxedProcessService0:0} caller=com.tencent.wework
08-19 12:05:10.764 I/Timeline( 1783): Timeline: App_transition_ready time:937644
08-19 12:05:10.769 I/Timeline( 1783): Timeline: App_transition_ready time:937650
08-19 12:05:10.781 I/Timeline( 1783): Timeline: App_transition_ready time:937662
08-19 12:05:10.788 I/Timeline( 1783): Timeline: App_transition_ready time:937668
08-19 12:05:10.795 I/Timeline( 1783): Timeline: App_transition_ready time:937675
08-19 12:05:10.798 I/Timeline( 1783): Timeline: App_transition_ready time:937679
08-19 12:05:10.811 I/Timeline( 1783): Timeline: App_transition_ready time:937692
08-19 12:05:10.830 I/Timeline( 1783): Timeline: App_transition_ready time:937710
08-19 12:05:11.141 I/Timeline( 1783): Timeline: Activity_windows_visible id: ActivityRecord{86c7bd5 u0 com.tencent.wework/.common.controller.AndroidWebViewActivity t122} time:938022
08-19 12:05:11.147 I/Timeline( 1783): Timeline: App_transition_stopped time:938028
08-19 12:05:11.966 W/NotificationHistory( 1783): Attempted to add notif for locked/gone/disabled user 0
08-19 12:05:13.832 W/PSIUtils( 4064): MEMORY_SOME|21027110|940712275630
08-19 12:05:14.125 W/WindowManager( 1783): removeWindowToken: Attempted to remove non-existing token: android.os.Binder@ae5982a
08-19 12:05:18.082 I/ActivityManager( 1783): Start proc 29432:com.google.android.configupdater/u0a187 for broadcast {com.google.android.configupdater/com.google.android.configupdater.PhenotypeBroadcastReceiver} caller=com.google.android.configupdater
08-19 12:05:28.903 W/PSIUtils( 4064): MEMORY_SOME|20777164|955784071093
08-19 12:05:29.136 I/Timeline( 1783): Timeline: App_transition_ready time:956017
08-19 12:05:29.170 I/Timeline( 1783): Timeline: App_transition_ready time:956051
08-19 12:05:29.178 I/Timeline( 1783): Timeline: App_transition_ready time:956059
08-19 12:05:29.180 I/Timeline( 1783): Timeline: App_transition_ready time:956060
08-19 12:05:29.182 I/Timeline( 1783): Timeline: App_transition_ready time:956063
08-19 12:05:29.183 I/Timeline( 1783): Timeline: App_transition_ready time:956064
08-19 12:05:29.185 I/Timeline( 1783): Timeline: App_transition_ready time:956066
08-19 12:05:29.196 I/Timeline( 1783): Timeline: App_transition_ready time:956076
08-19 12:05:29.201 I/ActivityManager( 1783): Killing 22351:com.miui.nextpay/u0a133 (adj 985): empty #25
08-19 12:05:29.239 W/ActivityManager( 1783): setHasOverlayUi called on unknown pid: 22351
08-19 12:05:29.508 I/Timeline( 1783): Timeline: Activity_windows_visible id: ActivityRecord{9758c7c u0 com.tencent.wework/.login.controller.LoginWxAuthActivity t122} time:956389
08-19 12:05:29.511 I/Timeline( 1783): Timeline: App_transition_stopped time:956392
08-19 12:05:29.548 I/ActivityManager( 1783): Killing 29262:com.google.android.webview:sandboxed_process0:org.chromium.content.app.SandboxedProcessService0:0/u0a279i3 (adj 0): isolated not needed
08-19 12:05:29.587 E/BatteryExternalStatsWorker( 1783): wifi info is invalid: null
08-19 12:05:29.588 E/BatteryExternalStatsWorker( 1783): modem info is invalid: null
08-19 12:05:29.652 I/Timeline(28563): Timeline: Activity_launch_request time:956533
08-19 12:05:29.653 I/ActivityTaskManager( 1783): START u0 {cmp=com.tencent.wework/.login.controller.LoginVeryfyStep1Activity (has extras)} from uid 10279
08-19 12:05:29.662 I/ActivityTaskManager( 1783): The Process com.tencent.wework Already Exists in BG. So sending its PID: 28563
08-19 12:05:29.663 W/ActivityTaskManager( 1783): Tried to set launchTime (0) < mLastActivityLaunchTime (937473)
08-19 12:05:29.665 I/Timeline( 1783): Timeline: App_transition_ready time:956546
08-19 12:05:29.726 I/Timeline( 1783): Timeline: App_transition_ready time:956606
08-19 12:05:29.727 I/Timeline( 1783): Timeline: App_transition_ready time:956607
08-19 12:05:29.730 I/Timeline( 1783): Timeline: App_transition_ready time:956611
08-19 12:05:29.735 I/Timeline( 1783): Timeline: App_transition_ready time:956615
08-19 12:05:29.737 I/Timeline( 1783): Timeline: App_transition_ready time:956617
08-19 12:05:29.741 I/Timeline( 1783): Timeline: App_transition_ready time:956621
08-19 12:05:29.743 I/Timeline( 1783): Timeline: App_transition_ready time:956623
08-19 12:05:29.744 I/Timeline( 1783): Timeline: App_transition_ready time:956625
08-19 12:05:29.749 I/Timeline( 1783): Timeline: App_transition_ready time:956629
08-19 12:05:29.771 I/ActivityManager( 1783): Start proc 29612:com.miui.contentcatcher:autofill/1000 for service {com.miui.contentcatcher/com.miui.contentcatcher.autofill.services.MiuiAutofillService} caller=android
08-19 12:05:29.851 I/ActivityManager( 1783): Killing 19532:com.mipay.wallet/u0a165 (adj 925): empty #25
08-19 12:05:29.903 I/ActivityManager( 1783): Start proc 29651:com.miui.cloudservice:synclog/u0a138 for content provider {com.miui.cloudservice/com.miui.cloudservice.sync.SyncLogProvider} caller=com.miui.contentcatcher
08-19 12:05:29.908 I/ActivityManager( 1783): Killing 19657:com.google.android.webview:sandboxed_process0:org.chromium.content.app.SandboxedProcessService0:0/u0a165i0 (adj 0): isolated not needed
08-19 12:05:29.909 W/ActivityManager( 1783): setHasOverlayUi called on unknown pid: 19532
08-19 12:05:29.965 I/WindowManager( 1783): input method visible height changed 928
08-19 12:05:29.968 E/BatteryExternalStatsWorker( 1783): wifi info is invalid: null
08-19 12:05:29.970 E/BatteryExternalStatsWorker( 1783): modem info is invalid: null
08-19 12:05:29.974 E/LoadedApk(29651): Unable to instantiate appComponentFactory
08-19 12:05:29.974 E/LoadedApk(29651): java.lang.ClassNotFoundException: Didn't find class "androidx.core.app.CoreComponentFactory" on path: DexPathList[[zip file "/system/app/CloudService/CloudService.apk"],nativeLibraryDirectories=[/system/app/CloudService/lib/arm64, /system/app/CloudService/CloudService.apk!/lib/arm64-v8a, /system/lib64, /system_ext/lib64, /system/priv-app/RtMiCloudSDK/RtMiCloudSDK.apk!/lib/arm64-v8a, /system/lib64, /system_ext/lib64]]
08-19 12:05:29.974 E/LoadedApk(29651): 	at dalvik.system.BaseDexClassLoader.findClass(BaseDexClassLoader.java:207)
08-19 12:05:29.974 E/LoadedApk(29651): 	at java.lang.ClassLoader.loadClass(ClassLoader.java:379)
08-19 12:05:29.974 E/LoadedApk(29651): 	at java.lang.ClassLoader.loadClass(ClassLoader.java:312)
08-19 12:05:29.974 E/LoadedApk(29651): 	at android.app.LoadedApk.createAppFactory(LoadedApk.java:262)
08-19 12:05:29.974 E/LoadedApk(29651): 	at android.app.LoadedApk.createOrUpdateClassLoaderLocked(LoadedApk.java:907)
08-19 12:05:29.974 E/LoadedApk(29651): 	at android.app.LoadedApk.getClassLoader(LoadedApk.java:960)
08-19 12:05:29.974 E/LoadedApk(29651): 	at android.app.LoadedApk.getResources(LoadedApk.java:1192)
08-19 12:05:29.974 E/LoadedApk(29651): 	at android.app.ContextImpl.createAppContext(ContextImpl.java:2671)
08-19 12:05:29.974 E/LoadedApk(29651): 	at android.app.ContextImpl.createAppContext(ContextImpl.java:2663)
08-19 12:05:29.974 E/LoadedApk(29651): 	at android.app.ActivityThread.handleBindApplication(ActivityThread.java:6847)
08-19 12:05:29.974 E/LoadedApk(29651): 	at android.app.ActivityThread.access$1500(ActivityThread.java:257)
08-19 12:05:29.974 E/LoadedApk(29651): 	at android.app.ActivityThread$H.handleMessage(ActivityThread.java:1982)
08-19 12:05:29.974 E/LoadedApk(29651): 	at android.os.Handler.dispatchMessage(Handler.java:106)
08-19 12:05:29.974 E/LoadedApk(29651): 	at android.os.Looper.loop(Looper.java:236)
08-19 12:05:29.974 E/LoadedApk(29651): 	at android.app.ActivityThread.main(ActivityThread.java:8057)
08-19 12:05:29.974 E/LoadedApk(29651): 	at java.lang.reflect.Method.invoke(Native Method)
08-19 12:05:29.974 E/LoadedApk(29651): 	at com.android.internal.os.RuntimeInit$MethodAndArgsCaller.run(RuntimeInit.java:656)
08-19 12:05:29.974 E/LoadedApk(29651): 	at com.android.internal.os.ZygoteInit.main(ZygoteInit.java:967)
08-19 12:05:30.053 I/Timeline( 1783): Timeline: Activity_windows_visible id: ActivityRecord{b6fd433 u0 com.tencent.wework/.login.controller.LoginVeryfyStep1Activity t122} time:956934
08-19 12:05:30.055 I/Timeline( 1783): Timeline: App_transition_stopped time:956935
08-19 12:05:30.097 W/BpBinder(29612): PerfMonitor binderTransact :  time=201ms interface=android.app.IActivityManager code=22
08-19 12:05:30.132 I/ActivityManager( 1783): Start proc 29683:com.xiaomi.simactivate.service/u0a140 for service {com.xiaomi.simactivate.service/com.xiaomi.activate.ActivateService} caller=com.miui.cloudservice
08-19 12:05:30.393 I/ActivityManager( 1783): Killing 13351:com.android.htmlviewer/u0a146 (adj 985): empty #25
08-19 12:05:30.439 I/ActivityManager( 1783): Killing 12679:com.miui.phrase/u0a127 (adj 975): empty #25
08-19 12:05:30.598 W/NotificationHistory( 1783): Attempted to add notif for locked/gone/disabled user 0
08-19 12:05:30.653 W/NotificationHistory( 1783): Attempted to add notif for locked/gone/disabled user 0
08-19 12:05:35.117 I/Timeline(28563): Timeline: Activity_launch_request time:961997
08-19 12:05:35.118 I/ActivityTaskManager( 1783): START u0 {cmp=com.tencent.wework/.login.controller.LoginVeryfyStep2Activity (has extras)} from uid 10279
08-19 12:05:35.130 I/ActivityTaskManager( 1783): The Process com.tencent.wework Already Exists in BG. So sending its PID: 28563
08-19 12:05:35.130 W/ActivityTaskManager( 1783): Tried to set launchTime (0) < mLastActivityLaunchTime (956544)
08-19 12:05:35.133 I/Timeline( 1783): Timeline: App_transition_ready time:962013
08-19 12:05:35.175 I/Timeline( 1783): Timeline: App_transition_ready time:962055
08-19 12:05:35.178 I/Timeline( 1783): Timeline: App_transition_ready time:962058
08-19 12:05:35.181 I/Timeline( 1783): Timeline: App_transition_ready time:962061
08-19 12:05:35.197 I/Timeline( 1783): Timeline: App_transition_ready time:962078
08-19 12:05:35.220 I/WindowManager( 1783): input method visible height changed 0
08-19 12:05:35.284 I/WindowManager( 1783): input method visible height changed 928
08-19 12:05:35.503 I/Timeline( 1783): Timeline: Activity_windows_visible id: ActivityRecord{99b0684 u0 com.tencent.wework/.login.controller.LoginVeryfyStep2Activity t122} time:962384
08-19 12:05:35.505 I/Timeline( 1783): Timeline: App_transition_stopped time:962386
08-19 12:05:36.346 I/ActivityManager( 1783): Start proc 29789:android.process.acore/u0a72 for content provider {com.android.providers.blockednumber/com.android.providers.blockednumber.BlockedNumberProvider} caller=com.android.phone
08-19 12:05:36.635 I/ActivityManager( 1783): Start proc 29831:com.miui.yellowpage/u0a76 for content provider {com.miui.yellowpage/com.miui.yellowpage.providers.yellowpage.YellowPageProvider} caller=com.miui.securitycenter
08-19 12:05:36.834 W/BpBinder( 4989): PerfMonitor binderTransact :  time=211ms interface=android.app.IActivityManager code=22
08-19 12:05:36.852 W/BpBinder( 1783): PerfMonitor binderTransact :  time=324ms interface=android.content.IContentProvider code=10
08-19 12:05:36.852 W/BpBinder( 2989): PerfMonitor binderTransact :  time=331ms interface=miui.security.ISecurityManager code=3
08-19 12:05:36.861 W/BpBinder(29612): PerfMonitor binderTransact :  time=1998ms interface=com.xiaomi.xmsf.push.service.IHttpService code=1
08-19 12:05:36.959 I/ActivityManager( 1783): Start proc 29860:com.android.mms/u0a79 for broadcast {com.android.mms/com.android.mms.transaction.HighPrivilegedSmsReceiver} caller=com.android.phone
08-19 12:05:37.075 W/ActivityManager( 1783): Receiver with filter android.content.IntentFilter@9386ea1 already registered for pid 29860, callerPackage is com.android.mms
08-19 12:05:37.075 W/PackageParsing(10865): No actions in intent-filter at /storage/emulated/0/Android/data/com.tencent.android.qqdownloader/files/tassistant/apk/com.tmri.app.main_20609.apk Binary XML file line #-1
08-19 12:05:37.087 W/ActivityManager( 1783): Foreground service started from background can not have location/camera/microphone access: service com.android.mms/.transaction.SmsReceiverService
08-19 12:05:37.125 W/PackageParsing(11129): No actions in intent-filter at /storage/emulated/0/Android/data/com.tencent.android.qqdownloader/files/tassistant/apk/com.tmri.app.main_20609.apk Binary XML file line #-1
08-19 12:05:37.131 W/BroadcastQueue( 1783): Permission Denial: receiving Intent { act=android.provider.Telephony.SMS_RECEIVED flg=0x19000010 (has extras) } to com.tencent.android.qqdownloader/com.qq.AppService.SMSReceiver requires android.permission.RECEIVE_SMS due to sender com.android.phone (uid 1001)
08-19 12:05:37.146 I/ActivityManager( 1783): Start proc 29908:com.android.mms/u0a168 for broadcast {com.miui.smsextra/com.miui.smsextra.third.SmsReceiver} caller=com.android.phone
08-19 12:05:37.148 W/ActivityManager( 1783): Foreground service started from background can not have location/camera/microphone access: service com.xiaomi.simactivate.service/com.xiaomi.activate.ActivateService
08-19 12:05:37.195 W/ActivityManager( 1783): Foreground service started from background can not have location/camera/microphone access: service com.xiaomi.simactivate.service/com.xiaomi.activate.ActivateService
08-19 12:05:37.268 W/ActivityManager( 1783): Foreground service started from background can not have location/camera/microphone access: service com.miui.smsextra/.third.SmsService
08-19 12:05:37.275 W/BroadcastQueue( 1783): Permission Denial: receiving Intent { act=android.provider.Telephony.SMS_RECEIVED flg=0x19000010 (has extras) } to com.sohu.inputmethod.sogou.xiaomi/com.sohu.inputmethod.settings.status.SMSReceiver requires android.permission.RECEIVE_SMS due to sender com.android.phone (uid 1001)
08-19 12:05:37.288 I/NotificationService( 1783): notification blocked by assistant request
08-19 12:05:37.293 W/NotificationHistory( 1783): Attempted to add notif for locked/gone/disabled user 0
08-19 12:05:37.295 W/NotificationHistory( 1783): Attempted to add notif for locked/gone/disabled user 0
08-19 12:05:37.338 W/PackageParsing(11129): No actions in intent-filter at /storage/emulated/0/Android/data/com.tencent.android.qqdownloader/files/tassistant/apk/com.tmri.app.main_20609.apk Binary XML file line #-1
08-19 12:05:37.345 W/PackageParsing(11129): No actions in intent-filter at /storage/emulated/0/Android/data/com.tencent.android.qqdownloader/files/tassistant/apk/com.tmri.app.main_20609.apk Binary XML file line #-1
08-19 12:05:37.355 W/NotificationHistory( 1783): Attempted to add notif for locked/gone/disabled user 0
08-19 12:05:37.477 I/chatty  ( 1783): uid=1000(system) Binder:1783_3 identical 2 lines
08-19 12:05:37.613 W/NotificationHistory( 1783): Attempted to add notif for locked/gone/disabled user 0
08-19 12:05:37.706 W/ActivityManager( 1783): Foreground service started from background can not have location/camera/microphone access: service com.xiaomi.simactivate.service/com.xiaomi.activate.ActivateService
08-19 12:05:37.738 W/ActivityManager( 1783): Foreground service started from background can not have location/camera/microphone access: service com.xiaomi.simactivate.service/com.xiaomi.activate.ActivateService
08-19 12:05:37.912 W/NotificationHistory( 1783): Attempted to add notif for locked/gone/disabled user 0
08-19 12:05:37.942 W/NotificationHistory( 1783): Attempted to add notif for locked/gone/disabled user 0
08-19 12:05:38.469 W/PackageParsing(11129): No actions in intent-filter at /storage/emulated/0/Android/data/com.tencent.android.qqdownloader/files/tassistant/apk/com.tmri.app.main_20609.apk Binary XML file line #-1
08-19 12:05:38.510 W/PackageParsing(10865): No actions in intent-filter at /storage/emulated/0/Android/data/com.tencent.android.qqdownloader/files/tassistant/apk/com.tmri.app.main_20609.apk Binary XML file line #-1
08-19 12:05:38.593 W/PackageParsing(11129): No actions in intent-filter at /storage/emulated/0/Android/data/com.tencent.android.qqdownloader/files/tassistant/apk/com.tmri.app.main_20609.apk Binary XML file line #-1
08-19 12:05:38.931 I/Timeline(10926): Timeline: Activity_launch_request time:965811
08-19 12:05:38.932 I/ActivityTaskManager( 1783): START u0 {flg=0x10000000 cmp=com.tencent.android.qqdownloader/com.tencent.pangu.activity.InstallerListenerActivity (has extras)} from uid 10275
08-19 12:05:38.933 W/ActivityTaskManager( 1783): Background activity start [callingPackage: com.tencent.android.qqdownloader; callingUid: 10275; isCallingUidForeground: false; callingUidHasAnyVisibleWindow: false; callingUidProcState: SERVICE; isCallingUidPersistentSystemProcess: false; realCallingUid: 10275; isRealCallingUidForeground: false; realCallingUidHasAnyVisibleWindow: false; realCallingUidProcState: SERVICE; isRealCallingUidPersistentSystemProcess: false; originatingPendingIntent: null; isBgStartWhitelisted: false; intent: Intent { flg=0x10000000 cmp=com.tencent.android.qqdownloader/com.tencent.pangu.activity.InstallerListenerActivity (has extras) }; callerApp: ProcessRecord{2aaddb9 10926:com.tencent.android.qqdownloader/u0a275}]
08-19 12:05:39.648 W/ActivityManager( 1783): Foreground service started from background can not have location/camera/microphone access: service com.android.mms/com.xiaomi.mms.transaction.MxActivateService
08-19 12:05:39.659 W/ActivityManager( 1783): Foreground service started from background can not have location/camera/microphone access: service com.android.mms/com.xiaomi.mms.transaction.MxMessageTrackService
08-19 12:05:39.668 W/ActivityManager( 1783): Foreground service started from background can not have location/camera/microphone access: service com.android.mms/com.xiaomi.mms.transaction.MxMessageTrackService
08-19 12:05:39.864 W/NotificationHistory( 1783): Attempted to add notif for locked/gone/disabled user 0
08-19 12:05:39.866 W/NotificationHistory( 1783): Attempted to add notif for locked/gone/disabled user 0
08-19 12:05:40.405 E/ActivityThread(28563): Failed to find provider info for com.facebook.katana.provider.AttributionIdProvider
08-19 12:05:41.974 I/ActivityManager( 1783): Start proc 30023:com.miui.micloudsync:sync/u0a138 for service {com.miui.micloudsync/com.miui.micloudsync.mms.MmsSmsSyncService} caller=android
08-19 12:05:42.517 W/NotificationHistory( 1783): Attempted to add notif for locked/gone/disabled user 0
08-19 12:05:42.541 W/NotificationHistory( 1783): Attempted to add notif for locked/gone/disabled user 0
08-19 12:05:44.320 I/Timeline(28563): Timeline: Activity_launch_request time:971200
08-19 12:05:44.320 I/ActivityTaskManager( 1783): START u0 {cmp=com.tencent.wework/.common.web.JsWebActivity (has extras)} from uid 10279
08-19 12:05:44.335 I/ActivityTaskManager( 1783): The Process com.tencent.wework Already Exists in BG. So sending its PID: 28563
08-19 12:05:44.335 W/ActivityTaskManager( 1783): Tried to set launchTime (0) < mLastActivityLaunchTime (962011)
08-19 12:05:44.339 I/Timeline( 1783): Timeline: App_transition_ready time:971220
08-19 12:05:44.476 I/ActivityManager( 1783): Start proc 30144:com.google.android.webview:sandboxed_process0:org.chromium.content.app.SandboxedProcessService0:1/u0i4 for  {com.tencent.wework/org.chromium.content.app.SandboxedProcessService0:1} caller=com.tencent.wework
08-19 12:05:44.511 I/Timeline( 1783): Timeline: App_transition_ready time:971391
08-19 12:05:44.513 I/Timeline( 1783): Timeline: App_transition_ready time:971394
08-19 12:05:44.516 I/Timeline( 1783): Timeline: App_transition_ready time:971397
08-19 12:05:44.547 I/Timeline( 1783): Timeline: App_transition_ready time:971427
08-19 12:05:44.569 I/WindowManager( 1783): input method visible height changed 0
08-19 12:05:44.605 I/ActivityManager( 1783): Start proc 30180:com.miui.phrase/u0a127 for content provider {com.miui.phrase/com.miui.provider.InputProvider} caller=com.sohu.inputmethod.sogou.xiaomi
08-19 12:05:44.852 I/Timeline( 1783): Timeline: Activity_windows_visible id: ActivityRecord{65bcd57 u0 com.tencent.wework/.common.web.JsWebActivity t122} time:971733
08-19 12:05:44.856 I/Timeline( 1783): Timeline: App_transition_stopped time:971736
08-19 12:05:45.021 W/BpBinder(29860): PerfMonitor binderTransact :  time=2883ms interface=com.xiaomi.xmsf.push.service.IHttpService code=1
08-19 12:05:48.102 W/BpBinder( 1783): PerfMonitor binderTransact :  time=32748ms interface=android.os.IInstalld code=18
08-19 12:06:00.271 I/ActivityManager( 1783): Killing 6356:android.process.media/u0a77 (adj 925): empty #25
08-19 12:06:00.309 I/ActivityManager( 1783): Killing 13221:com.mi.health/u0a232 (adj 985): empty #25
08-19 12:06:03.616 I/Timeline(28563): Timeline: Activity_launch_request time:990496
08-19 12:06:03.617 I/ActivityTaskManager( 1783): START u0 {cmp=com.tencent.wework/.setting.controller.UserRealNameCardIdCheckActivity (has extras)} from uid 10279
08-19 12:06:03.639 I/ActivityTaskManager( 1783): The Process com.tencent.wework Already Exists in BG. So sending its PID: 28563
08-19 12:06:03.639 W/ActivityTaskManager( 1783): Tried to set launchTime (0) < mLastActivityLaunchTime (971217)
08-19 12:06:03.642 I/Timeline( 1783): Timeline: App_transition_ready time:990522
08-19 12:06:03.679 I/Timeline( 1783): Timeline: App_transition_ready time:990559
08-19 12:06:03.681 I/Timeline( 1783): Timeline: App_transition_ready time:990561
08-19 12:06:03.683 I/Timeline( 1783): Timeline: App_transition_ready time:990564
08-19 12:06:03.695 I/Timeline( 1783): Timeline: App_transition_ready time:990576
08-19 12:06:04.007 I/Timeline( 1783): Timeline: Activity_windows_visible id: ActivityRecord{9dec8e8 u0 com.tencent.wework/.setting.controller.UserRealNameCardIdCheckActivity t122} time:990888
08-19 12:06:04.009 I/Timeline( 1783): Timeline: App_transition_stopped time:990889
08-19 12:06:04.418 W/ActivityManager( 1783): Stopping service due to app idle: u0a275 -2m58s402ms com.tencent.android.qqdownloader/com.tencent.pangu.manager.notification.NotificationService
08-19 12:06:04.418 W/ActivityManager( 1783): Stopping service due to app idle: u0a275 -9m15s293ms com.tencent.android.qqdownloader/com.tencent.pangu.download.DownloadingService
08-19 12:06:04.852 I/ActivityManager( 1783): Killing 14103:com.milink.service/u0a157 (adj 975): empty #25
08-19 12:06:04.889 I/WindowManager( 1783): input method visible height changed 928
08-19 12:06:11.984 W/NotificationHistory( 1783): Attempted to add notif for locked/gone/disabled user 0
08-19 12:06:13.048 I/MiuiChargeManager( 2677): notifyBatteryStatusChanged:  status: 3 isPlugged: 0 level: 68 wireState: -1 chargeSpeed: 0 mWiredChargeType: 0 mWirelessChargeType: 0 chargeDeviceType: -1 maxChargingWattage: -1 SUPPORT_BROADCAST_QUICK_CHARGE: true
08-19 12:06:13.087 E/BatteryExternalStatsWorker( 1783): wifi info is invalid: null
08-19 12:06:13.089 E/BatteryExternalStatsWorker( 1783): modem info is invalid: null
08-19 12:06:13.471 W/NotificationHistory( 1783): Attempted to add notif for locked/gone/disabled user 0
08-19 12:06:14.670 W/NotificationService( 1783): Toast already killed. pkg=com.tencent.wework token=android.os.BinderProxy@b665326
08-19 12:06:16.150 W/WindowManager( 1783): Unable to start animation, surface is null or no children.
08-19 12:06:19.629 I/Timeline(28563): Timeline: Activity_launch_request time:1006509
08-19 12:06:19.632 I/ActivityTaskManager( 1783): START u0 {cmp=com.tencent.wework/.setting.controller.IdentityRecognitionAgreementActivity (has extras)} from uid 10279
08-19 12:06:19.649 I/ActivityTaskManager( 1783): The Process com.tencent.wework Already Exists in BG. So sending its PID: 28563
08-19 12:06:19.649 W/ActivityTaskManager( 1783): Tried to set launchTime (0) < mLastActivityLaunchTime (990520)
08-19 12:06:19.652 I/Timeline( 1783): Timeline: App_transition_ready time:1006533
08-19 12:06:19.655 I/ActivityManager( 1783): Killing 14112:com.miui.screenrecorder/1000 (adj 985): empty #25
08-19 12:06:19.691 I/Timeline( 1783): Timeline: App_transition_ready time:1006572
08-19 12:06:19.692 I/Timeline( 1783): Timeline: App_transition_ready time:1006573
08-19 12:06:19.701 I/Timeline( 1783): Timeline: App_transition_ready time:1006581
08-19 12:06:19.705 I/Timeline( 1783): Timeline: App_transition_ready time:1006586
08-19 12:06:19.723 I/WindowManager( 1783): input method visible height changed 0
08-19 12:06:20.029 I/Timeline( 1783): Timeline: Activity_windows_visible id: ActivityRecord{58fe680 u0 com.tencent.wework/.setting.controller.IdentityRecognitionAgreementActivity t122} time:1006909
08-19 12:06:20.031 I/Timeline( 1783): Timeline: App_transition_stopped time:1006911
08-19 12:06:20.066 I/Timeline(28563): Timeline: Activity_launch_request time:1006946
08-19 12:06:20.067 I/ActivityTaskManager( 1783): START u0 {cmp=com.tencent.wework/.setting.controller.IdentityRecognitionAgreementActivity (has extras)} from uid 10279
08-19 12:06:20.768 I/Timeline(28563): Timeline: Activity_launch_request time:1007649
08-19 12:06:20.770 I/ActivityTaskManager( 1783): START u0 {cmp=com.tencent.wework/.setting.controller.IdentityRecognitionAgreementActivity (has extras)} from uid 10279
08-19 12:06:22.004 I/Timeline(28563): Timeline: Activity_launch_request time:1008885
08-19 12:06:22.006 I/ActivityTaskManager( 1783): START u0 {cmp=com.tencent.wework/.setting.controller.IdentityRecognitionAGAndPoseYoutuActivity (has extras)} from uid 10279
08-19 12:06:22.018 I/ActivityTaskManager( 1783): The Process com.tencent.wework Already Exists in BG. So sending its PID: 28563
08-19 12:06:22.018 W/ActivityTaskManager( 1783): Tried to set launchTime (0) < mLastActivityLaunchTime (1006530)
08-19 12:06:22.020 I/Timeline( 1783): Timeline: App_transition_ready time:1008901
08-19 12:06:22.031 I/ActivityTaskManager( 1783): START u0 {act=android.content.pm.action.REQUEST_PERMISSIONS pkg=com.lbe.security.miui cmp=com.lbe.security.miui/com.android.packageinstaller.permission.ui.GrantPermissionsActivity (has extras)} from uid 10279
