08-19 11:57:00.560 E/clipboard( 1783): 	at android.content.IClipboard$Stub.onTransact(IClipboard.java:242)
08-19 11:57:00.560 E/clipboard( 1783): 	at com.android.server.clipboard.ClipboardService$ClipboardImpl.onTransact(ClipboardService.java:344)
08-19 11:57:00.560 E/clipboard( 1783): 	at android.os.Binder.execTransactInternal(Binder.java:1157)
08-19 11:57:00.560 E/clipboard( 1783): 	at android.os.Binder.execTransact(Binder.java:1126)
08-19 11:57:00.561 I/DropBoxManagerService( 1783): add tag=system_server_wtf isTagEnabled=true flags=0x2
08-19 11:57:00.860 E/clipboard( 1783): Exception: 
08-19 11:57:00.860 E/clipboard( 1783): java.lang.NullPointerException
08-19 11:57:00.860 E/clipboard( 1783): 	at java.util.Objects.requireNonNull(Objects.java:220)
08-19 11:57:00.860 E/clipboard( 1783): 	at com.android.server.appop.AppOpsService.checkPackage(AppOpsService.java:2988)
08-19 11:57:00.860 E/clipboard( 1783): 	at android.app.AppOpsManager.checkPackage(AppOpsManager.java:7793)
08-19 11:57:00.860 E/clipboard( 1783): 	at com.android.server.clipboard.ClipboardService.clipboardAccessCommonCheck(ClipboardService.java:838)
08-19 11:57:00.860 E/clipboard( 1783): 	at com.android.server.clipboard.ClipboardService.clipboardCheckAllowed(ClipboardService.java:903)
08-19 11:57:00.860 E/clipboard( 1783): 	at com.android.server.clipboard.ClipboardService.access$600(ClipboardService.java:160)
08-19 11:57:00.860 E/clipboard( 1783): 	at com.android.server.clipboard.ClipboardService$ClipboardImpl.hasPrimaryClip(ClipboardService.java:437)
08-19 11:57:00.860 E/clipboard( 1783): 	at android.content.IClipboard$Stub.onTransact(IClipboard.java:242)
08-19 11:57:00.860 E/clipboard( 1783): 	at com.android.server.clipboard.ClipboardService$ClipboardImpl.onTransact(ClipboardService.java:344)
08-19 11:57:00.860 E/clipboard( 1783): 	at android.os.Binder.execTransactInternal(Binder.java:1157)
08-19 11:57:00.860 E/clipboard( 1783): 	at android.os.Binder.execTransact(Binder.java:1126)
08-19 11:57:02.130 W/BaseMiuiPhoneWindowManager( 1783): keyCode:4 down:true eventTime:449010 downTime:449010 policyFlags:2b000000 flags:8 deviceId:-1 isScreenOn:true keyguardActive:false repeatCount:0
08-19 11:57:02.131 W/BaseMiuiPhoneWindowManager( 1783): keyCode:4 down:false eventTime:449010 downTime:449010 policyFlags:2b000000 flags:8 deviceId:-1 isScreenOn:true keyguardActive:false repeatCount:0
08-19 11:57:02.156 E/PackageParserInjector( 1783): dump dex file error ,file message: base.odex: 21Kb 
08-19 11:57:02.156 E/PackageParserInjector( 1783): dump dex file error ,file message: base.odex: 21Kb base.vdex: 56Kb 
08-19 11:57:02.170 I/Timeline( 1783): Timeline: App_transition_ready time:449051
08-19 11:57:02.181 I/Timeline( 1783): Timeline: App_transition_ready time:449061
08-19 11:57:02.189 E/IOtgSwitch( 8544): transact failed. java.util.NoSuchElementException
08-19 11:57:02.189 E/IOtgSwitch( 8544): Failed calling isOtgSupported!
08-19 11:57:02.196 I/Timeline( 1783): Timeline: App_transition_ready time:449077
08-19 11:57:02.207 I/Timeline( 1783): Timeline: App_transition_ready time:449088
08-19 11:57:02.507 I/RoleManagerService( 1783): Granting default roles...
08-19 11:57:02.516 E/clipboard( 1783): Exception: 
08-19 11:57:02.516 E/clipboard( 1783): java.lang.NullPointerException
08-19 11:57:02.516 E/clipboard( 1783): 	at java.util.Objects.requireNonNull(Objects.java:220)
08-19 11:57:02.516 E/clipboard( 1783): 	at com.android.server.appop.AppOpsService.checkPackage(AppOpsService.java:2988)
08-19 11:57:02.516 E/clipboard( 1783): 	at android.app.AppOpsManager.checkPackage(AppOpsManager.java:7793)
08-19 11:57:02.516 E/clipboard( 1783): 	at com.android.server.clipboard.ClipboardService.clipboardAccessCommonCheck(ClipboardService.java:838)
08-19 11:57:02.516 E/clipboard( 1783): 	at com.android.server.clipboard.ClipboardService.clipboardCheckAllowed(ClipboardService.java:903)
08-19 11:57:02.516 E/clipboard( 1783): 	at com.android.server.clipboard.ClipboardService.access$600(ClipboardService.java:160)
08-19 11:57:02.516 E/clipboard( 1783): 	at com.android.server.clipboard.ClipboardService$ClipboardImpl.hasPrimaryClip(ClipboardService.java:437)
08-19 11:57:02.516 E/clipboard( 1783): 	at android.content.IClipboard$Stub.onTransact(IClipboard.java:242)
08-19 11:57:02.516 E/clipboard( 1783): 	at com.android.server.clipboard.ClipboardService$ClipboardImpl.onTransact(ClipboardService.java:344)
08-19 11:57:02.516 E/clipboard( 1783): 	at android.os.Binder.execTransactInternal(Binder.java:1157)
08-19 11:57:02.516 E/clipboard( 1783): 	at android.os.Binder.execTransact(Binder.java:1126)
08-19 11:57:02.630 W/BroadcastQueue( 1783): Background execution not allowed: receiving Intent { act=android.search.action.SEARCHABLES_CHANGED flg=0x24000010 } to com.android.quicksearchbox/.CorporaUpdateReceiver
08-19 11:57:02.655 I/Telecom ( 1783): DefaultDialerCache: Refreshing default dialer for user 0: now com.android.contacts: DDC.oR@AL0
08-19 11:57:02.699 W/BroadcastQueue( 1783): Background execution not allowed: receiving Intent { act=android.intent.action.DROPBOX_ENTRY_ADDED flg=0x10 (has extras) } to com.google.android.gms/.stats.service.DropBoxEntryAddedReceiver
08-19 11:57:02.699 W/BroadcastQueue( 1783): Background execution not allowed: receiving Intent { act=android.intent.action.DROPBOX_ENTRY_ADDED flg=0x10 (has extras) } to com.google.android.gms/.chimera.GmsIntentOperationService$PersistentTrustedReceiver
08-19 11:57:02.720 I/Timeline( 1783): Timeline: Activity_windows_visible id: ActivityRecord{dfa32d4 u0 com.android.settings/.SubSettings t102} time:449600
08-19 11:57:02.722 I/Timeline( 1783): Timeline: App_transition_stopped time:449602
08-19 11:57:02.764 E/clipboard( 1783): Exception: 
08-19 11:57:02.764 E/clipboard( 1783): java.lang.NullPointerException
08-19 11:57:02.764 E/clipboard( 1783): 	at java.util.Objects.requireNonNull(Objects.java:220)
08-19 11:57:02.764 E/clipboard( 1783): 	at com.android.server.appop.AppOpsService.checkPackage(AppOpsService.java:2988)
08-19 11:57:02.764 E/clipboard( 1783): 	at android.app.AppOpsManager.checkPackage(AppOpsManager.java:7793)
08-19 11:57:02.764 E/clipboard( 1783): 	at com.android.server.clipboard.ClipboardService.clipboardAccessCommonCheck(ClipboardService.java:838)
08-19 11:57:02.764 E/clipboard( 1783): 	at com.android.server.clipboard.ClipboardService.clipboardCheckAllowed(ClipboardService.java:903)
08-19 11:57:02.764 E/clipboard( 1783): 	at com.android.server.clipboard.ClipboardService.access$600(ClipboardService.java:160)
08-19 11:57:02.764 E/clipboard( 1783): 	at com.android.server.clipboard.ClipboardService$ClipboardImpl.hasPrimaryClip(ClipboardService.java:437)
08-19 11:57:02.764 E/clipboard( 1783): 	at android.content.IClipboard$Stub.onTransact(IClipboard.java:242)
08-19 11:57:02.764 E/clipboard( 1783): 	at com.android.server.clipboard.ClipboardService$ClipboardImpl.onTransact(ClipboardService.java:344)
08-19 11:57:02.764 E/clipboard( 1783): 	at android.os.Binder.execTransactInternal(Binder.java:1157)
08-19 11:57:02.764 E/clipboard( 1783): 	at android.os.Binder.execTransact(Binder.java:1126)
08-19 11:57:04.095 E/PackageParserInjector( 1783): dump dex file error ,file message: base.odex: 21Kb 
08-19 11:57:04.095 E/PackageParserInjector( 1783): dump dex file error ,file message: base.odex: 21Kb base.vdex: 56Kb 
08-19 11:57:04.222 W/BaseMiuiPhoneWindowManager( 1783): keyCode:4 down:true eventTime:451101 downTime:451101 policyFlags:2b000000 flags:8 deviceId:-1 isScreenOn:true keyguardActive:false repeatCount:0
08-19 11:57:04.223 W/BaseMiuiPhoneWindowManager( 1783): keyCode:4 down:false eventTime:451101 downTime:451101 policyFlags:2b000000 flags:8 deviceId:-1 isScreenOn:true keyguardActive:false repeatCount:0
08-19 11:57:04.249 I/Timeline( 1783): Timeline: App_transition_ready time:451129
08-19 11:57:04.272 I/Timeline( 1783): Timeline: App_transition_ready time:451153
08-19 11:57:04.283 I/Timeline( 1783): Timeline: App_transition_ready time:451163
08-19 11:57:04.296 I/Timeline( 1783): Timeline: App_transition_ready time:451177
08-19 11:57:04.500 E/clipboard( 1783): Exception: 
08-19 11:57:04.500 E/clipboard( 1783): java.lang.NullPointerException
08-19 11:57:04.500 E/clipboard( 1783): 	at java.util.Objects.requireNonNull(Objects.java:220)
08-19 11:57:04.500 E/clipboard( 1783): 	at com.android.server.appop.AppOpsService.checkPackage(AppOpsService.java:2988)
08-19 11:57:04.500 E/clipboard( 1783): 	at android.app.AppOpsManager.checkPackage(AppOpsManager.java:7793)
08-19 11:57:04.500 E/clipboard( 1783): 	at com.android.server.clipboard.ClipboardService.clipboardAccessCommonCheck(ClipboardService.java:838)
08-19 11:57:04.500 E/clipboard( 1783): 	at com.android.server.clipboard.ClipboardService.clipboardCheckAllowed(ClipboardService.java:903)
08-19 11:57:04.500 E/clipboard( 1783): 	at com.android.server.clipboard.ClipboardService.access$600(ClipboardService.java:160)
08-19 11:57:04.500 E/clipboard( 1783): 	at com.android.server.clipboard.ClipboardService$ClipboardImpl.hasPrimaryClip(ClipboardService.java:437)
08-19 11:57:04.500 E/clipboard( 1783): 	at android.content.IClipboard$Stub.onTransact(IClipboard.java:242)
08-19 11:57:04.500 E/clipboard( 1783): 	at com.android.server.clipboard.ClipboardService$ClipboardImpl.onTransact(ClipboardService.java:344)
08-19 11:57:04.500 E/clipboard( 1783): 	at android.os.Binder.execTransactInternal(Binder.java:1157)
08-19 11:57:04.500 E/clipboard( 1783): 	at android.os.Binder.execTransact(Binder.java:1126)
08-19 11:57:04.712 E/clipboard( 1783): Exception: 
08-19 11:57:04.712 E/clipboard( 1783): java.lang.NullPointerException
08-19 11:57:04.712 E/clipboard( 1783): 	at java.util.Objects.requireNonNull(Objects.java:220)
08-19 11:57:04.712 E/clipboard( 1783): 	at com.android.server.appop.AppOpsService.checkPackage(AppOpsService.java:2988)
08-19 11:57:04.712 E/clipboard( 1783): 	at android.app.AppOpsManager.checkPackage(AppOpsManager.java:7793)
08-19 11:57:04.712 E/clipboard( 1783): 	at com.android.server.clipboard.ClipboardService.clipboardAccessCommonCheck(ClipboardService.java:838)
08-19 11:57:04.712 E/clipboard( 1783): 	at com.android.server.clipboard.ClipboardService.clipboardCheckAllowed(ClipboardService.java:903)
08-19 11:57:04.712 E/clipboard( 1783): 	at com.android.server.clipboard.ClipboardService.access$600(ClipboardService.java:160)
08-19 11:57:04.712 E/clipboard( 1783): 	at com.android.server.clipboard.ClipboardService$ClipboardImpl.hasPrimaryClip(ClipboardService.java:437)
08-19 11:57:04.712 E/clipboard( 1783): 	at android.content.IClipboard$Stub.onTransact(IClipboard.java:242)
08-19 11:57:04.712 E/clipboard( 1783): 	at com.android.server.clipboard.ClipboardService$ClipboardImpl.onTransact(ClipboardService.java:344)
08-19 11:57:04.712 E/clipboard( 1783): 	at android.os.Binder.execTransactInternal(Binder.java:1157)
08-19 11:57:04.712 E/clipboard( 1783): 	at android.os.Binder.execTransact(Binder.java:1126)
08-19 11:57:04.801 I/Timeline( 1783): Timeline: Activity_windows_visible id: ActivityRecord{2cfda99 u0 com.android.settings/.MainSettings t102} time:451681
08-19 11:57:04.809 I/Timeline( 1783): Timeline: App_transition_stopped time:451690
08-19 11:57:06.016 E/PackageParserInjector( 1783): dump dex file error ,file message: base.odex: 21Kb 
08-19 11:57:06.016 E/PackageParserInjector( 1783): dump dex file error ,file message: base.odex: 21Kb base.vdex: 56Kb 
08-19 11:57:06.442 E/clipboard( 1783): Exception: 
08-19 11:57:06.442 E/clipboard( 1783): java.lang.NullPointerException
08-19 11:57:06.442 E/clipboard( 1783): 	at java.util.Objects.requireNonNull(Objects.java:220)
08-19 11:57:06.442 E/clipboard( 1783): 	at com.android.server.appop.AppOpsService.checkPackage(AppOpsService.java:2988)
08-19 11:57:06.442 E/clipboard( 1783): 	at android.app.AppOpsManager.checkPackage(AppOpsManager.java:7793)
08-19 11:57:06.442 E/clipboard( 1783): 	at com.android.server.clipboard.ClipboardService.clipboardAccessCommonCheck(ClipboardService.java:838)
08-19 11:57:06.442 E/clipboard( 1783): 	at com.android.server.clipboard.ClipboardService.clipboardCheckAllowed(ClipboardService.java:903)
08-19 11:57:06.442 E/clipboard( 1783): 	at com.android.server.clipboard.ClipboardService.access$600(ClipboardService.java:160)
08-19 11:57:06.442 E/clipboard( 1783): 	at com.android.server.clipboard.ClipboardService$ClipboardImpl.hasPrimaryClip(ClipboardService.java:437)
08-19 11:57:06.442 E/clipboard( 1783): 	at android.content.IClipboard$Stub.onTransact(IClipboard.java:242)
08-19 11:57:06.442 E/clipboard( 1783): 	at com.android.server.clipboard.ClipboardService$ClipboardImpl.onTransact(ClipboardService.java:344)
08-19 11:57:06.442 E/clipboard( 1783): 	at android.os.Binder.execTransactInternal(Binder.java:1157)
08-19 11:57:06.442 E/clipboard( 1783): 	at android.os.Binder.execTransact(Binder.java:1126)
08-19 11:57:06.444 I/DropBoxManagerService( 1783): add tag=system_server_wtf isTagEnabled=true flags=0x2
08-19 11:57:06.656 E/clipboard( 1783): Exception: 
08-19 11:57:06.656 E/clipboard( 1783): java.lang.NullPointerException
08-19 11:57:06.656 E/clipboard( 1783): 	at java.util.Objects.requireNonNull(Objects.java:220)
08-19 11:57:06.656 E/clipboard( 1783): 	at com.android.server.appop.AppOpsService.checkPackage(AppOpsService.java:2988)
08-19 11:57:06.656 E/clipboard( 1783): 	at android.app.AppOpsManager.checkPackage(AppOpsManager.java:7793)
08-19 11:57:06.656 E/clipboard( 1783): 	at com.android.server.clipboard.ClipboardService.clipboardAccessCommonCheck(ClipboardService.java:838)
08-19 11:57:06.656 E/clipboard( 1783): 	at com.android.server.clipboard.ClipboardService.clipboardCheckAllowed(ClipboardService.java:903)
08-19 11:57:06.656 E/clipboard( 1783): 	at com.android.server.clipboard.ClipboardService.access$600(ClipboardService.java:160)
08-19 11:57:06.656 E/clipboard( 1783): 	at com.android.server.clipboard.ClipboardService$ClipboardImpl.hasPrimaryClip(ClipboardService.java:437)
08-19 11:57:06.656 E/clipboard( 1783): 	at android.content.IClipboard$Stub.onTransact(IClipboard.java:242)
08-19 11:57:06.656 E/clipboard( 1783): 	at com.android.server.clipboard.ClipboardService$ClipboardImpl.onTransact(ClipboardService.java:344)
08-19 11:57:06.656 E/clipboard( 1783): 	at android.os.Binder.execTransactInternal(Binder.java:1157)
08-19 11:57:06.656 E/clipboard( 1783): 	at android.os.Binder.execTransact(Binder.java:1126)
08-19 11:57:06.657 I/DropBoxManagerService( 1783): add tag=system_server_wtf isTagEnabled=true flags=0x2
08-19 11:57:06.807 W/BpBinder( 1783): PerfMonitor binderTransact :  time=807ms interface=android.os.IInstalld code=18
08-19 11:57:07.241 I/Timeline( 8544): Timeline: Activity_launch_request time:454122
08-19 11:57:07.242 I/ActivityTaskManager( 1783): START u0 {act=android.intent.action.MAIN cmp=com.android.settings/.SubSettings (has extras)} from uid 1000
08-19 11:57:07.254 I/ActivityTaskManager( 1783): The Process com.android.settings Already Exists in BG. So sending its PID: 8544
08-19 11:57:07.254 W/ActivityTaskManager( 1783): Tried to set launchTime (0) < mLastActivityLaunchTime (376572)
08-19 11:57:07.257 I/Timeline( 1783): Timeline: App_transition_ready time:454138
08-19 11:57:07.266 E/ActivityThread( 8544): Failed to find provider info for com.qti.smq.Feedback.provider
08-19 11:57:07.284 I/Timeline( 1783): Timeline: App_transition_ready time:454164
08-19 11:57:07.284 I/Timeline( 1783): Timeline: App_transition_ready time:454165
08-19 11:57:07.294 I/Timeline( 1783): Timeline: App_transition_ready time:454174
08-19 11:57:07.296 I/Timeline( 1783): Timeline: App_transition_ready time:454176
08-19 11:57:07.321 I/Timeline( 1783): Timeline: App_transition_ready time:454202
08-19 11:57:07.823 I/Timeline( 1783): Timeline: Activity_windows_visible id: ActivityRecord{67a8327 u0 com.android.settings/.SubSettings t102} time:454704
08-19 11:57:07.829 I/Timeline( 1783): Timeline: App_transition_stopped time:454709
08-19 11:57:07.907 E/PackageParserInjector( 1783): dump dex file error ,file message: base.odex: 21Kb 
08-19 11:57:07.907 E/PackageParserInjector( 1783): dump dex file error ,file message: base.odex: 21Kb base.vdex: 56Kb 
08-19 11:57:08.409 E/clipboard( 1783): Exception: 
08-19 11:57:08.409 E/clipboard( 1783): java.lang.NullPointerException
08-19 11:57:08.409 E/clipboard( 1783): 	at java.util.Objects.requireNonNull(Objects.java:220)
08-19 11:57:08.409 E/clipboard( 1783): 	at com.android.server.appop.AppOpsService.checkPackage(AppOpsService.java:2988)
08-19 11:57:08.409 E/clipboard( 1783): 	at android.app.AppOpsManager.checkPackage(AppOpsManager.java:7793)
08-19 11:57:08.409 E/clipboard( 1783): 	at com.android.server.clipboard.ClipboardService.clipboardAccessCommonCheck(ClipboardService.java:838)
08-19 11:57:08.409 E/clipboard( 1783): 	at com.android.server.clipboard.ClipboardService.clipboardCheckAllowed(ClipboardService.java:903)
08-19 11:57:08.409 E/clipboard( 1783): 	at com.android.server.clipboard.ClipboardService.access$600(ClipboardService.java:160)
08-19 11:57:08.409 E/clipboard( 1783): 	at com.android.server.clipboard.ClipboardService$ClipboardImpl.hasPrimaryClip(ClipboardService.java:437)
08-19 11:57:08.409 E/clipboard( 1783): 	at android.content.IClipboard$Stub.onTransact(IClipboard.java:242)
08-19 11:57:08.409 E/clipboard( 1783): 	at com.android.server.clipboard.ClipboardService$ClipboardImpl.onTransact(ClipboardService.java:344)
08-19 11:57:08.409 E/clipboard( 1783): 	at android.os.Binder.execTransactInternal(Binder.java:1157)
08-19 11:57:08.409 E/clipboard( 1783): 	at android.os.Binder.execTransact(Binder.java:1126)
08-19 11:57:08.410 I/DropBoxManagerService( 1783): add tag=system_server_wtf isTagEnabled=true flags=0x2
08-19 11:57:08.449 W/BroadcastQueue( 1783): Background execution not allowed: receiving Intent { act=android.intent.action.DROPBOX_ENTRY_ADDED flg=0x10 (has extras) } to com.google.android.gms/.stats.service.DropBoxEntryAddedReceiver
08-19 11:57:08.449 W/BroadcastQueue( 1783): Background execution not allowed: receiving Intent { act=android.intent.action.DROPBOX_ENTRY_ADDED flg=0x10 (has extras) } to com.google.android.gms/.chimera.GmsIntentOperationService$PersistentTrustedReceiver
08-19 11:57:08.663 W/BpBinder( 8544): PerfMonitor binderTransact :  time=11375ms interface=com.xiaomi.xmsf.push.service.IHttpService code=1
08-19 11:57:08.693 E/clipboard( 1783): Exception: 
08-19 11:57:08.693 E/clipboard( 1783): java.lang.NullPointerException
08-19 11:57:08.693 E/clipboard( 1783): 	at java.util.Objects.requireNonNull(Objects.java:220)
08-19 11:57:08.693 E/clipboard( 1783): 	at com.android.server.appop.AppOpsService.checkPackage(AppOpsService.java:2988)
08-19 11:57:08.693 E/clipboard( 1783): 	at android.app.AppOpsManager.checkPackage(AppOpsManager.java:7793)
08-19 11:57:08.693 E/clipboard( 1783): 	at com.android.server.clipboard.ClipboardService.clipboardAccessCommonCheck(ClipboardService.java:838)
08-19 11:57:08.693 E/clipboard( 1783): 	at com.android.server.clipboard.ClipboardService.clipboardCheckAllowed(ClipboardService.java:903)
08-19 11:57:08.693 E/clipboard( 1783): 	at com.android.server.clipboard.ClipboardService.access$600(ClipboardService.java:160)
08-19 11:57:08.693 E/clipboard( 1783): 	at com.android.server.clipboard.ClipboardService$ClipboardImpl.hasPrimaryClip(ClipboardService.java:437)
08-19 11:57:08.693 E/clipboard( 1783): 	at android.content.IClipboard$Stub.onTransact(IClipboard.java:242)
08-19 11:57:08.693 E/clipboard( 1783): 	at com.android.server.clipboard.ClipboardService$ClipboardImpl.onTransact(ClipboardService.java:344)
08-19 11:57:08.693 E/clipboard( 1783): 	at android.os.Binder.execTransactInternal(Binder.java:1157)
08-19 11:57:08.693 E/clipboard( 1783): 	at android.os.Binder.execTransact(Binder.java:1126)
08-19 11:57:08.694 I/DropBoxManagerService( 1783): add tag=system_server_wtf isTagEnabled=true flags=0x2
08-19 11:57:09.984 E/PackageParserInjector( 1783): dump dex file error ,file message: base.odex: 21Kb 
08-19 11:57:09.984 E/PackageParserInjector( 1783): dump dex file error ,file message: base.odex: 21Kb base.vdex: 56Kb 
08-19 11:57:10.486 E/clipboard( 1783): Exception: 
08-19 11:57:10.486 E/clipboard( 1783): java.lang.NullPointerException
08-19 11:57:10.486 E/clipboard( 1783): 	at java.util.Objects.requireNonNull(Objects.java:220)
08-19 11:57:10.486 E/clipboard( 1783): 	at com.android.server.appop.AppOpsService.checkPackage(AppOpsService.java:2988)
08-19 11:57:10.486 E/clipboard( 1783): 	at android.app.AppOpsManager.checkPackage(AppOpsManager.java:7793)
08-19 11:57:10.486 E/clipboard( 1783): 	at com.android.server.clipboard.ClipboardService.clipboardAccessCommonCheck(ClipboardService.java:838)
08-19 11:57:10.486 E/clipboard( 1783): 	at com.android.server.clipboard.ClipboardService.clipboardCheckAllowed(ClipboardService.java:903)
08-19 11:57:10.486 E/clipboard( 1783): 	at com.android.server.clipboard.ClipboardService.access$600(ClipboardService.java:160)
08-19 11:57:10.486 E/clipboard( 1783): 	at com.android.server.clipboard.ClipboardService$ClipboardImpl.hasPrimaryClip(ClipboardService.java:437)
08-19 11:57:10.486 E/clipboard( 1783): 	at android.content.IClipboard$Stub.onTransact(IClipboard.java:242)
08-19 11:57:10.486 E/clipboard( 1783): 	at com.android.server.clipboard.ClipboardService$ClipboardImpl.onTransact(ClipboardService.java:344)
08-19 11:57:10.486 E/clipboard( 1783): 	at android.os.Binder.execTransactInternal(Binder.java:1157)
08-19 11:57:10.486 E/clipboard( 1783): 	at android.os.Binder.execTransact(Binder.java:1126)
08-19 11:57:10.487 I/DropBoxManagerService( 1783): add tag=system_server_wtf isTagEnabled=true flags=0x2
08-19 11:57:10.701 W/BroadcastQueue( 1783): Background execution not allowed: receiving Intent { act=android.intent.action.DROPBOX_ENTRY_ADDED flg=0x10 (has extras) } to com.google.android.gms/.stats.service.DropBoxEntryAddedReceiver
08-19 11:57:10.701 W/BroadcastQueue( 1783): Background execution not allowed: receiving Intent { act=android.intent.action.DROPBOX_ENTRY_ADDED flg=0x10 (has extras) } to com.google.android.gms/.chimera.GmsIntentOperationService$PersistentTrustedReceiver
08-19 11:57:10.738 E/clipboard( 1783): Exception: 
08-19 11:57:10.738 E/clipboard( 1783): java.lang.NullPointerException
08-19 11:57:10.738 E/clipboard( 1783): 	at java.util.Objects.requireNonNull(Objects.java:220)
08-19 11:57:10.738 E/clipboard( 1783): 	at com.android.server.appop.AppOpsService.checkPackage(AppOpsService.java:2988)
08-19 11:57:10.738 E/clipboard( 1783): 	at android.app.AppOpsManager.checkPackage(AppOpsManager.java:7793)
08-19 11:57:10.738 E/clipboard( 1783): 	at com.android.server.clipboard.ClipboardService.clipboardAccessCommonCheck(ClipboardService.java:838)
08-19 11:57:10.738 E/clipboard( 1783): 	at com.android.server.clipboard.ClipboardService.clipboardCheckAllowed(ClipboardService.java:903)
08-19 11:57:10.738 E/clipboard( 1783): 	at com.android.server.clipboard.ClipboardService.access$600(ClipboardService.java:160)
08-19 11:57:10.738 E/clipboard( 1783): 	at com.android.server.clipboard.ClipboardService$ClipboardImpl.hasPrimaryClip(ClipboardService.java:437)
08-19 11:57:10.738 E/clipboard( 1783): 	at android.content.IClipboard$Stub.onTransact(IClipboard.java:242)
08-19 11:57:10.738 E/clipboard( 1783): 	at com.android.server.clipboard.ClipboardService$ClipboardImpl.onTransact(ClipboardService.java:344)
08-19 11:57:10.738 E/clipboard( 1783): 	at android.os.Binder.execTransactInternal(Binder.java:1157)
08-19 11:57:10.738 E/clipboard( 1783): 	at android.os.Binder.execTransact(Binder.java:1126)
08-19 11:57:12.067 E/PackageParserInjector( 1783): dump dex file error ,file message: base.odex: 21Kb 
08-19 11:57:12.067 E/PackageParserInjector( 1783): dump dex file error ,file message: base.odex: 21Kb base.vdex: 56Kb 
08-19 11:57:12.559 E/clipboard( 1783): Exception: 
08-19 11:57:12.559 E/clipboard( 1783): java.lang.NullPointerException
08-19 11:57:12.559 E/clipboard( 1783): 	at java.util.Objects.requireNonNull(Objects.java:220)
08-19 11:57:12.559 E/clipboard( 1783): 	at com.android.server.appop.AppOpsService.checkPackage(AppOpsService.java:2988)
08-19 11:57:12.559 E/clipboard( 1783): 	at android.app.AppOpsManager.checkPackage(AppOpsManager.java:7793)
08-19 11:57:12.559 E/clipboard( 1783): 	at com.android.server.clipboard.ClipboardService.clipboardAccessCommonCheck(ClipboardService.java:838)
08-19 11:57:12.559 E/clipboard( 1783): 	at com.android.server.clipboard.ClipboardService.clipboardCheckAllowed(ClipboardService.java:903)
08-19 11:57:12.559 E/clipboard( 1783): 	at com.android.server.clipboard.ClipboardService.access$600(ClipboardService.java:160)
08-19 11:57:12.559 E/clipboard( 1783): 	at com.android.server.clipboard.ClipboardService$ClipboardImpl.hasPrimaryClip(ClipboardService.java:437)
08-19 11:57:12.559 E/clipboard( 1783): 	at android.content.IClipboard$Stub.onTransact(IClipboard.java:242)
08-19 11:57:12.559 E/clipboard( 1783): 	at com.android.server.clipboard.ClipboardService$ClipboardImpl.onTransact(ClipboardService.java:344)
08-19 11:57:12.559 E/clipboard( 1783): 	at android.os.Binder.execTransactInternal(Binder.java:1157)
08-19 11:57:12.559 E/clipboard( 1783): 	at android.os.Binder.execTransact(Binder.java:1126)
08-19 11:57:12.835 E/clipboard( 1783): Exception: 
08-19 11:57:12.835 E/clipboard( 1783): java.lang.NullPointerException
08-19 11:57:12.835 E/clipboard( 1783): 	at java.util.Objects.requireNonNull(Objects.java:220)
08-19 11:57:12.835 E/clipboard( 1783): 	at com.android.server.appop.AppOpsService.checkPackage(AppOpsService.java:2988)
08-19 11:57:12.835 E/clipboard( 1783): 	at android.app.AppOpsManager.checkPackage(AppOpsManager.java:7793)
08-19 11:57:12.835 E/clipboard( 1783): 	at com.android.server.clipboard.ClipboardService.clipboardAccessCommonCheck(ClipboardService.java:838)
08-19 11:57:12.835 E/clipboard( 1783): 	at com.android.server.clipboard.ClipboardService.clipboardCheckAllowed(ClipboardService.java:903)
08-19 11:57:12.835 E/clipboard( 1783): 	at com.android.server.clipboard.ClipboardService.access$600(ClipboardService.java:160)
08-19 11:57:12.835 E/clipboard( 1783): 	at com.android.server.clipboard.ClipboardService$ClipboardImpl.hasPrimaryClip(ClipboardService.java:437)
08-19 11:57:12.835 E/clipboard( 1783): 	at android.content.IClipboard$Stub.onTransact(IClipboard.java:242)
08-19 11:57:12.835 E/clipboard( 1783): 	at com.android.server.clipboard.ClipboardService$ClipboardImpl.onTransact(ClipboardService.java:344)
08-19 11:57:12.835 E/clipboard( 1783): 	at android.os.Binder.execTransactInternal(Binder.java:1157)
08-19 11:57:12.835 E/clipboard( 1783): 	at android.os.Binder.execTransact(Binder.java:1126)
08-19 11:57:13.112 W/BaseMiuiPhoneWindowManager( 1783): keyCode:4 down:true eventTime:459992 downTime:459992 policyFlags:2b000000 flags:8 deviceId:-1 isScreenOn:true keyguardActive:false repeatCount:0
08-19 11:57:13.113 W/BaseMiuiPhoneWindowManager( 1783): keyCode:4 down:false eventTime:459992 downTime:459992 policyFlags:2b000000 flags:8 deviceId:-1 isScreenOn:true keyguardActive:false repeatCount:0
08-19 11:57:13.143 I/Timeline( 1783): Timeline: App_transition_ready time:460024
08-19 11:57:13.158 I/Timeline( 1783): Timeline: App_transition_ready time:460038
08-19 11:57:13.160 I/Timeline( 1783): Timeline: App_transition_ready time:460041
08-19 11:57:13.173 I/Timeline( 1783): Timeline: App_transition_ready time:460053
08-19 11:57:13.686 I/Timeline( 1783): Timeline: Activity_windows_visible id: ActivityRecord{2cfda99 u0 com.android.settings/.MainSettings t102} time:460567
08-19 11:57:13.692 I/Timeline( 1783): Timeline: App_transition_stopped time:460572
08-19 11:57:14.130 E/PackageParserInjector( 1783): dump dex file error ,file message: base.odex: 21Kb 
08-19 11:57:14.130 E/PackageParserInjector( 1783): dump dex file error ,file message: base.odex: 21Kb base.vdex: 56Kb 
08-19 11:57:14.622 E/clipboard( 1783): Exception: 
08-19 11:57:14.622 E/clipboard( 1783): java.lang.NullPointerException
08-19 11:57:14.622 E/clipboard( 1783): 	at java.util.Objects.requireNonNull(Objects.java:220)
08-19 11:57:14.622 E/clipboard( 1783): 	at com.android.server.appop.AppOpsService.checkPackage(AppOpsService.java:2988)
08-19 11:57:14.622 E/clipboard( 1783): 	at android.app.AppOpsManager.checkPackage(AppOpsManager.java:7793)
08-19 11:57:14.622 E/clipboard( 1783): 	at com.android.server.clipboard.ClipboardService.clipboardAccessCommonCheck(ClipboardService.java:838)
08-19 11:57:14.622 E/clipboard( 1783): 	at com.android.server.clipboard.ClipboardService.clipboardCheckAllowed(ClipboardService.java:903)
08-19 11:57:14.622 E/clipboard( 1783): 	at com.android.server.clipboard.ClipboardService.access$600(ClipboardService.java:160)
08-19 11:57:14.622 E/clipboard( 1783): 	at com.android.server.clipboard.ClipboardService$ClipboardImpl.hasPrimaryClip(ClipboardService.java:437)
08-19 11:57:14.622 E/clipboard( 1783): 	at android.content.IClipboard$Stub.onTransact(IClipboard.java:242)
08-19 11:57:14.622 E/clipboard( 1783): 	at com.android.server.clipboard.ClipboardService$ClipboardImpl.onTransact(ClipboardService.java:344)
08-19 11:57:14.622 E/clipboard( 1783): 	at android.os.Binder.execTransactInternal(Binder.java:1157)
08-19 11:57:14.622 E/clipboard( 1783): 	at android.os.Binder.execTransact(Binder.java:1126)
08-19 11:57:14.886 E/clipboard( 1783): Exception: 
08-19 11:57:14.886 E/clipboard( 1783): java.lang.NullPointerException
08-19 11:57:14.886 E/clipboard( 1783): 	at java.util.Objects.requireNonNull(Objects.java:220)
08-19 11:57:14.886 E/clipboard( 1783): 	at com.android.server.appop.AppOpsService.checkPackage(AppOpsService.java:2988)
08-19 11:57:14.886 E/clipboard( 1783): 	at android.app.AppOpsManager.checkPackage(AppOpsManager.java:7793)
08-19 11:57:14.886 E/clipboard( 1783): 	at com.android.server.clipboard.ClipboardService.clipboardAccessCommonCheck(ClipboardService.java:838)
08-19 11:57:14.886 E/clipboard( 1783): 	at com.android.server.clipboard.ClipboardService.clipboardCheckAllowed(ClipboardService.java:903)
08-19 11:57:14.886 E/clipboard( 1783): 	at com.android.server.clipboard.ClipboardService.access$600(ClipboardService.java:160)
08-19 11:57:14.886 E/clipboard( 1783): 	at com.android.server.clipboard.ClipboardService$ClipboardImpl.hasPrimaryClip(ClipboardService.java:437)
08-19 11:57:14.886 E/clipboard( 1783): 	at android.content.IClipboard$Stub.onTransact(IClipboard.java:242)
08-19 11:57:14.886 E/clipboard( 1783): 	at com.android.server.clipboard.ClipboardService$ClipboardImpl.onTransact(ClipboardService.java:344)
08-19 11:57:14.886 E/clipboard( 1783): 	at android.os.Binder.execTransactInternal(Binder.java:1157)
08-19 11:57:14.886 E/clipboard( 1783): 	at android.os.Binder.execTransact(Binder.java:1126)
08-19 11:57:15.446 I/Timeline( 8544): Timeline: Activity_launch_request time:462327
08-19 11:57:15.448 I/ActivityTaskManager( 1783): START u0 {act=android.intent.action.VIEW cat=[com.mipay.wallet.MIPAYINFO] dat=https://app.mipay.com/... pkg=com.mipay.wallet cmp=com.mipay.wallet/.ui.AppEntryActivity} from uid 1000
08-19 11:57:15.471 I/ActivityManager( 1783): Start proc 19532:com.mipay.wallet/u0a165 for pre-top-activity {com.mipay.wallet/com.mipay.wallet.ui.AppEntryActivity} caller=com.android.settings
08-19 11:57:15.495 I/Timeline( 1783): Timeline: App_transition_ready time:462376
08-19 11:57:15.710 E/ClipboardService( 1783): Denying clipboard access to com.mipay.wallet, application is not in focus nor is it a system service for user 0
08-19 11:57:15.717 I/Timeline(19532): Timeline: Activity_launch_request time:462597
08-19 11:57:15.720 I/ActivityTaskManager( 1783): START u0 {cmp=com.mipay.wallet/com.mipay.info.ui.MipayInfoActivity (has extras)} from uid 10165
08-19 11:57:15.735 I/ActivityTaskManager( 1783): The Process com.mipay.wallet Already Exists in BG. So sending its PID: 19532
08-19 11:57:15.735 W/ActivityTaskManager( 1783): Tried to set launchTime (0) < mLastActivityLaunchTime (462365)
08-19 11:57:15.738 I/Timeline( 1783): Timeline: App_transition_ready time:462619
08-19 11:57:15.751 I/Timeline( 1783): Timeline: App_transition_ready time:462631
08-19 11:57:15.753 I/Timeline( 1783): Timeline: App_transition_ready time:462634
08-19 11:57:15.758 E/ClipboardService( 1783): Denying clipboard access to com.mipay.wallet, application is not in focus nor is it a system service for user 0
08-19 11:57:15.800 I/Timeline( 1783): Timeline: App_transition_ready time:462680
08-19 11:57:15.803 I/Timeline( 1783): Timeline: App_transition_ready time:462684
08-19 11:57:15.827 I/ActivityManager( 1783): Start proc 19657:com.google.android.webview:sandboxed_process0:org.chromium.content.app.SandboxedProcessService0:0/u0ai9000 for  {com.mipay.wallet/org.chromium.content.app.SandboxedProcessService0:0} caller=com.mipay.wallet
08-19 11:57:15.899 I/Timeline( 1783): Timeline: App_transition_ready time:462779
08-19 11:57:15.918 I/ActivityManager( 1783): Killing 13071:com.miui.hybrid/u0a125 (adj 915): empty #25
08-19 11:57:15.933 I/Timeline( 1783): Timeline: App_transition_ready time:462813
08-19 11:57:16.129 W/NotificationHistory( 1783): Attempted to add notif for locked/gone/disabled user 0
08-19 11:57:16.151 E/PackageParserInjector( 1783): dump dex file error ,file message: base.odex: 21Kb 
08-19 11:57:16.151 E/PackageParserInjector( 1783): dump dex file error ,file message: base.odex: 21Kb base.vdex: 56Kb 
08-19 11:57:16.158 W/NotificationHistory( 1783): Attempted to add notif for locked/gone/disabled user 0
08-19 11:57:16.436 W/NotificationHistory( 1783): Attempted to add notif for locked/gone/disabled user 0
08-19 11:57:16.443 I/Timeline( 1783): Timeline: Activity_windows_visible id: ActivityRecord{4d01f5d u0 com.mipay.wallet/com.mipay.info.ui.MipayInfoActivity t102} time:463323
08-19 11:57:16.444 I/Timeline( 1783): Timeline: App_transition_stopped time:463325
08-19 11:57:16.479 E/clipboard( 1783): Exception: 
08-19 11:57:16.479 E/clipboard( 1783): java.lang.NullPointerException
08-19 11:57:16.479 E/clipboard( 1783): 	at java.util.Objects.requireNonNull(Objects.java:220)
08-19 11:57:16.479 E/clipboard( 1783): 	at com.android.server.appop.AppOpsService.checkPackage(AppOpsService.java:2988)
08-19 11:57:16.479 E/clipboard( 1783): 	at android.app.AppOpsManager.checkPackage(AppOpsManager.java:7793)
08-19 11:57:16.479 E/clipboard( 1783): 	at com.android.server.clipboard.ClipboardService.clipboardAccessCommonCheck(ClipboardService.java:838)
08-19 11:57:16.479 E/clipboard( 1783): 	at com.android.server.clipboard.ClipboardService.clipboardCheckAllowed(ClipboardService.java:903)
08-19 11:57:16.479 E/clipboard( 1783): 	at com.android.server.clipboard.ClipboardService.access$600(ClipboardService.java:160)
08-19 11:57:16.479 E/clipboard( 1783): 	at com.android.server.clipboard.ClipboardService$ClipboardImpl.hasPrimaryClip(ClipboardService.java:437)
08-19 11:57:16.479 E/clipboard( 1783): 	at android.content.IClipboard$Stub.onTransact(IClipboard.java:242)
08-19 11:57:16.479 E/clipboard( 1783): 	at com.android.server.clipboard.ClipboardService$ClipboardImpl.onTransact(ClipboardService.java:344)
08-19 11:57:16.479 E/clipboard( 1783): 	at android.os.Binder.execTransactInternal(Binder.java:1157)
08-19 11:57:16.479 E/clipboard( 1783): 	at android.os.Binder.execTransact(Binder.java:1126)
08-19 11:57:16.479 I/DropBoxManagerService( 1783): add tag=system_server_wtf isTagEnabled=true flags=0x2
08-19 11:57:16.661 E/clipboard( 1783): Exception: 
08-19 11:57:16.661 E/clipboard( 1783): java.lang.NullPointerException
08-19 11:57:16.661 E/clipboard( 1783): 	at java.util.Objects.requireNonNull(Objects.java:220)
08-19 11:57:16.661 E/clipboard( 1783): 	at com.android.server.appop.AppOpsService.checkPackage(AppOpsService.java:2988)
08-19 11:57:16.661 E/clipboard( 1783): 	at android.app.AppOpsManager.checkPackage(AppOpsManager.java:7793)
08-19 11:57:16.661 E/clipboard( 1783): 	at com.android.server.clipboard.ClipboardService.clipboardAccessCommonCheck(ClipboardService.java:838)
08-19 11:57:16.661 E/clipboard( 1783): 	at com.android.server.clipboard.ClipboardService.clipboardCheckAllowed(ClipboardService.java:903)
08-19 11:57:16.661 E/clipboard( 1783): 	at com.android.server.clipboard.ClipboardService.access$600(ClipboardService.java:160)
08-19 11:57:16.661 E/clipboard( 1783): 	at com.android.server.clipboard.ClipboardService$ClipboardImpl.hasPrimaryClip(ClipboardService.java:437)
08-19 11:57:16.661 E/clipboard( 1783): 	at android.content.IClipboard$Stub.onTransact(IClipboard.java:242)
08-19 11:57:16.661 E/clipboard( 1783): 	at com.android.server.clipboard.ClipboardService$ClipboardImpl.onTransact(ClipboardService.java:344)
08-19 11:57:16.661 E/clipboard( 1783): 	at android.os.Binder.execTransactInternal(Binder.java:1157)
08-19 11:57:16.661 E/clipboard( 1783): 	at android.os.Binder.execTransact(Binder.java:1126)
08-19 11:57:16.662 I/DropBoxManagerService( 1783): add tag=system_server_wtf isTagEnabled=true flags=0x2
08-19 11:57:17.643 I/ActivityManager( 1783): Killing 13101:com.android.shell/2000 (adj 975): empty #25
08-19 11:57:17.728 W/BpBinder(18775): PerfMonitor binderTransact :  time=15625ms interface=com.xiaomi.xmsf.push.service.IHttpService code=1
08-19 11:57:17.729 W/BpBinder(18733): PerfMonitor binderTransact :  time=15706ms interface=com.xiaomi.xmsf.push.service.IHttpService code=1
08-19 11:57:17.732 W/BpBinder(18733): PerfMonitor binderTransact :  time=14754ms interface=com.xiaomi.xmsf.push.service.IHttpService code=1
08-19 11:57:17.945 E/PackageParserInjector( 1783): dump dex file error ,file message: base.odex: 21Kb 
08-19 11:57:17.945 E/PackageParserInjector( 1783): dump dex file error ,file message: base.odex: 21Kb base.vdex: 56Kb 
08-19 11:57:18.484 W/BroadcastQueue( 1783): Background execution not allowed: receiving Intent { act=android.intent.action.DROPBOX_ENTRY_ADDED flg=0x10 (has extras) } to com.google.android.gms/.stats.service.DropBoxEntryAddedReceiver
08-19 11:57:18.484 W/BroadcastQueue( 1783): Background execution not allowed: receiving Intent { act=android.intent.action.DROPBOX_ENTRY_ADDED flg=0x10 (has extras) } to com.google.android.gms/.chimera.GmsIntentOperationService$PersistentTrustedReceiver
08-19 11:57:18.493 E/clipboard( 1783): Exception: 
08-19 11:57:18.493 E/clipboard( 1783): java.lang.NullPointerException
08-19 11:57:18.493 E/clipboard( 1783): 	at java.util.Objects.requireNonNull(Objects.java:220)
08-19 11:57:18.493 E/clipboard( 1783): 	at com.android.server.appop.AppOpsService.checkPackage(AppOpsService.java:2988)
08-19 11:57:18.493 E/clipboard( 1783): 	at android.app.AppOpsManager.checkPackage(AppOpsManager.java:7793)
08-19 11:57:18.493 E/clipboard( 1783): 	at com.android.server.clipboard.ClipboardService.clipboardAccessCommonCheck(ClipboardService.java:838)
08-19 11:57:18.493 E/clipboard( 1783): 	at com.android.server.clipboard.ClipboardService.clipboardCheckAllowed(ClipboardService.java:903)
08-19 11:57:18.493 E/clipboard( 1783): 	at com.android.server.clipboard.ClipboardService.access$600(ClipboardService.java:160)
08-19 11:57:18.493 E/clipboard( 1783): 	at com.android.server.clipboard.ClipboardService$ClipboardImpl.hasPrimaryClip(ClipboardService.java:437)
08-19 11:57:18.493 E/clipboard( 1783): 	at android.content.IClipboard$Stub.onTransact(IClipboard.java:242)
08-19 11:57:18.493 E/clipboard( 1783): 	at com.android.server.clipboard.ClipboardService$ClipboardImpl.onTransact(ClipboardService.java:344)
08-19 11:57:18.493 E/clipboard( 1783): 	at android.os.Binder.execTransactInternal(Binder.java:1157)
08-19 11:57:18.493 E/clipboard( 1783): 	at android.os.Binder.execTransact(Binder.java:1126)
08-19 11:57:18.493 I/DropBoxManagerService( 1783): add tag=system_server_wtf isTagEnabled=true flags=0x2
08-19 11:57:18.768 E/clipboard( 1783): Exception: 
08-19 11:57:18.768 E/clipboard( 1783): java.lang.NullPointerException
08-19 11:57:18.768 E/clipboard( 1783): 	at java.util.Objects.requireNonNull(Objects.java:220)
08-19 11:57:18.768 E/clipboard( 1783): 	at com.android.server.appop.AppOpsService.checkPackage(AppOpsService.java:2988)
08-19 11:57:18.768 E/clipboard( 1783): 	at android.app.AppOpsManager.checkPackage(AppOpsManager.java:7793)
08-19 11:57:18.768 E/clipboard( 1783): 	at com.android.server.clipboard.ClipboardService.clipboardAccessCommonCheck(ClipboardService.java:838)
08-19 11:57:18.768 E/clipboard( 1783): 	at com.android.server.clipboard.ClipboardService.clipboardCheckAllowed(ClipboardService.java:903)
08-19 11:57:18.768 E/clipboard( 1783): 	at com.android.server.clipboard.ClipboardService.access$600(ClipboardService.java:160)
08-19 11:57:18.768 E/clipboard( 1783): 	at com.android.server.clipboard.ClipboardService$ClipboardImpl.hasPrimaryClip(ClipboardService.java:437)
08-19 11:57:18.768 E/clipboard( 1783): 	at android.content.IClipboard$Stub.onTransact(IClipboard.java:242)
08-19 11:57:18.768 E/clipboard( 1783): 	at com.android.server.clipboard.ClipboardService$ClipboardImpl.onTransact(ClipboardService.java:344)
08-19 11:57:18.768 E/clipboard( 1783): 	at android.os.Binder.execTransactInternal(Binder.java:1157)
08-19 11:57:18.768 E/clipboard( 1783): 	at android.os.Binder.execTransact(Binder.java:1126)
08-19 11:57:18.769 I/DropBoxManagerService( 1783): add tag=system_server_wtf isTagEnabled=true flags=0x2
08-19 11:57:20.070 E/PackageParserInjector( 1783): dump dex file error ,file message: base.odex: 21Kb 
08-19 11:57:20.070 E/PackageParserInjector( 1783): dump dex file error ,file message: base.odex: 21Kb base.vdex: 56Kb 
08-19 11:57:20.501 W/BroadcastQueue( 1783): Background execution not allowed: receiving Intent { act=android.intent.action.DROPBOX_ENTRY_ADDED flg=0x10 (has extras) } to com.google.android.gms/.stats.service.DropBoxEntryAddedReceiver
08-19 11:57:20.501 W/BroadcastQueue( 1783): Background execution not allowed: receiving Intent { act=android.intent.action.DROPBOX_ENTRY_ADDED flg=0x10 (has extras) } to com.google.android.gms/.chimera.GmsIntentOperationService$PersistentTrustedReceiver
08-19 11:57:20.592 E/clipboard( 1783): Exception: 
08-19 11:57:20.592 E/clipboard( 1783): java.lang.NullPointerException
08-19 11:57:20.592 E/clipboard( 1783): 	at java.util.Objects.requireNonNull(Objects.java:220)
08-19 11:57:20.592 E/clipboard( 1783): 	at com.android.server.appop.AppOpsService.checkPackage(AppOpsService.java:2988)
08-19 11:57:20.592 E/clipboard( 1783): 	at android.app.AppOpsManager.checkPackage(AppOpsManager.java:7793)
08-19 11:57:20.592 E/clipboard( 1783): 	at com.android.server.clipboard.ClipboardService.clipboardAccessCommonCheck(ClipboardService.java:838)
08-19 11:57:20.592 E/clipboard( 1783): 	at com.android.server.clipboard.ClipboardService.clipboardCheckAllowed(ClipboardService.java:903)
08-19 11:57:20.592 E/clipboard( 1783): 	at com.android.server.clipboard.ClipboardService.access$600(ClipboardService.java:160)
08-19 11:57:20.592 E/clipboard( 1783): 	at com.android.server.clipboard.ClipboardService$ClipboardImpl.hasPrimaryClip(ClipboardService.java:437)
08-19 11:57:20.592 E/clipboard( 1783): 	at android.content.IClipboard$Stub.onTransact(IClipboard.java:242)
08-19 11:57:20.592 E/clipboard( 1783): 	at com.android.server.clipboard.ClipboardService$ClipboardImpl.onTransact(ClipboardService.java:344)
08-19 11:57:20.592 E/clipboard( 1783): 	at android.os.Binder.execTransactInternal(Binder.java:1157)
08-19 11:57:20.592 E/clipboard( 1783): 	at android.os.Binder.execTransact(Binder.java:1126)
08-19 11:57:20.593 I/DropBoxManagerService( 1783): add tag=system_server_wtf isTagEnabled=true flags=0x2
08-19 11:57:20.884 E/clipboard( 1783): Exception: 
08-19 11:57:20.884 E/clipboard( 1783): java.lang.NullPointerException
08-19 11:57:20.884 E/clipboard( 1783): 	at java.util.Objects.requireNonNull(Objects.java:220)
08-19 11:57:20.884 E/clipboard( 1783): 	at com.android.server.appop.AppOpsService.checkPackage(AppOpsService.java:2988)
08-19 11:57:20.884 E/clipboard( 1783): 	at android.app.AppOpsManager.checkPackage(AppOpsManager.java:7793)
08-19 11:57:20.884 E/clipboard( 1783): 	at com.android.server.clipboard.ClipboardService.clipboardAccessCommonCheck(ClipboardService.java:838)
08-19 11:57:20.884 E/clipboard( 1783): 	at com.android.server.clipboard.ClipboardService.clipboardCheckAllowed(ClipboardService.java:903)
08-19 11:57:20.884 E/clipboard( 1783): 	at com.android.server.clipboard.ClipboardService.access$600(ClipboardService.java:160)
08-19 11:57:20.884 E/clipboard( 1783): 	at com.android.server.clipboard.ClipboardService$ClipboardImpl.hasPrimaryClip(ClipboardService.java:437)
08-19 11:57:20.884 E/clipboard( 1783): 	at android.content.IClipboard$Stub.onTransact(IClipboard.java:242)
08-19 11:57:20.884 E/clipboard( 1783): 	at com.android.server.clipboard.ClipboardService$ClipboardImpl.onTransact(ClipboardService.java:344)
08-19 11:57:20.884 E/clipboard( 1783): 	at android.os.Binder.execTransactInternal(Binder.java:1157)
08-19 11:57:20.884 E/clipboard( 1783): 	at android.os.Binder.execTransact(Binder.java:1126)
08-19 11:57:21.450 W/BpBinder( 8544): PerfMonitor binderTransact :  time=9483ms interface=com.xiaomi.xmsf.push.service.IHttpService code=1
08-19 11:57:21.773 W/BroadcastQueue( 1783): Background execution not allowed: receiving Intent { act=com.tencent.assistant.st.report.PluginLogProcessorReceiver.TIME flg=0x14 (has extras) } to com.tencent.android.qqdownloader/com.tencent.assistant.st.report.PluginLogProcessorReceiver
08-19 11:57:22.183 E/PackageParserInjector( 1783): dump dex file error ,file message: base.odex: 21Kb 
08-19 11:57:22.183 E/PackageParserInjector( 1783): dump dex file error ,file message: base.odex: 21Kb base.vdex: 56Kb 
08-19 11:57:22.600 W/BroadcastQueue( 1783): Background execution not allowed: receiving Intent { act=android.intent.action.DROPBOX_ENTRY_ADDED flg=0x10 (has extras) } to com.google.android.gms/.stats.service.DropBoxEntryAddedReceiver
08-19 11:57:22.600 W/BroadcastQueue( 1783): Background execution not allowed: receiving Intent { act=android.intent.action.DROPBOX_ENTRY_ADDED flg=0x10 (has extras) } to com.google.android.gms/.chimera.GmsIntentOperationService$PersistentTrustedReceiver
08-19 11:57:22.682 E/clipboard( 1783): Exception: 
08-19 11:57:22.682 E/clipboard( 1783): java.lang.NullPointerException
08-19 11:57:22.682 E/clipboard( 1783): 	at java.util.Objects.requireNonNull(Objects.java:220)
08-19 11:57:22.682 E/clipboard( 1783): 	at com.android.server.appop.AppOpsService.checkPackage(AppOpsService.java:2988)
08-19 11:57:22.682 E/clipboard( 1783): 	at android.app.AppOpsManager.checkPackage(AppOpsManager.java:7793)
08-19 11:57:22.682 E/clipboard( 1783): 	at com.android.server.clipboard.ClipboardService.clipboardAccessCommonCheck(ClipboardService.java:838)
08-19 11:57:22.682 E/clipboard( 1783): 	at com.android.server.clipboard.ClipboardService.clipboardCheckAllowed(ClipboardService.java:903)
08-19 11:57:22.682 E/clipboard( 1783): 	at com.android.server.clipboard.ClipboardService.access$600(ClipboardService.java:160)
08-19 11:57:22.682 E/clipboard( 1783): 	at com.android.server.clipboard.ClipboardService$ClipboardImpl.hasPrimaryClip(ClipboardService.java:437)
08-19 11:57:22.682 E/clipboard( 1783): 	at android.content.IClipboard$Stub.onTransact(IClipboard.java:242)
08-19 11:57:22.682 E/clipboard( 1783): 	at com.android.server.clipboard.ClipboardService$ClipboardImpl.onTransact(ClipboardService.java:344)
08-19 11:57:22.682 E/clipboard( 1783): 	at android.os.Binder.execTransactInternal(Binder.java:1157)
08-19 11:57:22.682 E/clipboard( 1783): 	at android.os.Binder.execTransact(Binder.java:1126)
08-19 11:57:22.986 E/clipboard( 1783): Exception: 
08-19 11:57:22.986 E/clipboard( 1783): java.lang.NullPointerException
08-19 11:57:22.986 E/clipboard( 1783): 	at java.util.Objects.requireNonNull(Objects.java:220)
08-19 11:57:22.986 E/clipboard( 1783): 	at com.android.server.appop.AppOpsService.checkPackage(AppOpsService.java:2988)
08-19 11:57:22.986 E/clipboard( 1783): 	at android.app.AppOpsManager.checkPackage(AppOpsManager.java:7793)
08-19 11:57:22.986 E/clipboard( 1783): 	at com.android.server.clipboard.ClipboardService.clipboardAccessCommonCheck(ClipboardService.java:838)
08-19 11:57:22.986 E/clipboard( 1783): 	at com.android.server.clipboard.ClipboardService.clipboardCheckAllowed(ClipboardService.java:903)
08-19 11:57:22.986 E/clipboard( 1783): 	at com.android.server.clipboard.ClipboardService.access$600(ClipboardService.java:160)
08-19 11:57:22.986 E/clipboard( 1783): 	at com.android.server.clipboard.ClipboardService$ClipboardImpl.hasPrimaryClip(ClipboardService.java:437)
08-19 11:57:22.986 E/clipboard( 1783): 	at android.content.IClipboard$Stub.onTransact(IClipboard.java:242)
08-19 11:57:22.986 E/clipboard( 1783): 	at com.android.server.clipboard.ClipboardService$ClipboardImpl.onTransact(ClipboardService.java:344)
08-19 11:57:22.986 E/clipboard( 1783): 	at android.os.Binder.execTransactInternal(Binder.java:1157)
08-19 11:57:22.986 E/clipboard( 1783): 	at android.os.Binder.execTransact(Binder.java:1126)
08-19 11:57:24.175 W/BpBinder(19532): PerfMonitor binderTransact :  time=7525ms interface=com.xiaomi.xmsf.push.service.IHttpService code=1
08-19 11:57:24.294 E/PackageParserInjector( 1783): dump dex file error ,file message: base.odex: 21Kb 
08-19 11:57:24.294 E/PackageParserInjector( 1783): dump dex file error ,file message: base.odex: 21Kb base.vdex: 56Kb 
08-19 11:57:24.790 E/clipboard( 1783): Exception: 
08-19 11:57:24.790 E/clipboard( 1783): java.lang.NullPointerException
08-19 11:57:24.790 E/clipboard( 1783): 	at java.util.Objects.requireNonNull(Objects.java:220)
08-19 11:57:24.790 E/clipboard( 1783): 	at com.android.server.appop.AppOpsService.checkPackage(AppOpsService.java:2988)
08-19 11:57:24.790 E/clipboard( 1783): 	at android.app.AppOpsManager.checkPackage(AppOpsManager.java:7793)
08-19 11:57:24.790 E/clipboard( 1783): 	at com.android.server.clipboard.ClipboardService.clipboardAccessCommonCheck(ClipboardService.java:838)
08-19 11:57:24.790 E/clipboard( 1783): 	at com.android.server.clipboard.ClipboardService.clipboardCheckAllowed(ClipboardService.java:903)
