08-19 11:59:00.432 E/clipboard( 1783): 	at android.os.Binder.execTransact(Binder.java:1126)
08-19 11:59:00.774 I/DropBoxManagerService( 1783): add tag=event_data isTagEnabled=true flags=0x2
08-19 11:59:00.780 W/BroadcastQueue( 1783): Background execution not allowed: receiving Intent { act=android.intent.action.DROPBOX_ENTRY_ADDED flg=0x10 (has extras) } to com.google.android.gms/.stats.service.DropBoxEntryAddedReceiver
08-19 11:59:00.783 W/BroadcastQueue( 1783): Background execution not allowed: receiving Intent { act=android.intent.action.DROPBOX_ENTRY_ADDED flg=0x10 (has extras) } to com.google.android.gms/.chimera.GmsIntentOperationService$PersistentTrustedReceiver
08-19 11:59:01.772 E/PackageParserInjector( 1783): dump dex file error ,file message: base.odex: 21Kb 
08-19 11:59:01.772 E/PackageParserInjector( 1783): dump dex file error ,file message: base.odex: 21Kb base.vdex: 56Kb 
08-19 11:59:02.297 E/clipboard( 1783): Exception: 
08-19 11:59:02.297 E/clipboard( 1783): java.lang.NullPointerException
08-19 11:59:02.297 E/clipboard( 1783): 	at java.util.Objects.requireNonNull(Objects.java:220)
08-19 11:59:02.297 E/clipboard( 1783): 	at com.android.server.appop.AppOpsService.checkPackage(AppOpsService.java:2988)
08-19 11:59:02.297 E/clipboard( 1783): 	at android.app.AppOpsManager.checkPackage(AppOpsManager.java:7793)
08-19 11:59:02.297 E/clipboard( 1783): 	at com.android.server.clipboard.ClipboardService.clipboardAccessCommonCheck(ClipboardService.java:838)
08-19 11:59:02.297 E/clipboard( 1783): 	at com.android.server.clipboard.ClipboardService.clipboardCheckAllowed(ClipboardService.java:903)
08-19 11:59:02.297 E/clipboard( 1783): 	at com.android.server.clipboard.ClipboardService.access$600(ClipboardService.java:160)
08-19 11:59:02.297 E/clipboard( 1783): 	at com.android.server.clipboard.ClipboardService$ClipboardImpl.hasPrimaryClip(ClipboardService.java:437)
08-19 11:59:02.297 E/clipboard( 1783): 	at android.content.IClipboard$Stub.onTransact(IClipboard.java:242)
08-19 11:59:02.297 E/clipboard( 1783): 	at com.android.server.clipboard.ClipboardService$ClipboardImpl.onTransact(ClipboardService.java:344)
08-19 11:59:02.297 E/clipboard( 1783): 	at android.os.Binder.execTransactInternal(Binder.java:1157)
08-19 11:59:02.297 E/clipboard( 1783): 	at android.os.Binder.execTransact(Binder.java:1126)
08-19 11:59:02.299 I/DropBoxManagerService( 1783): add tag=system_server_wtf isTagEnabled=true flags=0x2
08-19 11:59:02.827 E/clipboard( 1783): Exception: 
08-19 11:59:02.827 E/clipboard( 1783): java.lang.NullPointerException
08-19 11:59:02.827 E/clipboard( 1783): 	at java.util.Objects.requireNonNull(Objects.java:220)
08-19 11:59:02.827 E/clipboard( 1783): 	at com.android.server.appop.AppOpsService.checkPackage(AppOpsService.java:2988)
08-19 11:59:02.827 E/clipboard( 1783): 	at android.app.AppOpsManager.checkPackage(AppOpsManager.java:7793)
08-19 11:59:02.827 E/clipboard( 1783): 	at com.android.server.clipboard.ClipboardService.clipboardAccessCommonCheck(ClipboardService.java:838)
08-19 11:59:02.827 E/clipboard( 1783): 	at com.android.server.clipboard.ClipboardService.clipboardCheckAllowed(ClipboardService.java:903)
08-19 11:59:02.827 E/clipboard( 1783): 	at com.android.server.clipboard.ClipboardService.access$600(ClipboardService.java:160)
08-19 11:59:02.827 E/clipboard( 1783): 	at com.android.server.clipboard.ClipboardService$ClipboardImpl.hasPrimaryClip(ClipboardService.java:437)
08-19 11:59:02.827 E/clipboard( 1783): 	at android.content.IClipboard$Stub.onTransact(IClipboard.java:242)
08-19 11:59:02.827 E/clipboard( 1783): 	at com.android.server.clipboard.ClipboardService$ClipboardImpl.onTransact(ClipboardService.java:344)
08-19 11:59:02.827 E/clipboard( 1783): 	at android.os.Binder.execTransactInternal(Binder.java:1157)
08-19 11:59:02.827 E/clipboard( 1783): 	at android.os.Binder.execTransact(Binder.java:1126)
08-19 11:59:02.828 I/DropBoxManagerService( 1783): add tag=system_server_wtf isTagEnabled=true flags=0x2
08-19 11:59:04.204 E/PackageParserInjector( 1783): dump dex file error ,file message: base.odex: 21Kb 
08-19 11:59:04.204 E/PackageParserInjector( 1783): dump dex file error ,file message: base.odex: 21Kb base.vdex: 56Kb 
08-19 11:59:04.310 W/BroadcastQueue( 1783): Background execution not allowed: receiving Intent { act=android.intent.action.DROPBOX_ENTRY_ADDED flg=0x10 (has extras) } to com.google.android.gms/.stats.service.DropBoxEntryAddedReceiver
08-19 11:59:04.310 W/BroadcastQueue( 1783): Background execution not allowed: receiving Intent { act=android.intent.action.DROPBOX_ENTRY_ADDED flg=0x10 (has extras) } to com.google.android.gms/.chimera.GmsIntentOperationService$PersistentTrustedReceiver
08-19 11:59:04.714 E/clipboard( 1783): Exception: 
08-19 11:59:04.714 E/clipboard( 1783): java.lang.NullPointerException
08-19 11:59:04.714 E/clipboard( 1783): 	at java.util.Objects.requireNonNull(Objects.java:220)
08-19 11:59:04.714 E/clipboard( 1783): 	at com.android.server.appop.AppOpsService.checkPackage(AppOpsService.java:2988)
08-19 11:59:04.714 E/clipboard( 1783): 	at android.app.AppOpsManager.checkPackage(AppOpsManager.java:7793)
08-19 11:59:04.714 E/clipboard( 1783): 	at com.android.server.clipboard.ClipboardService.clipboardAccessCommonCheck(ClipboardService.java:838)
08-19 11:59:04.714 E/clipboard( 1783): 	at com.android.server.clipboard.ClipboardService.clipboardCheckAllowed(ClipboardService.java:903)
08-19 11:59:04.714 E/clipboard( 1783): 	at com.android.server.clipboard.ClipboardService.access$600(ClipboardService.java:160)
08-19 11:59:04.714 E/clipboard( 1783): 	at com.android.server.clipboard.ClipboardService$ClipboardImpl.hasPrimaryClip(ClipboardService.java:437)
08-19 11:59:04.714 E/clipboard( 1783): 	at android.content.IClipboard$Stub.onTransact(IClipboard.java:242)
08-19 11:59:04.714 E/clipboard( 1783): 	at com.android.server.clipboard.ClipboardService$ClipboardImpl.onTransact(ClipboardService.java:344)
08-19 11:59:04.714 E/clipboard( 1783): 	at android.os.Binder.execTransactInternal(Binder.java:1157)
08-19 11:59:04.714 E/clipboard( 1783): 	at android.os.Binder.execTransact(Binder.java:1126)
08-19 11:59:04.716 I/DropBoxManagerService( 1783): add tag=system_server_wtf isTagEnabled=true flags=0x2
08-19 11:59:04.994 E/clipboard( 1783): Exception: 
08-19 11:59:04.994 E/clipboard( 1783): java.lang.NullPointerException
08-19 11:59:04.994 E/clipboard( 1783): 	at java.util.Objects.requireNonNull(Objects.java:220)
08-19 11:59:04.994 E/clipboard( 1783): 	at com.android.server.appop.AppOpsService.checkPackage(AppOpsService.java:2988)
08-19 11:59:04.994 E/clipboard( 1783): 	at android.app.AppOpsManager.checkPackage(AppOpsManager.java:7793)
08-19 11:59:04.994 E/clipboard( 1783): 	at com.android.server.clipboard.ClipboardService.clipboardAccessCommonCheck(ClipboardService.java:838)
08-19 11:59:04.994 E/clipboard( 1783): 	at com.android.server.clipboard.ClipboardService.clipboardCheckAllowed(ClipboardService.java:903)
08-19 11:59:04.994 E/clipboard( 1783): 	at com.android.server.clipboard.ClipboardService.access$600(ClipboardService.java:160)
08-19 11:59:04.994 E/clipboard( 1783): 	at com.android.server.clipboard.ClipboardService$ClipboardImpl.hasPrimaryClip(ClipboardService.java:437)
08-19 11:59:04.994 E/clipboard( 1783): 	at android.content.IClipboard$Stub.onTransact(IClipboard.java:242)
08-19 11:59:04.994 E/clipboard( 1783): 	at com.android.server.clipboard.ClipboardService$ClipboardImpl.onTransact(ClipboardService.java:344)
08-19 11:59:04.994 E/clipboard( 1783): 	at android.os.Binder.execTransactInternal(Binder.java:1157)
08-19 11:59:04.994 E/clipboard( 1783): 	at android.os.Binder.execTransact(Binder.java:1126)
08-19 11:59:04.996 I/DropBoxManagerService( 1783): add tag=system_server_wtf isTagEnabled=true flags=0x2
08-19 11:59:05.192 W/BpBinder(19532): PerfMonitor binderTransact :  time=677ms interface=com.xiaomi.xmsf.push.service.IHttpService code=1
08-19 11:59:06.302 E/PackageParserInjector( 1783): dump dex file error ,file message: base.odex: 21Kb 
08-19 11:59:06.302 E/PackageParserInjector( 1783): dump dex file error ,file message: base.odex: 21Kb base.vdex: 56Kb 
08-19 11:59:06.721 W/BroadcastQueue( 1783): Background execution not allowed: receiving Intent { act=android.intent.action.DROPBOX_ENTRY_ADDED flg=0x10 (has extras) } to com.google.android.gms/.stats.service.DropBoxEntryAddedReceiver
08-19 11:59:06.722 W/BroadcastQueue( 1783): Background execution not allowed: receiving Intent { act=android.intent.action.DROPBOX_ENTRY_ADDED flg=0x10 (has extras) } to com.google.android.gms/.chimera.GmsIntentOperationService$PersistentTrustedReceiver
08-19 11:59:06.798 E/clipboard( 1783): Exception: 
08-19 11:59:06.798 E/clipboard( 1783): java.lang.NullPointerException
08-19 11:59:06.798 E/clipboard( 1783): 	at java.util.Objects.requireNonNull(Objects.java:220)
08-19 11:59:06.798 E/clipboard( 1783): 	at com.android.server.appop.AppOpsService.checkPackage(AppOpsService.java:2988)
08-19 11:59:06.798 E/clipboard( 1783): 	at android.app.AppOpsManager.checkPackage(AppOpsManager.java:7793)
08-19 11:59:06.798 E/clipboard( 1783): 	at com.android.server.clipboard.ClipboardService.clipboardAccessCommonCheck(ClipboardService.java:838)
08-19 11:59:06.798 E/clipboard( 1783): 	at com.android.server.clipboard.ClipboardService.clipboardCheckAllowed(ClipboardService.java:903)
08-19 11:59:06.798 E/clipboard( 1783): 	at com.android.server.clipboard.ClipboardService.access$600(ClipboardService.java:160)
08-19 11:59:06.798 E/clipboard( 1783): 	at com.android.server.clipboard.ClipboardService$ClipboardImpl.hasPrimaryClip(ClipboardService.java:437)
08-19 11:59:06.798 E/clipboard( 1783): 	at android.content.IClipboard$Stub.onTransact(IClipboard.java:242)
08-19 11:59:06.798 E/clipboard( 1783): 	at com.android.server.clipboard.ClipboardService$ClipboardImpl.onTransact(ClipboardService.java:344)
08-19 11:59:06.798 E/clipboard( 1783): 	at android.os.Binder.execTransactInternal(Binder.java:1157)
08-19 11:59:06.798 E/clipboard( 1783): 	at android.os.Binder.execTransact(Binder.java:1126)
08-19 11:59:06.800 I/DropBoxManagerService( 1783): add tag=system_server_wtf isTagEnabled=true flags=0x2
08-19 11:59:07.101 E/clipboard( 1783): Exception: 
08-19 11:59:07.101 E/clipboard( 1783): java.lang.NullPointerException
08-19 11:59:07.101 E/clipboard( 1783): 	at java.util.Objects.requireNonNull(Objects.java:220)
08-19 11:59:07.101 E/clipboard( 1783): 	at com.android.server.appop.AppOpsService.checkPackage(AppOpsService.java:2988)
08-19 11:59:07.101 E/clipboard( 1783): 	at android.app.AppOpsManager.checkPackage(AppOpsManager.java:7793)
08-19 11:59:07.101 E/clipboard( 1783): 	at com.android.server.clipboard.ClipboardService.clipboardAccessCommonCheck(ClipboardService.java:838)
08-19 11:59:07.101 E/clipboard( 1783): 	at com.android.server.clipboard.ClipboardService.clipboardCheckAllowed(ClipboardService.java:903)
08-19 11:59:07.101 E/clipboard( 1783): 	at com.android.server.clipboard.ClipboardService.access$600(ClipboardService.java:160)
08-19 11:59:07.101 E/clipboard( 1783): 	at com.android.server.clipboard.ClipboardService$ClipboardImpl.hasPrimaryClip(ClipboardService.java:437)
08-19 11:59:07.101 E/clipboard( 1783): 	at android.content.IClipboard$Stub.onTransact(IClipboard.java:242)
08-19 11:59:07.101 E/clipboard( 1783): 	at com.android.server.clipboard.ClipboardService$ClipboardImpl.onTransact(ClipboardService.java:344)
08-19 11:59:07.101 E/clipboard( 1783): 	at android.os.Binder.execTransactInternal(Binder.java:1157)
08-19 11:59:07.101 E/clipboard( 1783): 	at android.os.Binder.execTransact(Binder.java:1126)
08-19 11:59:08.423 E/PackageParserInjector( 1783): dump dex file error ,file message: base.odex: 21Kb 
08-19 11:59:08.424 E/PackageParserInjector( 1783): dump dex file error ,file message: base.odex: 21Kb base.vdex: 56Kb 
08-19 11:59:08.806 W/BroadcastQueue( 1783): Background execution not allowed: receiving Intent { act=android.intent.action.DROPBOX_ENTRY_ADDED flg=0x10 (has extras) } to com.google.android.gms/.stats.service.DropBoxEntryAddedReceiver
08-19 11:59:08.806 W/BroadcastQueue( 1783): Background execution not allowed: receiving Intent { act=android.intent.action.DROPBOX_ENTRY_ADDED flg=0x10 (has extras) } to com.google.android.gms/.chimera.GmsIntentOperationService$PersistentTrustedReceiver
08-19 11:59:08.919 E/clipboard( 1783): Exception: 
08-19 11:59:08.919 E/clipboard( 1783): java.lang.NullPointerException
08-19 11:59:08.919 E/clipboard( 1783): 	at java.util.Objects.requireNonNull(Objects.java:220)
08-19 11:59:08.919 E/clipboard( 1783): 	at com.android.server.appop.AppOpsService.checkPackage(AppOpsService.java:2988)
08-19 11:59:08.919 E/clipboard( 1783): 	at android.app.AppOpsManager.checkPackage(AppOpsManager.java:7793)
08-19 11:59:08.919 E/clipboard( 1783): 	at com.android.server.clipboard.ClipboardService.clipboardAccessCommonCheck(ClipboardService.java:838)
08-19 11:59:08.919 E/clipboard( 1783): 	at com.android.server.clipboard.ClipboardService.clipboardCheckAllowed(ClipboardService.java:903)
08-19 11:59:08.919 E/clipboard( 1783): 	at com.android.server.clipboard.ClipboardService.access$600(ClipboardService.java:160)
08-19 11:59:08.919 E/clipboard( 1783): 	at com.android.server.clipboard.ClipboardService$ClipboardImpl.hasPrimaryClip(ClipboardService.java:437)
08-19 11:59:08.919 E/clipboard( 1783): 	at android.content.IClipboard$Stub.onTransact(IClipboard.java:242)
08-19 11:59:08.919 E/clipboard( 1783): 	at com.android.server.clipboard.ClipboardService$ClipboardImpl.onTransact(ClipboardService.java:344)
08-19 11:59:08.919 E/clipboard( 1783): 	at android.os.Binder.execTransactInternal(Binder.java:1157)
08-19 11:59:08.919 E/clipboard( 1783): 	at android.os.Binder.execTransact(Binder.java:1126)
08-19 11:59:09.223 E/clipboard( 1783): Exception: 
08-19 11:59:09.223 E/clipboard( 1783): java.lang.NullPointerException
08-19 11:59:09.223 E/clipboard( 1783): 	at java.util.Objects.requireNonNull(Objects.java:220)
08-19 11:59:09.223 E/clipboard( 1783): 	at com.android.server.appop.AppOpsService.checkPackage(AppOpsService.java:2988)
08-19 11:59:09.223 E/clipboard( 1783): 	at android.app.AppOpsManager.checkPackage(AppOpsManager.java:7793)
08-19 11:59:09.223 E/clipboard( 1783): 	at com.android.server.clipboard.ClipboardService.clipboardAccessCommonCheck(ClipboardService.java:838)
08-19 11:59:09.223 E/clipboard( 1783): 	at com.android.server.clipboard.ClipboardService.clipboardCheckAllowed(ClipboardService.java:903)
08-19 11:59:09.223 E/clipboard( 1783): 	at com.android.server.clipboard.ClipboardService.access$600(ClipboardService.java:160)
08-19 11:59:09.223 E/clipboard( 1783): 	at com.android.server.clipboard.ClipboardService$ClipboardImpl.hasPrimaryClip(ClipboardService.java:437)
08-19 11:59:09.223 E/clipboard( 1783): 	at android.content.IClipboard$Stub.onTransact(IClipboard.java:242)
08-19 11:59:09.223 E/clipboard( 1783): 	at com.android.server.clipboard.ClipboardService$ClipboardImpl.onTransact(ClipboardService.java:344)
08-19 11:59:09.223 E/clipboard( 1783): 	at android.os.Binder.execTransactInternal(Binder.java:1157)
08-19 11:59:09.223 E/clipboard( 1783): 	at android.os.Binder.execTransact(Binder.java:1126)
08-19 11:59:10.429 W/BaseMiuiPhoneWindowManager( 1783): keyCode:4 down:true eventTime:577301 downTime:577301 policyFlags:2b000000 flags:8 deviceId:-1 isScreenOn:true keyguardActive:false repeatCount:0
08-19 11:59:10.430 W/BaseMiuiPhoneWindowManager( 1783): keyCode:4 down:false eventTime:577301 downTime:577301 policyFlags:2b000000 flags:8 deviceId:-1 isScreenOn:true keyguardActive:false repeatCount:0
08-19 11:59:10.455 I/Timeline( 1783): Timeline: App_transition_ready time:577336
08-19 11:59:10.493 I/Timeline( 1783): Timeline: App_transition_ready time:577373
08-19 11:59:10.502 E/ContentCatcherManager( 8586): failed to get ContentCatcherService.
08-19 11:59:10.518 E/PackageParserInjector( 1783): dump dex file error ,file message: base.odex: 21Kb 
08-19 11:59:10.518 E/PackageParserInjector( 1783): dump dex file error ,file message: base.odex: 21Kb base.vdex: 56Kb 
08-19 11:59:10.874 E/clipboard( 1783): Exception: 
08-19 11:59:10.874 E/clipboard( 1783): java.lang.NullPointerException
08-19 11:59:10.874 E/clipboard( 1783): 	at java.util.Objects.requireNonNull(Objects.java:220)
08-19 11:59:10.874 E/clipboard( 1783): 	at com.android.server.appop.AppOpsService.checkPackage(AppOpsService.java:2988)
08-19 11:59:10.874 E/clipboard( 1783): 	at android.app.AppOpsManager.checkPackage(AppOpsManager.java:7793)
08-19 11:59:10.874 E/clipboard( 1783): 	at com.android.server.clipboard.ClipboardService.clipboardAccessCommonCheck(ClipboardService.java:838)
08-19 11:59:10.874 E/clipboard( 1783): 	at com.android.server.clipboard.ClipboardService.clipboardCheckAllowed(ClipboardService.java:903)
08-19 11:59:10.874 E/clipboard( 1783): 	at com.android.server.clipboard.ClipboardService.access$600(ClipboardService.java:160)
08-19 11:59:10.874 E/clipboard( 1783): 	at com.android.server.clipboard.ClipboardService$ClipboardImpl.hasPrimaryClip(ClipboardService.java:437)
08-19 11:59:10.874 E/clipboard( 1783): 	at android.content.IClipboard$Stub.onTransact(IClipboard.java:242)
08-19 11:59:10.874 E/clipboard( 1783): 	at com.android.server.clipboard.ClipboardService$ClipboardImpl.onTransact(ClipboardService.java:344)
08-19 11:59:10.874 E/clipboard( 1783): 	at android.os.Binder.execTransactInternal(Binder.java:1157)
08-19 11:59:10.874 E/clipboard( 1783): 	at android.os.Binder.execTransact(Binder.java:1126)
08-19 11:59:11.005 I/Timeline( 1783): Timeline: Activity_windows_visible id: ActivityRecord{c39e08b u0 com.miui.tsmclient/.ui.door.DoorCardSelectActivity t102} time:577886
08-19 11:59:11.010 I/Timeline( 1783): Timeline: App_transition_stopped time:577890
08-19 11:59:11.027 E/ContentCatcherManager( 8586): failed to get ContentCatcherService.
08-19 11:59:11.158 E/clipboard( 1783): Exception: 
08-19 11:59:11.158 E/clipboard( 1783): java.lang.NullPointerException
08-19 11:59:11.158 E/clipboard( 1783): 	at java.util.Objects.requireNonNull(Objects.java:220)
08-19 11:59:11.158 E/clipboard( 1783): 	at com.android.server.appop.AppOpsService.checkPackage(AppOpsService.java:2988)
08-19 11:59:11.158 E/clipboard( 1783): 	at android.app.AppOpsManager.checkPackage(AppOpsManager.java:7793)
08-19 11:59:11.158 E/clipboard( 1783): 	at com.android.server.clipboard.ClipboardService.clipboardAccessCommonCheck(ClipboardService.java:838)
08-19 11:59:11.158 E/clipboard( 1783): 	at com.android.server.clipboard.ClipboardService.clipboardCheckAllowed(ClipboardService.java:903)
08-19 11:59:11.158 E/clipboard( 1783): 	at com.android.server.clipboard.ClipboardService.access$600(ClipboardService.java:160)
08-19 11:59:11.158 E/clipboard( 1783): 	at com.android.server.clipboard.ClipboardService$ClipboardImpl.hasPrimaryClip(ClipboardService.java:437)
08-19 11:59:11.158 E/clipboard( 1783): 	at android.content.IClipboard$Stub.onTransact(IClipboard.java:242)
08-19 11:59:11.158 E/clipboard( 1783): 	at com.android.server.clipboard.ClipboardService$ClipboardImpl.onTransact(ClipboardService.java:344)
08-19 11:59:11.158 E/clipboard( 1783): 	at android.os.Binder.execTransactInternal(Binder.java:1157)
08-19 11:59:11.158 E/clipboard( 1783): 	at android.os.Binder.execTransact(Binder.java:1126)
08-19 11:59:11.314 I/ActivityTaskManager( 1783): START u0 {dat=tsmclient://card?type=0&action=issue_mifare cmp=com.miui.tsmclient/.ui.MainActivity (has extras)} from uid 1027
08-19 11:59:11.324 I/ActivityTaskManager( 1783): The Process com.miui.tsmclient Already Exists in BG. So sending its PID: 8586
08-19 11:59:11.324 W/ActivityTaskManager( 1783): Tried to set launchTime (0) < mLastActivityLaunchTime (562483)
08-19 11:59:11.327 I/Timeline( 1783): Timeline: App_transition_ready time:578207
08-19 11:59:11.329 E/ContentCatcherManager( 8586): failed to get ContentCatcherService.
08-19 11:59:11.329 E/ContentCatcherManager( 8586): failed to get ContentCatcherService.
08-19 11:59:11.332 I/Timeline( 8586): Timeline: Activity_launch_request time:578212
08-19 11:59:11.332 I/ActivityTaskManager( 1783): START u0 {cmp=com.miui.tsmclient/.ui.NewMifareCardActivity (has extras)} from uid 1027
08-19 11:59:11.341 I/ActivityTaskManager( 1783): The Process com.miui.tsmclient Already Exists in BG. So sending its PID: 8586
08-19 11:59:11.343 I/ActivityTaskManager( 1783): The Process com.miui.tsmclient Already Exists in BG. So sending its PID: 8586
08-19 11:59:11.343 W/ActivityTaskManager( 1783): Tried to set launchTime (0) < mLastActivityLaunchTime (578205)
08-19 11:59:11.346 I/Timeline( 1783): Timeline: App_transition_ready time:578226
08-19 11:59:11.351 I/Timeline( 1783): Timeline: App_transition_ready time:578232
08-19 11:59:11.353 I/Timeline( 1783): Timeline: App_transition_ready time:578234
08-19 11:59:11.354 I/Timeline( 1783): Timeline: App_transition_ready time:578235
08-19 11:59:11.357 I/Timeline( 1783): Timeline: App_transition_ready time:578238
08-19 11:59:11.358 I/Timeline( 1783): Timeline: App_transition_ready time:578239
08-19 11:59:11.360 E/ContentCatcherManager( 8586): failed to get ContentCatcherService.
08-19 11:59:11.360 E/ContentCatcherManager( 8586): failed to get ContentCatcherService.
08-19 11:59:11.368 I/Timeline( 1783): Timeline: App_transition_ready time:578248
08-19 11:59:11.374 I/Timeline( 1783): Timeline: App_transition_ready time:578254
08-19 11:59:11.375 I/Timeline( 1783): Timeline: App_transition_ready time:578255
08-19 11:59:11.383 I/Timeline( 1783): Timeline: App_transition_ready time:578263
08-19 11:59:11.897 I/Timeline( 1783): Timeline: App_transition_stopped time:578778
08-19 11:59:12.013 I/Timeline( 1783): Timeline: Activity_windows_visible id: ActivityRecord{adf2a22 u0 com.miui.tsmclient/.ui.NewMifareCardActivity t102} time:578893
08-19 11:59:12.389 E/PackageParserInjector( 1783): dump dex file error ,file message: base.odex: 21Kb 
08-19 11:59:12.389 E/PackageParserInjector( 1783): dump dex file error ,file message: base.odex: 21Kb base.vdex: 56Kb 
08-19 11:59:12.729 E/clipboard( 1783): Exception: 
08-19 11:59:12.729 E/clipboard( 1783): java.lang.NullPointerException
08-19 11:59:12.729 E/clipboard( 1783): 	at java.util.Objects.requireNonNull(Objects.java:220)
08-19 11:59:12.729 E/clipboard( 1783): 	at com.android.server.appop.AppOpsService.checkPackage(AppOpsService.java:2988)
08-19 11:59:12.729 E/clipboard( 1783): 	at android.app.AppOpsManager.checkPackage(AppOpsManager.java:7793)
08-19 11:59:12.729 E/clipboard( 1783): 	at com.android.server.clipboard.ClipboardService.clipboardAccessCommonCheck(ClipboardService.java:838)
08-19 11:59:12.729 E/clipboard( 1783): 	at com.android.server.clipboard.ClipboardService.clipboardCheckAllowed(ClipboardService.java:903)
08-19 11:59:12.729 E/clipboard( 1783): 	at com.android.server.clipboard.ClipboardService.access$600(ClipboardService.java:160)
08-19 11:59:12.729 E/clipboard( 1783): 	at com.android.server.clipboard.ClipboardService$ClipboardImpl.hasPrimaryClip(ClipboardService.java:437)
08-19 11:59:12.729 E/clipboard( 1783): 	at android.content.IClipboard$Stub.onTransact(IClipboard.java:242)
08-19 11:59:12.729 E/clipboard( 1783): 	at com.android.server.clipboard.ClipboardService$ClipboardImpl.onTransact(ClipboardService.java:344)
08-19 11:59:12.729 E/clipboard( 1783): 	at android.os.Binder.execTransactInternal(Binder.java:1157)
08-19 11:59:12.729 E/clipboard( 1783): 	at android.os.Binder.execTransact(Binder.java:1126)
08-19 11:59:12.730 I/DropBoxManagerService( 1783): add tag=system_server_wtf isTagEnabled=true flags=0x2
08-19 11:59:12.928 E/clipboard( 1783): Exception: 
08-19 11:59:12.928 E/clipboard( 1783): java.lang.NullPointerException
08-19 11:59:12.928 E/clipboard( 1783): 	at java.util.Objects.requireNonNull(Objects.java:220)
08-19 11:59:12.928 E/clipboard( 1783): 	at com.android.server.appop.AppOpsService.checkPackage(AppOpsService.java:2988)
08-19 11:59:12.928 E/clipboard( 1783): 	at android.app.AppOpsManager.checkPackage(AppOpsManager.java:7793)
08-19 11:59:12.928 E/clipboard( 1783): 	at com.android.server.clipboard.ClipboardService.clipboardAccessCommonCheck(ClipboardService.java:838)
08-19 11:59:12.928 E/clipboard( 1783): 	at com.android.server.clipboard.ClipboardService.clipboardCheckAllowed(ClipboardService.java:903)
08-19 11:59:12.928 E/clipboard( 1783): 	at com.android.server.clipboard.ClipboardService.access$600(ClipboardService.java:160)
08-19 11:59:12.928 E/clipboard( 1783): 	at com.android.server.clipboard.ClipboardService$ClipboardImpl.hasPrimaryClip(ClipboardService.java:437)
08-19 11:59:12.928 E/clipboard( 1783): 	at android.content.IClipboard$Stub.onTransact(IClipboard.java:242)
08-19 11:59:12.928 E/clipboard( 1783): 	at com.android.server.clipboard.ClipboardService$ClipboardImpl.onTransact(ClipboardService.java:344)
08-19 11:59:12.928 E/clipboard( 1783): 	at android.os.Binder.execTransactInternal(Binder.java:1157)
08-19 11:59:12.928 E/clipboard( 1783): 	at android.os.Binder.execTransact(Binder.java:1126)
08-19 11:59:12.928 I/DropBoxManagerService( 1783): add tag=system_server_wtf isTagEnabled=true flags=0x2
08-19 11:59:13.643 W/BaseMiuiPhoneWindowManager( 1783): keyCode:4 down:true eventTime:580523 downTime:580523 policyFlags:2b000000 flags:8 deviceId:-1 isScreenOn:true keyguardActive:false repeatCount:0
08-19 11:59:13.644 W/BaseMiuiPhoneWindowManager( 1783): keyCode:4 down:false eventTime:580523 downTime:580523 policyFlags:2b000000 flags:8 deviceId:-1 isScreenOn:true keyguardActive:false repeatCount:0
08-19 11:59:13.673 I/Timeline( 1783): Timeline: App_transition_ready time:580553
08-19 11:59:13.711 I/Timeline( 1783): Timeline: App_transition_ready time:580592
08-19 11:59:13.724 E/ContentCatcherManager( 8586): failed to get ContentCatcherService.
08-19 11:59:14.116 E/PackageParserInjector( 1783): dump dex file error ,file message: base.odex: 21Kb 
08-19 11:59:14.117 E/PackageParserInjector( 1783): dump dex file error ,file message: base.odex: 21Kb base.vdex: 56Kb 
08-19 11:59:14.210 I/Timeline( 1783): Timeline: Activity_windows_visible id: ActivityRecord{c39e08b u0 com.miui.tsmclient/.ui.door.DoorCardSelectActivity t102} time:581090
08-19 11:59:14.216 I/Timeline( 1783): Timeline: App_transition_stopped time:581096
08-19 11:59:14.236 E/ContentCatcherManager( 8586): failed to get ContentCatcherService.
08-19 11:59:14.470 I/ActivityTaskManager( 1783): START u0 {dat=tsmclient://card?type=0&action=issue_mifare cmp=com.miui.tsmclient/.ui.MainActivity (has extras)} from uid 1027
08-19 11:59:14.480 I/ActivityTaskManager( 1783): The Process com.miui.tsmclient Already Exists in BG. So sending its PID: 8586
08-19 11:59:14.480 W/ActivityTaskManager( 1783): Tried to set launchTime (0) < mLastActivityLaunchTime (578224)
08-19 11:59:14.483 I/Timeline( 1783): Timeline: App_transition_ready time:581364
08-19 11:59:14.485 E/ContentCatcherManager( 8586): failed to get ContentCatcherService.
08-19 11:59:14.485 E/ContentCatcherManager( 8586): failed to get ContentCatcherService.
08-19 11:59:14.487 I/Timeline( 8586): Timeline: Activity_launch_request time:581368
08-19 11:59:14.488 I/ActivityTaskManager( 1783): START u0 {cmp=com.miui.tsmclient/.ui.NewMifareCardActivity (has extras)} from uid 1027
08-19 11:59:14.497 I/ActivityTaskManager( 1783): The Process com.miui.tsmclient Already Exists in BG. So sending its PID: 8586
08-19 11:59:14.499 I/ActivityTaskManager( 1783): The Process com.miui.tsmclient Already Exists in BG. So sending its PID: 8586
08-19 11:59:14.499 W/ActivityTaskManager( 1783): Tried to set launchTime (0) < mLastActivityLaunchTime (581361)
08-19 11:59:14.502 I/Timeline( 1783): Timeline: App_transition_ready time:581383
08-19 11:59:14.507 I/Timeline( 1783): Timeline: App_transition_ready time:581387
08-19 11:59:14.509 I/Timeline( 1783): Timeline: App_transition_ready time:581389
08-19 11:59:14.511 I/Timeline( 1783): Timeline: App_transition_ready time:581391
08-19 11:59:14.515 I/Timeline( 1783): Timeline: App_transition_ready time:581396
08-19 11:59:14.516 I/Timeline( 1783): Timeline: App_transition_ready time:581396
08-19 11:59:14.517 E/ContentCatcherManager( 8586): failed to get ContentCatcherService.
08-19 11:59:14.517 E/ContentCatcherManager( 8586): failed to get ContentCatcherService.
08-19 11:59:14.524 I/Timeline( 1783): Timeline: App_transition_ready time:581405
08-19 11:59:14.560 I/Timeline( 1783): Timeline: App_transition_ready time:581441
08-19 11:59:14.562 I/Timeline( 1783): Timeline: App_transition_ready time:581442
08-19 11:59:14.569 I/Timeline( 1783): Timeline: App_transition_ready time:581449
08-19 11:59:14.574 E/clipboard( 1783): Exception: 
08-19 11:59:14.574 E/clipboard( 1783): java.lang.NullPointerException
08-19 11:59:14.574 E/clipboard( 1783): 	at java.util.Objects.requireNonNull(Objects.java:220)
08-19 11:59:14.574 E/clipboard( 1783): 	at com.android.server.appop.AppOpsService.checkPackage(AppOpsService.java:2988)
08-19 11:59:14.574 E/clipboard( 1783): 	at android.app.AppOpsManager.checkPackage(AppOpsManager.java:7793)
08-19 11:59:14.574 E/clipboard( 1783): 	at com.android.server.clipboard.ClipboardService.clipboardAccessCommonCheck(ClipboardService.java:838)
08-19 11:59:14.574 E/clipboard( 1783): 	at com.android.server.clipboard.ClipboardService.clipboardCheckAllowed(ClipboardService.java:903)
08-19 11:59:14.574 E/clipboard( 1783): 	at com.android.server.clipboard.ClipboardService.access$600(ClipboardService.java:160)
08-19 11:59:14.574 E/clipboard( 1783): 	at com.android.server.clipboard.ClipboardService$ClipboardImpl.hasPrimaryClip(ClipboardService.java:437)
08-19 11:59:14.574 E/clipboard( 1783): 	at android.content.IClipboard$Stub.onTransact(IClipboard.java:242)
08-19 11:59:14.574 E/clipboard( 1783): 	at com.android.server.clipboard.ClipboardService$ClipboardImpl.onTransact(ClipboardService.java:344)
08-19 11:59:14.574 E/clipboard( 1783): 	at android.os.Binder.execTransactInternal(Binder.java:1157)
08-19 11:59:14.574 E/clipboard( 1783): 	at android.os.Binder.execTransact(Binder.java:1126)
08-19 11:59:14.575 I/DropBoxManagerService( 1783): add tag=system_server_wtf isTagEnabled=true flags=0x2
08-19 11:59:14.736 W/BroadcastQueue( 1783): Background execution not allowed: receiving Intent { act=android.intent.action.DROPBOX_ENTRY_ADDED flg=0x10 (has extras) } to com.google.android.gms/.stats.service.DropBoxEntryAddedReceiver
08-19 11:59:14.736 W/BroadcastQueue( 1783): Background execution not allowed: receiving Intent { act=android.intent.action.DROPBOX_ENTRY_ADDED flg=0x10 (has extras) } to com.google.android.gms/.chimera.GmsIntentOperationService$PersistentTrustedReceiver
08-19 11:59:14.797 E/clipboard( 1783): Exception: 
08-19 11:59:14.797 E/clipboard( 1783): java.lang.NullPointerException
08-19 11:59:14.797 E/clipboard( 1783): 	at java.util.Objects.requireNonNull(Objects.java:220)
08-19 11:59:14.797 E/clipboard( 1783): 	at com.android.server.appop.AppOpsService.checkPackage(AppOpsService.java:2988)
08-19 11:59:14.797 E/clipboard( 1783): 	at android.app.AppOpsManager.checkPackage(AppOpsManager.java:7793)
08-19 11:59:14.797 E/clipboard( 1783): 	at com.android.server.clipboard.ClipboardService.clipboardAccessCommonCheck(ClipboardService.java:838)
08-19 11:59:14.797 E/clipboard( 1783): 	at com.android.server.clipboard.ClipboardService.clipboardCheckAllowed(ClipboardService.java:903)
08-19 11:59:14.797 E/clipboard( 1783): 	at com.android.server.clipboard.ClipboardService.access$600(ClipboardService.java:160)
08-19 11:59:14.797 E/clipboard( 1783): 	at com.android.server.clipboard.ClipboardService$ClipboardImpl.hasPrimaryClip(ClipboardService.java:437)
08-19 11:59:14.797 E/clipboard( 1783): 	at android.content.IClipboard$Stub.onTransact(IClipboard.java:242)
08-19 11:59:14.797 E/clipboard( 1783): 	at com.android.server.clipboard.ClipboardService$ClipboardImpl.onTransact(ClipboardService.java:344)
08-19 11:59:14.797 E/clipboard( 1783): 	at android.os.Binder.execTransactInternal(Binder.java:1157)
08-19 11:59:14.797 E/clipboard( 1783): 	at android.os.Binder.execTransact(Binder.java:1126)
08-19 11:59:14.798 I/DropBoxManagerService( 1783): add tag=system_server_wtf isTagEnabled=true flags=0x2
08-19 11:59:15.078 I/Timeline( 1783): Timeline: App_transition_stopped time:581959
08-19 11:59:15.167 I/Timeline( 1783): Timeline: Activity_windows_visible id: ActivityRecord{7a9aeb5 u0 com.miui.tsmclient/.ui.NewMifareCardActivity t102} time:582048
08-19 11:59:15.748 W/BaseMiuiPhoneWindowManager( 1783): keyCode:4 down:true eventTime:582629 downTime:582629 policyFlags:2b000000 flags:8 deviceId:-1 isScreenOn:true keyguardActive:false repeatCount:0
08-19 11:59:15.749 W/BaseMiuiPhoneWindowManager( 1783): keyCode:4 down:false eventTime:582629 downTime:582629 policyFlags:2b000000 flags:8 deviceId:-1 isScreenOn:true keyguardActive:false repeatCount:0
08-19 11:59:15.766 I/Timeline( 1783): Timeline: App_transition_ready time:582646
08-19 11:59:15.799 I/Timeline( 1783): Timeline: App_transition_ready time:582679
08-19 11:59:15.810 E/ContentCatcherManager( 8586): failed to get ContentCatcherService.
08-19 11:59:15.996 E/PackageParserInjector( 1783): dump dex file error ,file message: base.odex: 21Kb 
08-19 11:59:15.996 E/PackageParserInjector( 1783): dump dex file error ,file message: base.odex: 21Kb base.vdex: 56Kb 
08-19 11:59:16.306 I/Timeline( 1783): Timeline: Activity_windows_visible id: ActivityRecord{c39e08b u0 com.miui.tsmclient/.ui.door.DoorCardSelectActivity t102} time:583187
08-19 11:59:16.308 I/Timeline( 1783): Timeline: App_transition_stopped time:583189
08-19 11:59:16.330 E/ContentCatcherManager( 8586): failed to get ContentCatcherService.
08-19 11:59:16.349 E/clipboard( 1783): Exception: 
08-19 11:59:16.349 E/clipboard( 1783): java.lang.NullPointerException
08-19 11:59:16.349 E/clipboard( 1783): 	at java.util.Objects.requireNonNull(Objects.java:220)
08-19 11:59:16.349 E/clipboard( 1783): 	at com.android.server.appop.AppOpsService.checkPackage(AppOpsService.java:2988)
08-19 11:59:16.349 E/clipboard( 1783): 	at android.app.AppOpsManager.checkPackage(AppOpsManager.java:7793)
08-19 11:59:16.349 E/clipboard( 1783): 	at com.android.server.clipboard.ClipboardService.clipboardAccessCommonCheck(ClipboardService.java:838)
08-19 11:59:16.349 E/clipboard( 1783): 	at com.android.server.clipboard.ClipboardService.clipboardCheckAllowed(ClipboardService.java:903)
08-19 11:59:16.349 E/clipboard( 1783): 	at com.android.server.clipboard.ClipboardService.access$600(ClipboardService.java:160)
08-19 11:59:16.349 E/clipboard( 1783): 	at com.android.server.clipboard.ClipboardService$ClipboardImpl.hasPrimaryClip(ClipboardService.java:437)
08-19 11:59:16.349 E/clipboard( 1783): 	at android.content.IClipboard$Stub.onTransact(IClipboard.java:242)
08-19 11:59:16.349 E/clipboard( 1783): 	at com.android.server.clipboard.ClipboardService$ClipboardImpl.onTransact(ClipboardService.java:344)
08-19 11:59:16.349 E/clipboard( 1783): 	at android.os.Binder.execTransactInternal(Binder.java:1157)
08-19 11:59:16.349 E/clipboard( 1783): 	at android.os.Binder.execTransact(Binder.java:1126)
08-19 11:59:16.349 I/DropBoxManagerService( 1783): add tag=system_server_wtf isTagEnabled=true flags=0x2
08-19 11:59:16.511 W/BaseMiuiPhoneWindowManager( 1783): keyCode:4 down:true eventTime:583391 downTime:583391 policyFlags:2b000000 flags:8 deviceId:-1 isScreenOn:true keyguardActive:false repeatCount:0
08-19 11:59:16.512 W/BaseMiuiPhoneWindowManager( 1783): keyCode:4 down:false eventTime:583391 downTime:583391 policyFlags:2b000000 flags:8 deviceId:-1 isScreenOn:true keyguardActive:false repeatCount:0
08-19 11:59:16.537 E/clipboard( 1783): Exception: 
08-19 11:59:16.537 E/clipboard( 1783): java.lang.NullPointerException
08-19 11:59:16.537 E/clipboard( 1783): 	at java.util.Objects.requireNonNull(Objects.java:220)
08-19 11:59:16.537 E/clipboard( 1783): 	at com.android.server.appop.AppOpsService.checkPackage(AppOpsService.java:2988)
08-19 11:59:16.537 E/clipboard( 1783): 	at android.app.AppOpsManager.checkPackage(AppOpsManager.java:7793)
08-19 11:59:16.537 E/clipboard( 1783): 	at com.android.server.clipboard.ClipboardService.clipboardAccessCommonCheck(ClipboardService.java:838)
08-19 11:59:16.537 E/clipboard( 1783): 	at com.android.server.clipboard.ClipboardService.clipboardCheckAllowed(ClipboardService.java:903)
08-19 11:59:16.537 E/clipboard( 1783): 	at com.android.server.clipboard.ClipboardService.access$600(ClipboardService.java:160)
08-19 11:59:16.537 E/clipboard( 1783): 	at com.android.server.clipboard.ClipboardService$ClipboardImpl.hasPrimaryClip(ClipboardService.java:437)
08-19 11:59:16.537 E/clipboard( 1783): 	at android.content.IClipboard$Stub.onTransact(IClipboard.java:242)
08-19 11:59:16.537 E/clipboard( 1783): 	at com.android.server.clipboard.ClipboardService$ClipboardImpl.onTransact(ClipboardService.java:344)
08-19 11:59:16.537 E/clipboard( 1783): 	at android.os.Binder.execTransactInternal(Binder.java:1157)
08-19 11:59:16.537 E/clipboard( 1783): 	at android.os.Binder.execTransact(Binder.java:1126)
08-19 11:59:16.569 I/Timeline( 1783): Timeline: App_transition_ready time:583450
08-19 11:59:16.594 I/Timeline( 1783): Timeline: App_transition_ready time:583475
08-19 11:59:16.605 I/Timeline( 1783): Timeline: App_transition_ready time:583485
08-19 11:59:16.606 I/Timeline( 1783): Timeline: App_transition_ready time:583486
08-19 11:59:16.607 I/Timeline( 1783): Timeline: App_transition_ready time:583488
08-19 11:59:16.608 I/Timeline( 1783): Timeline: App_transition_ready time:583489
08-19 11:59:16.610 E/ClipboardService( 1783): Denying clipboard access to com.mipay.wallet, application is not in focus nor is it a system service for user 0
08-19 11:59:16.623 I/Timeline( 1783): Timeline: App_transition_ready time:583504
08-19 11:59:16.626 I/Timeline( 1783): Timeline: App_transition_ready time:583507
08-19 11:59:16.638 I/Timeline( 1783): Timeline: App_transition_ready time:583519
08-19 11:59:16.642 E/ContentCatcherManager( 8586): failed to get ContentCatcherService.
08-19 11:59:16.649 E/ContentCatcherManager( 8586): failed to get ContentCatcherService.
08-19 11:59:16.802 W/BroadcastQueue( 1783): Background execution not allowed: receiving Intent { act=android.intent.action.DROPBOX_ENTRY_ADDED flg=0x10 (has extras) } to com.google.android.gms/.stats.service.DropBoxEntryAddedReceiver
08-19 11:59:16.802 W/BroadcastQueue( 1783): Background execution not allowed: receiving Intent { act=android.intent.action.DROPBOX_ENTRY_ADDED flg=0x10 (has extras) } to com.google.android.gms/.chimera.GmsIntentOperationService$PersistentTrustedReceiver
08-19 11:59:17.151 I/Timeline( 1783): Timeline: Activity_windows_visible id: ActivityRecord{4d01f5d u0 com.mipay.wallet/com.mipay.info.ui.MipayInfoActivity t102} time:584031
08-19 11:59:17.155 I/Timeline( 1783): Timeline: App_transition_stopped time:584035
08-19 11:59:17.184 E/ContentCatcherManager( 8586): failed to get ContentCatcherService.
08-19 11:59:17.865 E/PackageParserInjector( 1783): dump dex file error ,file message: base.odex: 21Kb 
08-19 11:59:17.866 E/PackageParserInjector( 1783): dump dex file error ,file message: base.odex: 21Kb base.vdex: 56Kb 
08-19 11:59:17.965 W/NotificationHistory( 1783): Attempted to add notif for locked/gone/disabled user 0
08-19 11:59:18.139 I/Timeline(19532): Timeline: Activity_launch_request time:585020
08-19 11:59:18.141 I/ActivityTaskManager( 1783): START u0 {cmp=com.mipay.wallet/com.mipay.common.ui.pub.TranslucentActivity (has extras)} from uid 10165
08-19 11:59:18.155 I/ActivityTaskManager( 1783): The Process com.mipay.wallet Already Exists in BG. So sending its PID: 19532
08-19 11:59:18.155 W/ActivityTaskManager( 1783): Tried to set launchTime (0) < mLastActivityLaunchTime (462616)
08-19 11:59:18.159 I/Timeline( 1783): Timeline: App_transition_ready time:585039
08-19 11:59:18.166 E/ClipboardService( 1783): Denying clipboard access to com.mipay.wallet, application is not in focus nor is it a system service for user 0
08-19 11:59:18.176 I/Timeline( 1783): Timeline: App_transition_ready time:585057
08-19 11:59:18.177 I/Timeline( 1783): Timeline: App_transition_ready time:585058
08-19 11:59:18.183 I/Timeline( 1783): Timeline: App_transition_ready time:585063
08-19 11:59:18.183 I/Timeline( 1783): Timeline: Activity_windows_visible id: ActivityRecord{945efe7 u0 com.mipay.wallet/com.mipay.common.ui.pub.TranslucentActivity t102} time:585063
08-19 11:59:18.183 I/Timeline( 1783): Timeline: App_transition_stopped time:585063
08-19 11:59:18.197 I/Timeline(19532): Timeline: Activity_launch_request time:585078
08-19 11:59:18.198 I/ActivityTaskManager( 1783): START u0 {act=com.miui.tsmclient.action.INTRODUCTION pkg=com.miui.tsmclient cmp=com.miui.tsmclient/.ui.introduction.CheckServiceActivity} from uid 10165
08-19 11:59:18.206 I/ActivityTaskManager( 1783): The Process com.miui.tsmclient Already Exists in BG. So sending its PID: 8586
08-19 11:59:18.206 W/ActivityTaskManager( 1783): Tried to set launchTime (0) < mLastActivityLaunchTime (581381)
08-19 11:59:18.210 I/Timeline( 1783): Timeline: App_transition_ready time:585091
08-19 11:59:18.213 E/ContentCatcherManager( 8586): failed to get ContentCatcherService.
08-19 11:59:18.213 E/ContentCatcherManager( 8586): failed to get ContentCatcherService.
08-19 11:59:18.266 I/Timeline( 1783): Timeline: App_transition_ready time:585146
08-19 11:59:18.267 I/Timeline( 1783): Timeline: App_transition_ready time:585148
08-19 11:59:18.274 I/Timeline( 1783): Timeline: App_transition_ready time:585155
08-19 11:59:18.277 I/Timeline( 1783): Timeline: App_transition_ready time:585158
08-19 11:59:18.285 I/Timeline( 1783): Timeline: App_transition_ready time:585166
08-19 11:59:18.290 I/Timeline( 1783): Timeline: App_transition_ready time:585170
08-19 11:59:18.295 I/Timeline( 1783): Timeline: App_transition_ready time:585175
08-19 11:59:18.376 E/clipboard( 1783): Exception: 
08-19 11:59:18.376 E/clipboard( 1783): java.lang.NullPointerException
08-19 11:59:18.376 E/clipboard( 1783): 	at java.util.Objects.requireNonNull(Objects.java:220)
08-19 11:59:18.376 E/clipboard( 1783): 	at com.android.server.appop.AppOpsService.checkPackage(AppOpsService.java:2988)
08-19 11:59:18.376 E/clipboard( 1783): 	at android.app.AppOpsManager.checkPackage(AppOpsManager.java:7793)
08-19 11:59:18.376 E/clipboard( 1783): 	at com.android.server.clipboard.ClipboardService.clipboardAccessCommonCheck(ClipboardService.java:838)
08-19 11:59:18.376 E/clipboard( 1783): 	at com.android.server.clipboard.ClipboardService.clipboardCheckAllowed(ClipboardService.java:903)
08-19 11:59:18.376 E/clipboard( 1783): 	at com.android.server.clipboard.ClipboardService.access$600(ClipboardService.java:160)
08-19 11:59:18.376 E/clipboard( 1783): 	at com.android.server.clipboard.ClipboardService$ClipboardImpl.hasPrimaryClip(ClipboardService.java:437)
08-19 11:59:18.376 E/clipboard( 1783): 	at android.content.IClipboard$Stub.onTransact(IClipboard.java:242)
08-19 11:59:18.376 E/clipboard( 1783): 	at com.android.server.clipboard.ClipboardService$ClipboardImpl.onTransact(ClipboardService.java:344)
08-19 11:59:18.376 E/clipboard( 1783): 	at android.os.Binder.execTransactInternal(Binder.java:1157)
08-19 11:59:18.376 E/clipboard( 1783): 	at android.os.Binder.execTransact(Binder.java:1126)
08-19 11:59:18.472 I/ActivityTaskManager( 1783): START u0 {flg=0x24000000 cmp=com.miui.tsmclient/.ui.cache.CacheLoaderActivity (has extras)} from uid 1027
08-19 11:59:18.479 I/ActivityTaskManager( 1783): The Process com.miui.tsmclient Already Exists in BG. So sending its PID: 8586
08-19 11:59:18.479 W/ActivityTaskManager( 1783): Tried to set launchTime (0) < mLastActivityLaunchTime (585087)
08-19 11:59:18.482 I/Timeline( 1783): Timeline: App_transition_ready time:585363
08-19 11:59:18.484 E/ContentCatcherManager( 8586): failed to get ContentCatcherService.
08-19 11:59:18.485 E/ContentCatcherManager( 8586): failed to get ContentCatcherService.
08-19 11:59:18.500 I/Timeline( 1783): Timeline: App_transition_ready time:585380
08-19 11:59:18.501 I/Timeline( 1783): Timeline: App_transition_ready time:585381
08-19 11:59:18.507 I/Timeline( 1783): Timeline: App_transition_ready time:585388
08-19 11:59:18.510 I/Timeline( 1783): Timeline: App_transition_ready time:585390
08-19 11:59:18.515 I/Timeline( 1783): Timeline: App_transition_ready time:585396
08-19 11:59:18.520 I/Timeline( 1783): Timeline: Activity_windows_visible id: ActivityRecord{950cdbc u0 com.miui.tsmclient/.ui.cache.CacheLoaderActivity t102} time:585400
08-19 11:59:18.800 I/Timeline( 1783): Timeline: Activity_windows_visible id: ActivityRecord{ba2abf5 u0 com.miui.tsmclient/.ui.introduction.CheckServiceActivity t102} time:585681
08-19 11:59:18.803 I/Timeline( 1783): Timeline: App_transition_stopped time:585683
08-19 11:59:19.765 W/BpBinder(19532): PerfMonitor binderTransact :  time=919ms interface=com.xiaomi.xmsf.push.service.IHttpService code=1
08-19 11:59:19.846 E/PackageParserInjector( 1783): dump dex file error ,file message: base.odex: 21Kb 
08-19 11:59:19.847 E/PackageParserInjector( 1783): dump dex file error ,file message: base.odex: 21Kb base.vdex: 56Kb 
08-19 11:59:20.339 E/clipboard( 1783): Exception: 
08-19 11:59:20.339 E/clipboard( 1783): java.lang.NullPointerException
08-19 11:59:20.339 E/clipboard( 1783): 	at java.util.Objects.requireNonNull(Objects.java:220)
08-19 11:59:20.339 E/clipboard( 1783): 	at com.android.server.appop.AppOpsService.checkPackage(AppOpsService.java:2988)
08-19 11:59:20.339 E/clipboard( 1783): 	at android.app.AppOpsManager.checkPackage(AppOpsManager.java:7793)
08-19 11:59:20.339 E/clipboard( 1783): 	at com.android.server.clipboard.ClipboardService.clipboardAccessCommonCheck(ClipboardService.java:838)
08-19 11:59:20.339 E/clipboard( 1783): 	at com.android.server.clipboard.ClipboardService.clipboardCheckAllowed(ClipboardService.java:903)
08-19 11:59:20.339 E/clipboard( 1783): 	at com.android.server.clipboard.ClipboardService.access$600(ClipboardService.java:160)
08-19 11:59:20.339 E/clipboard( 1783): 	at com.android.server.clipboard.ClipboardService$ClipboardImpl.hasPrimaryClip(ClipboardService.java:437)
08-19 11:59:20.339 E/clipboard( 1783): 	at android.content.IClipboard$Stub.onTransact(IClipboard.java:242)
08-19 11:59:20.339 E/clipboard( 1783): 	at com.android.server.clipboard.ClipboardService$ClipboardImpl.onTransact(ClipboardService.java:344)
08-19 11:59:20.339 E/clipboard( 1783): 	at android.os.Binder.execTransactInternal(Binder.java:1157)
08-19 11:59:20.339 E/clipboard( 1783): 	at android.os.Binder.execTransact(Binder.java:1126)
08-19 11:59:20.455 W/BpBinder( 8586): PerfMonitor binderTransact :  time=203ms interface=android.se.omapi.ISecureElementSession code=5
08-19 11:59:20.636 E/clipboard( 1783): Exception: 
08-19 11:59:20.636 E/clipboard( 1783): java.lang.NullPointerException
08-19 11:59:20.636 E/clipboard( 1783): 	at java.util.Objects.requireNonNull(Objects.java:220)
08-19 11:59:20.636 E/clipboard( 1783): 	at com.android.server.appop.AppOpsService.checkPackage(AppOpsService.java:2988)
08-19 11:59:20.636 E/clipboard( 1783): 	at android.app.AppOpsManager.checkPackage(AppOpsManager.java:7793)
08-19 11:59:20.636 E/clipboard( 1783): 	at com.android.server.clipboard.ClipboardService.clipboardAccessCommonCheck(ClipboardService.java:838)
08-19 11:59:20.636 E/clipboard( 1783): 	at com.android.server.clipboard.ClipboardService.clipboardCheckAllowed(ClipboardService.java:903)
08-19 11:59:20.636 E/clipboard( 1783): 	at com.android.server.clipboard.ClipboardService.access$600(ClipboardService.java:160)
08-19 11:59:20.636 E/clipboard( 1783): 	at com.android.server.clipboard.ClipboardService$ClipboardImpl.hasPrimaryClip(ClipboardService.java:437)
08-19 11:59:20.636 E/clipboard( 1783): 	at android.content.IClipboard$Stub.onTransact(IClipboard.java:242)
08-19 11:59:20.636 E/clipboard( 1783): 	at com.android.server.clipboard.ClipboardService$ClipboardImpl.onTransact(ClipboardService.java:344)
08-19 11:59:20.636 E/clipboard( 1783): 	at android.os.Binder.execTransactInternal(Binder.java:1157)
08-19 11:59:20.636 E/clipboard( 1783): 	at android.os.Binder.execTransact(Binder.java:1126)
08-19 11:59:21.961 E/PackageParserInjector( 1783): dump dex file error ,file message: base.odex: 21Kb 
08-19 11:59:21.962 E/PackageParserInjector( 1783): dump dex file error ,file message: base.odex: 21Kb base.vdex: 56Kb 
08-19 11:59:22.462 E/clipboard( 1783): Exception: 
08-19 11:59:22.462 E/clipboard( 1783): java.lang.NullPointerException
08-19 11:59:22.462 E/clipboard( 1783): 	at java.util.Objects.requireNonNull(Objects.java:220)
08-19 11:59:22.462 E/clipboard( 1783): 	at com.android.server.appop.AppOpsService.checkPackage(AppOpsService.java:2988)
08-19 11:59:22.462 E/clipboard( 1783): 	at android.app.AppOpsManager.checkPackage(AppOpsManager.java:7793)
08-19 11:59:22.462 E/clipboard( 1783): 	at com.android.server.clipboard.ClipboardService.clipboardAccessCommonCheck(ClipboardService.java:838)
08-19 11:59:22.462 E/clipboard( 1783): 	at com.android.server.clipboard.ClipboardService.clipboardCheckAllowed(ClipboardService.java:903)
08-19 11:59:22.462 E/clipboard( 1783): 	at com.android.server.clipboard.ClipboardService.access$600(ClipboardService.java:160)
08-19 11:59:22.462 E/clipboard( 1783): 	at com.android.server.clipboard.ClipboardService$ClipboardImpl.hasPrimaryClip(ClipboardService.java:437)
08-19 11:59:22.462 E/clipboard( 1783): 	at android.content.IClipboard$Stub.onTransact(IClipboard.java:242)
08-19 11:59:22.462 E/clipboard( 1783): 	at com.android.server.clipboard.ClipboardService$ClipboardImpl.onTransact(ClipboardService.java:344)
08-19 11:59:22.462 E/clipboard( 1783): 	at android.os.Binder.execTransactInternal(Binder.java:1157)
08-19 11:59:22.462 E/clipboard( 1783): 	at android.os.Binder.execTransact(Binder.java:1126)
08-19 11:59:22.748 E/clipboard( 1783): Exception: 
08-19 11:59:22.748 E/clipboard( 1783): java.lang.NullPointerException
08-19 11:59:22.748 E/clipboard( 1783): 	at java.util.Objects.requireNonNull(Objects.java:220)
