08-19 11:52:52.192 I/Timeline( 1783): Timeline: App_transition_ready time:199072
08-19 11:52:52.202 I/Timeline( 1783): Timeline: App_transition_ready time:199083
08-19 11:52:52.207 I/Timeline( 1783): Timeline: App_transition_ready time:199088
08-19 11:52:52.211 I/ActivityTaskManager( 1783): Activity requesting to dismiss Keyguard: ActivityRecord{7971da u0 com.tencent.android.qqdownloader/com.tencent.assistantv2.activity.MainActivity t97}
08-19 11:52:52.215 I/Timeline( 1783): Timeline: App_transition_ready time:199096
08-19 11:52:52.232 I/Timeline( 1783): Timeline: App_transition_ready time:199113
08-19 11:52:52.248 I/Timeline( 1783): Timeline: App_transition_ready time:199129
08-19 11:52:52.256 I/Timeline( 1783): Timeline: App_transition_ready time:199137
08-19 11:52:52.257 I/Timeline( 1783): Timeline: App_transition_ready time:199138
08-19 11:52:52.259 I/Timeline( 1783): Timeline: App_transition_ready time:199139
08-19 11:52:52.270 I/Timeline( 1783): Timeline: App_transition_ready time:199150
08-19 11:52:52.271 E/ClipboardService( 1783): Denying clipboard access to com.tencent.android.qqdownloader, application is not in focus nor is it a system service for user 0
08-19 11:52:52.273 I/Timeline( 1783): Timeline: App_transition_ready time:199153
08-19 11:52:52.286 I/Timeline( 1783): Timeline: App_transition_ready time:199166
08-19 11:52:52.291 I/Timeline( 1783): Timeline: App_transition_ready time:199172
08-19 11:52:52.341 I/Timeline( 1783): Timeline: App_transition_ready time:199222
08-19 11:52:52.365 I/Timeline( 1783): Timeline: App_transition_ready time:199245
08-19 11:52:52.365 I/Timeline( 1783): Timeline: Activity_windows_visible id: ActivityRecord{c76478b u0 com.miui.home/.launcher.Launcher t2} time:199245
08-19 11:52:52.365 I/Timeline( 1783): Timeline: Activity_windows_visible id: ActivityRecord{7971da u0 com.tencent.android.qqdownloader/com.tencent.assistantv2.activity.MainActivity t97} time:199245
08-19 11:52:52.365 I/Timeline( 1783): Timeline: App_transition_stopped time:199245
08-19 11:52:52.619 I/NotificationService( 1783): notification blocked by assistant request
08-19 11:52:52.626 W/NotificationHistory( 1783): Attempted to add notif for locked/gone/disabled user 0
08-19 11:52:52.697 W/NotificationHistory( 1783): Attempted to add notif for locked/gone/disabled user 0
08-19 11:52:52.841 W/Looper  (10926): PerfMonitor doFrame : time=391ms vsyncFrame=3934 latency=42ms procState=2 historyMsgCount=37
08-19 11:52:53.048 I/NotificationService( 1783): notification blocked by assistant request
08-19 11:52:53.055 W/NotificationHistory( 1783): Attempted to add notif for locked/gone/disabled user 0
08-19 11:52:55.962 I/PreinstallApp( 1783): No updated system preinstall apps need to install
08-19 11:52:57.028 W/MiuiPerfServiceClient( 4064): interceptAndQueuing:10926|com.tencent.android.qqdownloader|250|245|unknown|null|com.tencent.android.qqdownloader/com.tencent.assistantv2.activity.MainActivity|203754839817|Slow handle traversal|2
08-19 11:52:58.440 W/BpBinder( 1783): PerfMonitor binderTransact :  time=409ms interface=android.os.IInstalld code=18
08-19 11:52:58.503 W/NotificationHistory( 1783): Attempted to add notif for locked/gone/disabled user 0
08-19 11:52:59.573 W/FrameworkListener(  781): Handler 'getaddrinfo' error (Success)
08-19 11:52:59.669 I/Timeline(10926): Timeline: Activity_launch_request time:206550
08-19 11:52:59.670 I/ActivityTaskManager( 1783): START u0 {flg=0x10000000 cmp=com.tencent.android.qqdownloader/com.tencent.nucleus.manager.main.AssistantCleanDoingActivity (has extras)} from uid 10275
08-19 11:52:59.684 I/ActivityTaskManager( 1783): The Process com.tencent.android.qqdownloader Already Exists in BG. So sending its PID: 10926
08-19 11:52:59.684 W/ActivityTaskManager( 1783): Tried to set launchTime (0) < mLastActivityLaunchTime (199070)
08-19 11:52:59.687 I/Timeline( 1783): Timeline: App_transition_ready time:206568
08-19 11:52:59.689 I/Timeline( 1783): Timeline: App_transition_ready time:206570
08-19 11:52:59.727 E/ClipboardService( 1783): Denying clipboard access to com.tencent.android.qqdownloader, application is not in focus nor is it a system service for user 0
08-19 11:52:59.734 I/Timeline( 1783): Timeline: App_transition_ready time:206614
08-19 11:52:59.735 I/Timeline( 1783): Timeline: App_transition_ready time:206615
08-19 11:52:59.748 I/Timeline( 1783): Timeline: App_transition_ready time:206628
08-19 11:53:00.028 I/Timeline( 1783): Timeline: Activity_windows_visible id: ActivityRecord{46bfbbd u0 com.tencent.android.qqdownloader/com.tencent.nucleus.manager.main.AssistantCleanDoingActivity t97} time:206909
08-19 11:53:00.030 I/Timeline( 1783): Timeline: App_transition_stopped time:206910
08-19 11:53:05.864 W/PackageParsing(10865): No actions in intent-filter at /storage/emulated/0/Android/data/com.tencent.android.qqdownloader/files/tassistant/apk/com.sohu.inputmethod.sogou_1500.apk Binary XML file line #261
08-19 11:53:05.879 W/PackageParsing(11129): No actions in intent-filter at /storage/emulated/0/Android/data/com.tencent.android.qqdownloader/files/tassistant/apk/com.sohu.inputmethod.sogou_1500.apk Binary XML file line #261
08-19 11:53:05.911 W/PackageParsing(11129): No actions in intent-filter at /storage/emulated/0/Android/data/com.tencent.android.qqdownloader/files/tassistant/apk/com.sohu.inputmethod.sogou_1500.apk Binary XML file line #261
08-19 11:53:05.923 I/Timeline(10926): Timeline: Activity_launch_request time:212803
08-19 11:53:05.924 I/ActivityTaskManager( 1783): START u0 {cmp=com.tencent.android.qqdownloader/com.tencent.pangu.activity.AppDemoActivity (has extras)} from uid 10275
08-19 11:53:05.939 I/ActivityTaskManager( 1783): The Process com.tencent.android.qqdownloader Already Exists in BG. So sending its PID: 10926
08-19 11:53:05.939 W/ActivityTaskManager( 1783): Tried to set launchTime (0) < mLastActivityLaunchTime (206565)
08-19 11:53:05.942 I/Timeline( 1783): Timeline: App_transition_ready time:212823
08-19 11:53:05.943 I/Timeline( 1783): Timeline: App_transition_ready time:212824
08-19 11:53:05.950 I/ActivityTaskManager( 1783): Activity requesting to dismiss Keyguard: ActivityRecord{9b706a2 u0 com.tencent.android.qqdownloader/com.tencent.pangu.activity.AppDemoActivity t97}
08-19 11:53:05.967 E/ClipboardService( 1783): Denying clipboard access to com.tencent.android.qqdownloader, application is not in focus nor is it a system service for user 0
08-19 11:53:05.968 W/PackageParsing(11129): No actions in intent-filter at /storage/emulated/0/Android/data/com.tencent.android.qqdownloader/files/tassistant/apk/com.sohu.inputmethod.sogou_1500.apk Binary XML file line #261
08-19 11:53:05.978 I/Timeline( 1783): Timeline: App_transition_ready time:212858
08-19 11:53:05.979 I/Timeline( 1783): Timeline: App_transition_ready time:212859
08-19 11:53:05.982 I/Timeline( 1783): Timeline: App_transition_ready time:212863
08-19 11:53:05.986 I/Timeline( 1783): Timeline: App_transition_ready time:212866
08-19 11:53:05.995 I/Timeline( 1783): Timeline: App_transition_ready time:212876
08-19 11:53:06.042 I/NotificationService( 1783): notification blocked by assistant request
08-19 11:53:06.205 W/PackageParsing(11129): No actions in intent-filter at /storage/emulated/0/Android/data/com.tencent.android.qqdownloader/files/tassistant/apk/com.sohu.inputmethod.sogou_1500.apk Binary XML file line #261
08-19 11:53:06.249 W/PackageParsing(10865): No actions in intent-filter at /storage/emulated/0/Android/data/com.tencent.android.qqdownloader/files/tassistant/apk/com.sohu.inputmethod.sogou_1500.apk Binary XML file line #261
08-19 11:53:06.273 I/Timeline( 1783): Timeline: Activity_windows_visible id: ActivityRecord{9b706a2 u0 com.tencent.android.qqdownloader/com.tencent.pangu.activity.AppDemoActivity t97} time:213153
08-19 11:53:06.274 I/Timeline( 1783): Timeline: App_transition_stopped time:213155
08-19 11:53:06.316 W/PackageParsing(11129): No actions in intent-filter at /storage/emulated/0/Android/data/com.tencent.android.qqdownloader/files/tassistant/apk/com.sohu.inputmethod.sogou_1500.apk Binary XML file line #261
08-19 11:53:06.653 I/Timeline(10926): Timeline: Activity_launch_request time:213533
08-19 11:53:06.657 I/ActivityTaskManager( 1783): START u0 {flg=0x10000000 cmp=com.tencent.android.qqdownloader/com.tencent.pangu.activity.InstallerListenerActivity (has extras)} from uid 10275
08-19 11:53:06.670 I/ActivityTaskManager( 1783): The Process com.tencent.android.qqdownloader Already Exists in BG. So sending its PID: 10926
08-19 11:53:06.670 W/ActivityTaskManager( 1783): Tried to set launchTime (0) < mLastActivityLaunchTime (212820)
08-19 11:53:06.673 I/Timeline( 1783): Timeline: App_transition_ready time:213554
08-19 11:53:06.675 I/Timeline( 1783): Timeline: App_transition_ready time:213555
08-19 11:53:06.680 I/Timeline(10926): Timeline: Activity_launch_request time:213561
08-19 11:53:06.681 I/ActivityTaskManager( 1783): START u0 {act=android.intent.action.VIEW dat=content://com.tencent.pangu.fileprovider/external_path/Android/data/com.tencent.android.qqdownloader/files/tassistant/apk/com.sohu.inputmethod.sogou_1500.apk typ=application/vnd.android.package-archive flg=0x10000003 cmp=com.miui.packageinstaller/com.android.packageinstaller.PackageInstallerActivity} from uid 10275
08-19 11:53:06.682 W/ActivityTaskManager( 1783): Activity is launching as a new task, so cancelling activity result.
08-19 11:53:06.696 E/ClipboardService( 1783): Denying clipboard access to com.tencent.android.qqdownloader, application is not in focus nor is it a system service for user 0
08-19 11:53:06.701 W/ActivityTaskManager( 1783): Duplicate finish request for r=ActivityRecord{69e6bb2 u0 com.tencent.android.qqdownloader/com.tencent.pangu.activity.InstallerListenerActivity t97 f}}
08-19 11:53:06.703 I/ActivityManager( 1783): Start proc 12022:com.miui.packageinstaller/u0a74 for pre-top-activity {com.miui.packageinstaller/com.android.packageinstaller.PackageInstallerActivity} caller=com.tencent.android.qqdownloader
08-19 11:53:06.703 E/ClipboardService( 1783): Denying clipboard access to com.tencent.android.qqdownloader, application is not in focus nor is it a system service for user 0
08-19 11:53:06.734 I/Timeline( 1783): Timeline: App_transition_ready time:213614
08-19 11:53:06.964 W/PackageParser(12022): No actions in intent filter at /data/user/0/com.miui.packageinstaller/cache/package5517819065998059337.apk Binary XML file line #261
08-19 11:53:07.528 I/Timeline( 1783): Timeline: Activity_windows_visible id: ActivityRecord{20704b9 u0 com.miui.packageinstaller/com.android.packageinstaller.PackageInstallerActivity t100} time:214408
08-19 11:53:07.529 I/Timeline( 1783): Timeline: App_transition_stopped time:214410
08-19 11:53:08.243 I/NotificationService( 1783): notification blocked by assistant request
08-19 11:53:09.316 W/PackageParsing( 6301): No actions in intent-filter at /data/user/0/com.miui.guardprovider/cache/package1218027505918525579.apk Binary XML file line #261
08-19 11:53:09.348 I/chatty  ( 6301): uid=10121(com.miui.guardprovider) Binder:12091_1 identical 1 line
08-19 11:53:09.534 W/PackageParsing( 6301): No actions in intent-filter at /data/user/0/com.miui.guardprovider/cache/package1218027505918525579.apk Binary XML file line #261
08-19 11:53:09.593 W/BpBinder(12022): PerfMonitor binderTransact :  time=423ms interface=android.content.IContentProvider code=1
08-19 11:53:13.697 I/Timeline(12022): Timeline: Activity_launch_request time:220578
08-19 11:53:13.700 I/ActivityTaskManager( 1783): START u0 {dat=file:///data/user/0/com.miui.packageinstaller/cache/package5517819065998059337.apk cmp=com.miui.packageinstaller/com.android.packageinstaller.InstallAppProgress (has extras)} from uid 10074
08-19 11:53:13.713 I/ActivityTaskManager( 1783): The Process com.miui.packageinstaller Already Exists in BG. So sending its PID: 12022
08-19 11:53:13.714 W/ActivityTaskManager( 1783): Tried to set launchTime (0) < mLastActivityLaunchTime (213605)
08-19 11:53:13.716 I/Timeline( 1783): Timeline: App_transition_ready time:220596
08-19 11:53:13.779 I/InstallationStatistic( 1783): beginInstallSession: 1803465747
08-19 11:53:13.788 I/Timeline( 1783): Timeline: App_transition_ready time:220668
08-19 11:53:13.789 I/Timeline( 1783): Timeline: App_transition_ready time:220669
08-19 11:53:13.793 I/Timeline( 1783): Timeline: App_transition_ready time:220674
08-19 11:53:13.796 I/Timeline( 1783): Timeline: App_transition_ready time:220676
08-19 11:53:13.821 I/Timeline( 1783): Timeline: App_transition_ready time:220701
08-19 11:53:14.065 W/PackageParser( 6301): No actions in intent filter at /data/app/vmdl1803465747.tmp/base.apk Binary XML file line #261
08-19 11:53:14.101 W/PackageParsing( 1783): No actions in intent-filter at /data/app/vmdl1803465747.tmp/base.apk Binary XML file line #261
08-19 11:53:14.128 W/RuleEvaluation( 1783): Integrity rule files are not available.
08-19 11:53:14.128 I/PackageManager( 1783): Integrity check passed for file:///data/app/vmdl1803465747.tmp
08-19 11:53:14.145 W/PackageParsing( 1783): No actions in intent-filter at /data/app/vmdl1803465747.tmp/base.apk Binary XML file line #261
08-19 11:53:14.320 I/Timeline( 1783): Timeline: Activity_windows_visible id: ActivityRecord{9f9966e u0 com.miui.packageinstaller/com.android.packageinstaller.InstallAppProgress t100} time:221201
08-19 11:53:14.324 I/Timeline( 1783): Timeline: App_transition_stopped time:221204
08-19 11:53:16.393 W/BpBinder( 1783): PerfMonitor binderTransact :  time=2102ms interface=android.os.IInstalld code=18
08-19 11:53:16.396 W/Looper  ( 1783): PerfMonitor longMsg : seq=14 plan=11:53:14.128 late=0ms wall=2267ms running=99ms runnable=10ms io=37ms binder=2128ms h=com.android.server.pm.PackageManagerService$PackageHandler c=com.android.server.pm.-$$Lambda$PackageManagerService$9znobjOH7ab0F1jsW2oFdNipS-8 procState=0
08-19 11:53:16.396 I/InstallationStatistic( 1783): com.sohu.inputmethod.sogou|com.miui.packageinstaller|2617|165|62|25|0|2104
08-19 11:53:16.425 I/MiuiCompatModePackages( 1783): package com.sohu.inputmethod.sogou updated, removing config
08-19 11:53:16.429 I/RoleManagerService( 1783): Granting default roles...
08-19 11:53:16.432 I/WakePathChecker( 1783): updateLauncherPackageNames =com.miui.home
08-19 11:53:16.432 I/WakePathChecker( 1783): updateLauncherPackageNames =com.android.settings
08-19 11:53:16.469 W/BroadcastQueue( 1783): Background execution not allowed: receiving Intent { act=android.intent.action.PACKAGE_ADDED dat=package:com.sohu.inputmethod.sogou flg=0x4000010 (has extras) } to com.lbe.security.miui/com.lbe.security.service.BootReceiver
08-19 11:53:16.491 W/BroadcastQueue( 1783): Background execution not allowed: receiving Intent { act=android.intent.action.PACKAGE_ADDED dat=package:com.sohu.inputmethod.sogou flg=0x4000010 (has extras) } to com.tencent.android.qqdownloader/com.tencent.assistant.localres.localapk.PackageChangedReceiver
08-19 11:53:16.491 W/BroadcastQueue( 1783): Background execution not allowed: receiving Intent { act=android.intent.action.PACKAGE_ADDED dat=package:com.sohu.inputmethod.sogou flg=0x4000010 (has extras) } to com.android.providers.downloads/.receiver.ApplicationInstallReceiver
08-19 11:53:16.491 W/BroadcastQueue( 1783): Background execution not allowed: receiving Intent { act=android.intent.action.PACKAGE_ADDED dat=package:com.sohu.inputmethod.sogou flg=0x4000010 (has extras) } to com.android.settings/.search.provider.UpdateReceiver
08-19 11:53:16.491 W/BroadcastQueue( 1783): Background execution not allowed: receiving Intent { act=android.intent.action.PACKAGE_ADDED dat=package:com.sohu.inputmethod.sogou flg=0x4000010 (has extras) } to com.android.vending/com.google.android.finsky.packagemanager.impl.PackageMonitorReceiverImpl$RegisteredReceiver
08-19 11:53:16.491 W/BroadcastQueue( 1783): Background execution not allowed: receiving Intent { act=android.intent.action.PACKAGE_ADDED dat=package:com.sohu.inputmethod.sogou flg=0x4000010 (has extras) } to com.google.android.gms/.games.chimera.GamesSystemBroadcastReceiverProxy
08-19 11:53:16.491 W/BroadcastQueue( 1783): Background execution not allowed: receiving Intent { act=android.intent.action.PACKAGE_ADDED dat=package:com.sohu.inputmethod.sogou flg=0x4000010 (has extras) } to com.google.android.gms/.gass.chimera.PackageChangeBroadcastReceiver
08-19 11:53:16.491 W/BroadcastQueue( 1783): Background execution not allowed: receiving Intent { act=android.intent.action.PACKAGE_ADDED dat=package:com.sohu.inputmethod.sogou flg=0x4000010 (has extras) } to com.google.android.gms/.chimera.GmsIntentOperationService$PersistentTrustedReceiver
08-19 11:53:16.491 W/BroadcastQueue( 1783): Background execution not allowed: receiving Intent { act=android.intent.action.PACKAGE_ADDED dat=package:com.sohu.inputmethod.sogou flg=0x4000010 (has extras) } to com.sohu.inputmethod.sogou.xiaomi/com.sohu.inputmethod.flx.dynamic.tools.download.InstallFinishReceiver
08-19 11:53:16.491 W/BroadcastQueue( 1783): Background execution not allowed: receiving Intent { act=android.intent.action.PACKAGE_ADDED dat=package:com.sohu.inputmethod.sogou flg=0x4000010 (has extras) } to com.xiaomi.market/.data.MyPackageMonitor
08-19 11:53:16.495 W/BroadcastQueue( 1783): Background execution not allowed: receiving Intent { act=android.intent.action.PACKAGE_ADDED dat=package:com.sohu.inputmethod.sogou flg=0x4000010 (has extras) } to com.xiaomi.misettings/.usagestats.AppTimerReceiver
08-19 11:53:16.497 W/BroadcastQueue( 1783): Background execution not allowed: receiving Intent { act=android.intent.action.PACKAGE_ADDED dat=package:com.sohu.inputmethod.sogou flg=0x4000010 (has extras) } to com.autonavi.minimap/com.amap.bundle.appupgrade.InstallListener
08-19 11:53:16.498 W/BroadcastQueue( 1783): Background execution not allowed: receiving Intent { act=android.intent.action.PACKAGE_ADDED dat=package:com.sohu.inputmethod.sogou flg=0x4000010 (has extras) } to com.tencent.android.qqdownloader/com.qq.AppService.APKReceiver
08-19 11:53:16.511 I/ActivityManager( 1783): Start proc 12251:com.miui.cleanmaster/1000 for service {com.miui.cleanmaster/com.miui.optimizecenter.service.CleanMasterService} caller=com.miui.securitycenter
08-19 11:53:16.530 W/Looper  ( 1783): Slow dispatch took 103ms main h=android.app.ActivityThread$H c=android.app.-$$Lambda$LoadedApk$ReceiverDispatcher$Args$_BumDX2UKsnxLVrE6UJsJZkotuA@fe6facb m=0
08-19 11:53:16.566 E/com.android.server.pm.PackageManagerServiceInjector( 1783): MIUILOG- Permission Denied getInstalledPackages. pkg : com.tencent.android.qqdownloader uid : 10275
08-19 11:53:16.566 E/com.android.server.pm.PackageManagerServiceInjector( 1783): MIUILOG- Permission Denied getInstalledPackages. pkg : com.tencent.android.qqdownloader uid : 10275
08-19 11:53:16.646 I/Telecom ( 1783): DefaultDialerCache: Refreshing default dialer for user 0: now com.android.contacts: DDC.oR@AKw
08-19 11:53:16.647 W/Looper  ( 1783): Slow delivery took 208ms main h=com.android.server.media.MediaRouter2ServiceImpl$UserHandler c=android.app.-$$Lambda$LoadedApk$ReceiverDispatcher$Args$_BumDX2UKsnxLVrE6UJsJZkotuA@56ee3ae m=0
08-19 11:53:16.673 W/ActivityManager( 1783): Foreground service started from background can not have location/camera/microphone access: service com.xiaomi.market/.data.CheckUpdateService
08-19 11:53:16.673 E/com.android.server.pm.PackageManagerServiceInjector( 1783): MIUILOG- Permission Denied getInstalledPackages. pkg : com.tencent.android.qqdownloader uid : 10275
08-19 11:53:16.700 W/TextServicesManagerService( 1783): no available spell checker services found
08-19 11:53:16.713 W/Looper  ( 1783): Drained
08-19 11:53:16.759 W/Looper  ( 1783): Slow dispatch took 260ms android.fg h=android.os.Handler c=<recycled PooledLambda@73d66a9> m=0
08-19 11:53:16.766 W/Looper  ( 1783): Slow delivery took 265ms android.fg h=android.os.Handler c=<recycled PooledLambda@512f7f4> m=0
08-19 11:53:16.802 I/Telecom ( 1783): DefaultDialerCache: Refreshing default dialer for user 0: now com.android.contacts: DDC.oR@AK0
08-19 11:53:16.910 W/BpBinder(10865): PerfMonitor binderTransact :  time=216ms interface=android.content.pm.IPackageManager code=5
08-19 11:53:16.932 W/NotificationHistory( 1783): Attempted to add notif for locked/gone/disabled user 0
08-19 11:53:16.950 W/InputMethodManagerService( 1783): Skipping input method com.UCMobile/com.pp.assistant.cockroach.service.CockroachService: it does not require the permission android.permission.BIND_INPUT_METHOD
08-19 11:53:16.953 I/ActivityManager( 1783): Start proc 12317:com.android.vending/u0a188 for broadcast {com.android.vending/com.google.android.finsky.packagemanager.impl.PackageMonitorReceiverImpl$RegisteredReceiver} caller=null
08-19 11:53:16.954 W/XSpaceManagerService( 1783): update XSpace App: packageName:com.sohu.inputmethod.sogou, user:UserHandle{0}, action:android.intent.action.PACKAGE_ADDED
08-19 11:53:16.992 W/TextServicesManagerService( 1783): no available spell checker services found
08-19 11:53:17.003 I/NotificationService( 1783): notification blocked by assistant request
08-19 11:53:17.043 W/BpBinder(10926): PerfMonitor binderTransact :  time=337ms interface= code=1
08-19 11:53:17.082 W/InputMethodManagerService( 1783): Skipping input method com.UCMobile/com.pp.assistant.cockroach.service.CockroachService: it does not require the permission android.permission.BIND_INPUT_METHOD
08-19 11:53:17.125 W/Looper  ( 1783): Drained
08-19 11:53:17.139 W/NotificationHistory( 1783): Attempted to add notif for locked/gone/disabled user 0
08-19 11:53:17.201 I/NotificationService( 1783): notification blocked by assistant request
08-19 11:53:17.244 E/ActivityThread(10865): Failed to find provider info for com.android.badge
08-19 11:53:17.868 I/chatty  (10865): uid=10275 com.tencent.android.qqdownloader:daemon identical 3 lines
08-19 11:53:17.989 E/ActivityThread(10865): Failed to find provider info for com.android.badge
08-19 11:53:18.121 I/Timeline(12022): Timeline: Activity_launch_request time:225002
08-19 11:53:18.122 I/ActivityTaskManager( 1783): START u0 {act=android.intent.action.MAIN cat=[android.intent.category.LAUNCHER] flg=0x10000000 pkg=com.sohu.inputmethod.sogou cmp=com.sohu.inputmethod.sogou/.SogouIMELauncher} from uid 10074
08-19 11:53:18.151 I/ActivityManager( 1783): Start proc 12372:com.sohu.inputmethod.sogou/u0a274 for pre-top-activity {com.sohu.inputmethod.sogou/com.sohu.inputmethod.sogou.SogouIMELauncher} caller=com.miui.packageinstaller
08-19 11:53:18.161 W/NotificationHistory( 1783): Attempted to add notif for locked/gone/disabled user 0
08-19 11:53:18.195 I/Timeline( 1783): Timeline: App_transition_ready time:225076
08-19 11:53:18.244 I/WakePathChecker( 1783): MIUILOG-WAKEPATH pushWakePathWhiteList: userId=0 size=4
08-19 11:53:18.246 I/WakePathChecker( 1783): MIUILOG-WAKEPATH pushWakePathRuleInfos: wakeType=1 userId=0 size=4
08-19 11:53:18.247 I/WakePathChecker( 1783): MIUILOG-WAKEPATH pushWakePathRuleInfos: wakeType=8 userId=0 size=6
08-19 11:53:18.248 I/WakePathChecker( 1783): MIUILOG-WAKEPATH pushWakePathRuleInfos: wakeType=4 userId=0 size=3
08-19 11:53:18.248 I/WakePathChecker( 1783): MIUILOG-WAKEPATH pushWakePathRuleInfos: wakeType=2 userId=0 size=0
08-19 11:53:18.249 I/WakePathChecker( 1783): MIUILOG-WAKEPATH pushWakePathRuleInfos: wakeType=17 userId=0 size=0
08-19 11:53:18.249 I/WakePathChecker( 1783): MIUILOG-WAKEPATH pushWakePathRuleInfos: wakeType=32 userId=0 size=0
08-19 11:53:18.252 I/WakePathChecker( 1783): MIUILOG-WAKEPATH pushWakePathRuleInfos: wakeType=256 userId=0 size=5
08-19 11:53:18.253 I/WakePathChecker( 1783): MIUILOG-WAKEPATH pushWakePathRuleInfos: wakeType=128 userId=0 size=3
08-19 11:53:18.254 I/WakePathChecker( 1783): MIUILOG-WAKEPATH pushWakePathRuleInfos: wakeType=64 userId=0 size=1
08-19 11:53:18.324 I/Timeline(12372): Timeline: Activity_launch_request time:225205
08-19 11:53:18.325 I/ActivityTaskManager( 1783): START u0 {cmp=com.sohu.inputmethod.sogou/com.sohu.inputmethod.settings.guide.SettingGuideActivity (has extras)} from uid 10274
08-19 11:53:18.352 I/ActivityTaskManager( 1783): The Process com.sohu.inputmethod.sogou Already Exists in BG. So sending its PID: 12372
08-19 11:53:18.352 W/ActivityTaskManager( 1783): Tried to set launchTime (0) < mLastActivityLaunchTime (225074)
08-19 11:53:18.354 I/Timeline( 1783): Timeline: App_transition_ready time:225235
08-19 11:53:18.358 I/Timeline( 1783): Timeline: App_transition_ready time:225238
08-19 11:53:18.360 I/Timeline( 1783): Timeline: App_transition_ready time:225241
08-19 11:53:18.364 I/ActivityManager( 1783): Start proc 12449:com.sohu.inputmethod.sogou:scrashly/u0a274 for service {com.sohu.inputmethod.sogou/com.sogou.scrashly.engine.CrashSendService} caller=com.sohu.inputmethod.sogou
08-19 11:53:18.453 I/Timeline( 1783): Timeline: App_transition_ready time:225333
08-19 11:53:18.459 I/Timeline( 1783): Timeline: App_transition_ready time:225340
08-19 11:53:18.465 I/Timeline( 1783): Timeline: App_transition_ready time:225345
08-19 11:53:18.509 I/Timeline( 1783): Timeline: App_transition_ready time:225390
08-19 11:53:18.823 I/WakePathChecker( 1783): MIUILOG-WAKEPATH pushWakePathWhiteList: userId=0 size=4
08-19 11:53:19.166 W/NotificationHistory( 1783): Attempted to add notif for locked/gone/disabled user 0
08-19 11:53:19.308 I/Timeline( 1783): Timeline: Activity_windows_visible id: ActivityRecord{4d718e6 u0 com.sohu.inputmethod.sogou/com.sohu.inputmethod.settings.guide.SettingGuideActivity t101} time:226189
08-19 11:53:19.310 I/Timeline( 1783): Timeline: App_transition_stopped time:226190
08-19 11:53:19.630 W/Looper  (12317): PerfMonitor longMsg : seq=2 plan=11:53:16.989 late=12ms wall=2629ms running=85ms runnable=53ms binder=44ms h=android.app.ActivityThread$H w=110 procState=11
08-19 11:53:19.779 E/ActivityThread(11297): Failed to find provider info for null
08-19 11:53:19.781 W/BroadcastQueue( 1783): Background execution not allowed: receiving Intent { act=android.search.action.SEARCHABLES_CHANGED flg=0x24000010 } to com.android.quicksearchbox/.CorporaUpdateReceiver
08-19 11:53:19.783 W/BroadcastQueueInjector( 1783): Unable to launch app com.android.browser/10113 for broadcast Intent { act=miui.intent.action.PACKAGE_FIRST_LAUNCH flg=0x1000010 (has extras) }: process is not permitted to  auto start
08-19 11:53:19.800 W/ActivityManager( 1783): Foreground service started from background can not have location/camera/microphone access: service com.xiaomi.market/.service.AppActiveStatService
08-19 11:53:19.835 E/com.android.server.pm.PackageManagerServiceInjector( 1783): MIUILOG- Permission Denied getInstalledPackages. pkg : com.tencent.mtt uid : 10252
08-19 11:53:20.006 W/NotificationHistory( 1783): Attempted to add notif for locked/gone/disabled user 0
08-19 11:53:20.512 W/NotificationService( 1783): Toast already killed. pkg=com.tencent.android.qqdownloader token=android.os.BinderProxy@416da6d
08-19 11:53:20.714 I/Timeline(12372): Timeline: Activity_launch_request time:227595
08-19 11:53:20.716 I/ActivityTaskManager( 1783): START u0 {act=android.settings.INPUT_METHOD_SETTINGS cmp=com.android.settings/.Settings$AvailableVirtualKeyboardActivity} from uid 10274
08-19 11:53:20.758 I/ActivityTaskManager( 1783): The Process com.android.settings Already Exists in BG. So sending its PID: 8544
08-19 11:53:20.762 I/Timeline( 1783): Timeline: App_transition_ready time:227642
08-19 11:53:20.839 E/ActivityThread( 8544): Failed to find provider info for com.qti.smq.Feedback.provider
08-19 11:53:20.848 I/Timeline( 1783): Timeline: App_transition_ready time:227729
08-19 11:53:20.849 I/Timeline( 1783): Timeline: App_transition_ready time:227730
08-19 11:53:20.945 I/Timeline( 1783): Timeline: App_transition_ready time:227826
08-19 11:53:20.948 I/Timeline( 1783): Timeline: App_transition_ready time:227828
08-19 11:53:20.951 I/Timeline( 1783): Timeline: App_transition_ready time:227831
08-19 11:53:20.980 I/Timeline( 1783): Timeline: App_transition_ready time:227861
08-19 11:53:20.981 I/Timeline( 1783): Timeline: App_transition_ready time:227862
08-19 11:53:20.990 I/Timeline( 1783): Timeline: App_transition_ready time:227871
08-19 11:53:20.996 I/Timeline( 1783): Timeline: App_transition_ready time:227876
08-19 11:53:21.040 I/Timeline( 1783): Timeline: App_transition_ready time:227920
08-19 11:53:21.541 I/Timeline( 1783): Timeline: Activity_windows_visible id: ActivityRecord{d409b8f u0 com.android.settings/.Settings$AvailableVirtualKeyboardActivity t101} time:228422
08-19 11:53:21.546 I/Timeline( 1783): Timeline: App_transition_stopped time:228426
08-19 11:53:21.898 E/com.android.server.pm.PackageManagerServiceInjector( 1783): MIUILOG- Permission Denied getInstalledPackages. pkg : com.tencent.mtt uid : 10252
08-19 11:53:24.472 W/NotificationService( 1783): Toast already killed. pkg=com.sohu.inputmethod.sogou token=android.os.BinderProxy@168fd33
08-19 11:53:25.913 W/InputMethodManagerService( 1783): Illegal subtype state: old subtype = null, new subtype = android.view.inputmethod.InputMethodSubtype@aeaafbdb
08-19 11:53:28.753 I/MiuiMultiWindowSplitUI( 1783): mUiMode = 16  current ui mode = 16
08-19 11:53:28.753 I/MiuiMultiWindowSplitUI( 1783): orientation has not changed, mDisplayWidth: 1080, current height: 2400
08-19 11:53:28.753 W/BroadcastQueue( 1783): Background execution not allowed: receiving Intent { act=android.intent.action.INPUT_METHOD_CHANGED flg=0x20000010 (has extras) } to com.baidu.input_mi/com.baidu.input.switchguide.InputMethodChangedReceiver
08-19 11:53:28.753 I/ActivityTaskManager( 1783): Config changes=20 {1.0 460mcc65535mnc [zh_CN] ldltr sw392dp w392dp h827dp 440dpi nrml long hdr widecg port finger -keyb/h/h -nav/h winConfig={ mBounds=Rect(0, 0 - 1080, 2400) mAppBounds=Rect(0, 80 - 1080, 2356) mWindowingMode=fullscreen mDisplayWindowingMode=fullscreen mActivityType=undefined mAlwaysOnTop=undefined mRotation=ROTATION_0} s.69 themeChanged=0 themeChangedFlags=0 extraData = Bundle[{}]}
08-19 11:53:28.808 I/WindowManager( 1783): Override config changes=20 {1.0 460mcc65535mnc [zh_CN] ldltr sw392dp w392dp h827dp 440dpi nrml long hdr widecg port finger -keyb/h/h -nav/h winConfig={ mBounds=Rect(0, 0 - 1080, 2400) mAppBounds=Rect(0, 80 - 1080, 2356) mWindowingMode=fullscreen mDisplayWindowingMode=fullscreen mActivityType=undefined mAlwaysOnTop=undefined mRotation=ROTATION_0} s.69 themeChanged=0 themeChangedFlags=0 extraData = Bundle[{}]} for displayId=0
08-19 11:53:28.810 I/MiuiMultiWindowSplitUI( 1783): mUiMode = 16  current ui mode = 16
08-19 11:53:28.810 I/MiuiMultiWindowSplitUI( 1783): orientation has not changed, mDisplayWidth: 1080, current height: 2400
08-19 11:53:28.852 W/Looper  ( 1783): Slow dispatch took 105ms android.ui h=com.android.server.policy.PhoneWindowManager$PolicyHandler c=android.database.-$$Lambda$ContentObserver$MgqiYb2qvgLhoXTioYXq9MvvpNk@a619bf5 m=0
08-19 11:53:28.875 W/Looper  ( 1783): Slow dispatch took 120ms main h=com.android.providers.settings.SettingsProvider$SettingsRegistry$MyHandler c=null m=1
08-19 11:53:28.902 I/MiuiMultiWindowSplitUI( 1783): mUiMode = 16  current ui mode = 16
08-19 11:53:28.902 I/MiuiMultiWindowSplitUI( 1783): orientation has not changed, mDisplayWidth: 1080, current height: 2400
08-19 11:53:28.902 I/ActivityTaskManager( 1783): Config changes=20 {1.0 460mcc65535mnc [zh_CN] ldltr sw392dp w392dp h827dp 440dpi nrml long hdr widecg port finger -keyb/v/h -nav/h winConfig={ mBounds=Rect(0, 0 - 1080, 2400) mAppBounds=Rect(0, 80 - 1080, 2356) mWindowingMode=fullscreen mDisplayWindowingMode=fullscreen mActivityType=undefined mAlwaysOnTop=undefined mRotation=ROTATION_0} s.177 themeChanged=0 themeChangedFlags=0 extraData = Bundle[{}]}
08-19 11:53:28.907 I/ActivityManager( 1783): Start proc 12655:com.sohu.inputmethod.sogou.xiaomi/u0a134 for service {com.sohu.inputmethod.sogou.xiaomi/com.sohu.inputmethod.sogou.xiaomi.SogouIME} caller=android
08-19 11:53:28.907 W/PSIUtils( 4064): MEMORY_SOME|28314272|235788079104
08-19 11:53:28.929 I/WindowManager( 1783): Override config changes=20 {1.0 460mcc65535mnc [zh_CN] ldltr sw392dp w392dp h827dp 440dpi nrml long hdr widecg port finger -keyb/v/h -nav/h winConfig={ mBounds=Rect(0, 0 - 1080, 2400) mAppBounds=Rect(0, 80 - 1080, 2356) mWindowingMode=fullscreen mDisplayWindowingMode=fullscreen mActivityType=undefined mAlwaysOnTop=undefined mRotation=ROTATION_0} s.177 themeChanged=0 themeChangedFlags=0 extraData = Bundle[{}]} for displayId=0
08-19 11:53:28.932 I/MiuiMultiWindowSplitUI( 1783): mUiMode = 16  current ui mode = 16
08-19 11:53:28.932 I/MiuiMultiWindowSplitUI( 1783): orientation has not changed, mDisplayWidth: 1080, current height: 2400
08-19 11:53:28.980 E/ActivityThread( 8544): Failed to find provider info for com.qti.smq.Feedback.provider
08-19 11:53:28.985 I/ActivityManager( 1783): Start proc 12679:com.miui.phrase/u0a127 for content provider {com.miui.phrase/com.miui.provider.InputProvider} caller=com.baidu.input_mi
08-19 11:53:29.008 I/Timeline( 1783): Timeline: App_transition_ready time:235888
08-19 11:53:29.016 I/Timeline( 1783): Timeline: App_transition_ready time:235896
08-19 11:53:29.017 I/Timeline( 1783): Timeline: App_transition_ready time:235897
08-19 11:53:29.028 I/Timeline( 1783): Timeline: App_transition_ready time:235908
08-19 11:53:29.029 I/Timeline( 1783): Timeline: App_transition_ready time:235909
08-19 11:53:29.030 I/Timeline( 1783): Timeline: App_transition_ready time:235911
08-19 11:53:29.033 I/Timeline( 1783): Timeline: App_transition_ready time:235914
08-19 11:53:29.045 I/Timeline( 1783): Timeline: App_transition_ready time:235925
08-19 11:53:29.047 E/ActivityThread( 8544): Failed to find provider info for com.qti.smq.Feedback.provider
08-19 11:53:29.056 I/ActivityManager( 1783): Process com.baidu.input_mi (pid 3950) has died: fg  SVC 
08-19 11:53:29.078 I/Timeline( 1783): Timeline: App_transition_ready time:235958
08-19 11:53:29.080 I/Timeline( 1783): Timeline: App_transition_ready time:235961
08-19 11:53:29.082 I/Timeline( 1783): Timeline: App_transition_ready time:235963
08-19 11:53:29.090 I/Timeline( 1783): Timeline: App_transition_ready time:235970
08-19 11:53:29.090 I/Timeline( 1783): Timeline: Activity_windows_visible id: ActivityRecord{d409b8f u0 com.android.settings/.Settings$AvailableVirtualKeyboardActivity t101} time:235970
08-19 11:53:29.090 I/Timeline( 1783): Timeline: App_transition_stopped time:235970
08-19 11:53:29.095 I/WindowManager( 1783): Screen frozen for +285ms due to Window{c1515c0 mode=0 rootTaskId=101 u0 com.android.settings/com.android.settings.Settings$AvailableVirtualKeyboardActivity}
08-19 11:53:29.474 W/BpBinder( 8544): PerfMonitor binderTransact :  time=394ms interface=com.xiaomi.xmsf.push.service.IHttpService code=1
08-19 11:53:29.995 W/BpBinder( 8544): PerfMonitor binderTransact :  time=508ms interface=com.xiaomi.xmsf.push.service.IHttpService code=1
08-19 11:53:30.262 I/ActivityManager( 1783): Start proc 12761:com.android.vending:download_service/u0a188 for service {com.android.vending/com.google.android.finsky.downloadservice.DownloadService} caller=com.android.vending
08-19 11:53:30.975 W/ActivityManager( 1783): Foreground service started from background can not have location/camera/microphone access: service com.tencent.mtt/.browser.notification.weather.ResidentForegroundService
08-19 11:53:31.504 W/WindowManager( 1783): removeWindowToken: Attempted to remove non-existing token: android.os.Binder@2fe007d
08-19 11:53:31.518 W/ActivityManager( 1783): Receiver with filter android.content.IntentFilter@e9c6845 already registered for pid 12655, callerPackage is com.sohu.inputmethod.sogou.xiaomi
08-19 11:53:31.519 W/ActivityManager( 1783): Receiver with filter android.content.IntentFilter@3639a43 already registered for pid 12655, callerPackage is com.sohu.inputmethod.sogou.xiaomi
08-19 11:53:31.520 W/ActivityManager( 1783): Receiver with filter android.content.IntentFilter@4ec30ec already registered for pid 12655, callerPackage is com.sohu.inputmethod.sogou.xiaomi
08-19 11:53:31.521 W/ActivityManager( 1783): Receiver with filter android.content.IntentFilter@3e16fd8 already registered for pid 12655, callerPackage is com.sohu.inputmethod.sogou.xiaomi
08-19 11:53:31.522 W/ActivityManager( 1783): Receiver with filter android.content.IntentFilter@209f31 already registered for pid 12655, callerPackage is com.sohu.inputmethod.sogou.xiaomi
08-19 11:53:31.522 W/ActivityManager( 1783): Receiver with filter android.content.IntentFilter@f4ae616 already registered for pid 12655, callerPackage is com.sohu.inputmethod.sogou.xiaomi
08-19 11:53:32.193 I/ActivityManager( 1783): Killing 9072:com.miui.cloudservice:galleryproxy/u0a138 (adj 985): empty #25
08-19 11:53:35.292 W/BpBinder( 1783): PerfMonitor binderTransact :  time=8046ms interface=android.os.IInstalld code=18
08-19 11:53:35.468 W/WindowManager( 1783): removeWindowToken: Attempted to remove non-existing token: android.os.Binder@24b0268
08-19 11:53:40.021 W/BaseMiuiPhoneWindowManager( 1783): keyCode:4 down:true eventTime:246895 downTime:246895 policyFlags:2b000000 flags:8 deviceId:-1 isScreenOn:true keyguardActive:false repeatCount:0
08-19 11:53:40.024 W/BaseMiuiPhoneWindowManager( 1783): keyCode:4 down:false eventTime:246895 downTime:246895 policyFlags:2b000000 flags:8 deviceId:-1 isScreenOn:true keyguardActive:false repeatCount:0
08-19 11:53:40.056 I/Timeline( 1783): Timeline: App_transition_ready time:246936
08-19 11:53:40.060 I/ActivityManager( 1783): Killing 8728:com.android.mms/u0a79 (adj 985): empty #25
08-19 11:53:40.060 I/ActivityManager( 1783): Killing 5019:com.xiaomi.simactivate.service/u0a140 (adj 985): empty #26
08-19 11:53:40.064 I/Timeline( 1783): Timeline: App_transition_ready time:246944
08-19 11:53:40.096 I/Timeline( 1783): Timeline: App_transition_ready time:246976
08-19 11:53:40.100 I/Timeline( 1783): Timeline: App_transition_ready time:246980
08-19 11:53:40.117 I/Timeline( 1783): Timeline: App_transition_ready time:246998
08-19 11:53:40.118 I/Timeline( 1783): Timeline: App_transition_ready time:246999
08-19 11:53:40.126 I/Timeline( 1783): Timeline: App_transition_ready time:247007
08-19 11:53:40.127 I/NotificationService( 1783): cancelToast pkg=com.sohu.inputmethod.sogou token=android.os.BinderProxy@168fd33
08-19 11:53:40.127 W/NotificationService( 1783): Toast already cancelled. pkg=com.sohu.inputmethod.sogou token=android.os.BinderProxy@168fd33
08-19 11:53:40.130 I/Timeline( 1783): Timeline: App_transition_ready time:247011
08-19 11:53:40.642 I/Timeline( 1783): Timeline: Activity_windows_visible id: ActivityRecord{4d718e6 u0 com.sohu.inputmethod.sogou/com.sohu.inputmethod.settings.guide.SettingGuideActivity t101} time:247522
08-19 11:53:40.653 I/Timeline( 1783): Timeline: App_transition_stopped time:247533
08-19 11:53:41.500 W/BpBinder( 8544): PerfMonitor binderTransact :  time=555ms interface=com.xiaomi.xmsf.push.service.IHttpService code=1
08-19 11:53:42.085 W/BaseMiuiPhoneWindowManager( 1783): keyCode:4 down:true eventTime:248965 downTime:248965 policyFlags:2b000000 flags:8 deviceId:-1 isScreenOn:true keyguardActive:false repeatCount:0
08-19 11:53:42.087 W/BaseMiuiPhoneWindowManager( 1783): keyCode:4 down:false eventTime:248965 downTime:248965 policyFlags:2b000000 flags:8 deviceId:-1 isScreenOn:true keyguardActive:false repeatCount:0
08-19 11:53:42.141 I/Timeline( 1783): Timeline: App_transition_ready time:249022
08-19 11:53:42.166 I/Timeline( 1783): Timeline: App_transition_ready time:249047
08-19 11:53:42.184 I/Timeline( 1783): Timeline: App_transition_ready time:249064
08-19 11:53:42.198 I/Timeline( 1783): Timeline: App_transition_ready time:249078
08-19 11:53:42.336 I/NotificationService( 1783): notification blocked by assistant request
08-19 11:53:42.861 I/ActivityManager( 1783): Killing 8764:com.milink.service/u0a157 (adj 975): empty #25
08-19 11:53:43.003 I/Timeline( 1783): Timeline: Activity_windows_visible id: ActivityRecord{9b706a2 u0 com.tencent.android.qqdownloader/com.tencent.pangu.activity.AppDemoActivity t97} time:249884
08-19 11:53:43.006 I/Timeline( 1783): Timeline: App_transition_stopped time:249887
08-19 11:53:43.185 W/Activity(12372): Slow Operation: Activity com.sohu.inputmethod.sogou/com.sohu.inputmethod.settings.guide.SettingGuideActivity onDestroy took 303ms
08-19 11:53:43.196 W/Looper  (12372): PerfMonitor doFrame : time=0ms vsyncFrame=5799 latency=325ms procState=19 historyMsgCount=1 (msgIndex=1 wall=331ms seq=470 running=17ms runnable=8ms binder=11ms late=5ms h=android.app.ActivityThread$H w=159)
08-19 11:53:43.785 W/SchedBoost( 1783): SchedBoost begin: proc: 3002/3147, mode: 1 aff:[4, 5, 6]
08-19 11:53:44.285 W/SchedBoost( 1783): SchedBoost end: proc: 3002/3147 500 aff:[0, 1, 2, 3, 4, 5, 6, 7]
08-19 11:53:44.348 W/SchedBoost( 1783): SchedBoost begin: proc: 3002/3147, mode: 1 aff:[4, 5, 6]
08-19 11:53:44.353 I/Timeline( 1783): Timeline: App_transition_ready time:251233
08-19 11:53:44.353 I/Timeline( 1783): Timeline: Activity_windows_visible id: ActivityRecord{c76478b u0 com.miui.home/.launcher.Launcher t2} time:251233
08-19 11:53:44.353 I/Timeline( 1783): Timeline: App_transition_stopped time:251233
08-19 11:53:44.848 W/SchedBoost( 1783): SchedBoost end: proc: 3002/3147 500 aff:[0, 1, 2, 3, 4, 5, 6, 7]
08-19 11:53:45.532 I/MiuiChargeManager( 2677): notifyBatteryStatusChanged:  status: 2 isPlugged: 1 level: 68 wireState: 11 chargeSpeed: 0 mWiredChargeType: 0 mWirelessChargeType: 0 chargeDeviceType: 0 maxChargingWattage: 7500000 SUPPORT_BROADCAST_QUICK_CHARGE: true
08-19 11:53:45.771 W/BpBinder( 2677): PerfMonitor binderTransact :  time=235ms interface=android.content.IContentProvider code=21
08-19 11:53:47.994 I/ActivityManager( 1783): Force stopping com.sohu.inputmethod.sogou appid=10274 user=0: deletePackageX
08-19 11:53:48.000 I/ActivityManager( 1783): Killing 12449:com.sohu.inputmethod.sogou:scrashly/u0a274 (adj 945): stop com.sohu.inputmethod.sogou due to deletePackageX
08-19 11:53:48.005 I/ActivityManager( 1783): Killing 12372:com.sohu.inputmethod.sogou/u0a274 (adj 905): stop com.sohu.inputmethod.sogou due to deletePackageX
08-19 11:53:48.073 W/ActivityManager( 1783): setHasOverlayUi called on unknown pid: 12372
08-19 11:53:48.256 I/ActivityManager( 1783): Force stopping com.sohu.inputmethod.sogou appid=10274 user=0: pkg removed
08-19 11:53:48.320 I/RoleManagerService( 1783): Granting default roles...
08-19 11:53:48.322 E/PackageManager( 1783): failed to find package com.sohu.inputmethod.sogou
08-19 11:53:48.322 E/OverlayManager( 1783): Failed to change enabled overlays for com.sohu.inputmethod.sogou user 0
08-19 11:53:48.344 I/WakePathChecker( 1783): MIUILOG-WAKEPATH pushWakePathWhiteList: userId=0 size=4
08-19 11:53:48.345 W/BroadcastQueue( 1783): Background execution not allowed: receiving Intent { act=android.intent.action.PACKAGE_REMOVED dat=package:com.sohu.inputmethod.sogou flg=0x4000010 (has extras) } to com.lbe.security.miui/com.lbe.security.service.BootReceiver
08-19 11:53:48.345 W/BroadcastQueue( 1783): Background execution not allowed: receiving Intent { act=android.intent.action.PACKAGE_REMOVED dat=package:com.sohu.inputmethod.sogou flg=0x4000010 (has extras) } to com.tencent.android.qqdownloader/com.tencent.assistant.localres.localapk.PackageChangedReceiver
08-19 11:53:48.346 I/WakePathChecker( 1783): MIUILOG-WAKEPATH pushWakePathRuleInfos: wakeType=17 userId=0 size=0
08-19 11:53:48.346 I/ActivityManager( 1783): Force stopping com.sohu.inputmethod.sogou appid=10274 user=0: pkg removed
08-19 11:53:48.363 W/BroadcastQueue( 1783): Background execution not allowed: receiving Intent { act=android.intent.action.PACKAGE_REMOVED dat=package:com.sohu.inputmethod.sogou flg=0x4000010 (has extras) } to com.android.providers.downloads/.receiver.ApplicationInstallReceiver
08-19 11:53:48.363 W/BroadcastQueue( 1783): Background execution not allowed: receiving Intent { act=android.intent.action.PACKAGE_REMOVED dat=package:com.sohu.inputmethod.sogou flg=0x4000010 (has extras) } to com.android.settings/.search.provider.UpdateReceiver
08-19 11:53:48.367 W/BroadcastQueue( 1783): Background execution not allowed: receiving Intent { act=android.intent.action.PACKAGE_REMOVED dat=package:com.sohu.inputmethod.sogou flg=0x4000010 (has extras) } to com.android.vending/com.google.android.finsky.packagemanager.impl.PackageMonitorReceiverImpl$RegisteredReceiver
08-19 11:53:48.372 W/BroadcastQueue( 1783): Background execution not allowed: receiving Intent { act=android.intent.action.PACKAGE_REMOVED dat=package:com.sohu.inputmethod.sogou flg=0x4000010 (has extras) } to com.google.android.gms/.games.chimera.GamesSystemBroadcastReceiverProxy
08-19 11:53:48.372 W/BroadcastQueue( 1783): Background execution not allowed: receiving Intent { act=android.intent.action.PACKAGE_REMOVED dat=package:com.sohu.inputmethod.sogou flg=0x4000010 (has extras) } to com.google.android.gms/.chimera.GmsIntentOperationService$PersistentTrustedReceiver
08-19 11:53:48.376 W/BroadcastQueue( 1783): Background execution not allowed: receiving Intent { act=android.intent.action.PACKAGE_REMOVED dat=package:com.sohu.inputmethod.sogou flg=0x4000010 (has extras) } to com.miui.audioeffect/com.android.musicfx.Compatibility$Receiver
08-19 11:53:48.377 W/BroadcastQueue( 1783): Background execution not allowed: receiving Intent { act=android.intent.action.PACKAGE_REMOVED dat=package:com.sohu.inputmethod.sogou flg=0x4000010 (has extras) } to com.xiaomi.market/.data.MyPackageMonitor
08-19 11:53:48.381 I/RollbackManager( 1783): broadcast=ACTION_PACKAGE_FULLY_REMOVED pkg=com.sohu.inputmethod.sogou
08-19 11:53:48.382 W/BroadcastQueue( 1783): Background execution not allowed: receiving Intent { act=android.intent.action.PACKAGE_REMOVED dat=package:com.sohu.inputmethod.sogou flg=0x4000010 (has extras) } to com.xiaomi.misettings/.usagestats.AppTimerReceiver
08-19 11:53:48.384 I/ActivityManager( 1783): Start proc 12922:com.android.keychain/1000 for service {com.android.keychain/com.android.keychain.KeyChainService} caller=android
08-19 11:53:48.421 W/BroadcastQueue( 1783): Background execution not allowed: receiving Intent { act=android.intent.action.PACKAGE_REMOVED dat=package:com.sohu.inputmethod.sogou flg=0x4000010 (has extras) } to com.autonavi.minimap/com.taobao.accs.EventReceiver
08-19 11:53:48.422 W/BroadcastQueue( 1783): Background execution not allowed: receiving Intent { act=android.intent.action.PACKAGE_REMOVED dat=package:com.sohu.inputmethod.sogou flg=0x4000010 (has extras) } to com.autonavi.minimap/com.taobao.agoo.AgooCommondReceiver
08-19 11:53:48.422 W/BroadcastQueue( 1783): Background execution not allowed: receiving Intent { act=android.intent.action.PACKAGE_REMOVED dat=package:com.sohu.inputmethod.sogou flg=0x4000010 (has extras) } to com.tencent.android.qqdownloader/com.qq.AppService.APKReceiver
08-19 11:53:48.422 W/BroadcastQueue( 1783): Background execution not allowed: receiving Intent { act=android.intent.action.PACKAGE_REMOVED dat=package:com.sohu.inputmethod.sogou flg=0x4000010 (has extras) } to com.tencent.android.qqdownloader/com.tencent.nucleus.UninstallReceiver
08-19 11:53:48.424 I/ActivityManager( 1783): Start proc 12956:com.google.android.gms.ui/u0a189 for service {com.google.android.gms/com.google.android.gms.chimera.UiIntentOperationService} caller=com.google.android.gms
08-19 11:53:48.517 W/Looper  ( 1783): Slow dispatch took 149ms main h=android.app.ActivityThread$H c=android.app.-$$Lambda$LoadedApk$ReceiverDispatcher$Args$_BumDX2UKsnxLVrE6UJsJZkotuA@557ca85 m=0
08-19 11:53:48.517 W/Looper  ( 1783): Slow delivery took 200ms main h=android.app.ActivityThread$H c=android.app.-$$Lambda$LoadedApk$ReceiverDispatcher$Args$_BumDX2UKsnxLVrE6UJsJZkotuA@df3f0da m=0
08-19 11:53:48.543 W/TextServicesManagerService( 1783): no available spell checker services found
08-19 11:53:48.582 W/Looper  ( 1783): Slow delivery took 201ms android.fg h=android.os.Handler c=<recycled PooledLambda@46e37dd> m=0
08-19 11:53:48.583 I/ConditionProviders( 1783): Disallowing condition provider com.sohu.inputmethod.sogou
08-19 11:53:48.584 W/Looper  ( 1783): Drained
08-19 11:53:48.599 I/ActivityManager( 1783): Start proc 13017:com.google.android.documentsui/u0a104 for broadcast {com.google.android.documentsui/com.android.documentsui.PackageReceiver} caller=null
08-19 11:53:48.610 I/InputMethodManagerService( 1783): Input method uninstalled, disabling: ComponentInfo{com.sohu.inputmethod.sogou/com.sohu.inputmethod.sogou.SogouIME}
08-19 11:53:48.612 W/InputMethodManagerService( 1783): Skipping input method com.UCMobile/com.pp.assistant.cockroach.service.CockroachService: it does not require the permission android.permission.BIND_INPUT_METHOD
08-19 11:53:48.615 W/XSpaceManagerService( 1783): update XSpace App: packageName:com.sohu.inputmethod.sogou, user:UserHandle{0}, action:android.intent.action.PACKAGE_REMOVED
08-19 11:53:48.657 W/Looper  ( 1783): Drained
08-19 11:53:48.765 I/ActivityManager( 1783): Start proc 13047:com.android.externalstorage/u0a95 for content provider {com.android.externalstorage/com.android.externalstorage.ExternalStorageProvider} caller=com.google.android.documentsui
08-19 11:53:48.782 W/NotificationHistory( 1783): Attempted to add notif for locked/gone/disabled user 0
08-19 11:53:48.841 I/ActivityManager( 1783): Start proc 13071:com.miui.hybrid/u0a125 for broadcast {com.miui.hybrid/org.hapjs.features.service.exchange.receiver.PackageRemoveReceiver} caller=null
08-19 11:53:48.931 I/Timeline( 4932): Timeline: Activity_launch_request time:255811
08-19 11:53:48.932 I/ActivityTaskManager( 1783): START u0 {flg=0x10000000 cmp=com.tencent.mtt/.fileclean.uninstall.FileUninstallDialogActivity (has extras)} from uid 10252
