08-19 11:58:15.480 E/clipboard( 1783): 	at com.android.server.clipboard.ClipboardService$ClipboardImpl.hasPrimaryClip(ClipboardService.java:437)
08-19 11:58:15.480 E/clipboard( 1783): 	at android.content.IClipboard$Stub.onTransact(IClipboard.java:242)
08-19 11:58:15.480 E/clipboard( 1783): 	at com.android.server.clipboard.ClipboardService$ClipboardImpl.onTransact(ClipboardService.java:344)
08-19 11:58:15.480 E/clipboard( 1783): 	at android.os.Binder.execTransactInternal(Binder.java:1157)
08-19 11:58:15.480 E/clipboard( 1783): 	at android.os.Binder.execTransact(Binder.java:1126)
08-19 11:58:15.691 E/clipboard( 1783): Exception: 
08-19 11:58:15.691 E/clipboard( 1783): java.lang.NullPointerException
08-19 11:58:15.691 E/clipboard( 1783): 	at java.util.Objects.requireNonNull(Objects.java:220)
08-19 11:58:15.691 E/clipboard( 1783): 	at com.android.server.appop.AppOpsService.checkPackage(AppOpsService.java:2988)
08-19 11:58:15.691 E/clipboard( 1783): 	at android.app.AppOpsManager.checkPackage(AppOpsManager.java:7793)
08-19 11:58:15.691 E/clipboard( 1783): 	at com.android.server.clipboard.ClipboardService.clipboardAccessCommonCheck(ClipboardService.java:838)
08-19 11:58:15.691 E/clipboard( 1783): 	at com.android.server.clipboard.ClipboardService.clipboardCheckAllowed(ClipboardService.java:903)
08-19 11:58:15.691 E/clipboard( 1783): 	at com.android.server.clipboard.ClipboardService.access$600(ClipboardService.java:160)
08-19 11:58:15.691 E/clipboard( 1783): 	at com.android.server.clipboard.ClipboardService$ClipboardImpl.hasPrimaryClip(ClipboardService.java:437)
08-19 11:58:15.691 E/clipboard( 1783): 	at android.content.IClipboard$Stub.onTransact(IClipboard.java:242)
08-19 11:58:15.691 E/clipboard( 1783): 	at com.android.server.clipboard.ClipboardService$ClipboardImpl.onTransact(ClipboardService.java:344)
08-19 11:58:15.691 E/clipboard( 1783): 	at android.os.Binder.execTransactInternal(Binder.java:1157)
08-19 11:58:15.691 E/clipboard( 1783): 	at android.os.Binder.execTransact(Binder.java:1126)
08-19 11:58:15.794 I/Timeline( 1783): Timeline: Activity_windows_visible id: ActivityRecord{6b43ccd u0 com.miui.tsmclient/.ui.door.DoorCardSelectActivity t102} time:522675
08-19 11:58:15.800 I/Timeline( 1783): Timeline: App_transition_stopped time:522680
08-19 11:58:15.813 E/ContentCatcherManager( 8586): failed to get ContentCatcherService.
08-19 11:58:16.464 W/NotificationHistory( 1783): Attempted to add notif for locked/gone/disabled user 0
08-19 11:58:16.680 W/EventThreadInspector( 1001): PerfMonitor eventThread : avg=31ms max=31ms state=VSync threadName=app displayId=19260718211101825 count=1
08-19 11:58:17.007 W/BpBinder(19532): PerfMonitor binderTransact :  time=1196ms interface=com.xiaomi.xmsf.push.service.IHttpService code=1
08-19 11:58:17.091 E/PackageParserInjector( 1783): dump dex file error ,file message: base.odex: 21Kb 
08-19 11:58:17.091 E/PackageParserInjector( 1783): dump dex file error ,file message: base.odex: 21Kb base.vdex: 56Kb 
08-19 11:58:17.585 E/clipboard( 1783): Exception: 
08-19 11:58:17.585 E/clipboard( 1783): java.lang.NullPointerException
08-19 11:58:17.585 E/clipboard( 1783): 	at java.util.Objects.requireNonNull(Objects.java:220)
08-19 11:58:17.585 E/clipboard( 1783): 	at com.android.server.appop.AppOpsService.checkPackage(AppOpsService.java:2988)
08-19 11:58:17.585 E/clipboard( 1783): 	at android.app.AppOpsManager.checkPackage(AppOpsManager.java:7793)
08-19 11:58:17.585 E/clipboard( 1783): 	at com.android.server.clipboard.ClipboardService.clipboardAccessCommonCheck(ClipboardService.java:838)
08-19 11:58:17.585 E/clipboard( 1783): 	at com.android.server.clipboard.ClipboardService.clipboardCheckAllowed(ClipboardService.java:903)
08-19 11:58:17.585 E/clipboard( 1783): 	at com.android.server.clipboard.ClipboardService.access$600(ClipboardService.java:160)
08-19 11:58:17.585 E/clipboard( 1783): 	at com.android.server.clipboard.ClipboardService$ClipboardImpl.hasPrimaryClip(ClipboardService.java:437)
08-19 11:58:17.585 E/clipboard( 1783): 	at android.content.IClipboard$Stub.onTransact(IClipboard.java:242)
08-19 11:58:17.585 E/clipboard( 1783): 	at com.android.server.clipboard.ClipboardService$ClipboardImpl.onTransact(ClipboardService.java:344)
08-19 11:58:17.585 E/clipboard( 1783): 	at android.os.Binder.execTransactInternal(Binder.java:1157)
08-19 11:58:17.585 E/clipboard( 1783): 	at android.os.Binder.execTransact(Binder.java:1126)
08-19 11:58:17.671 I/ActivityTaskManager( 1783): START u0 {dat=tsmclient://card?type=0&action=issue_mifare cmp=com.miui.tsmclient/.ui.MainActivity (has extras)} from uid 1027
08-19 11:58:17.681 I/ActivityTaskManager( 1783): The Process com.miui.tsmclient Already Exists in BG. So sending its PID: 8586
08-19 11:58:17.681 W/ActivityTaskManager( 1783): Tried to set launchTime (0) < mLastActivityLaunchTime (520214)
08-19 11:58:17.684 I/Timeline( 1783): Timeline: App_transition_ready time:524565
08-19 11:58:17.686 E/ContentCatcherManager( 8586): failed to get ContentCatcherService.
08-19 11:58:17.687 E/ContentCatcherManager( 8586): failed to get ContentCatcherService.
08-19 11:58:17.690 I/Timeline( 8586): Timeline: Activity_launch_request time:524570
08-19 11:58:17.690 I/ActivityTaskManager( 1783): START u0 {cmp=com.miui.tsmclient/.ui.NewMifareCardActivity (has extras)} from uid 1027
08-19 11:58:17.699 I/ActivityTaskManager( 1783): The Process com.miui.tsmclient Already Exists in BG. So sending its PID: 8586
08-19 11:58:17.702 I/ActivityTaskManager( 1783): The Process com.miui.tsmclient Already Exists in BG. So sending its PID: 8586
08-19 11:58:17.702 W/ActivityTaskManager( 1783): Tried to set launchTime (0) < mLastActivityLaunchTime (524562)
08-19 11:58:17.705 I/Timeline( 1783): Timeline: App_transition_ready time:524586
08-19 11:58:17.707 I/Timeline( 1783): Timeline: App_transition_ready time:524588
08-19 11:58:17.709 I/Timeline( 1783): Timeline: App_transition_ready time:524590
08-19 11:58:17.711 I/Timeline( 1783): Timeline: App_transition_ready time:524591
08-19 11:58:17.715 I/Timeline( 1783): Timeline: App_transition_ready time:524595
08-19 11:58:17.716 I/Timeline( 1783): Timeline: App_transition_ready time:524596
08-19 11:58:17.718 E/ContentCatcherManager( 8586): failed to get ContentCatcherService.
08-19 11:58:17.718 E/ContentCatcherManager( 8586): failed to get ContentCatcherService.
08-19 11:58:17.724 I/Timeline( 1783): Timeline: App_transition_ready time:524605
08-19 11:58:17.737 I/Timeline( 1783): Timeline: App_transition_ready time:524617
08-19 11:58:17.738 I/Timeline( 1783): Timeline: App_transition_ready time:524619
08-19 11:58:17.741 I/Timeline( 1783): Timeline: App_transition_ready time:524622
08-19 11:58:17.744 I/Timeline( 1783): Timeline: App_transition_ready time:524625
08-19 11:58:17.745 W/ActivityManager( 1783): Background start not allowed: service Intent { cmp=com.tencent.android.qqdownloader/com.tencent.pangu.download.DownloadingService (has extras) } to com.tencent.android.qqdownloader/com.tencent.pangu.download.DownloadingService from pid=10926 uid=10275 pkg=com.tencent.android.qqdownloader startFg?=false
08-19 11:58:17.754 I/Timeline( 1783): Timeline: App_transition_ready time:524634
08-19 11:58:17.790 W/PackageParsing(10865): No actions in intent-filter at /storage/emulated/0/Android/data/com.tencent.android.qqdownloader/files/tassistant/apk/com.tencent.qqlive_26310.apk Binary XML file line #750
08-19 11:58:17.798 W/PackageParsing(10865): No actions in intent-filter at /storage/emulated/0/Android/data/com.tencent.android.qqdownloader/files/tassistant/apk/com.tencent.qqlive_26310.apk Binary XML file line #1460
08-19 11:58:17.836 W/PackageParsing(11129): No actions in intent-filter at /storage/emulated/0/Android/data/com.tencent.android.qqdownloader/files/tassistant/apk/com.tencent.qqlive_26310.apk Binary XML file line #750
08-19 11:58:17.839 E/clipboard( 1783): Exception: 
08-19 11:58:17.839 E/clipboard( 1783): java.lang.NullPointerException
08-19 11:58:17.839 E/clipboard( 1783): 	at java.util.Objects.requireNonNull(Objects.java:220)
08-19 11:58:17.839 E/clipboard( 1783): 	at com.android.server.appop.AppOpsService.checkPackage(AppOpsService.java:2988)
08-19 11:58:17.839 E/clipboard( 1783): 	at android.app.AppOpsManager.checkPackage(AppOpsManager.java:7793)
08-19 11:58:17.839 E/clipboard( 1783): 	at com.android.server.clipboard.ClipboardService.clipboardAccessCommonCheck(ClipboardService.java:838)
08-19 11:58:17.839 E/clipboard( 1783): 	at com.android.server.clipboard.ClipboardService.clipboardCheckAllowed(ClipboardService.java:903)
08-19 11:58:17.839 E/clipboard( 1783): 	at com.android.server.clipboard.ClipboardService.access$600(ClipboardService.java:160)
08-19 11:58:17.839 E/clipboard( 1783): 	at com.android.server.clipboard.ClipboardService$ClipboardImpl.hasPrimaryClip(ClipboardService.java:437)
08-19 11:58:17.839 E/clipboard( 1783): 	at android.content.IClipboard$Stub.onTransact(IClipboard.java:242)
08-19 11:58:17.839 E/clipboard( 1783): 	at com.android.server.clipboard.ClipboardService$ClipboardImpl.onTransact(ClipboardService.java:344)
08-19 11:58:17.839 E/clipboard( 1783): 	at android.os.Binder.execTransactInternal(Binder.java:1157)
08-19 11:58:17.839 E/clipboard( 1783): 	at android.os.Binder.execTransact(Binder.java:1126)
08-19 11:58:17.859 W/PackageParsing(11129): No actions in intent-filter at /storage/emulated/0/Android/data/com.tencent.android.qqdownloader/files/tassistant/apk/com.tencent.qqlive_26310.apk Binary XML file line #1460
08-19 11:58:17.876 W/PackageParsing(11129): No actions in intent-filter at /storage/emulated/0/Android/data/com.tencent.android.qqdownloader/files/tassistant/apk/com.tencent.qqlive_26310.apk Binary XML file line #750
08-19 11:58:17.909 W/PackageParsing(11129): No actions in intent-filter at /storage/emulated/0/Android/data/com.tencent.android.qqdownloader/files/tassistant/apk/com.tencent.qqlive_26310.apk Binary XML file line #1460
08-19 11:58:17.994 W/PackageParsing(11129): No actions in intent-filter at /storage/emulated/0/Android/data/com.tencent.android.qqdownloader/files/tassistant/apk/com.tencent.qqlive_26310.apk Binary XML file line #750
08-19 11:58:18.018 W/PackageParsing(11129): No actions in intent-filter at /storage/emulated/0/Android/data/com.tencent.android.qqdownloader/files/tassistant/apk/com.tencent.qqlive_26310.apk Binary XML file line #1460
08-19 11:58:18.084 W/PackageParsing(11129): No actions in intent-filter at /storage/emulated/0/Android/data/com.tencent.android.qqdownloader/files/tassistant/apk/com.tencent.qqlive_26310.apk Binary XML file line #750
08-19 11:58:18.103 W/PackageParsing(11129): No actions in intent-filter at /storage/emulated/0/Android/data/com.tencent.android.qqdownloader/files/tassistant/apk/com.tencent.qqlive_26310.apk Binary XML file line #1460
08-19 11:58:18.185 W/PackageParsing(11129): No actions in intent-filter at /storage/emulated/0/Android/data/com.tencent.android.qqdownloader/files/tassistant/apk/com.tencent.qqlive_26310.apk Binary XML file line #750
08-19 11:58:18.213 W/PackageParsing(11129): No actions in intent-filter at /storage/emulated/0/Android/data/com.tencent.android.qqdownloader/files/tassistant/apk/com.tencent.qqlive_26310.apk Binary XML file line #1460
08-19 11:58:18.266 I/Timeline( 1783): Timeline: Activity_windows_visible id: ActivityRecord{3cd25b2 u0 com.miui.tsmclient/.ui.NewMifareCardActivity t102} time:525147
08-19 11:58:18.268 I/Timeline( 1783): Timeline: App_transition_stopped time:525148
08-19 11:58:18.953 W/PackageParsing(11129): No actions in intent-filter at /storage/emulated/0/Android/data/com.tencent.android.qqdownloader/files/tassistant/apk/com.tencent.qqlive_26310.apk Binary XML file line #750
08-19 11:58:18.971 W/PackageParsing(11129): No actions in intent-filter at /storage/emulated/0/Android/data/com.tencent.android.qqdownloader/files/tassistant/apk/com.tencent.qqlive_26310.apk Binary XML file line #1460
08-19 11:58:19.022 W/PackageParsing(10865): No actions in intent-filter at /storage/emulated/0/Android/data/com.tencent.android.qqdownloader/files/tassistant/apk/com.tencent.qqlive_26310.apk Binary XML file line #750
08-19 11:58:19.028 W/PackageParsing(10865): No actions in intent-filter at /storage/emulated/0/Android/data/com.tencent.android.qqdownloader/files/tassistant/apk/com.tencent.qqlive_26310.apk Binary XML file line #1460
08-19 11:58:19.057 E/PackageParserInjector( 1783): dump dex file error ,file message: base.odex: 21Kb 
08-19 11:58:19.057 E/PackageParserInjector( 1783): dump dex file error ,file message: base.odex: 21Kb base.vdex: 56Kb 
08-19 11:58:19.068 W/PackageParsing(11129): No actions in intent-filter at /storage/emulated/0/Android/data/com.tencent.android.qqdownloader/files/tassistant/apk/com.tencent.qqlive_26310.apk Binary XML file line #750
08-19 11:58:19.090 W/PackageParsing(11129): No actions in intent-filter at /storage/emulated/0/Android/data/com.tencent.android.qqdownloader/files/tassistant/apk/com.tencent.qqlive_26310.apk Binary XML file line #1460
08-19 11:58:19.414 E/clipboard( 1783): Exception: 
08-19 11:58:19.414 E/clipboard( 1783): java.lang.NullPointerException
08-19 11:58:19.414 E/clipboard( 1783): 	at java.util.Objects.requireNonNull(Objects.java:220)
08-19 11:58:19.414 E/clipboard( 1783): 	at com.android.server.appop.AppOpsService.checkPackage(AppOpsService.java:2988)
08-19 11:58:19.414 E/clipboard( 1783): 	at android.app.AppOpsManager.checkPackage(AppOpsManager.java:7793)
08-19 11:58:19.414 E/clipboard( 1783): 	at com.android.server.clipboard.ClipboardService.clipboardAccessCommonCheck(ClipboardService.java:838)
08-19 11:58:19.414 E/clipboard( 1783): 	at com.android.server.clipboard.ClipboardService.clipboardCheckAllowed(ClipboardService.java:903)
08-19 11:58:19.414 E/clipboard( 1783): 	at com.android.server.clipboard.ClipboardService.access$600(ClipboardService.java:160)
08-19 11:58:19.414 E/clipboard( 1783): 	at com.android.server.clipboard.ClipboardService$ClipboardImpl.hasPrimaryClip(ClipboardService.java:437)
08-19 11:58:19.414 E/clipboard( 1783): 	at android.content.IClipboard$Stub.onTransact(IClipboard.java:242)
08-19 11:58:19.414 E/clipboard( 1783): 	at com.android.server.clipboard.ClipboardService$ClipboardImpl.onTransact(ClipboardService.java:344)
08-19 11:58:19.414 E/clipboard( 1783): 	at android.os.Binder.execTransactInternal(Binder.java:1157)
08-19 11:58:19.414 E/clipboard( 1783): 	at android.os.Binder.execTransact(Binder.java:1126)
08-19 11:58:19.415 I/DropBoxManagerService( 1783): add tag=system_server_wtf isTagEnabled=true flags=0x2
08-19 11:58:19.440 I/Timeline(10926): Timeline: Activity_launch_request time:526320
08-19 11:58:19.441 I/ActivityTaskManager( 1783): START u0 {flg=0x10000000 cmp=com.tencent.android.qqdownloader/com.tencent.pangu.activity.InstallerListenerActivity (has extras)} from uid 10275
08-19 11:58:19.441 W/ActivityTaskManager( 1783): Background activity start [callingPackage: com.tencent.android.qqdownloader; callingUid: 10275; isCallingUidForeground: false; callingUidHasAnyVisibleWindow: false; callingUidProcState: CACHED_ACTIVITY; isCallingUidPersistentSystemProcess: false; realCallingUid: 10275; isRealCallingUidForeground: false; realCallingUidHasAnyVisibleWindow: false; realCallingUidProcState: CACHED_ACTIVITY; isRealCallingUidPersistentSystemProcess: false; originatingPendingIntent: null; isBgStartWhitelisted: false; intent: Intent { flg=0x10000000 cmp=com.tencent.android.qqdownloader/com.tencent.pangu.activity.InstallerListenerActivity (has extras) }; callerApp: ProcessRecord{2aaddb9 10926:com.tencent.android.qqdownloader/u0a275}]
08-19 11:58:19.615 E/clipboard( 1783): Exception: 
08-19 11:58:19.615 E/clipboard( 1783): java.lang.NullPointerException
08-19 11:58:19.615 E/clipboard( 1783): 	at java.util.Objects.requireNonNull(Objects.java:220)
08-19 11:58:19.615 E/clipboard( 1783): 	at com.android.server.appop.AppOpsService.checkPackage(AppOpsService.java:2988)
08-19 11:58:19.615 E/clipboard( 1783): 	at android.app.AppOpsManager.checkPackage(AppOpsManager.java:7793)
08-19 11:58:19.615 E/clipboard( 1783): 	at com.android.server.clipboard.ClipboardService.clipboardAccessCommonCheck(ClipboardService.java:838)
08-19 11:58:19.615 E/clipboard( 1783): 	at com.android.server.clipboard.ClipboardService.clipboardCheckAllowed(ClipboardService.java:903)
08-19 11:58:19.615 E/clipboard( 1783): 	at com.android.server.clipboard.ClipboardService.access$600(ClipboardService.java:160)
08-19 11:58:19.615 E/clipboard( 1783): 	at com.android.server.clipboard.ClipboardService$ClipboardImpl.hasPrimaryClip(ClipboardService.java:437)
08-19 11:58:19.615 E/clipboard( 1783): 	at android.content.IClipboard$Stub.onTransact(IClipboard.java:242)
08-19 11:58:19.615 E/clipboard( 1783): 	at com.android.server.clipboard.ClipboardService$ClipboardImpl.onTransact(ClipboardService.java:344)
08-19 11:58:19.615 E/clipboard( 1783): 	at android.os.Binder.execTransactInternal(Binder.java:1157)
08-19 11:58:19.615 E/clipboard( 1783): 	at android.os.Binder.execTransact(Binder.java:1126)
08-19 11:58:19.616 I/DropBoxManagerService( 1783): add tag=system_server_wtf isTagEnabled=true flags=0x2
08-19 11:58:21.414 E/PackageParserInjector( 1783): dump dex file error ,file message: base.odex: 21Kb 
08-19 11:58:21.414 E/PackageParserInjector( 1783): dump dex file error ,file message: base.odex: 21Kb base.vdex: 56Kb 
08-19 11:58:21.418 W/BroadcastQueue( 1783): Background execution not allowed: receiving Intent { act=android.intent.action.DROPBOX_ENTRY_ADDED flg=0x10 (has extras) } to com.google.android.gms/.stats.service.DropBoxEntryAddedReceiver
08-19 11:58:21.418 W/BroadcastQueue( 1783): Background execution not allowed: receiving Intent { act=android.intent.action.DROPBOX_ENTRY_ADDED flg=0x10 (has extras) } to com.google.android.gms/.chimera.GmsIntentOperationService$PersistentTrustedReceiver
08-19 11:58:21.929 E/clipboard( 1783): Exception: 
08-19 11:58:21.929 E/clipboard( 1783): java.lang.NullPointerException
08-19 11:58:21.929 E/clipboard( 1783): 	at java.util.Objects.requireNonNull(Objects.java:220)
08-19 11:58:21.929 E/clipboard( 1783): 	at com.android.server.appop.AppOpsService.checkPackage(AppOpsService.java:2988)
08-19 11:58:21.929 E/clipboard( 1783): 	at android.app.AppOpsManager.checkPackage(AppOpsManager.java:7793)
08-19 11:58:21.929 E/clipboard( 1783): 	at com.android.server.clipboard.ClipboardService.clipboardAccessCommonCheck(ClipboardService.java:838)
08-19 11:58:21.929 E/clipboard( 1783): 	at com.android.server.clipboard.ClipboardService.clipboardCheckAllowed(ClipboardService.java:903)
08-19 11:58:21.929 E/clipboard( 1783): 	at com.android.server.clipboard.ClipboardService.access$600(ClipboardService.java:160)
08-19 11:58:21.929 E/clipboard( 1783): 	at com.android.server.clipboard.ClipboardService$ClipboardImpl.hasPrimaryClip(ClipboardService.java:437)
08-19 11:58:21.929 E/clipboard( 1783): 	at android.content.IClipboard$Stub.onTransact(IClipboard.java:242)
08-19 11:58:21.929 E/clipboard( 1783): 	at com.android.server.clipboard.ClipboardService$ClipboardImpl.onTransact(ClipboardService.java:344)
08-19 11:58:21.929 E/clipboard( 1783): 	at android.os.Binder.execTransactInternal(Binder.java:1157)
08-19 11:58:21.929 E/clipboard( 1783): 	at android.os.Binder.execTransact(Binder.java:1126)
08-19 11:58:21.929 I/DropBoxManagerService( 1783): add tag=system_server_wtf isTagEnabled=true flags=0x2
08-19 11:58:22.203 E/clipboard( 1783): Exception: 
08-19 11:58:22.203 E/clipboard( 1783): java.lang.NullPointerException
08-19 11:58:22.203 E/clipboard( 1783): 	at java.util.Objects.requireNonNull(Objects.java:220)
08-19 11:58:22.203 E/clipboard( 1783): 	at com.android.server.appop.AppOpsService.checkPackage(AppOpsService.java:2988)
08-19 11:58:22.203 E/clipboard( 1783): 	at android.app.AppOpsManager.checkPackage(AppOpsManager.java:7793)
08-19 11:58:22.203 E/clipboard( 1783): 	at com.android.server.clipboard.ClipboardService.clipboardAccessCommonCheck(ClipboardService.java:838)
08-19 11:58:22.203 E/clipboard( 1783): 	at com.android.server.clipboard.ClipboardService.clipboardCheckAllowed(ClipboardService.java:903)
08-19 11:58:22.203 E/clipboard( 1783): 	at com.android.server.clipboard.ClipboardService.access$600(ClipboardService.java:160)
08-19 11:58:22.203 E/clipboard( 1783): 	at com.android.server.clipboard.ClipboardService$ClipboardImpl.hasPrimaryClip(ClipboardService.java:437)
08-19 11:58:22.203 E/clipboard( 1783): 	at android.content.IClipboard$Stub.onTransact(IClipboard.java:242)
08-19 11:58:22.203 E/clipboard( 1783): 	at com.android.server.clipboard.ClipboardService$ClipboardImpl.onTransact(ClipboardService.java:344)
08-19 11:58:22.203 E/clipboard( 1783): 	at android.os.Binder.execTransactInternal(Binder.java:1157)
08-19 11:58:22.203 E/clipboard( 1783): 	at android.os.Binder.execTransact(Binder.java:1126)
08-19 11:58:22.204 I/DropBoxManagerService( 1783): add tag=system_server_wtf isTagEnabled=true flags=0x2
08-19 11:58:23.477 E/PackageParserInjector( 1783): dump dex file error ,file message: base.odex: 21Kb 
08-19 11:58:23.477 E/PackageParserInjector( 1783): dump dex file error ,file message: base.odex: 21Kb base.vdex: 56Kb 
08-19 11:58:23.936 W/BroadcastQueue( 1783): Background execution not allowed: receiving Intent { act=android.intent.action.DROPBOX_ENTRY_ADDED flg=0x10 (has extras) } to com.google.android.gms/.stats.service.DropBoxEntryAddedReceiver
08-19 11:58:23.936 W/BroadcastQueue( 1783): Background execution not allowed: receiving Intent { act=android.intent.action.DROPBOX_ENTRY_ADDED flg=0x10 (has extras) } to com.google.android.gms/.chimera.GmsIntentOperationService$PersistentTrustedReceiver
08-19 11:58:23.969 E/clipboard( 1783): Exception: 
08-19 11:58:23.969 E/clipboard( 1783): java.lang.NullPointerException
08-19 11:58:23.969 E/clipboard( 1783): 	at java.util.Objects.requireNonNull(Objects.java:220)
08-19 11:58:23.969 E/clipboard( 1783): 	at com.android.server.appop.AppOpsService.checkPackage(AppOpsService.java:2988)
08-19 11:58:23.969 E/clipboard( 1783): 	at android.app.AppOpsManager.checkPackage(AppOpsManager.java:7793)
08-19 11:58:23.969 E/clipboard( 1783): 	at com.android.server.clipboard.ClipboardService.clipboardAccessCommonCheck(ClipboardService.java:838)
08-19 11:58:23.969 E/clipboard( 1783): 	at com.android.server.clipboard.ClipboardService.clipboardCheckAllowed(ClipboardService.java:903)
08-19 11:58:23.969 E/clipboard( 1783): 	at com.android.server.clipboard.ClipboardService.access$600(ClipboardService.java:160)
08-19 11:58:23.969 E/clipboard( 1783): 	at com.android.server.clipboard.ClipboardService$ClipboardImpl.hasPrimaryClip(ClipboardService.java:437)
08-19 11:58:23.969 E/clipboard( 1783): 	at android.content.IClipboard$Stub.onTransact(IClipboard.java:242)
08-19 11:58:23.969 E/clipboard( 1783): 	at com.android.server.clipboard.ClipboardService$ClipboardImpl.onTransact(ClipboardService.java:344)
08-19 11:58:23.969 E/clipboard( 1783): 	at android.os.Binder.execTransactInternal(Binder.java:1157)
08-19 11:58:23.969 E/clipboard( 1783): 	at android.os.Binder.execTransact(Binder.java:1126)
08-19 11:58:23.969 I/DropBoxManagerService( 1783): add tag=system_server_wtf isTagEnabled=true flags=0x2
08-19 11:58:24.249 E/clipboard( 1783): Exception: 
08-19 11:58:24.249 E/clipboard( 1783): java.lang.NullPointerException
08-19 11:58:24.249 E/clipboard( 1783): 	at java.util.Objects.requireNonNull(Objects.java:220)
08-19 11:58:24.249 E/clipboard( 1783): 	at com.android.server.appop.AppOpsService.checkPackage(AppOpsService.java:2988)
08-19 11:58:24.249 E/clipboard( 1783): 	at android.app.AppOpsManager.checkPackage(AppOpsManager.java:7793)
08-19 11:58:24.249 E/clipboard( 1783): 	at com.android.server.clipboard.ClipboardService.clipboardAccessCommonCheck(ClipboardService.java:838)
08-19 11:58:24.249 E/clipboard( 1783): 	at com.android.server.clipboard.ClipboardService.clipboardCheckAllowed(ClipboardService.java:903)
08-19 11:58:24.249 E/clipboard( 1783): 	at com.android.server.clipboard.ClipboardService.access$600(ClipboardService.java:160)
08-19 11:58:24.249 E/clipboard( 1783): 	at com.android.server.clipboard.ClipboardService$ClipboardImpl.hasPrimaryClip(ClipboardService.java:437)
08-19 11:58:24.249 E/clipboard( 1783): 	at android.content.IClipboard$Stub.onTransact(IClipboard.java:242)
08-19 11:58:24.249 E/clipboard( 1783): 	at com.android.server.clipboard.ClipboardService$ClipboardImpl.onTransact(ClipboardService.java:344)
08-19 11:58:24.249 E/clipboard( 1783): 	at android.os.Binder.execTransactInternal(Binder.java:1157)
08-19 11:58:24.249 E/clipboard( 1783): 	at android.os.Binder.execTransact(Binder.java:1126)
08-19 11:58:25.571 E/PackageParserInjector( 1783): dump dex file error ,file message: base.odex: 21Kb 
08-19 11:58:25.571 E/PackageParserInjector( 1783): dump dex file error ,file message: base.odex: 21Kb base.vdex: 56Kb 
08-19 11:58:25.975 W/BroadcastQueue( 1783): Background execution not allowed: receiving Intent { act=android.intent.action.DROPBOX_ENTRY_ADDED flg=0x10 (has extras) } to com.google.android.gms/.stats.service.DropBoxEntryAddedReceiver
08-19 11:58:25.976 W/BroadcastQueue( 1783): Background execution not allowed: receiving Intent { act=android.intent.action.DROPBOX_ENTRY_ADDED flg=0x10 (has extras) } to com.google.android.gms/.chimera.GmsIntentOperationService$PersistentTrustedReceiver
08-19 11:58:26.033 E/clipboard( 1783): Exception: 
08-19 11:58:26.033 E/clipboard( 1783): java.lang.NullPointerException
08-19 11:58:26.033 E/clipboard( 1783): 	at java.util.Objects.requireNonNull(Objects.java:220)
08-19 11:58:26.033 E/clipboard( 1783): 	at com.android.server.appop.AppOpsService.checkPackage(AppOpsService.java:2988)
08-19 11:58:26.033 E/clipboard( 1783): 	at android.app.AppOpsManager.checkPackage(AppOpsManager.java:7793)
08-19 11:58:26.033 E/clipboard( 1783): 	at com.android.server.clipboard.ClipboardService.clipboardAccessCommonCheck(ClipboardService.java:838)
08-19 11:58:26.033 E/clipboard( 1783): 	at com.android.server.clipboard.ClipboardService.clipboardCheckAllowed(ClipboardService.java:903)
08-19 11:58:26.033 E/clipboard( 1783): 	at com.android.server.clipboard.ClipboardService.access$600(ClipboardService.java:160)
08-19 11:58:26.033 E/clipboard( 1783): 	at com.android.server.clipboard.ClipboardService$ClipboardImpl.hasPrimaryClip(ClipboardService.java:437)
08-19 11:58:26.033 E/clipboard( 1783): 	at android.content.IClipboard$Stub.onTransact(IClipboard.java:242)
08-19 11:58:26.033 E/clipboard( 1783): 	at com.android.server.clipboard.ClipboardService$ClipboardImpl.onTransact(ClipboardService.java:344)
08-19 11:58:26.033 E/clipboard( 1783): 	at android.os.Binder.execTransactInternal(Binder.java:1157)
08-19 11:58:26.033 E/clipboard( 1783): 	at android.os.Binder.execTransact(Binder.java:1126)
08-19 11:58:26.300 E/clipboard( 1783): Exception: 
08-19 11:58:26.300 E/clipboard( 1783): java.lang.NullPointerException
08-19 11:58:26.300 E/clipboard( 1783): 	at java.util.Objects.requireNonNull(Objects.java:220)
08-19 11:58:26.300 E/clipboard( 1783): 	at com.android.server.appop.AppOpsService.checkPackage(AppOpsService.java:2988)
08-19 11:58:26.300 E/clipboard( 1783): 	at android.app.AppOpsManager.checkPackage(AppOpsManager.java:7793)
08-19 11:58:26.300 E/clipboard( 1783): 	at com.android.server.clipboard.ClipboardService.clipboardAccessCommonCheck(ClipboardService.java:838)
08-19 11:58:26.300 E/clipboard( 1783): 	at com.android.server.clipboard.ClipboardService.clipboardCheckAllowed(ClipboardService.java:903)
08-19 11:58:26.300 E/clipboard( 1783): 	at com.android.server.clipboard.ClipboardService.access$600(ClipboardService.java:160)
08-19 11:58:26.300 E/clipboard( 1783): 	at com.android.server.clipboard.ClipboardService$ClipboardImpl.hasPrimaryClip(ClipboardService.java:437)
08-19 11:58:26.300 E/clipboard( 1783): 	at android.content.IClipboard$Stub.onTransact(IClipboard.java:242)
08-19 11:58:26.300 E/clipboard( 1783): 	at com.android.server.clipboard.ClipboardService$ClipboardImpl.onTransact(ClipboardService.java:344)
08-19 11:58:26.300 E/clipboard( 1783): 	at android.os.Binder.execTransactInternal(Binder.java:1157)
08-19 11:58:26.300 E/clipboard( 1783): 	at android.os.Binder.execTransact(Binder.java:1126)
08-19 11:58:26.752 E/ActivityThread( 6356): Failed to find provider info for com.miui.whetstone
08-19 11:58:27.466 I/ActivityTaskManager( 1783): START u0 {act=com.miui.nextpay.intent.action.HYBRID pkg=com.miui.nextpay cmp=com.miui.nextpay/.hybrid.HybridActivity (has extras)} from uid 1027
08-19 11:58:27.499 I/ActivityManager( 1783): Start proc 22351:com.miui.nextpay/u0a133 for pre-top-activity {com.miui.nextpay/com.miui.nextpay.hybrid.HybridActivity} caller=com.miui.tsmclient
08-19 11:58:27.519 I/Timeline( 1783): Timeline: App_transition_ready time:534399
08-19 11:58:27.593 E/PackageParserInjector( 1783): dump dex file error ,file message: base.odex: 21Kb 
08-19 11:58:27.594 E/PackageParserInjector( 1783): dump dex file error ,file message: base.odex: 21Kb base.vdex: 56Kb 
08-19 11:58:27.657 I/ActivityManager( 1783): Start proc 22397:com.google.android.webview:webview_service/u0a195 for service {com.google.android.webview/org.chromium.android_webview.services.VariationsSeedServer} caller=com.miui.nextpay
08-19 11:58:27.689 I/ActivityManager( 1783): Start proc 22436:com.google.android.webview:sandboxed_process0:org.chromium.content.app.SandboxedProcessService0:0/u0i1 for  {com.miui.nextpay/org.chromium.content.app.SandboxedProcessService0:0} caller=com.miui.nextpay
08-19 11:58:27.851 I/ActivityManager( 1783): Killing 13125:com.miui.hybrid:entrance/u0a125 (adj 985): empty #25
08-19 11:58:28.030 I/Timeline( 1783): Timeline: Activity_windows_visible id: ActivityRecord{effa848 u0 com.miui.nextpay/.hybrid.HybridActivity t102} time:534911
08-19 11:58:28.034 I/Timeline( 1783): Timeline: App_transition_stopped time:534914
08-19 11:58:28.042 E/clipboard( 1783): Exception: 
08-19 11:58:28.042 E/clipboard( 1783): java.lang.NullPointerException
08-19 11:58:28.042 E/clipboard( 1783): 	at java.util.Objects.requireNonNull(Objects.java:220)
08-19 11:58:28.042 E/clipboard( 1783): 	at com.android.server.appop.AppOpsService.checkPackage(AppOpsService.java:2988)
08-19 11:58:28.042 E/clipboard( 1783): 	at android.app.AppOpsManager.checkPackage(AppOpsManager.java:7793)
08-19 11:58:28.042 E/clipboard( 1783): 	at com.android.server.clipboard.ClipboardService.clipboardAccessCommonCheck(ClipboardService.java:838)
08-19 11:58:28.042 E/clipboard( 1783): 	at com.android.server.clipboard.ClipboardService.clipboardCheckAllowed(ClipboardService.java:903)
08-19 11:58:28.042 E/clipboard( 1783): 	at com.android.server.clipboard.ClipboardService.access$600(ClipboardService.java:160)
08-19 11:58:28.042 E/clipboard( 1783): 	at com.android.server.clipboard.ClipboardService$ClipboardImpl.hasPrimaryClip(ClipboardService.java:437)
08-19 11:58:28.042 E/clipboard( 1783): 	at android.content.IClipboard$Stub.onTransact(IClipboard.java:242)
08-19 11:58:28.042 E/clipboard( 1783): 	at com.android.server.clipboard.ClipboardService$ClipboardImpl.onTransact(ClipboardService.java:344)
08-19 11:58:28.042 E/clipboard( 1783): 	at android.os.Binder.execTransactInternal(Binder.java:1157)
08-19 11:58:28.042 E/clipboard( 1783): 	at android.os.Binder.execTransact(Binder.java:1126)
08-19 11:58:28.328 E/clipboard( 1783): Exception: 
08-19 11:58:28.328 E/clipboard( 1783): java.lang.NullPointerException
08-19 11:58:28.328 E/clipboard( 1783): 	at java.util.Objects.requireNonNull(Objects.java:220)
08-19 11:58:28.328 E/clipboard( 1783): 	at com.android.server.appop.AppOpsService.checkPackage(AppOpsService.java:2988)
08-19 11:58:28.328 E/clipboard( 1783): 	at android.app.AppOpsManager.checkPackage(AppOpsManager.java:7793)
08-19 11:58:28.328 E/clipboard( 1783): 	at com.android.server.clipboard.ClipboardService.clipboardAccessCommonCheck(ClipboardService.java:838)
08-19 11:58:28.328 E/clipboard( 1783): 	at com.android.server.clipboard.ClipboardService.clipboardCheckAllowed(ClipboardService.java:903)
08-19 11:58:28.328 E/clipboard( 1783): 	at com.android.server.clipboard.ClipboardService.access$600(ClipboardService.java:160)
08-19 11:58:28.328 E/clipboard( 1783): 	at com.android.server.clipboard.ClipboardService$ClipboardImpl.hasPrimaryClip(ClipboardService.java:437)
08-19 11:58:28.328 E/clipboard( 1783): 	at android.content.IClipboard$Stub.onTransact(IClipboard.java:242)
08-19 11:58:28.328 E/clipboard( 1783): 	at com.android.server.clipboard.ClipboardService$ClipboardImpl.onTransact(ClipboardService.java:344)
08-19 11:58:28.328 E/clipboard( 1783): 	at android.os.Binder.execTransactInternal(Binder.java:1157)
08-19 11:58:28.328 E/clipboard( 1783): 	at android.os.Binder.execTransact(Binder.java:1126)
08-19 11:58:29.606 E/PackageParserInjector( 1783): dump dex file error ,file message: base.odex: 21Kb 
08-19 11:58:29.606 E/PackageParserInjector( 1783): dump dex file error ,file message: base.odex: 21Kb base.vdex: 56Kb 
08-19 11:58:30.080 E/clipboard( 1783): Exception: 
08-19 11:58:30.080 E/clipboard( 1783): java.lang.NullPointerException
08-19 11:58:30.080 E/clipboard( 1783): 	at java.util.Objects.requireNonNull(Objects.java:220)
08-19 11:58:30.080 E/clipboard( 1783): 	at com.android.server.appop.AppOpsService.checkPackage(AppOpsService.java:2988)
08-19 11:58:30.080 E/clipboard( 1783): 	at android.app.AppOpsManager.checkPackage(AppOpsManager.java:7793)
08-19 11:58:30.080 E/clipboard( 1783): 	at com.android.server.clipboard.ClipboardService.clipboardAccessCommonCheck(ClipboardService.java:838)
08-19 11:58:30.080 E/clipboard( 1783): 	at com.android.server.clipboard.ClipboardService.clipboardCheckAllowed(ClipboardService.java:903)
08-19 11:58:30.080 E/clipboard( 1783): 	at com.android.server.clipboard.ClipboardService.access$600(ClipboardService.java:160)
08-19 11:58:30.080 E/clipboard( 1783): 	at com.android.server.clipboard.ClipboardService$ClipboardImpl.hasPrimaryClip(ClipboardService.java:437)
08-19 11:58:30.080 E/clipboard( 1783): 	at android.content.IClipboard$Stub.onTransact(IClipboard.java:242)
08-19 11:58:30.080 E/clipboard( 1783): 	at com.android.server.clipboard.ClipboardService$ClipboardImpl.onTransact(ClipboardService.java:344)
08-19 11:58:30.080 E/clipboard( 1783): 	at android.os.Binder.execTransactInternal(Binder.java:1157)
08-19 11:58:30.080 E/clipboard( 1783): 	at android.os.Binder.execTransact(Binder.java:1126)
08-19 11:58:30.081 I/DropBoxManagerService( 1783): add tag=system_server_wtf isTagEnabled=true flags=0x2
08-19 11:58:30.361 E/clipboard( 1783): Exception: 
08-19 11:58:30.361 E/clipboard( 1783): java.lang.NullPointerException
08-19 11:58:30.361 E/clipboard( 1783): 	at java.util.Objects.requireNonNull(Objects.java:220)
08-19 11:58:30.361 E/clipboard( 1783): 	at com.android.server.appop.AppOpsService.checkPackage(AppOpsService.java:2988)
08-19 11:58:30.361 E/clipboard( 1783): 	at android.app.AppOpsManager.checkPackage(AppOpsManager.java:7793)
08-19 11:58:30.361 E/clipboard( 1783): 	at com.android.server.clipboard.ClipboardService.clipboardAccessCommonCheck(ClipboardService.java:838)
08-19 11:58:30.361 E/clipboard( 1783): 	at com.android.server.clipboard.ClipboardService.clipboardCheckAllowed(ClipboardService.java:903)
08-19 11:58:30.361 E/clipboard( 1783): 	at com.android.server.clipboard.ClipboardService.access$600(ClipboardService.java:160)
08-19 11:58:30.361 E/clipboard( 1783): 	at com.android.server.clipboard.ClipboardService$ClipboardImpl.hasPrimaryClip(ClipboardService.java:437)
08-19 11:58:30.361 E/clipboard( 1783): 	at android.content.IClipboard$Stub.onTransact(IClipboard.java:242)
08-19 11:58:30.361 E/clipboard( 1783): 	at com.android.server.clipboard.ClipboardService$ClipboardImpl.onTransact(ClipboardService.java:344)
08-19 11:58:30.361 E/clipboard( 1783): 	at android.os.Binder.execTransactInternal(Binder.java:1157)
08-19 11:58:30.361 E/clipboard( 1783): 	at android.os.Binder.execTransact(Binder.java:1126)
08-19 11:58:30.362 I/DropBoxManagerService( 1783): add tag=system_server_wtf isTagEnabled=true flags=0x2
08-19 11:58:30.535 W/BroadcastQueue( 1783): Permission Denial: broadcasting Intent { act=com.tencent.android.qqdownloader_TMF_TMS-Main_action.ka.ase flg=0x14 pkg=com.tencent.android.qqdownloader (has extras) } from com.tencent.android.qqdownloader (pid=-1, uid=10275) requires com.tencent.android.qqdownloader.permission.TMF_SHARK due to registered receiver BroadcastFilter{1854a51 10275/u0 ReceiverList{3cf5378 11129 com.tencent.android.qqdownloader:tools/10275/u0 remote:9abcdb}}
08-19 11:58:31.733 E/PackageParserInjector( 1783): dump dex file error ,file message: base.odex: 21Kb 
08-19 11:58:31.734 E/PackageParserInjector( 1783): dump dex file error ,file message: base.odex: 21Kb base.vdex: 56Kb 
08-19 11:58:32.091 W/BroadcastQueue( 1783): Background execution not allowed: receiving Intent { act=android.intent.action.DROPBOX_ENTRY_ADDED flg=0x10 (has extras) } to com.google.android.gms/.stats.service.DropBoxEntryAddedReceiver
08-19 11:58:32.091 W/BroadcastQueue( 1783): Background execution not allowed: receiving Intent { act=android.intent.action.DROPBOX_ENTRY_ADDED flg=0x10 (has extras) } to com.google.android.gms/.chimera.GmsIntentOperationService$PersistentTrustedReceiver
08-19 11:58:32.191 E/clipboard( 1783): Exception: 
08-19 11:58:32.191 E/clipboard( 1783): java.lang.NullPointerException
08-19 11:58:32.191 E/clipboard( 1783): 	at java.util.Objects.requireNonNull(Objects.java:220)
08-19 11:58:32.191 E/clipboard( 1783): 	at com.android.server.appop.AppOpsService.checkPackage(AppOpsService.java:2988)
08-19 11:58:32.191 E/clipboard( 1783): 	at android.app.AppOpsManager.checkPackage(AppOpsManager.java:7793)
08-19 11:58:32.191 E/clipboard( 1783): 	at com.android.server.clipboard.ClipboardService.clipboardAccessCommonCheck(ClipboardService.java:838)
08-19 11:58:32.191 E/clipboard( 1783): 	at com.android.server.clipboard.ClipboardService.clipboardCheckAllowed(ClipboardService.java:903)
08-19 11:58:32.191 E/clipboard( 1783): 	at com.android.server.clipboard.ClipboardService.access$600(ClipboardService.java:160)
08-19 11:58:32.191 E/clipboard( 1783): 	at com.android.server.clipboard.ClipboardService$ClipboardImpl.hasPrimaryClip(ClipboardService.java:437)
08-19 11:58:32.191 E/clipboard( 1783): 	at android.content.IClipboard$Stub.onTransact(IClipboard.java:242)
08-19 11:58:32.191 E/clipboard( 1783): 	at com.android.server.clipboard.ClipboardService$ClipboardImpl.onTransact(ClipboardService.java:344)
08-19 11:58:32.191 E/clipboard( 1783): 	at android.os.Binder.execTransactInternal(Binder.java:1157)
08-19 11:58:32.191 E/clipboard( 1783): 	at android.os.Binder.execTransact(Binder.java:1126)
08-19 11:58:32.192 I/DropBoxManagerService( 1783): add tag=system_server_wtf isTagEnabled=true flags=0x2
08-19 11:58:32.462 E/clipboard( 1783): Exception: 
08-19 11:58:32.462 E/clipboard( 1783): java.lang.NullPointerException
08-19 11:58:32.462 E/clipboard( 1783): 	at java.util.Objects.requireNonNull(Objects.java:220)
08-19 11:58:32.462 E/clipboard( 1783): 	at com.android.server.appop.AppOpsService.checkPackage(AppOpsService.java:2988)
08-19 11:58:32.462 E/clipboard( 1783): 	at android.app.AppOpsManager.checkPackage(AppOpsManager.java:7793)
08-19 11:58:32.462 E/clipboard( 1783): 	at com.android.server.clipboard.ClipboardService.clipboardAccessCommonCheck(ClipboardService.java:838)
08-19 11:58:32.462 E/clipboard( 1783): 	at com.android.server.clipboard.ClipboardService.clipboardCheckAllowed(ClipboardService.java:903)
08-19 11:58:32.462 E/clipboard( 1783): 	at com.android.server.clipboard.ClipboardService.access$600(ClipboardService.java:160)
08-19 11:58:32.462 E/clipboard( 1783): 	at com.android.server.clipboard.ClipboardService$ClipboardImpl.hasPrimaryClip(ClipboardService.java:437)
08-19 11:58:32.462 E/clipboard( 1783): 	at android.content.IClipboard$Stub.onTransact(IClipboard.java:242)
08-19 11:58:32.462 E/clipboard( 1783): 	at com.android.server.clipboard.ClipboardService$ClipboardImpl.onTransact(ClipboardService.java:344)
08-19 11:58:32.462 E/clipboard( 1783): 	at android.os.Binder.execTransactInternal(Binder.java:1157)
08-19 11:58:32.462 E/clipboard( 1783): 	at android.os.Binder.execTransact(Binder.java:1126)
08-19 11:58:32.463 I/DropBoxManagerService( 1783): add tag=system_server_wtf isTagEnabled=true flags=0x2
08-19 11:58:33.751 E/PackageParserInjector( 1783): dump dex file error ,file message: base.odex: 21Kb 
08-19 11:58:33.751 E/PackageParserInjector( 1783): dump dex file error ,file message: base.odex: 21Kb base.vdex: 56Kb 
08-19 11:58:34.199 W/BroadcastQueue( 1783): Background execution not allowed: receiving Intent { act=android.intent.action.DROPBOX_ENTRY_ADDED flg=0x10 (has extras) } to com.google.android.gms/.stats.service.DropBoxEntryAddedReceiver
08-19 11:58:34.199 W/BroadcastQueue( 1783): Background execution not allowed: receiving Intent { act=android.intent.action.DROPBOX_ENTRY_ADDED flg=0x10 (has extras) } to com.google.android.gms/.chimera.GmsIntentOperationService$PersistentTrustedReceiver
08-19 11:58:34.208 E/clipboard( 1783): Exception: 
08-19 11:58:34.208 E/clipboard( 1783): java.lang.NullPointerException
08-19 11:58:34.208 E/clipboard( 1783): 	at java.util.Objects.requireNonNull(Objects.java:220)
08-19 11:58:34.208 E/clipboard( 1783): 	at com.android.server.appop.AppOpsService.checkPackage(AppOpsService.java:2988)
08-19 11:58:34.208 E/clipboard( 1783): 	at android.app.AppOpsManager.checkPackage(AppOpsManager.java:7793)
08-19 11:58:34.208 E/clipboard( 1783): 	at com.android.server.clipboard.ClipboardService.clipboardAccessCommonCheck(ClipboardService.java:838)
08-19 11:58:34.208 E/clipboard( 1783): 	at com.android.server.clipboard.ClipboardService.clipboardCheckAllowed(ClipboardService.java:903)
08-19 11:58:34.208 E/clipboard( 1783): 	at com.android.server.clipboard.ClipboardService.access$600(ClipboardService.java:160)
08-19 11:58:34.208 E/clipboard( 1783): 	at com.android.server.clipboard.ClipboardService$ClipboardImpl.hasPrimaryClip(ClipboardService.java:437)
08-19 11:58:34.208 E/clipboard( 1783): 	at android.content.IClipboard$Stub.onTransact(IClipboard.java:242)
08-19 11:58:34.208 E/clipboard( 1783): 	at com.android.server.clipboard.ClipboardService$ClipboardImpl.onTransact(ClipboardService.java:344)
08-19 11:58:34.208 E/clipboard( 1783): 	at android.os.Binder.execTransactInternal(Binder.java:1157)
08-19 11:58:34.208 E/clipboard( 1783): 	at android.os.Binder.execTransact(Binder.java:1126)
08-19 11:58:34.209 I/DropBoxManagerService( 1783): add tag=system_server_wtf isTagEnabled=true flags=0x2
08-19 11:58:34.477 E/clipboard( 1783): Exception: 
08-19 11:58:34.477 E/clipboard( 1783): java.lang.NullPointerException
08-19 11:58:34.477 E/clipboard( 1783): 	at java.util.Objects.requireNonNull(Objects.java:220)
08-19 11:58:34.477 E/clipboard( 1783): 	at com.android.server.appop.AppOpsService.checkPackage(AppOpsService.java:2988)
08-19 11:58:34.477 E/clipboard( 1783): 	at android.app.AppOpsManager.checkPackage(AppOpsManager.java:7793)
08-19 11:58:34.477 E/clipboard( 1783): 	at com.android.server.clipboard.ClipboardService.clipboardAccessCommonCheck(ClipboardService.java:838)
08-19 11:58:34.477 E/clipboard( 1783): 	at com.android.server.clipboard.ClipboardService.clipboardCheckAllowed(ClipboardService.java:903)
08-19 11:58:34.477 E/clipboard( 1783): 	at com.android.server.clipboard.ClipboardService.access$600(ClipboardService.java:160)
08-19 11:58:34.477 E/clipboard( 1783): 	at com.android.server.clipboard.ClipboardService$ClipboardImpl.hasPrimaryClip(ClipboardService.java:437)
08-19 11:58:34.477 E/clipboard( 1783): 	at android.content.IClipboard$Stub.onTransact(IClipboard.java:242)
08-19 11:58:34.477 E/clipboard( 1783): 	at com.android.server.clipboard.ClipboardService$ClipboardImpl.onTransact(ClipboardService.java:344)
08-19 11:58:34.477 E/clipboard( 1783): 	at android.os.Binder.execTransactInternal(Binder.java:1157)
08-19 11:58:34.477 E/clipboard( 1783): 	at android.os.Binder.execTransact(Binder.java:1126)
08-19 11:58:35.751 E/PackageParserInjector( 1783): dump dex file error ,file message: base.odex: 21Kb 
08-19 11:58:35.752 E/PackageParserInjector( 1783): dump dex file error ,file message: base.odex: 21Kb base.vdex: 56Kb 
08-19 11:58:36.216 W/BroadcastQueue( 1783): Background execution not allowed: receiving Intent { act=android.intent.action.DROPBOX_ENTRY_ADDED flg=0x10 (has extras) } to com.google.android.gms/.stats.service.DropBoxEntryAddedReceiver
08-19 11:58:36.216 W/BroadcastQueue( 1783): Background execution not allowed: receiving Intent { act=android.intent.action.DROPBOX_ENTRY_ADDED flg=0x10 (has extras) } to com.google.android.gms/.chimera.GmsIntentOperationService$PersistentTrustedReceiver
08-19 11:58:36.222 E/clipboard( 1783): Exception: 
08-19 11:58:36.222 E/clipboard( 1783): java.lang.NullPointerException
08-19 11:58:36.222 E/clipboard( 1783): 	at java.util.Objects.requireNonNull(Objects.java:220)
08-19 11:58:36.222 E/clipboard( 1783): 	at com.android.server.appop.AppOpsService.checkPackage(AppOpsService.java:2988)
08-19 11:58:36.222 E/clipboard( 1783): 	at android.app.AppOpsManager.checkPackage(AppOpsManager.java:7793)
08-19 11:58:36.222 E/clipboard( 1783): 	at com.android.server.clipboard.ClipboardService.clipboardAccessCommonCheck(ClipboardService.java:838)
08-19 11:58:36.222 E/clipboard( 1783): 	at com.android.server.clipboard.ClipboardService.clipboardCheckAllowed(ClipboardService.java:903)
08-19 11:58:36.222 E/clipboard( 1783): 	at com.android.server.clipboard.ClipboardService.access$600(ClipboardService.java:160)
08-19 11:58:36.222 E/clipboard( 1783): 	at com.android.server.clipboard.ClipboardService$ClipboardImpl.hasPrimaryClip(ClipboardService.java:437)
08-19 11:58:36.222 E/clipboard( 1783): 	at android.content.IClipboard$Stub.onTransact(IClipboard.java:242)
08-19 11:58:36.222 E/clipboard( 1783): 	at com.android.server.clipboard.ClipboardService$ClipboardImpl.onTransact(ClipboardService.java:344)
08-19 11:58:36.222 E/clipboard( 1783): 	at android.os.Binder.execTransactInternal(Binder.java:1157)
08-19 11:58:36.222 E/clipboard( 1783): 	at android.os.Binder.execTransact(Binder.java:1126)
08-19 11:58:36.496 E/clipboard( 1783): Exception: 
08-19 11:58:36.496 E/clipboard( 1783): java.lang.NullPointerException
08-19 11:58:36.496 E/clipboard( 1783): 	at java.util.Objects.requireNonNull(Objects.java:220)
08-19 11:58:36.496 E/clipboard( 1783): 	at com.android.server.appop.AppOpsService.checkPackage(AppOpsService.java:2988)
08-19 11:58:36.496 E/clipboard( 1783): 	at android.app.AppOpsManager.checkPackage(AppOpsManager.java:7793)
08-19 11:58:36.496 E/clipboard( 1783): 	at com.android.server.clipboard.ClipboardService.clipboardAccessCommonCheck(ClipboardService.java:838)
08-19 11:58:36.496 E/clipboard( 1783): 	at com.android.server.clipboard.ClipboardService.clipboardCheckAllowed(ClipboardService.java:903)
08-19 11:58:36.496 E/clipboard( 1783): 	at com.android.server.clipboard.ClipboardService.access$600(ClipboardService.java:160)
08-19 11:58:36.496 E/clipboard( 1783): 	at com.android.server.clipboard.ClipboardService$ClipboardImpl.hasPrimaryClip(ClipboardService.java:437)
08-19 11:58:36.496 E/clipboard( 1783): 	at android.content.IClipboard$Stub.onTransact(IClipboard.java:242)
08-19 11:58:36.496 E/clipboard( 1783): 	at com.android.server.clipboard.ClipboardService$ClipboardImpl.onTransact(ClipboardService.java:344)
08-19 11:58:36.496 E/clipboard( 1783): 	at android.os.Binder.execTransactInternal(Binder.java:1157)
08-19 11:58:36.496 E/clipboard( 1783): 	at android.os.Binder.execTransact(Binder.java:1126)
08-19 11:58:37.811 E/PackageParserInjector( 1783): dump dex file error ,file message: base.odex: 21Kb 
08-19 11:58:37.811 E/PackageParserInjector( 1783): dump dex file error ,file message: base.odex: 21Kb base.vdex: 56Kb 
08-19 11:58:38.268 E/clipboard( 1783): Exception: 
08-19 11:58:38.268 E/clipboard( 1783): java.lang.NullPointerException
08-19 11:58:38.268 E/clipboard( 1783): 	at java.util.Objects.requireNonNull(Objects.java:220)
08-19 11:58:38.268 E/clipboard( 1783): 	at com.android.server.appop.AppOpsService.checkPackage(AppOpsService.java:2988)
08-19 11:58:38.268 E/clipboard( 1783): 	at android.app.AppOpsManager.checkPackage(AppOpsManager.java:7793)
08-19 11:58:38.268 E/clipboard( 1783): 	at com.android.server.clipboard.ClipboardService.clipboardAccessCommonCheck(ClipboardService.java:838)
08-19 11:58:38.268 E/clipboard( 1783): 	at com.android.server.clipboard.ClipboardService.clipboardCheckAllowed(ClipboardService.java:903)
08-19 11:58:38.268 E/clipboard( 1783): 	at com.android.server.clipboard.ClipboardService.access$600(ClipboardService.java:160)
08-19 11:58:38.268 E/clipboard( 1783): 	at com.android.server.clipboard.ClipboardService$ClipboardImpl.hasPrimaryClip(ClipboardService.java:437)
08-19 11:58:38.268 E/clipboard( 1783): 	at android.content.IClipboard$Stub.onTransact(IClipboard.java:242)
08-19 11:58:38.268 E/clipboard( 1783): 	at com.android.server.clipboard.ClipboardService$ClipboardImpl.onTransact(ClipboardService.java:344)
08-19 11:58:38.268 E/clipboard( 1783): 	at android.os.Binder.execTransactInternal(Binder.java:1157)
08-19 11:58:38.268 E/clipboard( 1783): 	at android.os.Binder.execTransact(Binder.java:1126)
08-19 11:58:38.527 E/clipboard( 1783): Exception: 
08-19 11:58:38.527 E/clipboard( 1783): java.lang.NullPointerException
08-19 11:58:38.527 E/clipboard( 1783): 	at java.util.Objects.requireNonNull(Objects.java:220)
08-19 11:58:38.527 E/clipboard( 1783): 	at com.android.server.appop.AppOpsService.checkPackage(AppOpsService.java:2988)
08-19 11:58:38.527 E/clipboard( 1783): 	at android.app.AppOpsManager.checkPackage(AppOpsManager.java:7793)
08-19 11:58:38.527 E/clipboard( 1783): 	at com.android.server.clipboard.ClipboardService.clipboardAccessCommonCheck(ClipboardService.java:838)
08-19 11:58:38.527 E/clipboard( 1783): 	at com.android.server.clipboard.ClipboardService.clipboardCheckAllowed(ClipboardService.java:903)
