08-19 12:14:18.729 W/PackageParser( 9317): Ignoring duplicate uses-permissions/uses-permissions-sdk-m: android.permission.CONFIGURE_WIFI_DISPLAY in package: com.android.systemui at: Binary XML file line #126
08-19 12:14:18.738 W/PackageParser( 9317): No actions in intent filter at /system/priv-app/romex/romex.apk Binary XML file line #83
08-19 12:14:18.745 W/PackageManager( 9317): Non-privileged app; cap priority to 0; package: com.android.cts.ctsshim activity: com.android.cts.ctsshim.InstallPriority origPrio: 100
08-19 12:14:18.745 I/chatty  ( 9317): uid=10276(u0_a276) system_server identical 3 lines
08-19 12:14:18.745 W/PackageManager( 9317): Non-privileged app; cap priority to 0; package: com.android.cts.ctsshim activity: com.android.cts.ctsshim.InstallPriority origPrio: 100
08-19 12:14:18.748 W/PackageParser( 9317): Unknown element under <application>: permission at /system/app/Gallery2/Gallery2.apk Binary XML file line #238
08-19 12:14:18.748 W/PackageParser( 9317): Unknown element under <application>: permission at /system/app/Gallery2/Gallery2.apk Binary XML file line #241
08-19 12:14:18.753 W/PackageManager( 9317): Permission com.android.launcher3.permission.READ_SETTINGS from package com.android.launcher3 in an unknown group android.permission-group.SYSTEM_TOOLS
08-19 12:14:18.753 W/PackageManager( 9317): Permission com.android.launcher3.permission.WRITE_SETTINGS from package com.android.launcher3 in an unknown group android.permission-group.SYSTEM_TOOLS
08-19 12:14:18.753 W/PackageManager( 9317): Permission com.android.launcher.permission.INSTALL_SHORTCUT from package com.android.launcher3 in an unknown group android.permission-group.SYSTEM_TOOLS
08-19 12:14:18.766 W/PackageParser( 9317): Ignoring duplicate uses-permissions/uses-permissions-sdk-m: android.permission.BLUETOOTH in package: com.iflytek.inputmethod.oem at: Binary XML file line #201
08-19 12:14:18.766 W/PackageParser( 9317): Ignoring duplicate uses-permissions/uses-permissions-sdk-m: android.permission.READ_PHONE_STATE in package: com.iflytek.inputmethod.oem at: Binary XML file line #202
08-19 12:14:18.766 W/PackageParser( 9317): Ignoring duplicate uses-permissions/uses-permissions-sdk-m: android.permission.INTERNET in package: com.iflytek.inputmethod.oem at: Binary XML file line #222
08-19 12:14:18.766 W/PackageParser( 9317): Ignoring duplicate uses-permissions/uses-permissions-sdk-m: android.permission.RECORD_AUDIO in package: com.iflytek.inputmethod.oem at: Binary XML file line #223
08-19 12:14:18.766 W/PackageParser( 9317): Ignoring duplicate uses-permissions/uses-permissions-sdk-m: com.android.launcher.permission.INSTALL_SHORTCUT in package: com.iflytek.inputmethod.oem at: Binary XML file line #227
08-19 12:14:18.766 W/PackageParser( 9317): Ignoring duplicate uses-permissions/uses-permissions-sdk-m: com.android.launcher.permission.UNINSTALL_SHORTCUT in package: com.iflytek.inputmethod.oem at: Binary XML file line #228
08-19 12:14:18.775 W/PackageManager( 9317): Protected action; cap priority to 0; package: com.android.cts.priv.ctsshim activity: com.android.cts.priv.ctsshim.InstallPriority origPrio: 100
08-19 12:14:18.775 I/chatty  ( 9317): uid=10276(u0_a276) system_server identical 2 lines
08-19 12:14:18.775 W/PackageManager( 9317): Protected action; cap priority to 0; package: com.android.cts.priv.ctsshim activity: com.android.cts.priv.ctsshim.InstallPriority origPrio: 100
08-19 12:14:18.775 W/PackageManager( 9317): Protected action; cap priority to 0; package: com.android.packageinstaller activity: com.android.packageinstaller.PackageInstallerActivity origPrio: 1
08-19 12:14:18.775 W/PackageManager( 9317): Package com.android.gallery3d desires unavailable shared library com.google.android.media.effects; ignoring!
08-19 12:14:18.775 W/PackageManager( 9317): Package com.android.gallery3d desires unavailable shared library com.google.android.media.effects; ignoring!
08-19 12:14:18.775 I/PackageManager( 9317): Adjusting ABI for com.android.inputdevices to arm64-v8a (requirer=android, scannedPackage=null)
08-19 12:14:18.775 I/PackageManager( 9317): Adjusting ABI for com.android.launcher3 to arm64-v8a (requirer=android, scannedPackage=null)
08-19 12:14:18.775 I/PackageManager( 9317): Adjusting ABI for com.android.server.telecom to arm64-v8a (requirer=android, scannedPackage=null)
08-19 12:14:18.776 I/PackageManager( 9317): Adjusting ABI for com.android.keychain to arm64-v8a (requirer=android, scannedPackage=null)
08-19 12:14:18.776 I/PackageManager( 9317): Adjusting ABI for com.vmos.romex to arm64-v8a (requirer=android, scannedPackage=null)
08-19 12:14:18.776 I/PackageManager( 9317): Adjusting ABI for com.android.location.fused to arm64-v8a (requirer=android, scannedPackage=null)
08-19 12:14:18.776 I/PackageManager( 9317): Adjusting ABI for com.android.wallpaperbackup to arm64-v8a (requirer=android, scannedPackage=null)
08-19 12:14:18.776 I/PackageManager( 9317): Adjusting ABI for com.android.settings to arm64-v8a (requirer=android, scannedPackage=null)
08-19 12:14:18.776 I/PackageManager( 9317): Adjusting ABI for com.android.providers.settings to arm64-v8a (requirer=android, scannedPackage=null)
08-19 12:14:18.776 I/PackageManager( 9317): Time to scan packages: 0.091 seconds
08-19 12:14:18.777 W/PackageManager( 9317): Not granting permission android.permission.BIND_WALLPAPER to package com.android.camera2 (protectionLevel=18 flags=0x3058bc45)
08-19 12:14:18.777 W/PackageManager( 9317): Unknown permission com.android.launcher.permission.READ_SETTINGS in package com.android.launcher3
08-19 12:14:18.777 W/PackageManager( 9317): Unknown permission com.android.launcher.permission.WRITE_SETTINGS in package com.android.launcher3
08-19 12:14:18.777 W/PackageManager( 9317): Unknown permission android.permission.FOREGROUND_SERVICE in package com.google.android.webview
08-19 12:14:18.777 W/PackageManager( 9317): Unknown permission com.android.launcher.permission.READ_SETTINGS in package com.android.onetimeinitializer
08-19 12:14:18.777 W/PackageManager( 9317): Unknown permission com.android.launcher.permission.WRITE_SETTINGS in package com.android.onetimeinitializer
08-19 12:14:18.777 W/PackageManager( 9317): Unknown permission com.samsung.android.providers.context.permission.WRITE_USE_APP_FEATURE_SURVEY in package mark.via
08-19 12:14:18.777 W/PackageManager( 9317): Unknown permission com.google.android.permission.INSTALL_WEARABLE_PACKAGES in package com.android.packageinstaller
08-19 12:14:18.777 W/PackageManager( 9317): Unknown permission com.google.android.gallery3d.permission.PICASA_STORE in package com.android.dreams.phototable
08-19 12:14:18.777 W/PackageManager( 9317): Unknown permission com.google.android.googleapps.permission.GOOGLE_AUTH in package com.android.settings
08-19 12:14:18.777 W/PackageManager( 9317): Unknown permission com.android.launcher.permission.READ_SETTINGS in package com.android.settings
08-19 12:14:18.777 W/PackageManager( 9317): Unknown permission com.android.launcher.permission.WRITE_SETTINGS in package com.android.settings
08-19 12:14:18.777 W/PackageManager( 9317): Unknown permission com.android.smspush.WAPPUSH_MANAGER_BIND in package com.android.phone
08-19 12:14:18.777 W/PackageManager( 9317): Unknown permission android.permission.BROADCAST_PACKAGE_ADDED in package com.iflytek.inputmethod.oem
08-19 12:14:18.777 W/PackageManager( 9317): Unknown permission android.permission.BROADCAST_PACKAGE_CHANGED in package com.iflytek.inputmethod.oem
08-19 12:14:18.777 W/PackageManager( 9317): Unknown permission android.permission.BROADCAST_PACKAGE_INSTALL in package com.iflytek.inputmethod.oem
08-19 12:14:18.777 W/PackageManager( 9317): Unknown permission android.permission.BROADCAST_PACKAGE_REPLACED in package com.iflytek.inputmethod.oem
08-19 12:14:18.777 W/PackageManager( 9317): Not granting permission android.permission.READ_LOGS to package com.iflytek.inputmethod.oem (protectionLevel=50 flags=0x38483e45)
08-19 12:14:18.777 W/PackageManager( 9317): Unknown permission android.permission.RECEIVE_USER_PRESENT in package com.iflytek.inputmethod.oem
08-19 12:14:18.777 W/PackageManager( 9317): Unknown permission com.sec.android.provider.badge.permission.READ in package com.iflytek.inputmethod.oem
08-19 12:14:18.777 W/PackageManager( 9317): Unknown permission com.sec.android.provider.badge.permission.WRITE in package com.iflytek.inputmethod.oem
08-19 12:14:18.777 W/PackageManager( 9317): Unknown permission com.huawei.android.launcher.permission.CHANGE_BADGE in package com.iflytek.inputmethod.oem
08-19 12:14:18.777 W/PackageManager( 9317): Unknown permission com.htc.launcher.permission.READ_SETTINGS in package com.iflytek.inputmethod.oem
08-19 12:14:18.777 W/PackageManager( 9317): Unknown permission com.htc.launcher.permission.UPDATE_SHORTCUT in package com.iflytek.inputmethod.oem
08-19 12:14:18.777 W/PackageManager( 9317): Unknown permission com.sonyericsson.home.permission.BROADCAST_BADGE in package com.iflytek.inputmethod.oem
08-19 12:14:18.777 W/PackageManager( 9317): Unknown permission com.sonymobile.home.permission.PROVIDER_INSERT_BADGE in package com.iflytek.inputmethod.oem
08-19 12:14:18.777 W/PackageManager( 9317): Unknown permission android.permission.READ_APP_BADGE in package com.iflytek.inputmethod.oem
08-19 12:14:18.777 W/PackageManager( 9317): Not granting permission android.permission.CHANGE_CONFIGURATION to package com.iflytek.inputmethod.oem (protectionLevel=50 flags=0x38483e45)
08-19 12:14:18.811 I/SystemServer( 9317): StartOtaDexOptService
08-19 12:14:18.811 I/SystemServer( 9317): StartUserManagerService
08-19 12:14:18.811 I/SystemServiceManager( 9317): Starting com.android.server.pm.UserManagerService$LifeCycle
08-19 12:14:18.812 I/SystemServiceManager( 9317): Starting com.android.server.BatteryService
08-19 12:14:18.813 I/SystemServiceManager( 9317): Starting com.android.server.usage.UsageStatsService
08-19 12:14:18.814 I/SystemServiceManager( 9317): Starting com.android.server.webkit.WebViewUpdateService
08-19 12:14:18.815 I/SystemServer( 9317): Reading configuration...
08-19 12:14:18.815 I/SystemServer( 9317): StartSchedulingPolicyService
08-19 12:14:18.815 I/SystemServiceManager( 9317): Starting com.android.server.telecom.TelecomLoaderService
08-19 12:14:18.815 I/SystemServer( 9317): StartTelephonyRegistry
08-19 12:14:18.816 I/SystemServer( 9317): StartEntropyMixer
08-19 12:14:18.816 I/EntropyMixer( 9317): Writing entropy...
08-19 12:14:18.819 I/SystemServer( 9317): Camera Service
08-19 12:14:18.819 I/SystemServiceManager( 9317): Starting com.android.server.camera.CameraService
08-19 12:14:18.820 I/SystemServer( 9317): StartAccountManagerService
08-19 12:14:18.820 I/SystemServiceManager( 9317): Starting com.android.server.accounts.AccountManagerService$Lifecycle
08-19 12:14:18.821 I/SystemServer( 9317): StartContentService
08-19 12:14:18.821 I/SystemServiceManager( 9317): Starting com.android.server.content.ContentService$Lifecycle
08-19 12:14:18.822 I/SystemServer( 9317): VmosManagerService
08-19 12:14:18.823 I/SystemServer( 9317): InstallSystemProviders
08-19 12:14:18.833 I/SystemServer( 9317): StartVibratorService
08-19 12:14:18.834 I/SystemServer( 9317): StartConsumerIrService
08-19 12:14:18.834 I/SystemServer( 9317): StartAlarmManagerService
08-19 12:14:18.834 I/SystemServiceManager( 9317): Starting com.android.server.AlarmManagerService
08-19 12:14:18.836 I/SystemServer( 9317): InitWatchdog
08-19 12:14:18.836 I/SystemServer( 9317): StartInputManagerService
08-19 12:14:18.836 I/InputManager( 9317): Initializing input manager, mUseDevInputEventForAudioJack=false
08-19 12:14:18.836 I/SystemServer( 9317): StartWindowManagerService
08-19 12:14:18.839 I/WindowManager( 9317): No existing display settings /data/system/display_settings.xml; starting empty
08-19 12:14:18.845 I/SystemServer( 9317): StartVrManagerService
08-19 12:14:18.845 I/SystemServiceManager( 9317): Starting com.android.server.vr.VrManagerService
08-19 12:14:18.846 I/InputManager( 9317): Starting input manager
08-19 12:14:18.850 I/SystemServiceManager( 9317): Starting com.android.server.BluetoothService
08-19 12:14:18.851 I/SystemServer( 9317): ConnectivityMetricsLoggerService
08-19 12:14:18.851 I/SystemServiceManager( 9317): Starting com.android.server.connectivity.MetricsLoggerService
08-19 12:14:18.852 I/SystemServer( 9317): IpConnectivityMetrics
08-19 12:14:18.852 I/SystemServiceManager( 9317): Starting com.android.server.connectivity.IpConnectivityMetrics
08-19 12:14:18.852 I/SystemServer( 9317): PinnerService
08-19 12:14:18.852 I/SystemServiceManager( 9317): Starting com.android.server.PinnerService
08-19 12:14:18.852 I/SystemServiceManager( 9317): Starting com.android.server.InputMethodManagerService$Lifecycle
08-19 12:14:18.856 I/InputMethodManagerService( 9317): All the enabled IMEs are gone. Reset default enabled IMEs.
08-19 12:14:18.863 I/SystemServer( 9317): StartAccessibilityManagerService
08-19 12:14:18.865 I/ActivityManager( 9317): Config changes=1df8 {1.0 ?mcc?mnc [zh_CN] ldltr sw392dp w392dp h872dp 440dpi nrml long port ?uimode ?night -touch -keyb/v/h -nav/h s.2}
08-19 12:14:18.867 I/ActivityManager( 9317): Config changes=408 {1.0 ?mcc?mnc [zh_CN] ldltr sw392dp w392dp h800dp 440dpi nrml long port ?uimode ?night finger -keyb/v/h -nav/h s.3}
08-19 12:14:18.868 I/UsageStatsService( 9317): User[0] Rollover scheduled @ 2021-08-20 10:53:11(1629427991647)
08-19 12:14:18.870 I/SystemServiceManager( 9317): Starting com.android.server.MountService$Lifecycle
08-19 12:14:18.873 I/SystemServiceManager( 9317): Starting com.android.server.UiModeManagerService
08-19 12:14:18.873 I/ActivityManager( 9317): Config changes=200 {1.0 ?mcc?mnc [zh_CN] ldltr sw392dp w392dp h800dp 440dpi nrml long port finger -keyb/v/h -nav/h s.4}
08-19 12:14:18.874 W/MountService( 9317): No primary storage mounted!
08-19 12:14:18.874 W/PackageManager( 9317): Not granting permission android.permission.BIND_WALLPAPER to package com.android.camera2 (protectionLevel=18 flags=0x3058bc45)
08-19 12:14:18.874 W/PackageManager( 9317): Unknown permission com.android.launcher.permission.READ_SETTINGS in package com.android.launcher3
08-19 12:14:18.874 W/PackageManager( 9317): Unknown permission com.android.launcher.permission.WRITE_SETTINGS in package com.android.launcher3
08-19 12:14:18.874 W/PackageManager( 9317): Unknown permission android.permission.FOREGROUND_SERVICE in package com.google.android.webview
08-19 12:14:18.874 W/PackageManager( 9317): Unknown permission com.android.launcher.permission.READ_SETTINGS in package com.android.onetimeinitializer
08-19 12:14:18.874 W/PackageManager( 9317): Unknown permission com.android.launcher.permission.WRITE_SETTINGS in package com.android.onetimeinitializer
08-19 12:14:18.874 W/PackageManager( 9317): Unknown permission com.samsung.android.providers.context.permission.WRITE_USE_APP_FEATURE_SURVEY in package mark.via
08-19 12:14:18.874 W/PackageManager( 9317): Unknown permission com.google.android.permission.INSTALL_WEARABLE_PACKAGES in package com.android.packageinstaller
08-19 12:14:18.874 W/PackageManager( 9317): Unknown permission com.google.android.gallery3d.permission.PICASA_STORE in package com.android.dreams.phototable
08-19 12:14:18.875 W/PackageManager( 9317): Unknown permission com.google.android.googleapps.permission.GOOGLE_AUTH in package com.android.settings
08-19 12:14:18.875 W/PackageManager( 9317): Unknown permission com.android.launcher.permission.READ_SETTINGS in package com.android.settings
08-19 12:14:18.875 W/PackageManager( 9317): Unknown permission com.android.launcher.permission.WRITE_SETTINGS in package com.android.settings
08-19 12:14:18.875 W/PackageManager( 9317): Unknown permission com.android.smspush.WAPPUSH_MANAGER_BIND in package com.android.phone
08-19 12:14:18.875 W/PackageManager( 9317): Unknown permission android.permission.BROADCAST_PACKAGE_ADDED in package com.iflytek.inputmethod.oem
08-19 12:14:18.875 W/PackageManager( 9317): Unknown permission android.permission.BROADCAST_PACKAGE_CHANGED in package com.iflytek.inputmethod.oem
08-19 12:14:18.875 W/PackageManager( 9317): Unknown permission android.permission.BROADCAST_PACKAGE_INSTALL in package com.iflytek.inputmethod.oem
08-19 12:14:18.875 W/PackageManager( 9317): Unknown permission android.permission.BROADCAST_PACKAGE_REPLACED in package com.iflytek.inputmethod.oem
08-19 12:14:18.875 W/PackageManager( 9317): Not granting permission android.permission.READ_LOGS to package com.iflytek.inputmethod.oem (protectionLevel=50 flags=0x38483e45)
08-19 12:14:18.875 W/PackageManager( 9317): Unknown permission android.permission.RECEIVE_USER_PRESENT in package com.iflytek.inputmethod.oem
08-19 12:14:18.875 W/PackageManager( 9317): Unknown permission com.sec.android.provider.badge.permission.READ in package com.iflytek.inputmethod.oem
08-19 12:14:18.875 W/PackageManager( 9317): Unknown permission com.sec.android.provider.badge.permission.WRITE in package com.iflytek.inputmethod.oem
08-19 12:14:18.875 W/PackageManager( 9317): Unknown permission com.huawei.android.launcher.permission.CHANGE_BADGE in package com.iflytek.inputmethod.oem
08-19 12:14:18.875 W/PackageManager( 9317): Unknown permission com.htc.launcher.permission.READ_SETTINGS in package com.iflytek.inputmethod.oem
08-19 12:14:18.875 W/PackageManager( 9317): Unknown permission com.htc.launcher.permission.UPDATE_SHORTCUT in package com.iflytek.inputmethod.oem
08-19 12:14:18.875 W/PackageManager( 9317): Unknown permission com.sonyericsson.home.permission.BROADCAST_BADGE in package com.iflytek.inputmethod.oem
08-19 12:14:18.875 W/PackageManager( 9317): Unknown permission com.sonymobile.home.permission.PROVIDER_INSERT_BADGE in package com.iflytek.inputmethod.oem
08-19 12:14:18.875 W/PackageManager( 9317): Unknown permission android.permission.READ_APP_BADGE in package com.iflytek.inputmethod.oem
08-19 12:14:18.875 W/PackageManager( 9317): Not granting permission android.permission.CHANGE_CONFIGURATION to package com.iflytek.inputmethod.oem (protectionLevel=50 flags=0x38483e45)
08-19 12:14:18.885 W/MountService( 9317): No primary storage mounted!
08-19 12:14:18.885 I/SystemServer( 9317): StartLockSettingsService
08-19 12:14:18.886 I/SystemServiceManager( 9317): Starting com.android.server.LockSettingsService$Lifecycle
08-19 12:14:18.887 I/SystemServiceManager( 9317): Starting com.android.server.DeviceIdleController
08-19 12:14:18.888 I/SystemServiceManager( 9317): Starting com.android.server.devicepolicy.DevicePolicyManagerService$Lifecycle
08-19 12:14:18.890 I/SystemServer( 9317): StartStatusBarManagerService
08-19 12:14:18.890 I/SystemServer( 9317): StartClipboardService
08-19 12:14:18.891 I/SystemServer( 9317): StartNetworkManagementService
08-19 12:14:18.892 I/NetworkManagement( 9317): onDaemonConnected()
08-19 12:14:18.892 I/SystemServiceManager( 9317): Starting com.android.server.TextServicesManagerService$Lifecycle
08-19 12:14:18.893 I/SystemServer( 9317): StartNetworkScoreService
08-19 12:14:18.893 I/SystemServer( 9317): StartNetworkStatsService
08-19 12:14:18.894 I/SystemServer( 9317): StartNetworkPolicyManagerService
08-19 12:14:18.895 I/SystemServer( 9317): No Wi-Fi NAN Service (NAN support Not Present)
08-19 12:14:18.896 I/SystemServiceManager( 9317): Starting com.android.server.wifi.p2p.WifiP2pService
08-19 12:14:18.901 I/SystemServiceManager( 9317): Starting com.android.server.wifi.WifiService
08-19 12:14:18.916 I/SystemServiceManager( 9317): Starting com.android.server.wifi.scanner.WifiScanningService
08-19 12:14:18.916 I/SystemServiceManager( 9317): Starting com.android.server.wifi.RttService
08-19 12:14:18.917 I/SystemServiceManager( 9317): Starting com.android.server.ethernet.EthernetService
08-19 12:14:18.917 I/SystemServer( 9317): StartConnectivityService
08-19 12:14:18.921 I/SystemServer( 9317): StartNsdService
08-19 12:14:18.922 I/SystemServer( 9317): StartUpdateLockService
08-19 12:14:18.922 I/SystemServiceManager( 9317): Starting com.android.server.RecoverySystemService
08-19 12:14:18.922 I/SystemServiceManager( 9317): Starting com.android.server.notification.NotificationManagerService
08-19 12:14:18.927 I/SystemServiceManager( 9317): Starting com.android.server.storage.DeviceStorageMonitorService
08-19 12:14:18.928 I/SystemServer( 9317): StartLocationManagerService
08-19 12:14:18.928 I/SystemServer( 9317): StartCountryDetectorService
08-19 12:14:18.929 I/SystemServer( 9317): StartSearchManagerService
08-19 12:14:18.929 I/SystemServiceManager( 9317): Starting com.android.server.search.SearchManagerService$Lifecycle
08-19 12:14:18.929 I/SystemServiceManager( 9317): Starting com.android.server.DropBoxManagerService
08-19 12:14:18.929 I/SystemServer( 9317): StartWallpaperManagerService
08-19 12:14:18.929 I/SystemServiceManager( 9317): Starting com.android.server.wallpaper.WallpaperManagerService$Lifecycle
08-19 12:14:18.930 I/SystemServer( 9317): StartAudioService
08-19 12:14:18.930 I/SystemServiceManager( 9317): Starting com.android.server.audio.AudioService$Lifecycle
08-19 12:14:18.935 I/SystemServiceManager( 9317): Starting com.android.server.DockObserver
08-19 12:14:18.935 W/DockObserver( 9317): This kernel does not have dock station support
08-19 12:14:18.935 I/SystemServer( 9317): StartWiredAccessoryManager
08-19 12:14:18.936 W/WiredAccessoryManager( 9317): This kernel does not have wired headset support
08-19 12:14:18.936 W/WiredAccessoryManager( 9317): This kernel does not have usb audio support
08-19 12:14:18.936 W/WiredAccessoryManager( 9317): This kernel does not have HDMI audio support
08-19 12:14:18.936 I/SystemServiceManager( 9317): Starting com.android.server.usb.UsbService$Lifecycle
08-19 12:14:18.937 I/SystemServer( 9317): StartSerialService
08-19 12:14:18.937 I/SystemServiceManager( 9317): Starting com.android.server.twilight.TwilightService
08-19 12:14:18.937 I/SystemServiceManager( 9317): Starting com.android.server.job.JobSchedulerService
08-19 12:14:18.939 I/SystemServiceManager( 9317): Starting com.android.server.soundtrigger.SoundTriggerService
08-19 12:14:18.939 I/SystemServiceManager( 9317): Starting com.android.server.backup.BackupManagerService$Lifecycle
08-19 12:14:18.939 I/SystemServiceManager( 9317): Starting com.android.server.appwidget.AppWidgetService
08-19 12:14:18.940 I/SystemServiceManager( 9317): Starting com.android.server.voiceinteraction.VoiceInteractionManagerService
08-19 12:14:18.941 I/SystemServer( 9317): Gesture Launcher Service
08-19 12:14:18.941 I/SystemServiceManager( 9317): Starting com.android.server.GestureLauncherService
08-19 12:14:18.941 I/SystemServiceManager( 9317): Starting com.android.server.SensorNotificationService
08-19 12:14:18.941 I/SystemServiceManager( 9317): Starting com.android.server.ContextHubSystemService
08-19 12:14:18.941 I/SystemServer( 9317): StartDiskStatsService
08-19 12:14:18.942 I/SystemServer( 9317): StartSamplingProfilerService
08-19 12:14:18.944 I/SystemServer( 9317): StartNetworkTimeUpdateService
08-19 12:14:18.945 I/SystemServer( 9317): StartCommonTimeManagementService
08-19 12:14:18.945 I/SystemServer( 9317): CertBlacklister
08-19 12:14:18.945 I/SystemServiceManager( 9317): Starting com.android.server.emergency.EmergencyAffordanceService
08-19 12:14:18.945 I/SystemServiceManager( 9317): Starting com.android.server.dreams.DreamManagerService
08-19 12:14:18.945 I/SystemServer( 9317): StartAssetAtlasService
08-19 12:14:18.946 I/SystemServiceManager( 9317): Starting com.android.server.restrictions.RestrictionsManagerService
08-19 12:14:18.946 I/SystemServiceManager( 9317): Starting com.android.server.media.MediaSessionService
08-19 12:14:18.947 I/SystemServer( 9317): StartMediaRouterService
08-19 12:14:18.948 I/SystemServiceManager( 9317): Starting com.android.server.trust.TrustManagerService
08-19 12:14:18.949 I/SystemServer( 9317): StartBackgroundDexOptService
08-19 12:14:18.949 I/SystemServiceManager( 9317): Starting com.android.server.pm.ShortcutService$Lifecycle
08-19 12:14:18.951 I/SystemServiceManager( 9317): Starting com.android.server.pm.LauncherAppsService
08-19 12:14:18.952 I/SystemServiceManager( 9317): Starting com.android.server.media.projection.MediaProjectionManagerService
08-19 12:14:18.955 I/SystemServiceManager( 9317): Starting com.android.server.MmsServiceBroker
08-19 12:14:18.963 E/LockSettingsStorage( 9317): Cannot read file java.io.FileNotFoundException: /data/system/gatekeeper.password.key: open failed: ENOENT (No such file or directory)
08-19 12:14:18.963 E/LockSettingsStorage( 9317): Cannot read file java.io.FileNotFoundException: /data/system/password.key: open failed: ENOENT (No such file or directory)
08-19 12:14:18.963 E/LockSettingsStorage( 9317): Cannot read file java.io.FileNotFoundException: /data/system/gatekeeper.pattern.key: open failed: ENOENT (No such file or directory)
08-19 12:14:18.963 E/LockSettingsStorage( 9317): Cannot read file java.io.FileNotFoundException: /data/system/gatekeeper.gesture.key: open failed: ENOENT (No such file or directory)
08-19 12:14:18.963 E/LockSettingsStorage( 9317): Cannot read file java.io.FileNotFoundException: /data/system/gesture.key: open failed: ENOENT (No such file or directory)
08-19 12:14:18.963 I/SystemServiceManager( 9317): Starting phase 480
08-19 12:14:18.964 W/DevicePolicyManagerService( 9317): Trying to set ro.device_owner, but it has already been set?
08-19 12:14:18.965 I/SystemServiceManager( 9317): Starting phase 500
08-19 12:14:18.968 I/WifiService( 9317): WifiService starting up with Wi-Fi enabled
08-19 12:14:18.972 W/ProcessCpuTracker( 9317): Skipping unknown process pid 7593
08-19 12:14:18.972 W/ProcessCpuTracker( 9317): Skipping unknown process pid 7601
08-19 12:14:18.973 W/ProcessCpuTracker( 9317): Skipping unknown process pid 7759
08-19 12:14:18.973 W/ProcessCpuTracker( 9317): Skipping unknown process pid 7765
08-19 12:14:18.973 W/ProcessCpuTracker( 9317): Skipping unknown process pid 7968
08-19 12:14:18.974 W/SoundTriggerHelper( 9317): listModules status=0, # of modules=0
08-19 12:14:18.978 I/ActivityManager( 9317): System now ready
08-19 12:14:18.979 W/KeyguardServiceDelegate( 9317): onScreenTurningOn(): no keyguard service!
08-19 12:14:18.980 I/SystemServer( 9317): Making services ready
08-19 12:14:18.980 I/SystemServiceManager( 9317): Starting phase 550
08-19 12:14:18.986 E/BluetoothManagerService( 9317): Fail to bind to: Intent { act=android.bluetooth.IBluetooth }
08-19 12:14:18.986 E/InputMethodManagerService( 9317): Ignoring updateSystemUiLocked due to an invalid token. uid:1000 token:null
08-19 12:14:18.990 E/BatteryStatsService( 9317): no controller energy info supplied
08-19 12:14:18.991 E/KernelUidCpuTimeReader( 9317): Failed to read uid_cputime: /proc/uid_cputime/show_uid_stat (Permission denied)
08-19 12:14:19.012 E/libprocessgroup( 9391): failed to open /acct/uid_10028/pid_9391/cgroup.procs: No such file or directory
08-19 12:14:19.013 I/ActivityManager( 9317): Start proc 9391:com.android.inputmethod.latin/u0a28 for service com.android.inputmethod.latin/.LatinIME
08-19 12:14:19.014 I/ActivityManager( 9317): Force stopping com.android.providers.media appid=10005 user=-1: vold reset
08-19 12:14:19.015 I/SystemServer( 9317): WebViewFactory preparation
08-19 12:14:19.017 E/BluetoothManagerService( 9317): Fail to bind to: Intent { act=android.bluetooth.IBluetoothHeadset }
08-19 12:14:19.017 W/BluetoothManagerService( 9317): Unable to bind with intent: Intent { act=android.bluetooth.IBluetoothHeadset }
08-19 12:14:19.035 E/libprocessgroup( 9426): failed to open /acct/uid_1037/pid_9426/cgroup.procs: No such file or directory
08-19 12:14:19.041 I/ActivityManager( 9317): Start proc 9426:WebViewLoader-armeabi-v7a/1037 [android.webkit.WebViewFactory$RelroFileCreator] for 
08-19 12:14:19.048 E/libprocessgroup( 9452): failed to open /acct/uid_1037/pid_9452/cgroup.procs: No such file or directory
08-19 12:14:19.051 I/ActivityManager( 9317): Start proc 9452:WebViewLoader-arm64-v8a/1037 [android.webkit.WebViewFactory$RelroFileCreator] for 
08-19 12:14:19.068 E/libprocessgroup( 9500): failed to open /acct/uid_10017/pid_9500/cgroup.procs: No such file or directory
08-19 12:14:19.068 I/ActivityManager( 9317): Start proc 9500:com.android.systemui/u0a17 for service com.android.systemui/.SystemUIService
08-19 12:14:19.068 I/NetworkManagement( 9317): not enabling bandwidth control
08-19 12:14:19.071 W/NetworkStats( 9317): bandwidth controls disabled, unable to track stats
08-19 12:14:19.071 W/NetworkPolicy( 9317): bandwidth controls disabled, unable to enforce policy
08-19 12:14:19.074 I/SystemServiceManager( 9317): Starting phase 600
08-19 12:14:19.081 E/lchsdkper( 9317): true isLauncherAvailable disable game,enable launcher isGameAvailable true
08-19 12:14:19.085 W/LocationManagerService( 9317): no network location provider found
08-19 12:14:19.085 E/LocationManagerService( 9317): no geocoder provider found
08-19 12:14:19.093 I/MmsServiceBroker( 9317): Delay connecting to MmsService until an API is called
08-19 12:14:19.093 W/CameraService_proxy( 9317): Could not notify mediaserver, camera service not available.
08-19 12:14:19.094 W/VoiceInteractionManagerService( 9317): no available voice interaction services found for user 0
08-19 12:14:19.094 W/VoiceInteractionManagerService( 9317): no available voice recognition services found for user 0
08-19 12:14:19.100 E/libprocessgroup( 9549): failed to open /acct/uid_1001/pid_9549/cgroup.procs: No such file or directory
08-19 12:14:19.105 I/ActivityManager( 9317): Start proc 9549:com.android.phone/1001 for added application com.android.phone
08-19 12:14:19.105 I/ActivityManager( 9317): START u0 {act=android.intent.action.MAIN cat=[android.intent.category.HOME] flg=0x10000100 cmp=com.android.settings/.FallbackHome} from uid 0 on display 0
08-19 12:14:19.107 I/ActivityManager( 9317): Loaded persisted task ids for user 0
08-19 12:14:19.115 E/libprocessgroup( 9594): failed to open /acct/uid_1000/pid_9594/cgroup.procs: No such file or directory
08-19 12:14:19.119 I/ActivityManager( 9317): Start proc 9594:com.android.settings/1000 for activity com.android.settings/.FallbackHome
08-19 12:14:19.138 E/ActivityThread( 9391): Failed to find provider info for user_dictionary
08-19 12:14:19.161 E/BluetoothManagerService( 9317): Fail to bind to: Intent { act=android.bluetooth.IBluetoothHeadset }
08-19 12:14:19.161 W/BluetoothManagerService( 9317): Unable to bind with intent: Intent { act=android.bluetooth.IBluetoothHeadset }
08-19 12:14:19.163 I/Telecom ( 9317): SystemStateProvider: Registering car mode receiver: android.content.IntentFilter@eb97242: TS.init@AAA
08-19 12:14:19.165 I/Telecom ( 9317): Telecom: Non-call EVENT: AUDIO_ROUTE, Entering state QuiescentEarpieceRoute
08-19 12:14:19.166 I/Telecom ( 9317): CallAudioModeStateMachine: Message received: null.: TS.init->CAMSM.pM_1@AAA_0
08-19 12:14:19.168 E/ActivityThread( 9317): Failed to find provider info for call_log
08-19 12:14:19.168 E/BluetoothManagerService( 9317): Fail to bind to: Intent { act=android.bluetooth.IBluetoothHeadset }
08-19 12:14:19.168 W/BluetoothManagerService( 9317): Unable to bind with intent: Intent { act=android.bluetooth.IBluetoothHeadset }
08-19 12:14:19.169 I/ActivityManager( 9317): user 0 is still locked. Cannot load recents
08-19 12:14:19.169 I/Telecom ( 9317): Class: TelecomSystem.INSTANCE being set
08-19 12:14:19.170 W/ContextImpl( 9317): Calling a method in the system process without a qualified user: android.app.ContextImpl.startService:1368 android.content.ContextWrapper.startService:613 com.android.server.telecom.components.TelecomService.initializeTelecomSystem:186 com.android.server.telecom.components.TelecomService.onBind:62 android.app.ActivityThread.handleBindService:3219 
08-19 12:14:19.170 W/ContextImpl( 9317): Calling a method in the system process without a qualified user: android.app.ContextImpl.startService:1368 com.android.server.content.SyncManager$13.run:658 android.os.Handler.handleCallback:751 android.os.Handler.dispatchMessage:95 android.os.Looper.loop:154 
08-19 12:14:19.208 W/KeyguardServiceDelegate( 9317): onScreenTurningOn(): no keyguard service!
08-19 12:14:19.212 W/SystemConfig( 9549): No directory /system/etc/sysconfig, skipping
08-19 12:14:19.219 I/Telecom ( 9317): WiredHeadsetManager: ACTION_HEADSET_PLUG event, plugged in: false, : WHC.oADA@AAE
08-19 12:14:19.220 E/ActivityThread( 9317): Failed to find provider info for com.android.calendar
08-19 12:14:19.220 I/ActivityManager( 9317): user 0 is still locked. Cannot load recents
08-19 12:14:19.221 I/SyncManager( 9317): Got SyncJobService instance.
08-19 12:14:19.222 E/ActivityThread( 9317): Failed to find provider info for com.android.calendar
08-19 12:14:19.230 E/BluetoothManagerService( 9317): Fail to bind to: Intent { act=android.bluetooth.IBluetoothHeadset }
08-19 12:14:19.230 W/BluetoothManagerService( 9317): Unable to bind with intent: Intent { act=android.bluetooth.IBluetoothHeadset }
08-19 12:14:19.252 I/StatusBarManagerService( 9317): registerStatusBar bar=com.android.internal.statusbar.IStatusBar$Stub$Proxy@d012f39
08-19 12:14:19.308 I/Telecom ( 9317): PhoneAccountRegistrar: New phone account registered: [[ ] PhoneAccount: ComponentInfo{com.android.phone/com.android.services.telephony.TelephonyConnectionService}, [e0184adedf913b076626646d3f52c3b49c39ad6d], UserHandle{0} Capabilities: CallProvider MultiUser PlaceEmerg SimSub  Audio Routes: BESW Schemes: tel voicemail  Extras: null GroupId: [da39a3ee5e6b4b0d3255bfef95601890afd80709]]: TSI.rPA@AAM
08-19 12:14:19.309 I/Telecom ( 9317): : Sending phone-account registered intent as user: TSI.rPA@AAM
08-19 12:14:19.311 I/Telecom ( 9317): : Sending phone-account unregistered intent as user: TSI.uPA@AAU
08-19 12:14:19.331 I/Telecom ( 9317): PhoneAccountRegistrar: [ComponentInfo{com.android.phone/com.android.services.telephony.TelephonyConnectionService}, [e0184adedf913b076626646d3f52c3b49c39ad6d], UserHandle{0}(icon: Icon(typ=BITMAP size=52x66) -> Icon(typ=BITMAP size=52x66))]: TSI.rPA@AAc
08-19 12:14:19.332 I/Telecom ( 9317): : Sending phone-account registered intent as user: TSI.rPA@AAc
08-19 12:14:19.345 I/Telecom ( 9317): PhoneAccountRegistrar: [ComponentInfo{com.android.phone/com.android.services.telephony.TelephonyConnectionService}, [e0184adedf913b076626646d3f52c3b49c39ad6d], UserHandle{0}(icon: Icon(typ=BITMAP size=52x66) -> Icon(typ=BITMAP size=52x66))(subAddr: tel:*********** -> tel:)]: TSI.rPA@AAk
08-19 12:14:19.346 I/Telecom ( 9317): : Sending phone-account registered intent as user: TSI.rPA@AAk
08-19 12:14:19.382 I/Telecom ( 9317): PhoneAccountRegistrar: [ComponentInfo{com.android.phone/com.android.services.telephony.TelephonyConnectionService}, [e0184adedf913b076626646d3f52c3b49c39ad6d], UserHandle{0}(icon: Icon(typ=BITMAP size=52x66) -> Icon(typ=BITMAP size=52x66))]: TSI.rPA@AA0
08-19 12:14:19.383 I/Telecom ( 9317): : Sending phone-account registered intent as user: TSI.rPA@AA0
08-19 12:14:19.396 I/Telecom ( 9317): PhoneAccountRegistrar: New phone account registered: [[ ] PhoneAccount: ComponentInfo{com.android.phone/com.android.services.telephony.TelephonyConnectionService}, [87215b15b7f8b917f4b004829c32e7a194150c11], UserHandle{0} Capabilities: CallProvider MultiUser PlaceEmerg SimSub  Audio Routes: BESW Schemes: tel voicemail  Extras: null GroupId: [da39a3ee5e6b4b0d3255bfef95601890afd80709]]: TSI.rPA@AA4
08-19 12:14:19.397 I/Telecom ( 9317): : Sending phone-account registered intent as user: TSI.rPA@AA4
08-19 12:14:19.400 I/Telecom ( 9317): : Sending phone-account unregistered intent as user: TSI.uPA@ABA
08-19 12:14:19.415 W/CameraService_proxy( 9317): Could not notify mediaserver, camera service not available.
08-19 12:14:19.415 I/CameraService_proxy( 9317): Could not notify camera service of user switch, retrying...
08-19 12:14:19.451 I/Telecom ( 9317): PhoneAccountRegistrar: [ComponentInfo{com.android.phone/com.android.services.telephony.TelephonyConnectionService}, [87215b15b7f8b917f4b004829c32e7a194150c11], UserHandle{0}(icon: Icon(typ=BITMAP size=52x66) -> Icon(typ=BITMAP size=52x66))]: TSI.rPA@ABI
08-19 12:14:19.452 I/Telecom ( 9317): : Sending phone-account registered intent as user: TSI.rPA@ABI
08-19 12:14:19.456 W/ActivityManager( 9317): Unable to start service Intent { act=android.service.carrier.CarrierService pkg=com.android.carrierconfig } U=0: not found
08-19 12:14:19.464 I/Telecom ( 9317): PhoneAccountRegistrar: SimCallManager queried, returning: null: TSI.gSCMFU@ABU
08-19 12:14:19.470 I/Telecom ( 9317): PhoneAccountRegistrar: [ComponentInfo{com.android.phone/com.android.services.telephony.TelephonyConnectionService}, [87215b15b7f8b917f4b004829c32e7a194150c11], UserHandle{0}(icon: Icon(typ=BITMAP size=52x66) -> Icon(typ=BITMAP size=52x66))]: TSI.rPA@ABY
08-19 12:14:19.471 I/Telecom ( 9317): : Sending phone-account registered intent as user: TSI.rPA@ABY
08-19 12:14:19.476 E/BatteryStatsService( 9317): no controller energy info supplied
08-19 12:14:19.478 E/KernelUidCpuTimeReader( 9317): Failed to read uid_cputime: /proc/uid_cputime/show_uid_stat (Permission denied)
08-19 12:14:19.485 I/Telecom ( 9317): PhoneAccountRegistrar: [ComponentInfo{com.android.phone/com.android.services.telephony.TelephonyConnectionService}, [87215b15b7f8b917f4b004829c32e7a194150c11], UserHandle{0}(icon: Icon(typ=BITMAP size=52x66) -> Icon(typ=BITMAP size=52x66))]: TSI.rPA@ABk
08-19 12:14:19.486 I/Telecom ( 9317): : Sending phone-account registered intent as user: TSI.rPA@ABk
08-19 12:14:19.487 W/WindowManager( 1783): removeWindowToken: Attempted to remove non-existing token: android.os.Binder@ba708d2
08-19 12:14:19.499 I/Telecom ( 9317): PhoneAccountRegistrar: [ComponentInfo{com.android.phone/com.android.services.telephony.TelephonyConnectionService}, [87215b15b7f8b917f4b004829c32e7a194150c11], UserHandle{0}(icon: Icon(typ=BITMAP size=52x66) -> Icon(typ=BITMAP size=52x66))]: TSI.rPA@ABw
08-19 12:14:19.499 I/Telecom ( 9317): : Sending phone-account registered intent as user: TSI.rPA@ABw
08-19 12:14:19.567 W/ActivityManager( 9317): Unable to mark boot complete for abi: armeabi-v7a (Failed to execute markbootcomplete [arm]: -1)
08-19 12:14:19.567 I/SystemServiceManager( 9317): Starting phase 1000
08-19 12:14:19.575 E/libprocessgroup( 9713): failed to open /acct/uid_10006/pid_9713/cgroup.procs: No such file or directory
08-19 12:14:19.578 I/ActivityManager( 9317): Start proc 9713:android.ext.services/u0a6 for on-hold
08-19 12:14:19.657 E/BluetoothManagerService( 9317): Fail to bind to: Intent { act=android.bluetooth.IBluetooth }
08-19 12:14:19.666 W/BackupManagerService( 9317): Proposed transport ComponentInfo{android/com.android.internal.backup.LocalTransportService} not whitelisted; ignoring
08-19 12:14:19.667 I/BackupManagerService( 9317): Backup enabled => false
08-19 12:14:19.671 W/VoiceInteractionManagerService( 9317): no available voice interaction services found for user 0
08-19 12:14:19.671 W/VoiceInteractionManagerService( 9317): no available voice recognition services found for user 0
08-19 12:14:19.682 W/ContextImpl( 9317): Calling a method in the system process without a qualified user: android.app.ContextImpl.startService:1368 android.content.ContextWrapper.startService:613 com.vmos.exsocket.rom.ExRomClient.connectExRomService:105 com.vmos.romex.ExRomServiceBooter.onReceive:17 android.app.ActivityThread.handleReceiver:3041 
08-19 12:14:19.684 I/ActivityManager( 9317): Start proc 9751:com.iflytek.inputmethod.oem/u0a35 for service com.iflytek.inputmethod.oem/com.iflytek.inputmethod.FlyIME
08-19 12:14:19.685 I/ActivityManager( 9317): Loading recents for user 0 into memory.
08-19 12:14:19.686 E/libprocessgroup( 9751): failed to open /acct/uid_10035/pid_9751/cgroup.procs: No such file or directory
08-19 12:14:19.688 W/ContextImpl( 9317): Calling a method in the system process without a qualified user: android.app.ContextImpl.bindService:1432 android.content.ContextWrapper.bindService:636 com.vmos.exsocket.rom.ExRomClient.connectExRomService:110 com.vmos.romex.ExRomServiceBooter.onReceive:17 android.app.ActivityThread.handleReceiver:3041 
08-19 12:14:19.694 I/BackupManagerService( 9317): Found stale backup journal, scheduling
08-19 12:14:19.697 E/libprocessgroup( 9782): failed to open /acct/uid_10005/pid_9782/cgroup.procs: No such file or directory
08-19 12:14:19.700 I/ActivityManager( 9317): Start proc 9782:android.process.media/u0a5 for broadcast com.android.providers.downloads/.DownloadReceiver
08-19 12:14:19.702 I/ActivityManager( 9317): START u0 {act=android.intent.action.MAIN cat=[android.intent.category.HOME] flg=0x10000100 cmp=com.android.launcher3/.Launcher} from uid 0 on display 0
08-19 12:14:19.713 E/libprocessgroup( 9812): failed to open /acct/uid_1000/pid_9812/cgroup.procs: No such file or directory
08-19 12:14:19.717 I/ActivityManager( 9317): Start proc 9812:com.android.launcher3/1000 for activity com.android.launcher3/.Launcher
08-19 12:14:19.740 E/libprocessgroup( 9855): failed to open /acct/uid_1000/pid_9855/cgroup.procs: No such file or directory
08-19 12:14:19.744 I/ActivityManager( 9317): Start proc 9855:com.android.keychain/1000 for service com.android.keychain/.KeyChainService
08-19 12:14:19.757 E/ConnectivityService( 9317): Exception in addRoute for non-gateway: java.lang.IllegalStateException: command '23 network route add 100 wlan0 192.168.43.0/24' failed with '400 23 addRoute() failed (Permission denied)'
08-19 12:14:19.759 E/ConnectivityService( 9317): Exception in addRoute for gateway: java.lang.IllegalStateException: command '24 network route add 100 wlan0 0.0.0.0/0 192.168.43.1' failed with '400 24 addRoute() failed (Permission denied)'
08-19 12:14:19.775 E/ConnectivityService( 9317): Exception in setupDataActivityTracking java.lang.IllegalStateException: command '25 idletimer add wlan0 15 1' failed with '400 25 Failed to add interface'
08-19 12:14:19.777 E/ConnectivityService( 9317): Can't set TCP buffer sizes:java.io.FileNotFoundException: /sys/kernel/ipv4/tcp_rmem_min (Permission denied)
08-19 12:14:19.781 E/libprocessgroup( 9895): failed to open /acct/uid_10035/pid_9895/cgroup.procs: No such file or directory
08-19 12:14:19.784 I/ActivityManager( 9317): Start proc 9895:com.iflytek.inputmethod.assist/u0a35 for broadcast com.iflytek.inputmethod.oem/com.iflytek.inputmethod.multiprocess.AssistReceiver
08-19 12:14:20.113 E/BootReceiver( 9317): Error reading /data/system/last-header.txt
08-19 12:14:20.113 E/BootReceiver( 9317): java.io.FileNotFoundException: /data/system/last-header.txt (No such file or directory)
08-19 12:14:20.113 E/BootReceiver( 9317): 	at java.io.FileInputStream.open(Native Method)
08-19 12:14:20.113 E/BootReceiver( 9317): 	at java.io.FileInputStream.<init>(FileInputStream.java:146)
08-19 12:14:20.113 E/BootReceiver( 9317): 	at android.os.FileUtils.readTextFile(FileUtils.java:263)
08-19 12:14:20.113 E/BootReceiver( 9317): 	at com.android.server.BootReceiver.getPreviousBootHeaders(BootReceiver.java:121)
08-19 12:14:20.113 E/BootReceiver( 9317): 	at com.android.server.BootReceiver.getBootHeadersToLogAndUpdate(BootReceiver.java:143)
08-19 12:14:20.113 E/BootReceiver( 9317): 	at com.android.server.BootReceiver.logBootEvents(BootReceiver.java:163)
08-19 12:14:20.113 E/BootReceiver( 9317): 	at com.android.server.BootReceiver.-wrap2(BootReceiver.java)
08-19 12:14:20.113 E/BootReceiver( 9317): 	at com.android.server.BootReceiver$1.run(BootReceiver.java:93)
08-19 12:14:20.114 E/BootReceiver( 9317): Can't log boot events
08-19 12:14:20.114 E/BootReceiver( 9317): java.io.FileNotFoundException: /proc/version (Permission denied)
08-19 12:14:20.114 E/BootReceiver( 9317): 	at java.io.FileInputStream.open(Native Method)
08-19 12:14:20.114 E/BootReceiver( 9317): 	at java.io.FileInputStream.<init>(FileInputStream.java:146)
08-19 12:14:20.114 E/BootReceiver( 9317): 	at android.os.FileUtils.readTextFile(FileUtils.java:263)
08-19 12:14:20.114 E/BootReceiver( 9317): 	at com.android.server.BootReceiver.getCurrentBootHeaders(BootReceiver.java:137)
08-19 12:14:20.114 E/BootReceiver( 9317): 	at com.android.server.BootReceiver.getBootHeadersToLogAndUpdate(BootReceiver.java:144)
08-19 12:14:20.114 E/BootReceiver( 9317): 	at com.android.server.BootReceiver.logBootEvents(BootReceiver.java:163)
08-19 12:14:20.114 E/BootReceiver( 9317): 	at com.android.server.BootReceiver.-wrap2(BootReceiver.java)
08-19 12:14:20.114 E/BootReceiver( 9317): 	at com.android.server.BootReceiver$1.run(BootReceiver.java:93)
08-19 12:14:20.116 W/ActivityManager( 9317): Unable to start service Intent { act=android.service.carrier.CarrierService pkg=com.android.carrierconfig } U=0: not found
08-19 12:14:20.131 I/ActivityManager( 9317): Start proc 9964:com.android.managedprovisioning/u0a8 for broadcast com.android.managedprovisioning/.BootReminder
08-19 12:14:20.137 I/Telecom ( 9317): PhoneAccountRegistrar: SimCallManager queried, returning: null: TSI.gSCMFU@AB4
08-19 12:14:20.139 E/libprocessgroup( 9964): failed to open /acct/uid_10008/pid_9964/cgroup.procs: No such file or directory
08-19 12:14:20.170 E/libprocessgroup( 9994): failed to open /acct/uid_10010/pid_9994/cgroup.procs: No such file or directory
08-19 12:14:20.172 I/ActivityManager( 9317): Start proc 9994:com.android.onetimeinitializer/u0a10 for broadcast com.android.onetimeinitializer/.OneTimeInitializerReceiver
08-19 12:14:20.199 E/ActivityThread( 9549): Failed to find provider info for com.android.voicemail
08-19 12:14:20.214 E/ActivityThread( 9549): Failed to find provider info for com.android.voicemail
08-19 12:14:20.756 E/ConnectivityService( 9317): Can't set TCP buffer sizes:java.io.FileNotFoundException: /sys/kernel/ipv4/tcp_rmem_min (Permission denied)
08-19 12:14:21.059 I/ActivityManager( 9317): Setting hasTopUi=true for pid=9500
08-19 12:14:21.126 W/WindowManager( 9317): App freeze timeout expired.
08-19 12:14:22.260 F/libc    ( 9317): invalid pthread_t 0x74a7b18d00 passed to pthread_join
08-19 12:14:23.459 I/ProcessManager( 1783): freeMemory: 6622592 cameraThreshold: 2621440
08-19 12:14:23.492 W/VibratorManagementImpl( 1783): onCameraUnavailable with id0
08-19 12:14:23.512 W/VibratorManagementImpl( 1783): onCameraAvailable with id0
08-19 12:14:23.512 W/VibratorManagementImpl( 1783): remove from mCameraUnAvailableSet
08-19 12:14:23.515 I/ProcessManager( 1783): freeMemory: 6617124 cameraThreshold: 2621440
08-19 12:14:23.522 W/VibratorManagementImpl( 1783): onCameraUnavailable with id1
08-19 12:14:23.540 W/VibratorManagementImpl( 1783): onCameraAvailable with id1
08-19 12:14:23.540 W/VibratorManagementImpl( 1783): remove from mCameraUnAvailableSet
08-19 12:14:23.718 I/InstallerConnection(10152): connecting...
08-19 12:14:23.720 I/InstallerConnection(10152): disconnecting...
08-19 12:14:23.732 I/SystemServer(10152): Entered the Android system server!
08-19 12:14:23.743 I/SystemServiceManager(10152): Starting com.android.server.pm.Installer
08-19 12:14:23.744 I/Installer(10152): Waiting for installd to be ready.
08-19 12:14:23.744 I/InstallerConnection(10152): connecting...
08-19 12:14:23.744 I/SystemServiceManager(10152): Starting com.android.server.am.ActivityManagerService$Lifecycle
08-19 12:14:23.746 I/ActivityManager(10152): Memory class: 256
08-19 12:14:23.766 I/IntentFirewall(10152): Read new rules (A:0 B:0 S:0)
08-19 12:14:23.769 I/SystemServiceManager(10152): Starting com.android.server.power.PowerManagerService
08-19 12:14:23.770 I/SystemServiceManager(10152): Starting com.android.server.lights.LightsService
08-19 12:14:23.770 I/SystemServiceManager(10152): Starting com.android.server.display.DisplayManagerService
08-19 12:14:23.771 I/SystemServiceManager(10152): Starting phase 100
08-19 12:14:23.772 I/DisplayManagerService(10152): Display device added: DisplayDeviceInfo{"内置屏幕": uniqueId="local:0", 1080 x 2400, modeId 1, defaultModeId 1, supportedModes [{id=1, width=1080, height=2400, fps=60.000004}], colorMode 0, supportedColorModes [0], HdrCapabilities android.view.Display$HdrCapabilities@a69d6308, density 440, 159.89508 x 160.42105 dpi, appVsyncOff 1000000, presDeadline 16666666, touch INTERNAL, rotation 0, type BUILT_IN, state UNKNOWN, FLAG_DEFAULT_DISPLAY, FLAG_ROTATES_WITH_CONTENT, FLAG_SECURE, FLAG_SUPPORTS_PROTECTED_BUFFERS}
08-19 12:14:23.772 I/SystemServer(10152): StartPackageManagerService
08-19 12:14:23.772 I/DisplayManagerService(10152): Display device changed state: "内置屏幕", ON
08-19 12:14:23.775 W/SystemConfig(10152): No directory /system/etc/sysconfig, skipping
08-19 12:14:23.796 W/PackageManager(10152): Library not found: /system/framework/org.apache.http.legacy.jar
08-19 12:14:23.798 W/PackageManager(10152): Library not found: /system/framework/org.apache.http.legacy.jar
08-19 12:14:23.799 W/PackageManager(10152): Failed to parse /system/framework/arm: Missing base APK in /system/framework/arm
08-19 12:14:23.800 W/PackageManager(10152): Failed to parse /system/framework/arm64: Missing base APK in /system/framework/arm64
08-19 12:14:23.800 W/PackageManager(10152): Failed to parse /system/framework/oat: Missing base APK in /system/framework/oat
08-19 12:14:23.813 W/PackageManager(10152): Permission android.permission.DOWNLOAD_WITHOUT_NOTIFICATION from package com.android.providers.downloads in an unknown group android.permission-group.NETWORK
08-19 12:14:23.826 W/PackageParser(10152): Ignoring duplicate uses-permissions/uses-permissions-sdk-m: android.permission.USE_CREDENTIALS in package: com.android.settings at: Binary XML file line #56
08-19 12:14:23.826 W/PackageParser(10152): Ignoring duplicate uses-permissions/uses-permissions-sdk-m: android.permission.READ_SYNC_SETTINGS in package: com.android.settings at: Binary XML file line #61
08-19 12:14:23.826 W/PackageParser(10152): Ignoring duplicate uses-permissions/uses-permissions-sdk-m: android.permission.WRITE_SYNC_SETTINGS in package: com.android.settings at: Binary XML file line #62
