08-19 12:13:02.379 W/PackageManager( 8244): Unknown permission android.permission.BROADCAST_PACKAGE_INSTALL in package com.iflytek.inputmethod.oem
08-19 12:13:02.379 W/PackageManager( 8244): Unknown permission android.permission.BROADCAST_PACKAGE_REPLACED in package com.iflytek.inputmethod.oem
08-19 12:13:02.379 W/PackageManager( 8244): Not granting permission android.permission.READ_LOGS to package com.iflytek.inputmethod.oem (protectionLevel=50 flags=0x38483e45)
08-19 12:13:02.379 W/PackageManager( 8244): Unknown permission android.permission.RECEIVE_USER_PRESENT in package com.iflytek.inputmethod.oem
08-19 12:13:02.379 W/PackageManager( 8244): Unknown permission com.sec.android.provider.badge.permission.READ in package com.iflytek.inputmethod.oem
08-19 12:13:02.379 W/PackageManager( 8244): Unknown permission com.sec.android.provider.badge.permission.WRITE in package com.iflytek.inputmethod.oem
08-19 12:13:02.379 W/PackageManager( 8244): Unknown permission com.huawei.android.launcher.permission.CHANGE_BADGE in package com.iflytek.inputmethod.oem
08-19 12:13:02.379 W/PackageManager( 8244): Unknown permission com.htc.launcher.permission.READ_SETTINGS in package com.iflytek.inputmethod.oem
08-19 12:13:02.379 W/PackageManager( 8244): Unknown permission com.htc.launcher.permission.UPDATE_SHORTCUT in package com.iflytek.inputmethod.oem
08-19 12:13:02.379 W/PackageManager( 8244): Unknown permission com.sonyericsson.home.permission.BROADCAST_BADGE in package com.iflytek.inputmethod.oem
08-19 12:13:02.379 W/PackageManager( 8244): Unknown permission com.sonymobile.home.permission.PROVIDER_INSERT_BADGE in package com.iflytek.inputmethod.oem
08-19 12:13:02.379 W/PackageManager( 8244): Unknown permission android.permission.READ_APP_BADGE in package com.iflytek.inputmethod.oem
08-19 12:13:02.379 W/PackageManager( 8244): Not granting permission android.permission.CHANGE_CONFIGURATION to package com.iflytek.inputmethod.oem (protectionLevel=50 flags=0x38483e45)
08-19 12:13:02.383 I/SystemServiceManager( 8244): Starting com.android.server.DeviceIdleController
08-19 12:13:02.392 W/MountService( 8244): No primary storage mounted!
08-19 12:13:02.392 I/SystemServiceManager( 8244): Starting com.android.server.devicepolicy.DevicePolicyManagerService$Lifecycle
08-19 12:13:02.395 I/SystemServer( 8244): StartStatusBarManagerService
08-19 12:13:02.395 I/SystemServer( 8244): StartClipboardService
08-19 12:13:02.396 I/SystemServer( 8244): StartNetworkManagementService
08-19 12:13:02.397 I/NetworkManagement( 8244): onDaemonConnected()
08-19 12:13:02.399 I/SystemServiceManager( 8244): Starting com.android.server.TextServicesManagerService$Lifecycle
08-19 12:13:02.400 I/SystemServer( 8244): StartNetworkScoreService
08-19 12:13:02.401 I/SystemServer( 8244): StartNetworkStatsService
08-19 12:13:02.404 I/SystemServer( 8244): StartNetworkPolicyManagerService
08-19 12:13:02.406 I/SystemServer( 8244): No Wi-Fi NAN Service (NAN support Not Present)
08-19 12:13:02.413 I/SystemServiceManager( 8244): Starting com.android.server.wifi.p2p.WifiP2pService
08-19 12:13:02.426 I/SystemServiceManager( 8244): Starting com.android.server.wifi.WifiService
08-19 12:13:02.454 I/SystemServiceManager( 8244): Starting com.android.server.wifi.scanner.WifiScanningService
08-19 12:13:02.455 I/SystemServiceManager( 8244): Starting com.android.server.wifi.RttService
08-19 12:13:02.456 I/SystemServiceManager( 8244): Starting com.android.server.ethernet.EthernetService
08-19 12:13:02.457 I/SystemServer( 8244): StartConnectivityService
08-19 12:13:02.465 I/SystemServer( 8244): StartNsdService
08-19 12:13:02.466 I/SystemServer( 8244): StartUpdateLockService
08-19 12:13:02.467 I/SystemServiceManager( 8244): Starting com.android.server.RecoverySystemService
08-19 12:13:02.469 I/SystemServiceManager( 8244): Starting com.android.server.notification.NotificationManagerService
08-19 12:13:02.480 I/SystemServiceManager( 8244): Starting com.android.server.storage.DeviceStorageMonitorService
08-19 12:13:02.481 I/SystemServer( 8244): StartLocationManagerService
08-19 12:13:02.484 I/SystemServer( 8244): StartCountryDetectorService
08-19 12:13:02.484 I/SystemServer( 8244): StartSearchManagerService
08-19 12:13:02.484 I/SystemServiceManager( 8244): Starting com.android.server.search.SearchManagerService$Lifecycle
08-19 12:13:02.485 I/SystemServiceManager( 8244): Starting com.android.server.DropBoxManagerService
08-19 12:13:02.485 I/SystemServer( 8244): StartWallpaperManagerService
08-19 12:13:02.485 I/SystemServiceManager( 8244): Starting com.android.server.wallpaper.WallpaperManagerService$Lifecycle
08-19 12:13:02.488 I/SystemServer( 8244): StartAudioService
08-19 12:13:02.488 I/SystemServiceManager( 8244): Starting com.android.server.audio.AudioService$Lifecycle
08-19 12:13:02.498 I/SystemServiceManager( 8244): Starting com.android.server.DockObserver
08-19 12:13:02.498 W/DockObserver( 8244): This kernel does not have dock station support
08-19 12:13:02.498 I/SystemServer( 8244): StartWiredAccessoryManager
08-19 12:13:02.499 W/WiredAccessoryManager( 8244): This kernel does not have wired headset support
08-19 12:13:02.499 W/WiredAccessoryManager( 8244): This kernel does not have usb audio support
08-19 12:13:02.499 W/WiredAccessoryManager( 8244): This kernel does not have HDMI audio support
08-19 12:13:02.499 I/SystemServiceManager( 8244): Starting com.android.server.usb.UsbService$Lifecycle
08-19 12:13:02.502 I/SystemServer( 8244): StartSerialService
08-19 12:13:02.503 I/SystemServiceManager( 8244): Starting com.android.server.twilight.TwilightService
08-19 12:13:02.503 I/SystemServiceManager( 8244): Starting com.android.server.job.JobSchedulerService
08-19 12:13:02.506 I/SystemServiceManager( 8244): Starting com.android.server.soundtrigger.SoundTriggerService
08-19 12:13:02.507 I/SystemServiceManager( 8244): Starting com.android.server.backup.BackupManagerService$Lifecycle
08-19 12:13:02.508 I/SystemServiceManager( 8244): Starting com.android.server.appwidget.AppWidgetService
08-19 12:13:02.511 I/SystemServiceManager( 8244): Starting com.android.server.voiceinteraction.VoiceInteractionManagerService
08-19 12:13:02.512 I/SystemServer( 8244): Gesture Launcher Service
08-19 12:13:02.512 I/SystemServiceManager( 8244): Starting com.android.server.GestureLauncherService
08-19 12:13:02.512 I/SystemServiceManager( 8244): Starting com.android.server.SensorNotificationService
08-19 12:13:02.512 I/SystemServiceManager( 8244): Starting com.android.server.ContextHubSystemService
08-19 12:13:02.513 I/SystemServer( 8244): StartDiskStatsService
08-19 12:13:02.514 I/SystemServer( 8244): StartSamplingProfilerService
08-19 12:13:02.518 I/SystemServer( 8244): StartNetworkTimeUpdateService
08-19 12:13:02.518 I/SystemServer( 8244): StartCommonTimeManagementService
08-19 12:13:02.518 I/SystemServer( 8244): CertBlacklister
08-19 12:13:02.519 I/SystemServiceManager( 8244): Starting com.android.server.emergency.EmergencyAffordanceService
08-19 12:13:02.519 I/SystemServiceManager( 8244): Starting com.android.server.dreams.DreamManagerService
08-19 12:13:02.520 I/SystemServer( 8244): StartAssetAtlasService
08-19 12:13:02.521 I/SystemServiceManager( 8244): Starting com.android.server.restrictions.RestrictionsManagerService
08-19 12:13:02.522 I/SystemServiceManager( 8244): Starting com.android.server.media.MediaSessionService
08-19 12:13:02.523 I/SystemServer( 8244): StartMediaRouterService
08-19 12:13:02.524 I/SystemServiceManager( 8244): Starting com.android.server.trust.TrustManagerService
08-19 12:13:02.524 I/SystemServer( 8244): StartBackgroundDexOptService
08-19 12:13:02.524 I/SystemServiceManager( 8244): Starting com.android.server.pm.ShortcutService$Lifecycle
08-19 12:13:02.526 I/SystemServiceManager( 8244): Starting com.android.server.pm.LauncherAppsService
08-19 12:13:02.527 I/SystemServiceManager( 8244): Starting com.android.server.media.projection.MediaProjectionManagerService
08-19 12:13:02.530 I/SystemServiceManager( 8244): Starting com.android.server.MmsServiceBroker
08-19 12:13:02.551 E/LockSettingsStorage( 8244): Cannot read file java.io.FileNotFoundException: /data/system/gatekeeper.password.key: open failed: ENOENT (No such file or directory)
08-19 12:13:02.552 E/LockSettingsStorage( 8244): Cannot read file java.io.FileNotFoundException: /data/system/password.key: open failed: ENOENT (No such file or directory)
08-19 12:13:02.552 E/LockSettingsStorage( 8244): Cannot read file java.io.FileNotFoundException: /data/system/gatekeeper.pattern.key: open failed: ENOENT (No such file or directory)
08-19 12:13:02.552 E/LockSettingsStorage( 8244): Cannot read file java.io.FileNotFoundException: /data/system/gatekeeper.gesture.key: open failed: ENOENT (No such file or directory)
08-19 12:13:02.552 E/LockSettingsStorage( 8244): Cannot read file java.io.FileNotFoundException: /data/system/gesture.key: open failed: ENOENT (No such file or directory)
08-19 12:13:02.552 I/SystemServiceManager( 8244): Starting phase 480
08-19 12:13:02.556 I/DevicePolicyManagerService( 8244): Set ro.device_owner property to false
08-19 12:13:02.558 I/SystemServiceManager( 8244): Starting phase 500
08-19 12:13:02.563 I/WifiService( 8244): WifiService starting up with Wi-Fi enabled
08-19 12:13:02.568 W/ProcessCpuTracker( 8244): Skipping unknown process pid 7593
08-19 12:13:02.568 W/ProcessCpuTracker( 8244): Skipping unknown process pid 7601
08-19 12:13:02.568 W/ProcessCpuTracker( 8244): Skipping unknown process pid 7759
08-19 12:13:02.569 W/ProcessCpuTracker( 8244): Skipping unknown process pid 7765
08-19 12:13:02.569 W/ProcessCpuTracker( 8244): Skipping unknown process pid 7968
08-19 12:13:02.574 W/SoundTriggerHelper( 8244): listModules status=0, # of modules=0
08-19 12:13:02.582 W/KeyguardServiceDelegate( 8244): onScreenTurningOn(): no keyguard service!
08-19 12:13:02.582 I/ActivityManager( 8244): System now ready
08-19 12:13:02.584 I/SystemServer( 8244): Making services ready
08-19 12:13:02.584 I/SystemServiceManager( 8244): Starting phase 550
08-19 12:13:02.590 E/BatteryStatsService( 8244): no controller energy info supplied
08-19 12:13:02.591 E/KernelUidCpuTimeReader( 8244): Failed to read uid_cputime: /proc/uid_cputime/show_uid_stat (Permission denied)
08-19 12:13:02.594 E/BluetoothManagerService( 8244): Fail to bind to: Intent { act=android.bluetooth.IBluetooth }
08-19 12:13:02.594 E/InputMethodManagerService( 8244): Ignoring updateSystemUiLocked due to an invalid token. uid:1000 token:null
08-19 12:13:02.619 E/libprocessgroup( 8470): failed to open /acct/uid_10028/pid_8470/cgroup.procs: No such file or directory
08-19 12:13:02.624 I/ActivityManager( 8244): Start proc 8470:com.android.inputmethod.latin/u0a28 for service com.android.inputmethod.latin/.LatinIME
08-19 12:13:02.626 I/ActivityManager( 8244): Force stopping com.android.providers.media appid=10005 user=-1: vold reset
08-19 12:13:02.627 I/SystemServer( 8244): WebViewFactory preparation
08-19 12:13:02.628 E/BluetoothManagerService( 8244): Fail to bind to: Intent { act=android.bluetooth.IBluetoothHeadset }
08-19 12:13:02.628 W/BluetoothManagerService( 8244): Unable to bind with intent: Intent { act=android.bluetooth.IBluetoothHeadset }
08-19 12:13:02.666 I/ActivityManager( 8244): Start proc 8502:WebViewLoader-armeabi-v7a/1037 [android.webkit.WebViewFactory$RelroFileCreator] for 
08-19 12:13:02.667 E/libprocessgroup( 8502): failed to open /acct/uid_1037/pid_8502/cgroup.procs: No such file or directory
08-19 12:13:02.676 I/ActivityManager( 8244): Start proc 8513:WebViewLoader-arm64-v8a/1037 [android.webkit.WebViewFactory$RelroFileCreator] for 
08-19 12:13:02.677 E/libprocessgroup( 8513): failed to open /acct/uid_1037/pid_8513/cgroup.procs: No such file or directory
08-19 12:13:02.686 E/libprocessgroup( 8531): failed to open /acct/uid_10017/pid_8531/cgroup.procs: No such file or directory
08-19 12:13:02.690 I/ActivityManager( 8244): Start proc 8531:com.android.systemui/u0a17 for service com.android.systemui/.SystemUIService
08-19 12:13:02.690 I/NetworkManagement( 8244): not enabling bandwidth control
08-19 12:13:02.696 W/NetworkStats( 8244): bandwidth controls disabled, unable to track stats
08-19 12:13:02.696 W/NetworkPolicy( 8244): bandwidth controls disabled, unable to enforce policy
08-19 12:13:02.704 I/SystemServiceManager( 8244): Starting phase 600
08-19 12:13:02.711 E/lchsdkper( 8244): true isLauncherAvailable disable game,enable launcher isGameAvailable true
08-19 12:13:02.718 W/LocationManagerService( 8244): no network location provider found
08-19 12:13:02.719 E/LocationManagerService( 8244): no geocoder provider found
08-19 12:13:02.727 I/MmsServiceBroker( 8244): Delay connecting to MmsService until an API is called
08-19 12:13:02.728 W/VoiceInteractionManagerService( 8244): no available voice interaction services found for user 0
08-19 12:13:02.728 W/VoiceInteractionManagerService( 8244): no available voice recognition services found for user 0
08-19 12:13:02.738 E/libprocessgroup( 8573): failed to open /acct/uid_1001/pid_8573/cgroup.procs: No such file or directory
08-19 12:13:02.739 I/ActivityManager( 8244): Start proc 8573:com.android.phone/1001 for added application com.android.phone
08-19 12:13:02.740 I/ActivityManager( 8244): START u0 {act=android.intent.action.MAIN cat=[android.intent.category.HOME] flg=0x10000100 cmp=com.android.settings/.FallbackHome} from uid 0 on display 0
08-19 12:13:02.744 I/ActivityManager( 8244): Loaded persisted task ids for user 0
08-19 12:13:02.757 I/ActivityManager( 8244): Start proc 8605:com.android.settings/1000 for activity com.android.settings/.FallbackHome
08-19 12:13:02.757 E/libprocessgroup( 8605): failed to open /acct/uid_1000/pid_8605/cgroup.procs: No such file or directory
08-19 12:13:02.781 E/ActivityThread( 8470): Failed to find provider info for user_dictionary
08-19 12:13:02.786 E/BluetoothManagerService( 8244): Fail to bind to: Intent { act=android.bluetooth.IBluetoothHeadset }
08-19 12:13:02.786 W/BluetoothManagerService( 8244): Unable to bind with intent: Intent { act=android.bluetooth.IBluetoothHeadset }
08-19 12:13:02.793 I/Telecom ( 8244): SystemStateProvider: Registering car mode receiver: android.content.IntentFilter@a247dd1: TS.init@AAA
08-19 12:13:02.799 I/Telecom ( 8244): Telecom: Non-call EVENT: AUDIO_ROUTE, Entering state QuiescentEarpieceRoute
08-19 12:13:02.801 I/Telecom ( 8244): CallAudioModeStateMachine: Message received: null.: TS.init->CAMSM.pM_1@AAA_0
08-19 12:13:02.803 E/ActivityThread( 8244): Failed to find provider info for call_log
08-19 12:13:02.803 E/BluetoothManagerService( 8244): Fail to bind to: Intent { act=android.bluetooth.IBluetoothHeadset }
08-19 12:13:02.803 W/BluetoothManagerService( 8244): Unable to bind with intent: Intent { act=android.bluetooth.IBluetoothHeadset }
08-19 12:13:02.806 I/Telecom ( 8244): Class: TelecomSystem.INSTANCE being set
08-19 12:13:02.806 W/ContextImpl( 8244): Calling a method in the system process without a qualified user: android.app.ContextImpl.startService:1368 android.content.ContextWrapper.startService:613 com.android.server.telecom.components.TelecomService.initializeTelecomSystem:186 com.android.server.telecom.components.TelecomService.onBind:62 android.app.ActivityThread.handleBindService:3219 
08-19 12:13:02.807 W/ContextImpl( 8244): Calling a method in the system process without a qualified user: android.app.ContextImpl.startService:1368 com.android.server.content.SyncManager$13.run:658 android.os.Handler.handleCallback:751 android.os.Handler.dispatchMessage:95 android.os.Looper.loop:154 
08-19 12:13:02.845 I/Telecom ( 8244): WiredHeadsetManager: ACTION_HEADSET_PLUG event, plugged in: false, : WHC.oADA@AAE
08-19 12:13:02.846 E/ActivityThread( 8244): Failed to find provider info for com.android.calendar
08-19 12:13:02.846 E/ActivityThread( 8244): Failed to find provider info for com.android.calendar
08-19 12:13:02.846 I/ActivityManager( 8244): user 0 is still locked. Cannot load recents
08-19 12:13:02.848 I/SyncManager( 8244): Got SyncJobService instance.
08-19 12:13:02.894 W/SystemConfig( 8573): No directory /system/etc/sysconfig, skipping
08-19 12:13:02.904 W/KeyguardServiceDelegate( 8244): onScreenTurningOn(): no keyguard service!
08-19 12:13:02.916 E/BluetoothManagerService( 8244): Fail to bind to: Intent { act=android.bluetooth.IBluetoothHeadset }
08-19 12:13:02.916 W/BluetoothManagerService( 8244): Unable to bind with intent: Intent { act=android.bluetooth.IBluetoothHeadset }
08-19 12:13:02.922 I/StatusBarManagerService( 8244): registerStatusBar bar=com.android.internal.statusbar.IStatusBar$Stub$Proxy@2e3ee80
08-19 12:13:02.994 I/WifiService( 8244): WifiService trying to set country code to cn with persist set to false
08-19 12:13:03.018 I/Telecom ( 8244): PhoneAccountRegistrar: [ComponentInfo{com.android.phone/com.android.services.telephony.TelephonyConnectionService}, [e0184adedf913b076626646d3f52c3b49c39ad6d], UserHandle{0}(icon: Icon(typ=BITMAP size=52x66) -> Icon(typ=BITMAP size=52x66))]: TSI.rPA@AAM
08-19 12:13:03.019 I/Telecom ( 8244): : Sending phone-account registered intent as user: TSI.rPA@AAM
08-19 12:13:03.057 I/Telecom ( 8244): PhoneAccountRegistrar: [ComponentInfo{com.android.phone/com.android.services.telephony.TelephonyConnectionService}, [e0184adedf913b076626646d3f52c3b49c39ad6d], UserHandle{0}(icon: Icon(typ=BITMAP size=52x66) -> Icon(typ=BITMAP size=52x66))]: TSI.rPA@AAY
08-19 12:13:03.058 I/Telecom ( 8244): : Sending phone-account registered intent as user: TSI.rPA@AAY
08-19 12:13:03.074 E/BatteryStatsService( 8244): no controller energy info supplied
08-19 12:13:03.074 E/KernelUidCpuTimeReader( 8244): Failed to read uid_cputime: /proc/uid_cputime/show_uid_stat (Permission denied)
08-19 12:13:03.090 I/Telecom ( 8244): PhoneAccountRegistrar: [ComponentInfo{com.android.phone/com.android.services.telephony.TelephonyConnectionService}, [e0184adedf913b076626646d3f52c3b49c39ad6d], UserHandle{0}(icon: Icon(typ=BITMAP size=52x66) -> Icon(typ=BITMAP size=52x66))(subAddr: tel:*********** -> tel:)]: TSI.rPA@AAk
08-19 12:13:03.091 I/Telecom ( 8244): : Sending phone-account registered intent as user: TSI.rPA@AAk
08-19 12:13:03.149 I/Telecom ( 8244): PhoneAccountRegistrar: [ComponentInfo{com.android.phone/com.android.services.telephony.TelephonyConnectionService}, [e0184adedf913b076626646d3f52c3b49c39ad6d], UserHandle{0}(icon: Icon(typ=BITMAP size=52x66) -> Icon(typ=BITMAP size=52x66))]: TSI.rPA@AAw
08-19 12:13:03.150 I/Telecom ( 8244): : Sending phone-account registered intent as user: TSI.rPA@AAw
08-19 12:13:03.177 I/Telecom ( 8244): PhoneAccountRegistrar: New phone account registered: [[ ] PhoneAccount: ComponentInfo{com.android.phone/com.android.services.telephony.TelephonyConnectionService}, [87215b15b7f8b917f4b004829c32e7a194150c11], UserHandle{0} Capabilities: CallProvider MultiUser PlaceEmerg SimSub  Audio Routes: BESW Schemes: tel voicemail  Extras: null GroupId: [da39a3ee5e6b4b0d3255bfef95601890afd80709]]: TSI.rPA@AA0
08-19 12:13:03.178 I/Telecom ( 8244): : Sending phone-account registered intent as user: TSI.rPA@AA0
08-19 12:13:03.182 I/Telecom ( 8244): : Sending phone-account unregistered intent as user: TSI.uPA@AA8
08-19 12:13:03.220 I/Telecom ( 8244): PhoneAccountRegistrar: [ComponentInfo{com.android.phone/com.android.services.telephony.TelephonyConnectionService}, [87215b15b7f8b917f4b004829c32e7a194150c11], UserHandle{0}(icon: Icon(typ=BITMAP size=52x66) -> Icon(typ=BITMAP size=52x66))]: TSI.rPA@ABE
08-19 12:13:03.221 I/Telecom ( 8244): : Sending phone-account registered intent as user: TSI.rPA@ABE
08-19 12:13:03.243 W/ActivityManager( 8244): Unable to start service Intent { act=android.service.carrier.CarrierService pkg=com.android.carrierconfig } U=0: not found
08-19 12:13:03.249 I/Telecom ( 8244): PhoneAccountRegistrar: SimCallManager queried, returning: null: TSI.gSCMFU@ABQ
08-19 12:13:03.264 I/Telecom ( 8244): PhoneAccountRegistrar: [ComponentInfo{com.android.phone/com.android.services.telephony.TelephonyConnectionService}, [87215b15b7f8b917f4b004829c32e7a194150c11], UserHandle{0}(icon: Icon(typ=BITMAP size=52x66) -> Icon(typ=BITMAP size=52x66))]: TSI.rPA@ABU
08-19 12:13:03.265 I/Telecom ( 8244): : Sending phone-account registered intent as user: TSI.rPA@ABU
08-19 12:13:03.267 I/ActivityManager( 8244): user 0 is still locked. Cannot load recents
08-19 12:13:03.281 I/Telecom ( 8244): PhoneAccountRegistrar: [ComponentInfo{com.android.phone/com.android.services.telephony.TelephonyConnectionService}, [87215b15b7f8b917f4b004829c32e7a194150c11], UserHandle{0}(icon: Icon(typ=BITMAP size=52x66) -> Icon(typ=BITMAP size=52x66))]: TSI.rPA@ABg
08-19 12:13:03.281 I/Telecom ( 8244): : Sending phone-account registered intent as user: TSI.rPA@ABg
08-19 12:13:03.288 W/InputMethodManagerService( 8244): Starting input on non-focused client android.view.inputmethod.InputMethodManager$1@a899d99 (uid=1000 pid=8244)
08-19 12:13:03.298 I/Telecom ( 8244): PhoneAccountRegistrar: [ComponentInfo{com.android.phone/com.android.services.telephony.TelephonyConnectionService}, [87215b15b7f8b917f4b004829c32e7a194150c11], UserHandle{0}(icon: Icon(typ=BITMAP size=52x66) -> Icon(typ=BITMAP size=52x66))]: TSI.rPA@ABs
08-19 12:13:03.299 I/Telecom ( 8244): : Sending phone-account registered intent as user: TSI.rPA@ABs
08-19 12:13:03.335 I/SystemServiceManager( 8244): Starting phase 1000
08-19 12:13:03.343 E/libprocessgroup( 8797): failed to open /acct/uid_10006/pid_8797/cgroup.procs: No such file or directory
08-19 12:13:03.346 I/ActivityManager( 8244): Start proc 8797:android.ext.services/u0a6 for on-hold
08-19 12:13:03.419 E/BluetoothManagerService( 8244): Fail to bind to: Intent { act=android.bluetooth.IBluetooth }
08-19 12:13:03.428 W/PSIUtils( 4064): MEMORY_SOME|23453761|1410308089147
08-19 12:13:03.439 E/wificond( 1364): Skip scan ssid for single scan: {}
08-19 12:13:03.439 E/wificond( 1364): scan() freq: {}
08-19 12:13:03.439 E/wificond( 1364): scan() ssid: 
08-19 12:13:03.439 E/wificond( 1364): scan() type: 0, random_mac: 0
08-19 12:13:03.444 E/libprocessgroup( 8827): failed to open /acct/uid_10035/pid_8827/cgroup.procs: No such file or directory
08-19 12:13:03.445 I/ActivityManager( 8244): Start proc 8827:com.iflytek.inputmethod.oem/u0a35 for service com.iflytek.inputmethod.oem/com.iflytek.inputmethod.FlyIME
08-19 12:13:03.450 W/BackupManagerService( 8244): Proposed transport ComponentInfo{android/com.android.internal.backup.LocalTransportService} not whitelisted; ignoring
08-19 12:13:03.451 I/BackupManagerService( 8244): Backup enabled => false
08-19 12:13:03.473 W/ContextImpl( 8244): Calling a method in the system process without a qualified user: android.app.ContextImpl.startService:1368 android.content.ContextWrapper.startService:613 com.vmos.exsocket.rom.ExRomClient.connectExRomService:105 com.vmos.romex.ExRomServiceBooter.onReceive:17 android.app.ActivityThread.handleReceiver:3041 
08-19 12:13:03.474 W/VoiceInteractionManagerService( 8244): no available voice interaction services found for user 0
08-19 12:13:03.474 W/VoiceInteractionManagerService( 8244): no available voice recognition services found for user 0
08-19 12:13:03.474 I/BackupManagerService( 8244): Found stale backup journal, scheduling
08-19 12:13:03.475 W/ContextImpl( 8244): Calling a method in the system process without a qualified user: android.app.ContextImpl.bindService:1432 android.content.ContextWrapper.bindService:636 com.vmos.exsocket.rom.ExRomClient.connectExRomService:110 com.vmos.romex.ExRomServiceBooter.onReceive:17 android.app.ActivityThread.handleReceiver:3041 
08-19 12:13:03.477 I/ActivityManager( 8244): Loading recents for user 0 into memory.
08-19 12:13:03.496 I/ActivityManager( 8244): Start proc 8848:android.process.media/u0a5 for broadcast com.android.providers.downloads/.DownloadReceiver
08-19 12:13:03.498 E/libprocessgroup( 8848): failed to open /acct/uid_10005/pid_8848/cgroup.procs: No such file or directory
08-19 12:13:03.504 I/ActivityManager( 8244): START u0 {act=android.intent.action.MAIN cat=[android.intent.category.HOME] flg=0x10000100 cmp=com.android.launcher3/.Launcher} from uid 0 on display 0
08-19 12:13:03.518 E/libprocessgroup( 8868): failed to open /acct/uid_1000/pid_8868/cgroup.procs: No such file or directory
08-19 12:13:03.522 I/ActivityManager( 8244): Start proc 8868:com.android.launcher3/1000 for activity com.android.launcher3/.Launcher
08-19 12:13:03.536 E/ConnectivityService( 8244): Exception in addRoute for non-gateway: java.lang.IllegalStateException: command '23 network route add 100 wlan0 192.168.43.0/24' failed with '400 23 addRoute() failed (Permission denied)'
08-19 12:13:03.537 E/ConnectivityService( 8244): Exception in addRoute for gateway: java.lang.IllegalStateException: command '24 network route add 100 wlan0 0.0.0.0/0 192.168.43.1' failed with '400 24 addRoute() failed (Permission denied)'
08-19 12:13:03.561 E/ConnectivityService( 8244): Exception in setupDataActivityTracking java.lang.IllegalStateException: command '25 idletimer add wlan0 15 1' failed with '400 25 Failed to add interface'
08-19 12:13:03.562 E/ConnectivityService( 8244): Can't set TCP buffer sizes:java.io.FileNotFoundException: /sys/kernel/ipv4/tcp_rmem_min (Permission denied)
08-19 12:13:03.565 I/ActivityManager( 8244): Start proc 8900:com.android.keychain/1000 for service com.android.keychain/.KeyChainService
08-19 12:13:03.566 E/libprocessgroup( 8900): failed to open /acct/uid_1000/pid_8900/cgroup.procs: No such file or directory
08-19 12:13:03.670 E/libprocessgroup( 8948): failed to open /acct/uid_10035/pid_8948/cgroup.procs: No such file or directory
08-19 12:13:03.671 I/ActivityManager( 8244): Start proc 8948:com.iflytek.inputmethod.assist/u0a35 for broadcast com.iflytek.inputmethod.oem/com.iflytek.inputmethod.multiprocess.AssistReceiver
08-19 12:13:04.048 E/BootReceiver( 8244): Error reading /data/system/last-header.txt
08-19 12:13:04.048 E/BootReceiver( 8244): java.io.FileNotFoundException: /data/system/last-header.txt (No such file or directory)
08-19 12:13:04.048 E/BootReceiver( 8244): 	at java.io.FileInputStream.open(Native Method)
08-19 12:13:04.048 E/BootReceiver( 8244): 	at java.io.FileInputStream.<init>(FileInputStream.java:146)
08-19 12:13:04.048 E/BootReceiver( 8244): 	at android.os.FileUtils.readTextFile(FileUtils.java:263)
08-19 12:13:04.048 E/BootReceiver( 8244): 	at com.android.server.BootReceiver.getPreviousBootHeaders(BootReceiver.java:121)
08-19 12:13:04.048 E/BootReceiver( 8244): 	at com.android.server.BootReceiver.getBootHeadersToLogAndUpdate(BootReceiver.java:143)
08-19 12:13:04.048 E/BootReceiver( 8244): 	at com.android.server.BootReceiver.logBootEvents(BootReceiver.java:163)
08-19 12:13:04.048 E/BootReceiver( 8244): 	at com.android.server.BootReceiver.-wrap2(BootReceiver.java)
08-19 12:13:04.048 E/BootReceiver( 8244): 	at com.android.server.BootReceiver$1.run(BootReceiver.java:93)
08-19 12:13:04.049 E/BootReceiver( 8244): Can't log boot events
08-19 12:13:04.049 E/BootReceiver( 8244): java.io.FileNotFoundException: /proc/version (Permission denied)
08-19 12:13:04.049 E/BootReceiver( 8244): 	at java.io.FileInputStream.open(Native Method)
08-19 12:13:04.049 E/BootReceiver( 8244): 	at java.io.FileInputStream.<init>(FileInputStream.java:146)
08-19 12:13:04.049 E/BootReceiver( 8244): 	at android.os.FileUtils.readTextFile(FileUtils.java:263)
08-19 12:13:04.049 E/BootReceiver( 8244): 	at com.android.server.BootReceiver.getCurrentBootHeaders(BootReceiver.java:137)
08-19 12:13:04.049 E/BootReceiver( 8244): 	at com.android.server.BootReceiver.getBootHeadersToLogAndUpdate(BootReceiver.java:144)
08-19 12:13:04.049 E/BootReceiver( 8244): 	at com.android.server.BootReceiver.logBootEvents(BootReceiver.java:163)
08-19 12:13:04.049 E/BootReceiver( 8244): 	at com.android.server.BootReceiver.-wrap2(BootReceiver.java)
08-19 12:13:04.049 E/BootReceiver( 8244): 	at com.android.server.BootReceiver$1.run(BootReceiver.java:93)
08-19 12:13:04.052 W/ActivityManager( 8244): Unable to start service Intent { act=android.service.carrier.CarrierService pkg=com.android.carrierconfig } U=0: not found
08-19 12:13:04.064 E/libprocessgroup( 9010): failed to open /acct/uid_10008/pid_9010/cgroup.procs: No such file or directory
08-19 12:13:04.066 I/ActivityManager( 8244): Start proc 9010:com.android.managedprovisioning/u0a8 for broadcast com.android.managedprovisioning/.BootReminder
08-19 12:13:04.069 I/Telecom ( 8244): PhoneAccountRegistrar: SimCallManager queried, returning: null: TSI.gSCMFU@AB0
08-19 12:13:04.108 I/ActivityManager( 8244): Start proc 9027:com.android.onetimeinitializer/u0a10 for broadcast com.android.onetimeinitializer/.OneTimeInitializerReceiver
08-19 12:13:04.111 E/libprocessgroup( 9027): failed to open /acct/uid_10010/pid_9027/cgroup.procs: No such file or directory
08-19 12:13:04.140 E/ActivityThread( 8573): Failed to find provider info for com.android.voicemail
08-19 12:13:04.172 E/ActivityThread( 8573): Failed to find provider info for com.android.voicemail
08-19 12:13:04.468 W/PSIUtils( 4064): MEMORY_SOME|20082426|1411348095348
08-19 12:13:04.542 E/ConnectivityService( 8244): Can't set TCP buffer sizes:java.io.FileNotFoundException: /sys/kernel/ipv4/tcp_rmem_min (Permission denied)
08-19 12:13:04.774 W/WindowManager( 8244): App freeze timeout expired.
08-19 12:13:09.808 W/AppOps  ( 1783): Noting op not finished: uid 10276 pkg com.vmos.pro code 24 startTime of in progress event=1629346380046
08-19 12:13:09.862 I/ViewRootImpl( 7907): setProcessHaveFloating
08-19 12:13:09.963 I/ViewRootImpl( 7907): clearProcessHaveFloating_handler
08-19 12:13:10.107 W/NotificationHistory( 1783): Attempted to add notif for locked/gone/disabled user 0
08-19 12:13:11.432 I/ViewRootImpl( 7907): setProcessHaveFloating
08-19 12:13:11.455 W/AppOps  ( 1783): Noting op not finished: uid 10276 pkg com.vmos.pro code 24 startTime of in progress event=1629346380046
08-19 12:13:11.542 I/ViewRootImpl( 7907): clearProcessHaveFloating_handler
08-19 12:13:13.113 W/AppOps  ( 1783): Noting op not finished: uid 10276 pkg com.vmos.pro code 24 startTime of in progress event=1629346380046
08-19 12:13:13.132 I/ViewRootImpl( 7907): setProcessHaveFloating
08-19 12:13:13.232 I/ViewRootImpl( 7907): clearProcessHaveFloating_handler
08-19 12:13:13.360 W/NotificationHistory( 1783): Attempted to add notif for locked/gone/disabled user 0
08-19 12:13:14.166 I/ViewRootImpl( 7907): setProcessHaveFloating
08-19 12:13:14.174 W/AppOps  ( 1783): Noting op not finished: uid 10276 pkg com.vmos.pro code 24 startTime of in progress event=1629346380046
08-19 12:13:14.275 I/ViewRootImpl( 7907): clearProcessHaveFloating_handler
08-19 12:13:15.266 I/ActivityManager( 8244): START u0 {act=android.intent.action.MAIN cat=[android.intent.category.LAUNCHER] flg=0x10200000 cmp=com.vmos.romex/.VMSetting bnds=[450,2000][657,2286] (has extras)} from uid 1000 on display 0
08-19 12:13:15.284 W/ContextImpl( 8244): Calling a method in the system process without a qualified user: android.app.ContextImpl.startService:1368 android.content.ContextWrapper.startService:613 com.vmos.exsocket.sample.rom.DelegateActivity.handleIntent:41 com.vmos.exsocket.sample.rom.DelegateActivity.onCreate:31 android.app.Activity.performCreate:6682 
08-19 12:13:15.306 W/WindowManager( 8244): Failed looking up window
08-19 12:13:15.306 W/WindowManager( 8244): java.lang.IllegalArgumentException: Requested window android.view.ViewRootImpl$W@683f4ff does not exist
08-19 12:13:15.306 W/WindowManager( 8244): 	at com.android.server.wm.WindowManagerService.windowForClientLocked(WindowManagerService.java:9415)
08-19 12:13:15.306 W/WindowManager( 8244): 	at com.android.server.wm.WindowManagerService.windowForClientLocked(WindowManagerService.java:9406)
08-19 12:13:15.306 W/WindowManager( 8244): 	at com.android.server.wm.WindowManagerService.relayoutWindow(WindowManagerService.java:2851)
08-19 12:13:15.306 W/WindowManager( 8244): 	at com.android.server.wm.Session.relayout(Session.java:215)
08-19 12:13:15.306 W/WindowManager( 8244): 	at android.view.ViewRootImpl.relayoutWindow(ViewRootImpl.java:5719)
08-19 12:13:15.306 W/WindowManager( 8244): 	at android.view.ViewRootImpl.performTraversals(ViewRootImpl.java:1758)
08-19 12:13:15.306 W/WindowManager( 8244): 	at android.view.ViewRootImpl.doTraversal(ViewRootImpl.java:1254)
08-19 12:13:15.306 W/WindowManager( 8244): 	at android.view.ViewRootImpl$TraversalRunnable.run(ViewRootImpl.java:6338)
08-19 12:13:15.306 W/WindowManager( 8244): 	at android.view.Choreographer$CallbackRecord.run(Choreographer.java:874)
08-19 12:13:15.306 W/WindowManager( 8244): 	at android.view.Choreographer.doCallbacks(Choreographer.java:686)
08-19 12:13:15.306 W/WindowManager( 8244): 	at android.view.Choreographer.doFrame(Choreographer.java:621)
08-19 12:13:15.306 W/WindowManager( 8244): 	at android.view.Choreographer$FrameDisplayEventReceiver.run(Choreographer.java:860)
08-19 12:13:15.306 W/WindowManager( 8244): 	at android.os.Handler.handleCallback(Handler.java:751)
08-19 12:13:15.306 W/WindowManager( 8244): 	at android.os.Handler.dispatchMessage(Handler.java:95)
08-19 12:13:15.306 W/WindowManager( 8244): 	at android.os.Looper.loop(Looper.java:154)
08-19 12:13:15.306 W/WindowManager( 8244): 	at android.os.HandlerThread.run(HandlerThread.java:61)
08-19 12:13:15.306 W/WindowManager( 8244): 	at com.android.server.ServiceThread.run(ServiceThread.java:46)
08-19 12:13:15.308 W/WindowManager( 8244): Failed looking up window
08-19 12:13:15.308 W/WindowManager( 8244): java.lang.IllegalArgumentException: Requested window android.view.ViewRootImpl$W@683f4ff does not exist
08-19 12:13:15.308 W/WindowManager( 8244): 	at com.android.server.wm.WindowManagerService.windowForClientLocked(WindowManagerService.java:9415)
08-19 12:13:15.308 W/WindowManager( 8244): 	at com.android.server.wm.WindowManagerService.windowForClientLocked(WindowManagerService.java:9406)
08-19 12:13:15.308 W/WindowManager( 8244): 	at com.android.server.wm.WindowManagerService.removeWindow(WindowManagerService.java:2387)
08-19 12:13:15.308 W/WindowManager( 8244): 	at com.android.server.wm.Session.remove(Session.java:193)
08-19 12:13:15.308 W/WindowManager( 8244): 	at android.view.ViewRootImpl.dispatchDetachedFromWindow(ViewRootImpl.java:3290)
08-19 12:13:15.308 W/WindowManager( 8244): 	at android.view.ViewRootImpl.doDie(ViewRootImpl.java:5917)
08-19 12:13:15.308 W/WindowManager( 8244): 	at android.view.ViewRootImpl$ViewRootHandler.handleMessage(ViewRootImpl.java:3626)
08-19 12:13:15.308 W/WindowManager( 8244): 	at android.os.Handler.dispatchMessage(Handler.java:102)
08-19 12:13:15.308 W/WindowManager( 8244): 	at android.os.Looper.loop(Looper.java:154)
08-19 12:13:15.308 W/WindowManager( 8244): 	at android.os.HandlerThread.run(HandlerThread.java:61)
08-19 12:13:15.308 W/WindowManager( 8244): 	at com.android.server.ServiceThread.run(ServiceThread.java:46)
08-19 12:13:15.308 W/InputMethodManagerService( 8244): Window already focused, ignoring focus gain of: com.android.internal.view.IInputMethodClient$Stub$Proxy@57ad8f6 attribute=null, token = android.os.BinderProxy@46d4af8
08-19 12:13:16.344 I/BackLightController( 1783):  grayScale = 0.6 factor = 1.0 inBrightness = 0.16780655 outBrightness = 0.16780655
08-19 12:13:16.348 I/chatty  ( 1783): uid=1000(system) PowerManagerSer identical 1 line
08-19 12:13:16.350 I/BackLightController( 1783):  grayScale = 0.6 factor = 1.0 inBrightness = 0.16780655 outBrightness = 0.16780655
08-19 12:13:18.770 E/TaskPersister( 8244): File error accessing recents directory (directory doesn't exist?).
08-19 12:13:20.143 W/BaseMiuiPhoneWindowManager( 1783): keyCode:4 down:true eventTime:1427022 downTime:1427022 policyFlags:2b000000 flags:8 deviceId:-1 isScreenOn:true keyguardActive:false repeatCount:0
08-19 12:13:20.144 W/BaseMiuiPhoneWindowManager( 1783): keyCode:4 down:false eventTime:1427022 downTime:1427022 policyFlags:2b000000 flags:8 deviceId:-1 isScreenOn:true keyguardActive:false repeatCount:0
08-19 12:13:20.600 I/BackLightController( 1783):  grayScale = 0.6 factor = 1.0 inBrightness = 0.16780655 outBrightness = 0.16780655
08-19 12:13:21.842 I/BackLightController( 1783):  grayScale = 0.6 factor = 1.0 inBrightness = 0.15705912 outBrightness = 0.15705912
08-19 12:13:21.849 I/chatty  ( 1783): uid=1000(system) PowerManagerSer identical 2 lines
08-19 12:13:22.647 I/BackLightController( 1783):  grayScale = 0.6 factor = 1.0 inBrightness = 0.15705912 outBrightness = 0.15705912
08-19 12:13:32.440 I/AutomaticBrightnessControllerInjector( 1783): maxLux=125.799995, minLux=24.9, lux=52.83961, sAssistSensorData=64.34781, sAssistDarkeningThres=12.869562, sAssistBrighteningThres=128.69562, sAssistSensorTime=1439320, currLux=64.34781, sBrightnessStatus=2
08-19 12:13:32.442 I/BackLightController( 1783):  grayScale = 0.6 factor = 1.0 inBrightness = 0.16780655 outBrightness = 0.16780655
08-19 12:13:32.445 I/chatty  ( 1783): uid=1000(system) PowerManagerSer identical 1 line
08-19 12:13:32.449 I/BackLightController( 1783):  grayScale = 0.6 factor = 1.0 inBrightness = 0.16780655 outBrightness = 0.16780655
08-19 12:13:33.041 I/BackLightController( 1783):  grayScale = 0.6 factor = 1.0 inBrightness = 0.17171471 outBrightness = 0.17171471
08-19 12:13:33.043 I/chatty  ( 1783): uid=1000(system) PowerManagerSer identical 1 line
08-19 12:13:33.045 I/BackLightController( 1783):  grayScale = 0.6 factor = 1.0 inBrightness = 0.17171471 outBrightness = 0.17171471
08-19 12:13:34.040 I/BackLightController( 1783):  grayScale = 0.6 factor = 1.0 inBrightness = 0.1863703 outBrightness = 0.1863703
08-19 12:13:34.042 I/chatty  ( 1783): uid=1000(system) PowerManagerSer identical 1 line
08-19 12:13:34.043 I/BackLightController( 1783):  grayScale = 0.6 factor = 1.0 inBrightness = 0.1863703 outBrightness = 0.1863703
08-19 12:13:37.465 W/NotificationHistory( 1783): Attempted to add notif for locked/gone/disabled user 0
08-19 12:13:38.092 I/BackLightController( 1783):  grayScale = 0.6 factor = 1.0 inBrightness = 0.1863703 outBrightness = 0.1863703
08-19 12:13:50.536 W/AppOps  ( 1783): Noting op not finished: uid 10276 pkg com.vmos.pro code 24 startTime of in progress event=1629346380046
08-19 12:13:50.675 I/WindowManager( 1783): input method visible height changed 928
08-19 12:13:51.670 I/ViewRootImpl( 7503): setProcessHaveFloating
08-19 12:13:51.715 I/WindowManager( 1783): input method visible height changed 0
08-19 12:13:51.770 I/ViewRootImpl( 7503): clearProcessHaveFloating_handler
08-19 12:13:54.583 W/BaseMiuiPhoneWindowManager( 1783): keyCode:4 down:true eventTime:1461463 downTime:1461463 policyFlags:2b000000 flags:8 deviceId:-1 isScreenOn:true keyguardActive:false repeatCount:0
08-19 12:13:54.584 W/BaseMiuiPhoneWindowManager( 1783): keyCode:4 down:false eventTime:1461463 downTime:1461463 policyFlags:2b000000 flags:8 deviceId:-1 isScreenOn:true keyguardActive:false repeatCount:0
08-19 12:13:57.997 W/BaseMiuiPhoneWindowManager( 1783): keyCode:4 down:true eventTime:1464877 downTime:1464877 policyFlags:2b000000 flags:8 deviceId:-1 isScreenOn:true keyguardActive:false repeatCount:0
08-19 12:13:57.998 W/BaseMiuiPhoneWindowManager( 1783): keyCode:4 down:false eventTime:1464877 downTime:1464877 policyFlags:2b000000 flags:8 deviceId:-1 isScreenOn:true keyguardActive:false repeatCount:0
08-19 12:14:03.512 W/FrameworkListener(  781): Handler 'getaddrinfo' error (Success)
08-19 12:14:05.190 W/BaseMiuiPhoneWindowManager( 1783): keyCode:4 down:true eventTime:1472069 downTime:1472069 policyFlags:2b000000 flags:8 deviceId:-1 isScreenOn:true keyguardActive:false repeatCount:0
08-19 12:14:05.191 W/BaseMiuiPhoneWindowManager( 1783): keyCode:4 down:false eventTime:1472069 downTime:1472069 policyFlags:2b000000 flags:8 deviceId:-1 isScreenOn:true keyguardActive:false repeatCount:0
08-19 12:14:06.444 W/BaseMiuiPhoneWindowManager( 1783): keyCode:4 down:true eventTime:1473324 downTime:1473324 policyFlags:2b000000 flags:8 deviceId:-1 isScreenOn:true keyguardActive:false repeatCount:0
08-19 12:14:06.445 W/BaseMiuiPhoneWindowManager( 1783): keyCode:4 down:false eventTime:1473324 downTime:1473324 policyFlags:2b000000 flags:8 deviceId:-1 isScreenOn:true keyguardActive:false repeatCount:0
08-19 12:14:08.503 W/NotificationService( 1783): Toast already killed. pkg=com.vmos.pro token=android.os.BinderProxy@a1f4a82
08-19 12:14:09.600 I/ActivityManager( 8244): START u0 {act=android.intent.action.MAIN cat=[android.intent.category.LAUNCHER] flg=0x10200000 cmp=com.vmos.romex/.Tutorial bnds=[36,2000][243,2286] (has extras)} from uid 1000 on display 0
08-19 12:14:09.618 W/ContextImpl( 8244): Calling a method in the system process without a qualified user: android.app.ContextImpl.startService:1368 android.content.ContextWrapper.startService:613 com.vmos.exsocket.sample.rom.DelegateActivity.handleIntent:41 com.vmos.exsocket.sample.rom.DelegateActivity.onCreate:27 android.app.Activity.performCreate:6682 
08-19 12:14:09.640 I/WindowManager( 8244): Failed to capture screenshot of Token{b5010ce ActivityRecord{b5961c9 u0 com.vmos.romex/.Tutorial t10 f}} appWin=Window{d671994 u0 Starting com.vmos.romex} drawState=1
08-19 12:14:09.645 W/WindowManager( 8244): Failed looking up window
08-19 12:14:09.645 W/WindowManager( 8244): java.lang.IllegalArgumentException: Requested window android.view.ViewRootImpl$W@e9399e7 does not exist
08-19 12:14:09.645 W/WindowManager( 8244): 	at com.android.server.wm.WindowManagerService.windowForClientLocked(WindowManagerService.java:9415)
08-19 12:14:09.645 W/WindowManager( 8244): 	at com.android.server.wm.WindowManagerService.windowForClientLocked(WindowManagerService.java:9406)
08-19 12:14:09.645 W/WindowManager( 8244): 	at com.android.server.wm.WindowManagerService.finishDrawingWindow(WindowManagerService.java:3249)
08-19 12:14:09.645 W/WindowManager( 8244): 	at com.android.server.wm.Session.finishDrawing(Session.java:249)
08-19 12:14:09.645 W/WindowManager( 8244): 	at android.view.ViewRootImpl.performDraw(ViewRootImpl.java:2657)
08-19 12:14:09.645 W/WindowManager( 8244): 	at android.view.ViewRootImpl.performTraversals(ViewRootImpl.java:2215)
08-19 12:14:09.645 W/WindowManager( 8244): 	at android.view.ViewRootImpl.doTraversal(ViewRootImpl.java:1254)
08-19 12:14:09.645 W/WindowManager( 8244): 	at android.view.ViewRootImpl$TraversalRunnable.run(ViewRootImpl.java:6338)
08-19 12:14:09.645 W/WindowManager( 8244): 	at android.view.Choreographer$CallbackRecord.run(Choreographer.java:874)
08-19 12:14:09.645 W/WindowManager( 8244): 	at android.view.Choreographer.doCallbacks(Choreographer.java:686)
08-19 12:14:09.645 W/WindowManager( 8244): 	at android.view.Choreographer.doFrame(Choreographer.java:621)
08-19 12:14:09.645 W/WindowManager( 8244): 	at android.view.Choreographer$FrameDisplayEventReceiver.run(Choreographer.java:860)
08-19 12:14:09.645 W/WindowManager( 8244): 	at android.os.Handler.handleCallback(Handler.java:751)
08-19 12:14:09.645 W/WindowManager( 8244): 	at android.os.Handler.dispatchMessage(Handler.java:95)
08-19 12:14:09.645 W/WindowManager( 8244): 	at android.os.Looper.loop(Looper.java:154)
08-19 12:14:09.645 W/WindowManager( 8244): 	at android.os.HandlerThread.run(HandlerThread.java:61)
08-19 12:14:09.645 W/WindowManager( 8244): 	at com.android.server.ServiceThread.run(ServiceThread.java:46)
08-19 12:14:09.646 W/WindowManager( 8244): Failed looking up window
08-19 12:14:09.646 W/WindowManager( 8244): java.lang.IllegalArgumentException: Requested window android.view.ViewRootImpl$W@e9399e7 does not exist
08-19 12:14:09.646 W/WindowManager( 8244): 	at com.android.server.wm.WindowManagerService.windowForClientLocked(WindowManagerService.java:9415)
08-19 12:14:09.646 W/WindowManager( 8244): 	at com.android.server.wm.WindowManagerService.windowForClientLocked(WindowManagerService.java:9406)
08-19 12:14:09.646 W/WindowManager( 8244): 	at com.android.server.wm.WindowManagerService.removeWindow(WindowManagerService.java:2387)
08-19 12:14:09.646 W/WindowManager( 8244): 	at com.android.server.wm.Session.remove(Session.java:193)
08-19 12:14:09.646 W/WindowManager( 8244): 	at android.view.ViewRootImpl.dispatchDetachedFromWindow(ViewRootImpl.java:3290)
08-19 12:14:09.646 W/WindowManager( 8244): 	at android.view.ViewRootImpl.doDie(ViewRootImpl.java:5917)
08-19 12:14:09.646 W/WindowManager( 8244): 	at android.view.ViewRootImpl$ViewRootHandler.handleMessage(ViewRootImpl.java:3626)
08-19 12:14:09.646 W/WindowManager( 8244): 	at android.os.Handler.dispatchMessage(Handler.java:102)
08-19 12:14:09.646 W/WindowManager( 8244): 	at android.os.Looper.loop(Looper.java:154)
08-19 12:14:09.646 W/WindowManager( 8244): 	at android.os.HandlerThread.run(HandlerThread.java:61)
08-19 12:14:09.646 W/WindowManager( 8244): 	at com.android.server.ServiceThread.run(ServiceThread.java:46)
08-19 12:14:09.661 W/InputMethodManagerService( 8244): Window already focused, ignoring focus gain of: com.android.internal.view.IInputMethodClient$Stub$Proxy@d00ac71 attribute=null, token = android.os.BinderProxy@46d4af8
08-19 12:14:09.973 W/WindowManager( 1783): Unable to start animation, surface is null or no children.
08-19 12:14:13.104 E/TaskPersister( 8244): File error accessing recents directory (directory doesn't exist?).
08-19 12:14:14.627 W/BaseMiuiPhoneWindowManager( 1783): keyCode:4 down:true eventTime:1481506 downTime:1481506 policyFlags:2b000000 flags:8 deviceId:-1 isScreenOn:true keyguardActive:false repeatCount:0
08-19 12:14:14.628 W/BaseMiuiPhoneWindowManager( 1783): keyCode:4 down:false eventTime:1481506 downTime:1481506 policyFlags:2b000000 flags:8 deviceId:-1 isScreenOn:true keyguardActive:false repeatCount:0
08-19 12:14:15.437 I/ActivityManager( 8244): Setting hasTopUi=true for pid=8531
08-19 12:14:18.145 F/libc    ( 8244): invalid pthread_t 0x77aa8efd00 passed to pthread_join
08-19 12:14:18.316 I/ProcessManager( 1783): freeMemory: 6665360 cameraThreshold: 2621440
08-19 12:14:18.360 W/VibratorManagementImpl( 1783): onCameraUnavailable with id0
08-19 12:14:18.383 W/VibratorManagementImpl( 1783): onCameraAvailable with id0
08-19 12:14:18.383 W/VibratorManagementImpl( 1783): remove from mCameraUnAvailableSet
08-19 12:14:18.385 I/ProcessManager( 1783): freeMemory: 6655076 cameraThreshold: 2621440
08-19 12:14:18.396 W/VibratorManagementImpl( 1783): onCameraUnavailable with id1
08-19 12:14:18.411 W/VibratorManagementImpl( 1783): onCameraAvailable with id1
08-19 12:14:18.412 W/VibratorManagementImpl( 1783): remove from mCameraUnAvailableSet
08-19 12:14:18.605 I/InstallerConnection( 9317): connecting...
08-19 12:14:18.607 I/InstallerConnection( 9317): disconnecting...
08-19 12:14:18.623 I/SystemServer( 9317): Entered the Android system server!
08-19 12:14:18.635 I/SystemServiceManager( 9317): Starting com.android.server.pm.Installer
08-19 12:14:18.635 I/Installer( 9317): Waiting for installd to be ready.
08-19 12:14:18.635 I/InstallerConnection( 9317): connecting...
08-19 12:14:18.635 I/SystemServiceManager( 9317): Starting com.android.server.am.ActivityManagerService$Lifecycle
08-19 12:14:18.637 I/ActivityManager( 9317): Memory class: 256
08-19 12:14:18.658 I/IntentFirewall( 9317): Read new rules (A:0 B:0 S:0)
08-19 12:14:18.661 I/SystemServiceManager( 9317): Starting com.android.server.power.PowerManagerService
08-19 12:14:18.663 I/SystemServiceManager( 9317): Starting com.android.server.lights.LightsService
08-19 12:14:18.663 I/SystemServiceManager( 9317): Starting com.android.server.display.DisplayManagerService
08-19 12:14:18.664 I/SystemServiceManager( 9317): Starting phase 100
08-19 12:14:18.665 I/DisplayManagerService( 9317): Display device added: DisplayDeviceInfo{"内置屏幕": uniqueId="local:0", 1080 x 2400, modeId 1, defaultModeId 1, supportedModes [{id=1, width=1080, height=2400, fps=60.000004}], colorMode 0, supportedColorModes [0], HdrCapabilities android.view.Display$HdrCapabilities@a69d6308, density 440, 159.89508 x 160.42105 dpi, appVsyncOff 1000000, presDeadline 16666666, touch INTERNAL, rotation 0, type BUILT_IN, state UNKNOWN, FLAG_DEFAULT_DISPLAY, FLAG_ROTATES_WITH_CONTENT, FLAG_SECURE, FLAG_SUPPORTS_PROTECTED_BUFFERS}
08-19 12:14:18.665 I/SystemServer( 9317): StartPackageManagerService
08-19 12:14:18.665 I/DisplayManagerService( 9317): Display device changed state: "内置屏幕", ON
08-19 12:14:18.667 W/SystemConfig( 9317): No directory /system/etc/sysconfig, skipping
08-19 12:14:18.688 W/PackageManager( 9317): Library not found: /system/framework/org.apache.http.legacy.jar
08-19 12:14:18.690 W/PackageManager( 9317): Library not found: /system/framework/org.apache.http.legacy.jar
08-19 12:14:18.691 W/PackageManager( 9317): Failed to parse /system/framework/arm: Missing base APK in /system/framework/arm
08-19 12:14:18.691 W/PackageManager( 9317): Failed to parse /system/framework/arm64: Missing base APK in /system/framework/arm64
08-19 12:14:18.692 W/PackageManager( 9317): Failed to parse /system/framework/oat: Missing base APK in /system/framework/oat
08-19 12:14:18.705 W/PackageManager( 9317): Permission android.permission.DOWNLOAD_WITHOUT_NOTIFICATION from package com.android.providers.downloads in an unknown group android.permission-group.NETWORK
08-19 12:14:18.717 W/PackageParser( 9317): Ignoring duplicate uses-permissions/uses-permissions-sdk-m: android.permission.USE_CREDENTIALS in package: com.android.settings at: Binary XML file line #56
08-19 12:14:18.717 W/PackageParser( 9317): Ignoring duplicate uses-permissions/uses-permissions-sdk-m: android.permission.READ_SYNC_SETTINGS in package: com.android.settings at: Binary XML file line #61
08-19 12:14:18.717 W/PackageParser( 9317): Ignoring duplicate uses-permissions/uses-permissions-sdk-m: android.permission.WRITE_SYNC_SETTINGS in package: com.android.settings at: Binary XML file line #62
08-19 12:14:18.725 W/PackageParser( 9317): Ignoring duplicate uses-permissions/uses-permissions-sdk-m: android.permission.INSTALL_GRANT_RUNTIME_PERMISSIONS in package: com.android.shell at: Binary XML file line #102
