08-19 11:49:48.519 I/Telecom ( 1783): MiuiCallsManager: Sending phone-account ComponentInfo{com.android.phone/com.android.services.telephony.TelephonyConnectionService}, ***, UserHandle{0} unregistered intent as user: TSI.uPA@ACc
08-19 11:49:48.520 I/Telecom ( 1783): MiuiCallsManager: Sending phone-account unregistered intent to default dialer: TSI.uPA@ACc
08-19 11:49:48.527 W/ActivityThread( 3418): Failed to find provider info for com.xiaomi.providers.appindex (user not unlocked)
08-19 11:49:48.527 W/ActivityThread( 3418): Failed to find provider info for com.xiaomi.providers.appindex (user not unlocked)
08-19 11:49:48.529 I/Telecom ( 1783): PhoneAccountRegistrar: New phone account registered: [[ ] PhoneAccount: ComponentInfo{com.android.phone/com.android.services.telephony.TelephonyConnectionService}, ***, UserHandle{0} Capabilities: CallProvider MultiUser PlaceEmerg SimSub  Audio Routes: BESW Schemes: tel voicemail  Extras: Bundle[{android.telecom.extra.SUPPORTS_VIDEO_CALLING_FALLBACK=true, android.telecom.extra.SORT_ORDER=0}] GroupId: ***]: TSI.rPA@ACg
08-19 11:49:48.529 I/ActivityManager( 1783): Start proc 3549:com.google.android.gms.persistent/u0a189 for broadcast {com.google.android.gms/com.google.android.gms.chimera.GmsIntentOperationService$PersistentTrustedReceiver} caller=com.android.phone
08-19 11:49:48.530 I/Telecom ( 1783): MiuiCallsManager: Sending phone-account ComponentInfo{com.android.phone/com.android.services.telephony.TelephonyConnectionService}, ***, UserHandle{0} registered intent as user: TSI.rPA@ACg
08-19 11:49:48.535 I/Telecom ( 1783): MiuiCallsManager: Sending phone-account registered intent to default dialer: TSI.rPA@ACg
08-19 11:49:48.542 I/Telecom ( 1783): PhoneAccountRegistrar: setUserSelectedOutgoingPhoneAccount: update voice sub; account=null, subId=-1: TSI.sUSOPA@ACw
08-19 11:49:48.568 W/Looper  ( 2677): PerfMonitor doFrame : time=65ms vsyncFrame=39 latency=865ms procState=0 historyMsgCount=92 (msgIndex=1 wall=150ms seq=70 running=85ms runnable=32ms io=6ms binder=33ms late=556ms h=android.view.Choreographer$FrameHandler c=android.view.Choreographer$FrameDisplayEventReceiver) (msgIndex=9 wall=69ms seq=78 running=46ms runnable=13ms io=3ms binder=15ms late=642ms h=android.os.Handler c=android.app.FragmentManagerImpl$1) (msgIndex=13 wall=75ms seq=82 running=24ms runnable=7ms io=24ms binder=27ms late=693ms h=com.android.systemui.shared.plugins.PluginInstanceManager$MainHandler w=1) (msgIndex=15 wall=94ms seq=84 running=78ms runnable=12ms binder=7ms late=770ms h=android.os.Handler c=android.app.FragmentManagerImpl$1) (msgIndex=48 wall=135ms seq=117 running=98ms runnable=27ms binder=12ms late=755ms h=com.android.systemui.controlcenter.phone.ControlPanelController$H w=1) (msgIndex=73 wall=52ms seq=142 running=39ms runnable=6ms binder=11ms late=893ms h=android.os.Handler c=com.android.systemui.fragments.-$$Lambda$FragmentService$FragmentHostState$kEJEvu5Mq9Z5e9srOLcsFn7Glto) (msgIndex=74 wall=190ms seq=143 running=53ms runnable=30ms binder=24ms late=945ms h=android.os.Handler c=com.android.systemui.fragments.-$$Lambda$FragmentService$FragmentHostState$kEJEvu5Mq9Z5e9srOLcsFn7Glto)
08-19 11:49:48.590 I/Telecom ( 1783): MiuiCallsManager: Sending phone-account ComponentInfo{com.android.phone/com.android.services.telephony.TelephonyConnectionService}, ***, UserHandle{0} unregistered intent as user: TSI.uPA@AC4
08-19 11:49:48.591 I/Telecom ( 1783): MiuiCallsManager: Sending phone-account unregistered intent to default dialer: TSI.uPA@AC4
08-19 11:49:48.599 I/Telecom ( 1783): PhoneAccountRegistrar: New phone account registered: [[ ] PhoneAccount: ComponentInfo{com.android.phone/com.android.services.telephony.TelephonyConnectionService}, ***, UserHandle{0} Capabilities: CallProvider MultiUser PlaceEmerg SimSub  Audio Routes: BESW Schemes: tel voicemail  Extras: Bundle[{android.telecom.extra.SUPPORTS_VIDEO_CALLING_FALLBACK=true, android.telecom.extra.SORT_ORDER=0}] GroupId: ***]: TSI.rPA@AC8
08-19 11:49:48.600 I/Telecom ( 1783): MiuiCallsManager: Sending phone-account ComponentInfo{com.android.phone/com.android.services.telephony.TelephonyConnectionService}, ***, UserHandle{0} registered intent as user: TSI.rPA@AC8
08-19 11:49:48.600 I/Telecom ( 1783): MiuiCallsManager: Sending phone-account registered intent to default dialer: TSI.rPA@AC8
08-19 11:49:48.629 I/Telecom ( 1783): PhoneAccountRegistrar: setUserSelectedOutgoingPhoneAccount: ComponentInfo{com.android.phone/com.android.services.telephony.TelephonyConnectionService}, ***, UserHandle{0}: TSI.sUSOPA@ADY
08-19 11:49:48.630 I/Telecom ( 1783): PhoneAccountRegistrar: setUserSelectedOutgoingPhoneAccount: update voice sub; account=ComponentInfo{com.android.phone/com.android.services.telephony.TelephonyConnectionService}, ***, UserHandle{0}, subId=1: TSI.sUSOPA@ADY
08-19 11:49:48.631 W/ActivityThread( 2677): Failed to find provider info for com.miui.powercenter.provider (user not unlocked)
08-19 11:49:48.663 W/Looper  ( 1783): Slow dispatch took 176ms main h=android.app.ActivityThread$H c=android.app.-$$Lambda$LoadedApk$ReceiverDispatcher$Args$_BumDX2UKsnxLVrE6UJsJZkotuA@d216759 m=0
08-19 11:49:48.674 I/imsrcsd ( 2059): RCS not supported
08-19 11:49:48.690 W/UsageStatsService( 1783): Failed to query usage stats for locked user 0
08-19 11:49:48.695 W/Looper  ( 3002): PerfMonitor doFrame : time=5ms vsyncFrame=56 latency=773ms procState=2 historyMsgCount=22 (msgIndex=1 wall=782ms seq=319 running=2ms h=com.miui.home.library.utils.DeferredHandler$Impl w=1)
08-19 11:49:48.699 W/UsageStatsService( 1783): Failed to query usage stats for locked user 0
08-19 11:49:48.702 W/ActivityThread( 3002): Failed to find provider info for com.android.thememanager.theme_lockwallpaper (user not unlocked)
08-19 11:49:48.765 I/Telecom ( 1783): PhoneAccountRegistrar: Modify account: [ComponentInfo{com.android.phone/com.android.services.telephony.TelephonyConnectionService}, ***, UserHandle{0}]: TSI.rPA@AD4
08-19 11:49:48.767 I/Telecom ( 1783): MiuiCallsManager: handlePhoneAccountChanged: phoneAccount=[[X] PhoneAccount: ComponentInfo{com.android.phone/com.android.services.telephony.TelephonyConnectionService}, ***, UserHandle{0} Capabilities: CallProvider MultiUser PlaceEmerg SimSub  Audio Routes: BESW Schemes: tel voicemail  Extras: Bundle[{android.telecom.extra.SUPPORTS_VIDEO_CALLING_FALLBACK=true, android.telecom.extra.SORT_ORDER=0}] GroupId: ***]: TSI.rPA@AD4
08-19 11:49:48.806 W/ActivityThread( 3549): Failed to find provider info for com.google.android.gsf.gservices (user not unlocked)
08-19 11:49:48.813 W/ActivityThread( 3549): Failed to find provider info for com.google.android.gsf.gservices (user not unlocked)
08-19 11:49:48.822 I/StatsPullAtomService( 1783): subId 1 added into historical sub list
08-19 11:49:48.825 W/ActivityThread( 3549): Failed to find provider info for com.google.android.gsf.gservices (user not unlocked)
08-19 11:49:48.859 I/chatty  ( 3549): uid=10189 com.google.android.gms.persistent identical 24 lines
08-19 11:49:48.880 W/ActivityThread( 3549): Failed to find provider info for com.google.android.gsf.gservices (user not unlocked)
08-19 11:49:48.903 I/MiuiMultiWindowSplitUI( 1783): mUiMode = 16  current ui mode = 16
08-19 11:49:48.903 I/MiuiMultiWindowSplitUI( 1783): orientation has not changed, mDisplayWidth: 1080, current height: 2400
08-19 11:49:48.903 I/ActivityTaskManager( 1783): Config changes=3 {1.0 460mcc65535mnc [zh_CN] ldltr sw392dp w392dp h796dp 440dpi nrml long hdr widecg port finger -keyb/v/h -nav/h winConfig={ mBounds=Rect(0, 0 - 1080, 2400) mAppBounds=Rect(0, 80 - 1080, 2270) mWindowingMode=fullscreen mDisplayWindowingMode=fullscreen mActivityType=undefined mAlwaysOnTop=undefined mRotation=ROTATION_0} s.26 themeChanged=0 themeChangedFlags=0 extraData = Bundle[{}]}
08-19 11:49:48.910 I/WindowManager( 1783): Override config changes=3 {1.0 460mcc65535mnc [zh_CN] ldltr sw392dp w392dp h796dp 440dpi nrml long hdr widecg port finger -keyb/v/h -nav/h winConfig={ mBounds=Rect(0, 0 - 1080, 2400) mAppBounds=Rect(0, 80 - 1080, 2270) mWindowingMode=fullscreen mDisplayWindowingMode=fullscreen mActivityType=undefined mAlwaysOnTop=undefined mRotation=ROTATION_0} s.26 themeChanged=0 themeChangedFlags=0 extraData = Bundle[{}]} for displayId=0
08-19 11:49:48.911 I/MiuiMultiWindowSplitUI( 1783): mUiMode = 16  current ui mode = 16
08-19 11:49:48.911 I/MiuiMultiWindowSplitUI( 1783): orientation has not changed, mDisplayWidth: 1080, current height: 2400
08-19 11:49:48.937 I/Telecom ( 1783): MiuiCallsManager: Sending phone-account ComponentInfo{com.android.phone/com.android.services.telephony.TelephonyConnectionService}, ***, UserHandle{0} unregistered intent as user: TSI.uPA@AEA
08-19 11:49:48.938 W/ActivityThread( 3549): Failed to find provider info for com.google.android.gsf.gservices (user not unlocked)
08-19 11:49:48.939 I/Telecom ( 1783): MiuiCallsManager: Sending phone-account unregistered intent to default dialer: TSI.uPA@AEA
08-19 11:49:48.939 W/ActivityThread( 3549): Failed to find provider info for com.google.android.gsf.gservices (user not unlocked)
08-19 11:49:48.942 I/chatty  ( 3549): uid=10189 com.google.android.gms.persistent identical 7 lines
08-19 11:49:48.942 W/ActivityThread( 3549): Failed to find provider info for com.google.android.gsf.gservices (user not unlocked)
08-19 11:49:48.947 I/Telecom ( 1783): PhoneAccountRegistrar: New phone account registered: [[ ] PhoneAccount: ComponentInfo{com.android.phone/com.android.services.telephony.TelephonyConnectionService}, ***, UserHandle{0} Capabilities: CallProvider MultiUser PlaceEmerg SimSub  Audio Routes: BESW Schemes: tel voicemail  Extras: Bundle[{android.telecom.extra.SUPPORTS_VIDEO_CALLING_FALLBACK=true, android.telecom.extra.SORT_ORDER=0}] GroupId: ***]: TSI.rPA@AEE
08-19 11:49:48.947 W/ActivityThread( 3549): Failed to find provider info for com.google.android.gsf.gservices (user not unlocked)
08-19 11:49:48.947 I/Telecom ( 1783): MiuiCallsManager: Sending phone-account ComponentInfo{com.android.phone/com.android.services.telephony.TelephonyConnectionService}, ***, UserHandle{0} registered intent as user: TSI.rPA@AEE
08-19 11:49:48.948 I/Telecom ( 1783): MiuiCallsManager: Sending phone-account registered intent to default dialer: TSI.rPA@AEE
08-19 11:49:48.951 W/ActivityThread( 3549): Failed to find provider info for com.google.android.gsf.gservices (user not unlocked)
08-19 11:49:48.951 I/chatty  ( 3549): uid=10189 com.google.android.gms.persistent identical 1 line
08-19 11:49:48.957 W/ActivityThread( 3549): Failed to find provider info for com.google.android.gsf.gservices (user not unlocked)
08-19 11:49:48.958 I/Telecom ( 1783): PhoneAccountRegistrar: setUserSelectedOutgoingPhoneAccount: update voice sub; account=null, subId=-1: TSI.sUSOPA@AEU
08-19 11:49:48.962 W/ActivityThread( 3549): Failed to find provider info for com.google.android.gsf.gservices (user not unlocked)
08-19 11:49:48.963 W/ActivityThread( 3549): Failed to find provider info for com.google.android.gsf.gservices (user not unlocked)
08-19 11:49:48.987 I/Telecom ( 1783): MiuiCallsManager: Sending phone-account ComponentInfo{com.android.phone/com.android.services.telephony.TelephonyConnectionService}, ***, UserHandle{0} unregistered intent as user: TSI.uPA@AEg
08-19 11:49:48.987 I/Telecom ( 1783): MiuiCallsManager: Sending phone-account unregistered intent to default dialer: TSI.uPA@AEg
08-19 11:49:48.997 I/Telecom ( 1783): PhoneAccountRegistrar: New phone account registered: [[ ] PhoneAccount: ComponentInfo{com.android.phone/com.android.services.telephony.TelephonyConnectionService}, ***, UserHandle{0} Capabilities: CallProvider MultiUser PlaceEmerg SimSub  Audio Routes: BESW Schemes: tel voicemail  Extras: Bundle[{android.telecom.extra.SUPPORTS_VIDEO_CALLING_FALLBACK=true, android.telecom.extra.SORT_ORDER=0}] GroupId: ***]: TSI.rPA@AEk
08-19 11:49:48.998 I/Telecom ( 1783): MiuiCallsManager: Sending phone-account ComponentInfo{com.android.phone/com.android.services.telephony.TelephonyConnectionService}, ***, UserHandle{0} registered intent as user: TSI.rPA@AEk
08-19 11:49:48.998 I/Telecom ( 1783): MiuiCallsManager: Sending phone-account registered intent to default dialer: TSI.rPA@AEk
08-19 11:49:49.008 W/ActivityThread( 3549): Failed to find provider info for com.google.android.gsf.gservices (user not unlocked)
08-19 11:49:49.009 W/ActivityThread( 3549): Failed to find provider info for com.google.android.gsf.gservices (user not unlocked)
08-19 11:49:49.010 I/Telecom ( 1783): PhoneAccountRegistrar: setUserSelectedOutgoingPhoneAccount: ComponentInfo{com.android.phone/com.android.services.telephony.TelephonyConnectionService}, ***, UserHandle{0}: TSI.sUSOPA@AFA
08-19 11:49:49.011 I/Telecom ( 1783): PhoneAccountRegistrar: setUserSelectedOutgoingPhoneAccount: update voice sub; account=ComponentInfo{com.android.phone/com.android.services.telephony.TelephonyConnectionService}, ***, UserHandle{0}, subId=1: TSI.sUSOPA@AFA
08-19 11:49:49.013 W/ActivityThread( 3549): Failed to find provider info for com.google.android.gsf.gservices (user not unlocked)
08-19 11:49:49.045 I/chatty  ( 3549): uid=10189 com.google.android.gms.persistent identical 21 lines
08-19 11:49:49.068 W/ActivityThread( 3549): Failed to find provider info for com.google.android.gsf.gservices (user not unlocked)
08-19 11:49:49.068 I/Telecom ( 1783): PhoneAccountRegistrar: Modify account: [ComponentInfo{com.android.phone/com.android.services.telephony.TelephonyConnectionService}, ***, UserHandle{0}(addr: tel:************** -> tel:)(subAddr: tel:************** -> tel:)]: TSI.rPA@AFE
08-19 11:49:49.069 W/ActivityThread( 3549): Failed to find provider info for com.google.android.gsf.gservices (user not unlocked)
08-19 11:49:49.069 I/Telecom ( 1783): MiuiCallsManager: handlePhoneAccountChanged: phoneAccount=[[X] PhoneAccount: ComponentInfo{com.android.phone/com.android.services.telephony.TelephonyConnectionService}, ***, UserHandle{0} Capabilities: CallProvider MultiUser PlaceEmerg SimSub  Audio Routes: BESW Schemes: tel voicemail  Extras: Bundle[{android.telecom.extra.SUPPORTS_VIDEO_CALLING_FALLBACK=true, android.telecom.extra.SORT_ORDER=0}] GroupId: ***]: TSI.rPA@AFE
08-19 11:49:49.074 W/ActivityThread( 3549): Failed to find provider info for com.google.android.gsf.gservices (user not unlocked)
08-19 11:49:49.090 I/chatty  ( 3549): uid=10189 com.google.android.gms.persistent identical 15 lines
08-19 11:49:49.093 W/ActivityThread( 3549): Failed to find provider info for com.google.android.gsf.gservices (user not unlocked)
08-19 11:49:49.095 W/ActivityThread( 3549): Failed to find provider info for com.google.android.gsf.gservices (user not unlocked)
08-19 11:49:49.096 W/ActivityThread( 3549): Failed to find provider info for com.google.android.gsf.gservices (user not unlocked)
08-19 11:49:49.103 I/chatty  ( 3549): uid=10189 com.google.android.gms.persistent identical 13 lines
08-19 11:49:49.103 W/ActivityThread( 3549): Failed to find provider info for com.google.android.gsf.gservices (user not unlocked)
08-19 11:49:49.103 W/ActivityThread( 3549): Failed to find provider info for com.google.android.gsf.gservices (user not unlocked)
08-19 11:49:49.106 W/ActivityThread( 3549): Failed to find provider info for com.google.android.gsf.gservices (user not unlocked)
08-19 11:49:49.113 I/chatty  ( 3549): uid=10189 com.google.android.gms.persistent identical 5 lines
08-19 11:49:49.113 W/ActivityThread( 3549): Failed to find provider info for com.google.android.gsf.gservices (user not unlocked)
08-19 11:49:49.115 W/ActivityThread( 3549): Failed to find provider info for com.google.android.gsf.gservices (user not unlocked)
08-19 11:49:49.116 I/chatty  ( 3549): uid=10189 com.google.android.gms.persistent identical 1 line
08-19 11:49:49.117 W/ActivityThread( 3549): Failed to find provider info for com.google.android.gsf.gservices (user not unlocked)
08-19 11:49:49.118 W/ActivityThread( 3549): Failed to find provider info for com.google.android.gsf.gservices (user not unlocked)
08-19 11:49:49.118 W/ActivityThread( 3549): Failed to find provider info for com.google.android.gsf.gservices (user not unlocked)
08-19 11:49:49.120 W/ActivityThread( 3549): Failed to find provider info for com.google.android.gsf.gservices (user not unlocked)
08-19 11:49:49.120 W/ActivityThread( 3549): Failed to find provider info for com.google.android.gsf.gservices (user not unlocked)
08-19 11:49:49.127 W/ActivityThread( 3549): Failed to find provider info for com.google.android.gsf.gservices (user not unlocked)
08-19 11:49:49.136 I/chatty  ( 3549): uid=10189 com.google.android.gms.persistent identical 12 lines
08-19 11:49:49.158 W/ActivityThread( 3549): Failed to find provider info for com.google.android.gsf.gservices (user not unlocked)
08-19 11:49:49.158 I/Telecom ( 1783): MiuiCallsManager: Sending phone-account ComponentInfo{com.android.phone/com.android.services.telephony.TelephonyConnectionService}, ***, UserHandle{0} unregistered intent as user: TSI.uPA@AFQ
08-19 11:49:49.158 I/Telecom ( 1783): MiuiCallsManager: Sending phone-account unregistered intent to default dialer: TSI.uPA@AFQ
08-19 11:49:49.159 W/ActivityThread( 3549): Failed to find provider info for com.google.android.gsf.gservices (user not unlocked)
08-19 11:49:49.161 I/chatty  ( 3549): uid=10189 com.google.android.gms.persistent identical 1 line
08-19 11:49:49.162 W/ActivityThread( 3549): Failed to find provider info for com.google.android.gsf.gservices (user not unlocked)
08-19 11:49:49.163 W/ActivityThread( 3549): Failed to find provider info for com.google.android.gsf.gservices (user not unlocked)
08-19 11:49:49.164 W/ActivityThread( 3549): Failed to find provider info for com.google.android.gsf.gservices (user not unlocked)
08-19 11:49:49.165 I/Telecom ( 1783): PhoneAccountRegistrar: New phone account registered: [[ ] PhoneAccount: ComponentInfo{com.android.phone/com.android.services.telephony.TelephonyConnectionService}, ***, UserHandle{0} Capabilities: CallProvider MultiUser PlaceEmerg SimSub  Audio Routes: BESW Schemes: tel voicemail  Extras: Bundle[{android.telecom.extra.SUPPORTS_VIDEO_CALLING_FALLBACK=true, android.telecom.extra.SORT_ORDER=0}] GroupId: ***]: TSI.rPA@AFU
08-19 11:49:49.165 W/ActivityThread( 3549): Failed to find provider info for com.google.android.gsf.gservices (user not unlocked)
08-19 11:49:49.165 W/ActivityThread( 3549): Failed to find provider info for com.google.android.gsf.gservices (user not unlocked)
08-19 11:49:49.165 I/Telecom ( 1783): MiuiCallsManager: Sending phone-account ComponentInfo{com.android.phone/com.android.services.telephony.TelephonyConnectionService}, ***, UserHandle{0} registered intent as user: TSI.rPA@AFU
08-19 11:49:49.167 I/Telecom ( 1783): MiuiCallsManager: Sending phone-account registered intent to default dialer: TSI.rPA@AFU
08-19 11:49:49.168 W/ActivityThread( 3549): Failed to find provider info for com.google.android.gsf.gservices (user not unlocked)
08-19 11:49:49.173 I/chatty  ( 3549): uid=10189 com.google.android.gms.persistent identical 3 lines
08-19 11:49:49.173 W/ActivityThread( 3549): Failed to find provider info for com.google.android.gsf.gservices (user not unlocked)
08-19 11:49:49.173 W/ActivityThread( 3002): Failed to find provider info for com.miui.idprovider (user not unlocked)
08-19 11:49:49.175 I/Telecom ( 1783): PhoneAccountRegistrar: setUserSelectedOutgoingPhoneAccount: update voice sub; account=null, subId=-1: TSI.sUSOPA@AFk
08-19 11:49:49.177 W/ActivityThread( 3002): Failed to find provider info for com.miui.idprovider (user not unlocked)
08-19 11:49:49.179 W/ActivityThread( 3549): Failed to find provider info for com.google.android.gsf.gservices (user not unlocked)
08-19 11:49:49.180 W/ActivityThread( 3549): Failed to find provider info for com.google.android.gsf.gservices (user not unlocked)
08-19 11:49:49.185 W/ActivityThread( 3549): Failed to find provider info for com.google.android.gsf.gservices (user not unlocked)
08-19 11:49:49.189 W/ActivityThread( 3002): Failed to find provider info for com.miui.idprovider (user not unlocked)
08-19 11:49:49.238 I/chatty  ( 3002): uid=10103(com.miui.home) identical 20 lines
08-19 11:49:49.242 W/ActivityThread( 3002): Failed to find provider info for com.miui.idprovider (user not unlocked)
08-19 11:49:49.255 I/Telecom ( 1783): PhoneAccountRegistrar: Modify account: [ComponentInfo{com.android.phone/com.android.services.telephony.TelephonyConnectionService}, ***, UserHandle{0}]: TSI.rPA@AF0
08-19 11:49:49.256 I/Telecom ( 1783): MiuiCallsManager: handlePhoneAccountChanged: phoneAccount=[[X] PhoneAccount: ComponentInfo{com.android.phone/com.android.services.telephony.TelephonyConnectionService}, ***, UserHandle{0} Capabilities: CallProvider MultiUser PlaceEmerg SimSub  Audio Routes: BESW Schemes: tel voicemail  Extras: Bundle[{android.telecom.extra.SUPPORTS_VIDEO_CALLING_FALLBACK=true, android.telecom.extra.SORT_ORDER=0}] GroupId: ***]: TSI.rPA@AF0
08-19 11:49:49.260 W/ActivityThread( 3418): Failed to find provider info for com.xiaomi.providers.appindex (user not unlocked)
08-19 11:49:49.271 I/chatty  ( 3418): uid=1000(system) identical 3 lines
08-19 11:49:49.271 W/ActivityThread( 3418): Failed to find provider info for com.xiaomi.providers.appindex (user not unlocked)
08-19 11:49:49.282 W/ActivityThread( 3549): Failed to find provider info for com.google.android.gsf.gservices (user not unlocked)
08-19 11:49:49.283 W/ActivityThread( 3549): Failed to find provider info for com.google.android.gsf.gservices (user not unlocked)
08-19 11:49:49.313 I/Telecom ( 1783): MiuiCallsManager: Sending phone-account ComponentInfo{com.android.phone/com.android.services.telephony.TelephonyConnectionService}, ***, UserHandle{0} unregistered intent as user: TSI.uPA@AGA
08-19 11:49:49.313 I/Telecom ( 1783): MiuiCallsManager: Sending phone-account unregistered intent to default dialer: TSI.uPA@AGA
08-19 11:49:49.316 I/Telecom ( 1783): PhoneAccountRegistrar: New phone account registered: [[ ] PhoneAccount: ComponentInfo{com.android.phone/com.android.services.telephony.TelephonyConnectionService}, ***, UserHandle{0} Capabilities: CallProvider MultiUser PlaceEmerg SimSub  Audio Routes: BESW Schemes: tel voicemail  Extras: Bundle[{android.telecom.extra.SUPPORTS_VIDEO_CALLING_FALLBACK=true, android.telecom.extra.SORT_ORDER=0}] GroupId: ***]: TSI.rPA@AGE
08-19 11:49:49.317 I/Telecom ( 1783): MiuiCallsManager: Sending phone-account ComponentInfo{com.android.phone/com.android.services.telephony.TelephonyConnectionService}, ***, UserHandle{0} registered intent as user: TSI.rPA@AGE
08-19 11:49:49.317 I/Telecom ( 1783): MiuiCallsManager: Sending phone-account registered intent to default dialer: TSI.rPA@AGE
08-19 11:49:49.329 I/Telecom ( 1783): PhoneAccountRegistrar: setUserSelectedOutgoingPhoneAccount: ComponentInfo{com.android.phone/com.android.services.telephony.TelephonyConnectionService}, ***, UserHandle{0}: TSI.sUSOPA@AGg
08-19 11:49:49.329 I/Telecom ( 1783): PhoneAccountRegistrar: setUserSelectedOutgoingPhoneAccount: update voice sub; account=ComponentInfo{com.android.phone/com.android.services.telephony.TelephonyConnectionService}, ***, UserHandle{0}, subId=1: TSI.sUSOPA@AGg
08-19 11:49:49.338 I/Telecom ( 1783): MiuiCallsManager: Sending phone-account ComponentInfo{com.android.phone/com.android.services.telephony.TelephonyConnectionService}, ***, UserHandle{0} unregistered intent as user: TSI.uPA@AGs
08-19 11:49:49.338 I/Telecom ( 1783): MiuiCallsManager: Sending phone-account unregistered intent to default dialer: TSI.uPA@AGs
08-19 11:49:49.341 I/Telecom ( 1783): PhoneAccountRegistrar: New phone account registered: [[ ] PhoneAccount: ComponentInfo{com.android.phone/com.android.services.telephony.TelephonyConnectionService}, ***, UserHandle{0} Capabilities: CallProvider MultiUser PlaceEmerg SimSub  Audio Routes: BESW Schemes: tel voicemail  Extras: Bundle[{android.telecom.extra.SUPPORTS_VIDEO_CALLING_FALLBACK=true, android.telecom.extra.SORT_ORDER=0}] GroupId: ***]: TSI.rPA@AGw
08-19 11:49:49.342 I/Telecom ( 1783): MiuiCallsManager: Sending phone-account ComponentInfo{com.android.phone/com.android.services.telephony.TelephonyConnectionService}, ***, UserHandle{0} registered intent as user: TSI.rPA@AGw
08-19 11:49:49.342 I/Telecom ( 1783): MiuiCallsManager: Sending phone-account registered intent to default dialer: TSI.rPA@AGw
08-19 11:49:49.345 I/Telecom ( 1783): PhoneAccountRegistrar: setUserSelectedOutgoingPhoneAccount: update voice sub; account=null, subId=-1: TSI.sUSOPA@AHA
08-19 11:49:49.354 I/Telecom ( 1783): MiuiCallsManager: Sending phone-account ComponentInfo{com.android.phone/com.android.services.telephony.TelephonyConnectionService}, ***, UserHandle{0} unregistered intent as user: TSI.uPA@AHM
08-19 11:49:49.355 I/Telecom ( 1783): MiuiCallsManager: Sending phone-account unregistered intent to default dialer: TSI.uPA@AHM
08-19 11:49:49.358 I/Telecom ( 1783): PhoneAccountRegistrar: New phone account registered: [[ ] PhoneAccount: ComponentInfo{com.android.phone/com.android.services.telephony.TelephonyConnectionService}, ***, UserHandle{0} Capabilities: CallProvider MultiUser PlaceEmerg SimSub  Audio Routes: BESW Schemes: tel voicemail  Extras: Bundle[{android.telecom.extra.SUPPORTS_VIDEO_CALLING_FALLBACK=true, android.telecom.extra.SORT_ORDER=0}] GroupId: ***]: TSI.rPA@AHQ
08-19 11:49:49.358 I/Telecom ( 1783): MiuiCallsManager: Sending phone-account ComponentInfo{com.android.phone/com.android.services.telephony.TelephonyConnectionService}, ***, UserHandle{0} registered intent as user: TSI.rPA@AHQ
08-19 11:49:49.359 I/Telecom ( 1783): MiuiCallsManager: Sending phone-account registered intent to default dialer: TSI.rPA@AHQ
08-19 11:49:49.364 I/Telecom ( 1783): PhoneAccountRegistrar: setUserSelectedOutgoingPhoneAccount: ComponentInfo{com.android.phone/com.android.services.telephony.TelephonyConnectionService}, ***, UserHandle{0}: TSI.sUSOPA@AHs
08-19 11:49:49.364 I/Telecom ( 1783): PhoneAccountRegistrar: setUserSelectedOutgoingPhoneAccount: update voice sub; account=ComponentInfo{com.android.phone/com.android.services.telephony.TelephonyConnectionService}, ***, UserHandle{0}, subId=1: TSI.sUSOPA@AHs
08-19 11:49:49.372 W/ActivityThread( 3418): Failed to find provider info for com.xiaomi.providers.appindex (user not unlocked)
08-19 11:49:49.374 W/ActivityThread( 3418): Failed to find provider info for com.xiaomi.providers.appindex (user not unlocked)
08-19 11:49:49.375 I/Telecom ( 1783): MiuiCallsManager: Sending phone-account ComponentInfo{com.android.phone/com.android.services.telephony.TelephonyConnectionService}, ***, UserHandle{0} unregistered intent as user: TSI.uPA@AH0
08-19 11:49:49.375 I/Telecom ( 1783): MiuiCallsManager: Sending phone-account unregistered intent to default dialer: TSI.uPA@AH0
08-19 11:49:49.375 W/ActivityThread( 3418): Failed to find provider info for com.xiaomi.providers.appindex (user not unlocked)
08-19 11:49:49.379 I/Telecom ( 1783): PhoneAccountRegistrar: New phone account registered: [[ ] PhoneAccount: ComponentInfo{com.android.phone/com.android.services.telephony.TelephonyConnectionService}, ***, UserHandle{0} Capabilities: CallProvider MultiUser PlaceEmerg SimSub  Audio Routes: BESW Schemes: tel voicemail  Extras: Bundle[{android.telecom.extra.SUPPORTS_VIDEO_CALLING_FALLBACK=true, android.telecom.extra.SORT_ORDER=0}] GroupId: ***]: TSI.rPA@AH4
08-19 11:49:49.380 I/Telecom ( 1783): MiuiCallsManager: Sending phone-account ComponentInfo{com.android.phone/com.android.services.telephony.TelephonyConnectionService}, ***, UserHandle{0} registered intent as user: TSI.rPA@AH4
08-19 11:49:49.380 W/ActivityThread( 3418): Failed to find provider info for com.xiaomi.providers.appindex (user not unlocked)
08-19 11:49:49.380 I/Telecom ( 1783): MiuiCallsManager: Sending phone-account registered intent to default dialer: TSI.rPA@AH4
08-19 11:49:49.380 W/ActivityThread( 3418): Failed to find provider info for com.xiaomi.providers.appindex (user not unlocked)
08-19 11:49:49.384 I/Telecom ( 1783): PhoneAccountRegistrar: setUserSelectedOutgoingPhoneAccount: update voice sub; account=null, subId=-1: TSI.sUSOPA@AII
08-19 11:49:49.410 I/ActivityManager( 1783): Start proc 3662:com.android.carrierdefaultapp/u0a153 for broadcast {com.android.carrierdefaultapp/com.android.carrierdefaultapp.CarrierDefaultBroadcastReceiver} caller=com.android.phone
08-19 11:49:49.429 I/Telecom ( 1783): PhoneAccountRegistrar: Modify account: [ComponentInfo{com.android.phone/com.android.services.telephony.TelephonyConnectionService}, ***, UserHandle{0}(cap: SuppVideo CallProvider MultiUser PlaceEmerg SimSub  -> CallProvider MultiUser PlaceEmerg SimSub )]: TSI.rPA@AIQ
08-19 11:49:49.430 I/Telecom ( 1783): MiuiCallsManager: handlePhoneAccountChanged: phoneAccount=[[X] PhoneAccount: ComponentInfo{com.android.phone/com.android.services.telephony.TelephonyConnectionService}, ***, UserHandle{0} Capabilities: SuppVideo CallProvider MultiUser PlaceEmerg SimSub  Audio Routes: BESW Schemes: tel voicemail  Extras: Bundle[{android.telecom.extra.SUPPORTS_VIDEO_CALLING_FALLBACK=true, android.telecom.extra.SORT_ORDER=0}] GroupId: ***]: TSI.rPA@AIQ
08-19 11:49:49.460 I/Telecom ( 1783): PhoneAccountRegistrar: getSimCallManager: SimCallManager for subId 1 queried, returning: null: TSI.gSCMFU@AIU
08-19 11:49:49.563 I/GreezeManager( 1783): Receive millet loop once, gz begin to work
08-19 11:49:49.801 W/ActivityThread( 2677): Failed to find provider info for com.miui.networkassistant.provider (user not unlocked)
08-19 11:49:49.801 W/ActivityThread( 2677): Failed to find provider info for com.miui.networkassistant.provider (user not unlocked)
08-19 11:49:49.937 I/WindowManager( 1783): ******* TELLING SURFACE FLINGER WE ARE BOOTED!
08-19 11:49:49.939 I/ActivityManagerTiming( 1783): FinishBooting
08-19 11:49:49.940 I/ActivityManager( 1783): About to commit checkpoint
08-19 11:49:49.940 I/SystemServiceManager( 1783): Starting phase 1000
08-19 11:49:49.940 I/ActivityManagerTiming( 1783): OnBootPhase_1000
08-19 11:49:49.940 I/ActivityManagerTiming( 1783): OnBootPhase_1000_com.android.server.security.FileIntegrityService
08-19 11:49:49.940 I/ActivityManagerTiming( 1783): OnBootPhase_1000_com.android.server.pm.Installer
08-19 11:49:49.940 I/ActivityManagerTiming( 1783): OnBootPhase_1000_com.android.server.os.DeviceIdentifiersPolicyService
08-19 11:49:49.940 I/ActivityManagerTiming( 1783): OnBootPhase_1000_com.android.server.uri.UriGrantsManagerService$Lifecycle
08-19 11:49:49.940 I/ActivityManagerTiming( 1783): OnBootPhase_1000_com.android.server.wm.ActivityTaskManagerService$Lifecycle
08-19 11:49:49.940 I/ActivityManagerTiming( 1783): OnBootPhase_1000_com.android.server.am.ActivityManagerService$Lifecycle
08-19 11:49:49.940 I/ActivityManagerTiming( 1783): OnBootPhase_1000_com.android.server.pm.DataLoaderManagerService
08-19 11:49:49.940 I/ActivityManagerTiming( 1783): OnBootPhase_1000_com.android.server.power.PowerManagerService
08-19 11:49:49.940 I/ActivityManagerTiming( 1783): OnBootPhase_1000_com.android.server.power.ThermalManagerService
08-19 11:49:49.940 I/ActivityManagerTiming( 1783): OnBootPhase_1000_com.android.server.recoverysystem.RecoverySystemService$Lifecycle
08-19 11:49:49.940 I/ActivityManagerTiming( 1783): OnBootPhase_1000_com.android.server.lights.MiuiLightsService
08-19 11:49:49.941 I/ActivityManagerTiming( 1783): OnBootPhase_1000_com.android.server.display.DisplayManagerService
08-19 11:49:49.941 I/ActivityManagerTiming( 1783): OnBootPhase_1000_com.android.server.pm.CloudControlPreinstallService
08-19 11:49:49.941 I/ActivityManagerTiming( 1783): OnBootPhase_1000_com.android.server.pm.AdvancePreinstallService
08-19 11:49:49.941 I/ActivityManagerTiming( 1783): OnBootPhase_1000_com.android.server.pm.UserManagerService$LifeCycle
08-19 11:49:49.941 I/ActivityManagerTiming( 1783): OnBootPhase_1000_com.android.server.om.OverlayManagerService
08-19 11:49:49.941 I/ActivityManagerTiming( 1783): OnBootPhase_1000_com.android.server.SensorPrivacyService
08-19 11:49:49.941 I/ActivityManagerTiming( 1783): OnBootPhase_1000_com.android.server.SystemConfigService
08-19 11:49:49.941 I/ActivityManagerTiming( 1783): OnBootPhase_1000_com.android.server.BatteryService
08-19 11:49:49.945 I/ActivityManagerTiming( 1783): OnBootPhase_1000_com.android.server.usage.UsageStatsService
08-19 11:49:49.945 I/ActivityManagerTiming( 1783): OnBootPhase_1000_com.android.server.webkit.WebViewUpdateService
08-19 11:49:49.945 I/ActivityManagerTiming( 1783): OnBootPhase_1000_com.android.server.CachedDeviceStateService
08-19 11:49:49.945 I/ActivityManagerTiming( 1783): OnBootPhase_1000_com.android.server.BinderCallsStatsService$LifeCycle
08-19 11:49:49.945 I/ActivityManagerTiming( 1783): OnBootPhase_1000_com.android.server.LooperStatsService$Lifecycle
08-19 11:49:49.945 I/ActivityManagerTiming( 1783): OnBootPhase_1000_com.android.server.rollback.RollbackManagerService
08-19 11:49:49.945 I/ActivityManagerTiming( 1783): OnBootPhase_1000_com.android.server.os.BugreportManagerService
08-19 11:49:49.945 I/ActivityManagerTiming( 1783): OnBootPhase_1000_com.android.server.gpu.GpuService
08-19 11:49:49.945 I/ActivityManagerTiming( 1783): OnBootPhase_1000_com.android.server.security.KeyChainSystemService
08-19 11:49:49.945 I/ActivityManagerTiming( 1783): OnBootPhase_1000_com.android.server.telecom.TelecomLoaderService
08-19 11:49:49.945 I/ActivityManagerTiming( 1783): OnBootPhase_1000_com.android.server.accounts.AccountManagerService$Lifecycle
08-19 11:49:49.945 I/ActivityManagerTiming( 1783): OnBootPhase_1000_com.android.server.content.ContentService$Lifecycle
08-19 11:49:49.945 I/ActivityManagerTiming( 1783): OnBootPhase_1000_com.android.server.DropBoxManagerService
08-19 11:49:49.945 I/ActivityManagerTiming( 1783): OnBootPhase_1000_com.android.server.AlarmManagerService
08-19 11:49:49.945 I/ActivityManagerTiming( 1783): OnBootPhase_1000_com.android.server.BluetoothService
08-19 11:49:49.945 I/ActivityManagerTiming( 1783): OnBootPhase_1000_com.android.server.connectivity.IpConnectivityMetrics
08-19 11:49:49.945 I/ActivityManagerTiming( 1783): OnBootPhase_1000_com.android.server.net.watchlist.NetworkWatchlistService$Lifecycle
08-19 11:49:49.945 I/ActivityManagerTiming( 1783): OnBootPhase_1000_com.android.server.PinnerService
08-19 11:49:49.945 I/ActivityManagerTiming( 1783): OnBootPhase_1000_com.google.android.startop.iorap.IorapForwardingService
08-19 11:49:49.945 I/ActivityManagerTiming( 1783): OnBootPhase_1000_com.android.server.ActivityTriggerService
08-19 11:49:49.945 I/ActivityManagerTiming( 1783): OnBootPhase_1000_com.android.server.integrity.AppIntegrityManagerService
08-19 11:49:49.945 I/ActivityManagerTiming( 1783): OnBootPhase_1000_com.android.server.inputmethod.InputMethodManagerService$Lifecycle
08-19 11:49:49.945 I/ActivityManagerTiming( 1783): OnBootPhase_1000_com.android.server.accessibility.AccessibilityManagerService$Lifecycle
08-19 11:49:49.945 I/ActivityManagerTiming( 1783): OnBootPhase_1000_com.android.server.StorageManagerService$Lifecycle
08-19 11:49:49.945 I/ActivityManagerTiming( 1783): OnBootPhase_1000_com.android.server.usage.StorageStatsService$Lifecycle
08-19 11:49:49.945 I/ActivityManagerTiming( 1783): OnBootPhase_1000_com.android.server.UiModeManagerService
08-19 11:49:49.945 I/ActivityManagerTiming( 1783): OnBootPhase_1000_com.android.server.locksettings.LockSettingsService$Lifecycle
08-19 11:49:49.946 I/StorageSessionController( 1783): Started resetting external storage service...
08-19 11:49:49.946 I/ActivityManagerTiming( 1783): OnBootPhase_1000_com.android.server.PersistentDataBlockService
08-19 11:49:49.946 I/StorageSessionController( 1783): Finished resetting external storage service
08-19 11:49:49.946 I/StorageManagerService( 1783): Resetting vold...
08-19 11:49:49.946 I/StorageManagerService( 1783): Reset vold
08-19 11:49:49.946 I/vold    (  644): onUserAdded: 0
08-19 11:49:49.946 I/ActivityManagerTiming( 1783): OnBootPhase_1000_com.android.server.testharness.TestHarnessModeService
08-19 11:49:49.952 I/ActivityManagerTiming( 1783): OnBootPhase_1000_com.android.server.oemlock.OemLockService
08-19 11:49:49.952 I/ActivityManagerTiming( 1783): OnBootPhase_1000_com.android.server.DeviceIdleController
08-19 11:49:49.952 I/ActivityManagerTiming( 1783): OnBootPhase_1000_com.android.server.devicepolicy.DevicePolicyManagerService$Lifecycle
08-19 11:49:49.952 I/ActivityManagerTiming( 1783): OnBootPhase_1000_com.android.server.textservices.TextServicesManagerService$Lifecycle
08-19 11:49:49.952 I/ActivityManagerTiming( 1783): OnBootPhase_1000_com.android.server.textclassifier.TextClassificationManagerService$Lifecycle
08-19 11:49:49.952 I/ActivityManagerTiming( 1783): OnBootPhase_1000_com.android.server.NetworkScoreService$Lifecycle
08-19 11:49:49.952 I/ActivityManagerTiming( 1783): OnBootPhase_1000_com.android.server.wifi.WifiService
08-19 11:49:49.952 I/ActivityManagerTiming( 1783): OnBootPhase_1000_com.android.server.wifi.scanner.WifiScanningService
08-19 11:49:49.953 I/ActivityManagerTiming( 1783): OnBootPhase_1000_com.android.server.wifi.rtt.RttService
08-19 11:49:49.953 I/ActivityManagerTiming( 1783): OnBootPhase_1000_com.android.server.wifi.aware.WifiAwareService
08-19 11:49:49.953 I/ActivityManagerTiming( 1783): OnBootPhase_1000_com.android.server.wifi.p2p.WifiP2pService
08-19 11:49:49.953 I/ActivityManagerTiming( 1783): OnBootPhase_1000_com.android.server.ethernet.EthernetService
08-19 11:49:49.953 I/ActivityManagerTiming( 1783): OnBootPhase_1000_com.android.server.notification.NotificationManagerService
08-19 11:49:49.953 I/ActivityManagerTiming( 1783): OnBootPhase_1000_com.android.server.storage.DeviceStorageMonitorService
08-19 11:49:49.953 I/ActivityManagerTiming( 1783): OnBootPhase_1000_com.android.server.location.LocationManagerService$Lifecycle
08-19 11:49:49.953 I/ActivityManagerTiming( 1783): OnBootPhase_1000_com.android.server.timedetector.TimeDetectorService$Lifecycle
08-19 11:49:49.953 I/ActivityManagerTiming( 1783): OnBootPhase_1000_com.android.server.timezonedetector.TimeZoneDetectorService$Lifecycle
08-19 11:49:49.953 I/ActivityManagerTiming( 1783): OnBootPhase_1000_com.android.server.search.SearchManagerService$Lifecycle
08-19 11:49:49.953 I/ActivityManagerTiming( 1783): OnBootPhase_1000_com.android.server.wallpaper.WallpaperManagerService$Lifecycle
08-19 11:49:49.953 E/MiuiWallpaperManagerServiceEx( 1783): createBlurWallpaper blurWallpaperPathName = /data/system/users/0/blurwallpaper
08-19 11:49:49.953 I/MiuiWallpaperManagerServiceEx( 1783): MiuiWallpaperManagerService.java#wallpaperManagerServiceReady() create blur wallpaper
08-19 11:49:49.953 I/ActivityManagerTiming( 1783): OnBootPhase_1000_com.android.server.audio.AudioService$Lifecycle
08-19 11:49:49.953 I/ActivityManagerTiming( 1783): OnBootPhase_1000_com.android.server.soundtrigger_middleware.SoundTriggerMiddlewareService$Lifecycle
08-19 11:49:49.953 I/ActivityManagerTiming( 1783): OnBootPhase_1000_com.android.server.DockObserver
08-19 11:49:49.953 I/ActivityManagerTiming( 1783): OnBootPhase_1000_com.android.server.midi.MidiService$Lifecycle
08-19 11:49:49.953 I/ActivityManagerTiming( 1783): OnBootPhase_1000_com.android.server.adb.AdbService$Lifecycle
08-19 11:49:49.954 I/ActivityManagerTiming( 1783): OnBootPhase_1000_com.android.server.usb.UsbService$Lifecycle
08-19 11:49:49.954 I/ActivityManagerTiming( 1783): OnBootPhase_1000_com.android.server.twilight.TwilightService
08-19 11:49:49.954 I/ActivityManagerTiming( 1783): OnBootPhase_1000_com.android.server.display.color.ColorDisplayService
08-19 11:49:49.954 I/ActivityManagerTiming( 1783): OnBootPhase_1000_com.android.server.job.JobSchedulerService
08-19 11:49:49.954 I/ActivityManagerTiming( 1783): OnBootPhase_1000_com.android.server.soundtrigger.SoundTriggerService
08-19 11:49:49.954 I/ActivityManagerTiming( 1783): OnBootPhase_1000_com.android.server.trust.TrustManagerService
08-19 11:49:49.954 I/ActivityManagerTiming( 1783): OnBootPhase_1000_com.miui.server.BackupManagerService$Lifecycle
08-19 11:49:49.954 I/ActivityManagerTiming( 1783): OnBootPhase_1000_com.android.server.display.ScreenEffectService
08-19 11:49:49.955 I/ActivityManagerTiming( 1783): OnBootPhase_1000_com.android.server.backup.BackupManagerService$Lifecycle
08-19 11:49:49.955 I/ActivityManagerTiming( 1783): OnBootPhase_1000_com.android.server.appwidget.AppWidgetService
08-19 11:49:49.955 E/AdbDebuggingManager( 1783): Expected keyStore, but got tag=null
08-19 11:49:49.955 I/ActivityManagerTiming( 1783): OnBootPhase_1000_com.android.server.role.RoleManagerService
08-19 11:49:49.955 I/ActivityManagerTiming( 1783): OnBootPhase_1000_com.android.server.voiceinteraction.VoiceInteractionManagerService
08-19 11:49:49.955 I/ActivityManagerTiming( 1783): OnBootPhase_1000_com.android.server.SensorNotificationService
08-19 11:49:49.955 E/AdbDebuggingManager( 1783): Expected keyStore, but got tag=null
08-19 11:49:49.968 I/ActivityManagerTiming( 1783): OnBootPhase_1000_com.android.server.emergency.EmergencyAffordanceService
08-19 11:49:49.968 I/ActivityManagerTiming( 1783): OnBootPhase_1000_com.android.server.dreams.DreamManagerService
08-19 11:49:49.968 I/ActivityManagerTiming( 1783): OnBootPhase_1000_com.android.server.print.PrintManagerService
08-19 11:49:49.968 I/ActivityManagerTiming( 1783): OnBootPhase_1000_com.android.server.companion.CompanionDeviceManagerService
08-19 11:49:49.968 I/ActivityManagerTiming( 1783): OnBootPhase_1000_com.android.server.restrictions.RestrictionsManagerService
08-19 11:49:49.968 I/ActivityManagerTiming( 1783): OnBootPhase_1000_com.android.server.media.MediaSessionService
08-19 11:49:49.968 I/ActivityManagerTiming( 1783): OnBootPhase_1000_com.android.server.media.MediaResourceMonitorService
08-19 11:49:49.968 I/ActivityManagerTiming( 1783): OnBootPhase_1000_com.android.server.biometrics.fingerprint.FingerprintService
08-19 11:49:49.968 I/ActivityManagerTiming( 1783): OnBootPhase_1000_com.android.server.blob.BlobStoreManagerService
08-19 11:49:49.971 W/NotificationHistory( 1783): Attempted to add notif for locked/gone/disabled user 0
08-19 11:49:49.972 I/ActivityManagerTiming( 1783): OnBootPhase_1000_com.android.server.biometrics.BiometricService
08-19 11:49:49.972 I/ActivityManagerTiming( 1783): OnBootPhase_1000_com.android.server.biometrics.AuthService
08-19 11:49:49.972 I/ActivityManagerTiming( 1783): OnBootPhase_1000_com.android.server.pm.ShortcutService$Lifecycle
08-19 11:49:49.972 I/ActivityManagerTiming( 1783): OnBootPhase_1000_com.android.server.pm.LauncherAppsService
08-19 11:49:49.972 I/ActivityManagerTiming( 1783): OnBootPhase_1000_com.android.server.pm.CrossProfileAppsService
08-19 11:49:49.972 I/ActivityManagerTiming( 1783): OnBootPhase_1000_com.android.server.people.PeopleService
08-19 11:49:49.972 I/ActivityManagerTiming( 1783): OnBootPhase_1000_com.android.server.media.projection.MediaProjectionManagerService
08-19 11:49:49.972 I/ActivityManagerTiming( 1783): OnBootPhase_1000_com.android.server.slice.SliceManagerService$Lifecycle
08-19 11:49:49.972 I/ActivityManagerTiming( 1783): OnBootPhase_1000_com.android.server.camera.CameraServiceProxy
08-19 11:49:49.972 I/ActivityManagerTiming( 1783): OnBootPhase_1000_com.android.server.stats.StatsCompanion$Lifecycle
08-19 11:49:49.973 I/ActivityManagerTiming( 1783): OnBootPhase_1000_com.android.server.stats.pull.StatsPullAtomService
08-19 11:49:49.973 I/ActivityManagerTiming( 1783): OnBootPhase_1000_com.android.server.incident.IncidentCompanionService
08-19 11:49:49.973 I/ActivityManagerTiming( 1783): OnBootPhase_1000_com.android.server.MmsServiceBroker
08-19 11:49:49.973 I/ActivityManagerTiming( 1783): OnBootPhase_1000_com.android.server.autofill.AutofillManagerService
08-19 11:49:49.973 I/ActivityManagerTiming( 1783): OnBootPhase_1000_com.android.server.clipboard.ClipboardService
08-19 11:49:49.973 I/ActivityManagerTiming( 1783): OnBootPhase_1000_com.android.server.appbinding.AppBindingService$Lifecycle
08-19 11:49:49.973 I/ActivityManagerTiming( 1783): OnBootPhase_1000_com.android.server.policy.PermissionPolicyService
08-19 11:49:49.973 I/ActivityManagerTiming( 1783): OnBootPhase_1000_com.android.server.pm.StagingManager$Lifecycle
08-19 11:49:49.973 I/SystemServerTiming( 1783): WaitInitThreadPoolShutdown
08-19 11:49:49.973 I/SystemServiceManager( 1783): Starting phase 1000 done
08-19 11:49:49.975 I/ActivityManager( 1783): User 0 state changed from BOOTING to RUNNING_LOCKED
08-19 11:49:49.975 W/ActivityManager( 1783): UserLifecycleEvent 4 received without an active userJourneySession.
08-19 11:49:49.983 I/vold    (  644): List of Keymaster HALs found:
08-19 11:49:49.983 I/vold    (  644): Keymaster HAL #1: Keymaster HAL: 4 from QTI SecurityLevel: TRUSTED_ENVIRONMENT HAL: android.hardware.keymaster@4.1::IKeymasterDevice/default
08-19 11:49:49.983 I/vold    (  644): Using Keymaster HAL: 4 from QTI for encryption.  Security level: TRUSTED_ENVIRONMENT, HAL: android.hardware.keymaster@4.1::IKeymasterDevice/default
08-19 11:49:49.995 I/vold    (  644): List of Keymaster HALs found:
08-19 11:49:49.995 I/vold    (  644): Keymaster HAL #1: Keymaster HAL: 4 from QTI SecurityLevel: TRUSTED_ENVIRONMENT HAL: android.hardware.keymaster@4.1::IKeymasterDevice/default
08-19 11:49:49.995 I/vold    (  644): Using Keymaster HAL: 4 from QTI for encryption.  Security level: TRUSTED_ENVIRONMENT, HAL: android.hardware.keymaster@4.1::IKeymasterDevice/default
08-19 11:49:50.000 W/ActivityManager( 1783): UserLifecycleEvent 5 received without an active userJourneySession.
08-19 11:49:50.000 E/UserspaceRebootLogger( 1783): Userspace reboot is not supported.
08-19 11:49:50.002 I/MiuiMultiWindowSplitUI( 1783): mUiMode = 16  current ui mode = 16
08-19 11:49:50.002 I/MiuiMultiWindowSplitUI( 1783): orientation has not changed, mDisplayWidth: 1080, current height: 2400
08-19 11:49:50.002 I/ActivityTaskManager( 1783): Config changes=20000400 {1.0 460mcc65535mnc [zh_CN] ldltr sw392dp w392dp h827dp 440dpi nrml long hdr widecg port finger -keyb/v/h -nav/h winConfig={ mBounds=Rect(0, 0 - 1080, 2400) mAppBounds=Rect(0, 80 - 1080, 2356) mWindowingMode=fullscreen mDisplayWindowingMode=fullscreen mActivityType=undefined mAlwaysOnTop=undefined mRotation=ROTATION_0} s.47 themeChanged=0 themeChangedFlags=0 extraData = Bundle[{}]}
08-19 11:49:50.003 I/vold    (  644): Verified that /data/system_ce/0 has the encryption policy 65fe3f381174ffca16da5d2a7a3641f2 v2 modes 1/4 flags 0xa
08-19 11:49:50.003 I/vold    (  644): Verified that /data/misc_ce/0 has the encryption policy 65fe3f381174ffca16da5d2a7a3641f2 v2 modes 1/4 flags 0xa
08-19 11:49:50.003 I/vold    (  644): Verified that /data/vendor_ce/0 has the encryption policy 65fe3f381174ffca16da5d2a7a3641f2 v2 modes 1/4 flags 0xa
08-19 11:49:50.003 I/vold    (  644): Verified that /data/media/0 has the encryption policy 65fe3f381174ffca16da5d2a7a3641f2 v2 modes 1/4 flags 0xa
08-19 11:49:50.003 I/vold    (  644): Verified that /data/data has the encryption policy 65fe3f381174ffca16da5d2a7a3641f2 v2 modes 1/4 flags 0xa
08-19 11:49:50.015 I/WindowManager( 1783): Override config changes=20000400 {1.0 460mcc65535mnc [zh_CN] ldltr sw392dp w392dp h827dp 440dpi nrml long hdr widecg port finger -keyb/v/h -nav/h winConfig={ mBounds=Rect(0, 0 - 1080, 2400) mAppBounds=Rect(0, 80 - 1080, 2356) mWindowingMode=fullscreen mDisplayWindowingMode=fullscreen mActivityType=undefined mAlwaysOnTop=undefined mRotation=ROTATION_0} s.47 themeChanged=0 themeChangedFlags=0 extraData = Bundle[{}]} for displayId=0
08-19 11:49:50.016 I/MiuiMultiWindowSplitUI( 1783): mUiMode = 16  current ui mode = 16
08-19 11:49:50.016 I/MiuiMultiWindowSplitUI( 1783): orientation has not changed, mDisplayWidth: 1080, current height: 2400
08-19 11:49:50.034 I/ColorDisplayService( 1783): Turning off night display
08-19 11:49:50.039 I/ActivityManager( 1783): Start proc 3726:com.miui.maintenancemode/1000 for broadcast {com.miui.maintenancemode/com.miui.maintenancemode.receiver.BootMaintenanceModeReceiver} caller=null
08-19 11:49:50.048 I/DisplayManagerService( 1783): Display device changed: DisplayDeviceInfo{"内置屏幕": uniqueId="local:19260718211101825", 1080 x 2400, modeId 1, defaultModeId 1, supportedModes [{id=1, width=1080, height=2400, fps=60.000004}, {id=2, width=1080, height=2400, fps=120.00001}, {id=3, width=1080, height=2400, fps=90.0}], colorMode 0, supportedColorModes [0, 7, 9], HdrCapabilities HdrCapabilities{mSupportedHdrTypes=[2, 3, 4], mMaxLuminance=420.0, mMaxAverageLuminance=210.1615, mMinLuminance=0.323}, allmSupported false, gameContentTypeSupported false, density 440, 394.705 x 394.307 dpi, appVsyncOff 1000000, presDeadline 16666666, cutout DisplayCutout{insets=Rect(0, 80 - 0, 0) waterfall=Insets{left=0, top=0, right=0, bottom=0} boundingRect={Bounds=[Rect(0, 0 - 0, 0), Rect(517, 0 - 563, 80), Rect(0, 0 - 0, 0), Rect(0, 0 - 0, 0)]}}, touch INTERNAL, rotation 0, type INTERNAL, address {port=129, model=0x446d856b1774}, deviceProductInfo DeviceProductInfo{name=, manufacturerPnpId=QCM, productId=1, modelYear=null, manufactureDate=ManufactureDate{week=27, year=2006}, relativeAddress=null}, state ON, FLAG_DEFAULT_DISPLAY, FLAG_ROTATES_WITH_CONTENT, FLAG_SECURE, FLAG_SUPPORTS_PROTECTED_BUFFERS}
08-19 11:49:50.075 I/ActivityManager( 1783): Start proc 3745:com.sohu.inputmethod.sogou.xiaomi/u0a134 for service {com.sohu.inputmethod.sogou.xiaomi/com.sohu.inputmethod.sogou.xiaomi.SogouIME} caller=android
08-19 11:49:50.079 E/wificond( 1364): Skip scan ssid for single scan: {}
08-19 11:49:50.079 E/wificond( 1364): scan() freq: {}
08-19 11:49:50.079 E/wificond( 1364): scan() ssid: 
08-19 11:49:50.079 E/wificond( 1364): scan() type: 0, random_mac: 1
08-19 11:49:50.207 I/ActivityManager( 1783): Start proc 3808:com.android.deskclock/u0a173 for broadcast {com.android.deskclock/com.android.deskclock.AlarmInitReceiver} caller=null
08-19 11:49:50.251 W/ActivityThread( 3745): Failed to find provider info for com.sohu.inputmethod.sogou.xiaomi.multiprovider (user not unlocked)
