08-19 12:14:23.833 W/PackageParser(10152): Ignoring duplicate uses-permissions/uses-permissions-sdk-m: android.permission.INSTALL_GRANT_RUNTIME_PERMISSIONS in package: com.android.shell at: Binary XML file line #102
08-19 12:14:23.837 W/PackageParser(10152): Ignoring duplicate uses-permissions/uses-permissions-sdk-m: android.permission.CONFIGURE_WIFI_DISPLAY in package: com.android.systemui at: Binary XML file line #126
08-19 12:14:23.847 W/PackageParser(10152): No actions in intent filter at /system/priv-app/romex/romex.apk Binary XML file line #83
08-19 12:14:23.852 W/PackageManager(10152): Non-privileged app; cap priority to 0; package: com.android.cts.ctsshim activity: com.android.cts.ctsshim.InstallPriority origPrio: 100
08-19 12:14:23.852 I/chatty  (10152): uid=10276(u0_a276) system_server identical 3 lines
08-19 12:14:23.852 W/PackageManager(10152): Non-privileged app; cap priority to 0; package: com.android.cts.ctsshim activity: com.android.cts.ctsshim.InstallPriority origPrio: 100
08-19 12:14:23.856 W/PackageParser(10152): Unknown element under <application>: permission at /system/app/Gallery2/Gallery2.apk Binary XML file line #238
08-19 12:14:23.856 W/PackageParser(10152): Unknown element under <application>: permission at /system/app/Gallery2/Gallery2.apk Binary XML file line #241
08-19 12:14:23.861 W/PackageManager(10152): Permission com.android.launcher3.permission.READ_SETTINGS from package com.android.launcher3 in an unknown group android.permission-group.SYSTEM_TOOLS
08-19 12:14:23.861 W/PackageManager(10152): Permission com.android.launcher3.permission.WRITE_SETTINGS from package com.android.launcher3 in an unknown group android.permission-group.SYSTEM_TOOLS
08-19 12:14:23.861 W/PackageManager(10152): Permission com.android.launcher.permission.INSTALL_SHORTCUT from package com.android.launcher3 in an unknown group android.permission-group.SYSTEM_TOOLS
08-19 12:14:23.873 W/PackageParser(10152): Ignoring duplicate uses-permissions/uses-permissions-sdk-m: android.permission.BLUETOOTH in package: com.iflytek.inputmethod.oem at: Binary XML file line #201
08-19 12:14:23.874 W/PackageParser(10152): Ignoring duplicate uses-permissions/uses-permissions-sdk-m: android.permission.READ_PHONE_STATE in package: com.iflytek.inputmethod.oem at: Binary XML file line #202
08-19 12:14:23.874 W/PackageParser(10152): Ignoring duplicate uses-permissions/uses-permissions-sdk-m: android.permission.INTERNET in package: com.iflytek.inputmethod.oem at: Binary XML file line #222
08-19 12:14:23.874 W/PackageParser(10152): Ignoring duplicate uses-permissions/uses-permissions-sdk-m: android.permission.RECORD_AUDIO in package: com.iflytek.inputmethod.oem at: Binary XML file line #223
08-19 12:14:23.874 W/PackageParser(10152): Ignoring duplicate uses-permissions/uses-permissions-sdk-m: com.android.launcher.permission.INSTALL_SHORTCUT in package: com.iflytek.inputmethod.oem at: Binary XML file line #227
08-19 12:14:23.874 W/PackageParser(10152): Ignoring duplicate uses-permissions/uses-permissions-sdk-m: com.android.launcher.permission.UNINSTALL_SHORTCUT in package: com.iflytek.inputmethod.oem at: Binary XML file line #228
08-19 12:14:23.883 W/PackageManager(10152): Protected action; cap priority to 0; package: com.android.cts.priv.ctsshim activity: com.android.cts.priv.ctsshim.InstallPriority origPrio: 100
08-19 12:14:23.883 I/chatty  (10152): uid=10276(u0_a276) system_server identical 2 lines
08-19 12:14:23.883 W/PackageManager(10152): Protected action; cap priority to 0; package: com.android.cts.priv.ctsshim activity: com.android.cts.priv.ctsshim.InstallPriority origPrio: 100
08-19 12:14:23.883 W/PackageManager(10152): Protected action; cap priority to 0; package: com.android.packageinstaller activity: com.android.packageinstaller.PackageInstallerActivity origPrio: 1
08-19 12:14:23.883 W/PackageManager(10152): Package com.android.gallery3d desires unavailable shared library com.google.android.media.effects; ignoring!
08-19 12:14:23.883 W/PackageManager(10152): Package com.android.gallery3d desires unavailable shared library com.google.android.media.effects; ignoring!
08-19 12:14:23.883 I/PackageManager(10152): Adjusting ABI for com.vmos.romex to arm64-v8a (requirer=android, scannedPackage=null)
08-19 12:14:23.883 I/PackageManager(10152): Adjusting ABI for com.android.providers.settings to arm64-v8a (requirer=android, scannedPackage=null)
08-19 12:14:23.883 I/PackageManager(10152): Adjusting ABI for com.android.settings to arm64-v8a (requirer=android, scannedPackage=null)
08-19 12:14:23.883 I/PackageManager(10152): Adjusting ABI for com.android.wallpaperbackup to arm64-v8a (requirer=android, scannedPackage=null)
08-19 12:14:23.883 I/PackageManager(10152): Adjusting ABI for com.android.location.fused to arm64-v8a (requirer=android, scannedPackage=null)
08-19 12:14:23.884 I/PackageManager(10152): Adjusting ABI for com.android.server.telecom to arm64-v8a (requirer=android, scannedPackage=null)
08-19 12:14:23.884 I/PackageManager(10152): Adjusting ABI for com.android.launcher3 to arm64-v8a (requirer=android, scannedPackage=null)
08-19 12:14:23.884 I/PackageManager(10152): Adjusting ABI for com.android.inputdevices to arm64-v8a (requirer=android, scannedPackage=null)
08-19 12:14:23.884 I/PackageManager(10152): Adjusting ABI for com.android.keychain to arm64-v8a (requirer=android, scannedPackage=null)
08-19 12:14:23.885 I/PackageManager(10152): Time to scan packages: 0.091 seconds
08-19 12:14:23.885 W/PackageManager(10152): Not granting permission android.permission.BIND_WALLPAPER to package com.android.camera2 (protectionLevel=18 flags=0x3058bc45)
08-19 12:14:23.885 W/PackageManager(10152): Unknown permission com.android.launcher.permission.READ_SETTINGS in package com.android.launcher3
08-19 12:14:23.885 W/PackageManager(10152): Unknown permission com.android.launcher.permission.WRITE_SETTINGS in package com.android.launcher3
08-19 12:14:23.885 W/PackageManager(10152): Unknown permission android.permission.FOREGROUND_SERVICE in package com.google.android.webview
08-19 12:14:23.885 W/PackageManager(10152): Unknown permission com.android.launcher.permission.READ_SETTINGS in package com.android.onetimeinitializer
08-19 12:14:23.885 W/PackageManager(10152): Unknown permission com.android.launcher.permission.WRITE_SETTINGS in package com.android.onetimeinitializer
08-19 12:14:23.885 W/PackageManager(10152): Unknown permission com.samsung.android.providers.context.permission.WRITE_USE_APP_FEATURE_SURVEY in package mark.via
08-19 12:14:23.885 W/PackageManager(10152): Unknown permission com.google.android.permission.INSTALL_WEARABLE_PACKAGES in package com.android.packageinstaller
08-19 12:14:23.885 W/PackageManager(10152): Unknown permission com.google.android.gallery3d.permission.PICASA_STORE in package com.android.dreams.phototable
08-19 12:14:23.885 W/PackageManager(10152): Unknown permission com.google.android.googleapps.permission.GOOGLE_AUTH in package com.android.settings
08-19 12:14:23.885 W/PackageManager(10152): Unknown permission com.android.launcher.permission.READ_SETTINGS in package com.android.settings
08-19 12:14:23.885 W/PackageManager(10152): Unknown permission com.android.launcher.permission.WRITE_SETTINGS in package com.android.settings
08-19 12:14:23.885 W/PackageManager(10152): Unknown permission com.android.smspush.WAPPUSH_MANAGER_BIND in package com.android.phone
08-19 12:14:23.885 W/PackageManager(10152): Unknown permission android.permission.BROADCAST_PACKAGE_ADDED in package com.iflytek.inputmethod.oem
08-19 12:14:23.885 W/PackageManager(10152): Unknown permission android.permission.BROADCAST_PACKAGE_CHANGED in package com.iflytek.inputmethod.oem
08-19 12:14:23.885 W/PackageManager(10152): Unknown permission android.permission.BROADCAST_PACKAGE_INSTALL in package com.iflytek.inputmethod.oem
08-19 12:14:23.885 W/PackageManager(10152): Unknown permission android.permission.BROADCAST_PACKAGE_REPLACED in package com.iflytek.inputmethod.oem
08-19 12:14:23.885 W/PackageManager(10152): Not granting permission android.permission.READ_LOGS to package com.iflytek.inputmethod.oem (protectionLevel=50 flags=0x38483e45)
08-19 12:14:23.885 W/PackageManager(10152): Unknown permission android.permission.RECEIVE_USER_PRESENT in package com.iflytek.inputmethod.oem
08-19 12:14:23.885 W/PackageManager(10152): Unknown permission com.sec.android.provider.badge.permission.READ in package com.iflytek.inputmethod.oem
08-19 12:14:23.885 W/PackageManager(10152): Unknown permission com.sec.android.provider.badge.permission.WRITE in package com.iflytek.inputmethod.oem
08-19 12:14:23.885 W/PackageManager(10152): Unknown permission com.huawei.android.launcher.permission.CHANGE_BADGE in package com.iflytek.inputmethod.oem
08-19 12:14:23.885 W/PackageManager(10152): Unknown permission com.htc.launcher.permission.READ_SETTINGS in package com.iflytek.inputmethod.oem
08-19 12:14:23.885 W/PackageManager(10152): Unknown permission com.htc.launcher.permission.UPDATE_SHORTCUT in package com.iflytek.inputmethod.oem
08-19 12:14:23.885 W/PackageManager(10152): Unknown permission com.sonyericsson.home.permission.BROADCAST_BADGE in package com.iflytek.inputmethod.oem
08-19 12:14:23.885 W/PackageManager(10152): Unknown permission com.sonymobile.home.permission.PROVIDER_INSERT_BADGE in package com.iflytek.inputmethod.oem
08-19 12:14:23.885 W/PackageManager(10152): Unknown permission android.permission.READ_APP_BADGE in package com.iflytek.inputmethod.oem
08-19 12:14:23.885 W/PackageManager(10152): Not granting permission android.permission.CHANGE_CONFIGURATION to package com.iflytek.inputmethod.oem (protectionLevel=50 flags=0x38483e45)
08-19 12:14:23.919 I/SystemServer(10152): StartOtaDexOptService
08-19 12:14:23.919 I/SystemServer(10152): StartUserManagerService
08-19 12:14:23.919 I/SystemServiceManager(10152): Starting com.android.server.pm.UserManagerService$LifeCycle
08-19 12:14:23.920 I/SystemServiceManager(10152): Starting com.android.server.BatteryService
08-19 12:14:23.921 I/SystemServiceManager(10152): Starting com.android.server.usage.UsageStatsService
08-19 12:14:23.923 I/SystemServiceManager(10152): Starting com.android.server.webkit.WebViewUpdateService
08-19 12:14:23.923 I/SystemServer(10152): Reading configuration...
08-19 12:14:23.923 I/SystemServer(10152): StartSchedulingPolicyService
08-19 12:14:23.924 I/SystemServiceManager(10152): Starting com.android.server.telecom.TelecomLoaderService
08-19 12:14:23.924 I/SystemServer(10152): StartTelephonyRegistry
08-19 12:14:23.924 I/SystemServer(10152): StartEntropyMixer
08-19 12:14:23.925 I/EntropyMixer(10152): Writing entropy...
08-19 12:14:23.928 I/SystemServer(10152): Camera Service
08-19 12:14:23.928 I/SystemServiceManager(10152): Starting com.android.server.camera.CameraService
08-19 12:14:23.929 I/SystemServer(10152): StartAccountManagerService
08-19 12:14:23.929 I/SystemServiceManager(10152): Starting com.android.server.accounts.AccountManagerService$Lifecycle
08-19 12:14:23.930 I/SystemServer(10152): StartContentService
08-19 12:14:23.930 I/SystemServiceManager(10152): Starting com.android.server.content.ContentService$Lifecycle
08-19 12:14:23.930 I/SystemServer(10152): VmosManagerService
08-19 12:14:23.931 I/SystemServer(10152): InstallSystemProviders
08-19 12:14:23.942 I/SystemServer(10152): StartVibratorService
08-19 12:14:23.943 I/SystemServer(10152): StartConsumerIrService
08-19 12:14:23.943 I/SystemServer(10152): StartAlarmManagerService
08-19 12:14:23.943 I/SystemServiceManager(10152): Starting com.android.server.AlarmManagerService
08-19 12:14:23.945 I/SystemServer(10152): InitWatchdog
08-19 12:14:23.945 I/SystemServer(10152): StartInputManagerService
08-19 12:14:23.945 I/InputManager(10152): Initializing input manager, mUseDevInputEventForAudioJack=false
08-19 12:14:23.945 I/SystemServer(10152): StartWindowManagerService
08-19 12:14:23.948 I/WindowManager(10152): No existing display settings /data/system/display_settings.xml; starting empty
08-19 12:14:23.955 I/SystemServer(10152): StartVrManagerService
08-19 12:14:23.955 I/SystemServiceManager(10152): Starting com.android.server.vr.VrManagerService
08-19 12:14:23.956 I/InputManager(10152): Starting input manager
08-19 12:14:23.959 I/SystemServiceManager(10152): Starting com.android.server.BluetoothService
08-19 12:14:23.959 I/SystemServer(10152): ConnectivityMetricsLoggerService
08-19 12:14:23.960 I/SystemServiceManager(10152): Starting com.android.server.connectivity.MetricsLoggerService
08-19 12:14:23.960 I/SystemServer(10152): IpConnectivityMetrics
08-19 12:14:23.960 I/SystemServiceManager(10152): Starting com.android.server.connectivity.IpConnectivityMetrics
08-19 12:14:23.960 I/SystemServer(10152): PinnerService
08-19 12:14:23.960 I/SystemServiceManager(10152): Starting com.android.server.PinnerService
08-19 12:14:23.960 I/SystemServiceManager(10152): Starting com.android.server.InputMethodManagerService$Lifecycle
08-19 12:14:23.963 I/InputMethodManagerService(10152): All the enabled IMEs are gone. Reset default enabled IMEs.
08-19 12:14:23.969 I/SystemServer(10152): StartAccessibilityManagerService
08-19 12:14:23.970 I/ActivityManager(10152): Config changes=1df8 {1.0 ?mcc?mnc [zh_CN] ldltr sw392dp w392dp h872dp 440dpi nrml long port ?uimode ?night -touch -keyb/v/h -nav/h s.2}
08-19 12:14:23.971 I/ActivityManager(10152): Config changes=408 {1.0 ?mcc?mnc [zh_CN] ldltr sw392dp w392dp h800dp 440dpi nrml long port ?uimode ?night finger -keyb/v/h -nav/h s.3}
08-19 12:14:23.973 I/UsageStatsService(10152): User[0] Rollover scheduled @ 2021-08-20 10:53:11(1629427991647)
08-19 12:14:23.990 I/SystemServiceManager(10152): Starting com.android.server.MountService$Lifecycle
08-19 12:14:23.993 I/SystemServiceManager(10152): Starting com.android.server.UiModeManagerService
08-19 12:14:23.994 I/ActivityManager(10152): Config changes=200 {1.0 ?mcc?mnc [zh_CN] ldltr sw392dp w392dp h800dp 440dpi nrml long port finger -keyb/v/h -nav/h s.4}
08-19 12:14:23.994 W/MountService(10152): No primary storage mounted!
08-19 12:14:23.995 W/PackageManager(10152): Not granting permission android.permission.BIND_WALLPAPER to package com.android.camera2 (protectionLevel=18 flags=0x3058bc45)
08-19 12:14:23.995 W/PackageManager(10152): Unknown permission com.android.launcher.permission.READ_SETTINGS in package com.android.launcher3
08-19 12:14:23.995 W/PackageManager(10152): Unknown permission com.android.launcher.permission.WRITE_SETTINGS in package com.android.launcher3
08-19 12:14:23.995 W/PackageManager(10152): Unknown permission android.permission.FOREGROUND_SERVICE in package com.google.android.webview
08-19 12:14:23.995 W/PackageManager(10152): Unknown permission com.android.launcher.permission.READ_SETTINGS in package com.android.onetimeinitializer
08-19 12:14:23.995 W/PackageManager(10152): Unknown permission com.android.launcher.permission.WRITE_SETTINGS in package com.android.onetimeinitializer
08-19 12:14:23.995 W/PackageManager(10152): Unknown permission com.samsung.android.providers.context.permission.WRITE_USE_APP_FEATURE_SURVEY in package mark.via
08-19 12:14:23.995 W/PackageManager(10152): Unknown permission com.google.android.permission.INSTALL_WEARABLE_PACKAGES in package com.android.packageinstaller
08-19 12:14:23.995 W/PackageManager(10152): Unknown permission com.google.android.gallery3d.permission.PICASA_STORE in package com.android.dreams.phototable
08-19 12:14:23.995 W/PackageManager(10152): Unknown permission com.google.android.googleapps.permission.GOOGLE_AUTH in package com.android.settings
08-19 12:14:23.995 W/PackageManager(10152): Unknown permission com.android.launcher.permission.READ_SETTINGS in package com.android.settings
08-19 12:14:23.995 W/PackageManager(10152): Unknown permission com.android.launcher.permission.WRITE_SETTINGS in package com.android.settings
08-19 12:14:23.995 W/PackageManager(10152): Unknown permission com.android.smspush.WAPPUSH_MANAGER_BIND in package com.android.phone
08-19 12:14:23.996 W/PackageManager(10152): Unknown permission android.permission.BROADCAST_PACKAGE_ADDED in package com.iflytek.inputmethod.oem
08-19 12:14:23.996 W/PackageManager(10152): Unknown permission android.permission.BROADCAST_PACKAGE_CHANGED in package com.iflytek.inputmethod.oem
08-19 12:14:23.996 W/PackageManager(10152): Unknown permission android.permission.BROADCAST_PACKAGE_INSTALL in package com.iflytek.inputmethod.oem
08-19 12:14:23.996 W/PackageManager(10152): Unknown permission android.permission.BROADCAST_PACKAGE_REPLACED in package com.iflytek.inputmethod.oem
08-19 12:14:23.996 W/PackageManager(10152): Not granting permission android.permission.READ_LOGS to package com.iflytek.inputmethod.oem (protectionLevel=50 flags=0x38483e45)
08-19 12:14:23.996 W/PackageManager(10152): Unknown permission android.permission.RECEIVE_USER_PRESENT in package com.iflytek.inputmethod.oem
08-19 12:14:23.996 W/PackageManager(10152): Unknown permission com.sec.android.provider.badge.permission.READ in package com.iflytek.inputmethod.oem
08-19 12:14:23.996 W/PackageManager(10152): Unknown permission com.sec.android.provider.badge.permission.WRITE in package com.iflytek.inputmethod.oem
08-19 12:14:23.996 W/PackageManager(10152): Unknown permission com.huawei.android.launcher.permission.CHANGE_BADGE in package com.iflytek.inputmethod.oem
08-19 12:14:23.996 W/PackageManager(10152): Unknown permission com.htc.launcher.permission.READ_SETTINGS in package com.iflytek.inputmethod.oem
08-19 12:14:23.996 W/PackageManager(10152): Unknown permission com.htc.launcher.permission.UPDATE_SHORTCUT in package com.iflytek.inputmethod.oem
08-19 12:14:23.996 W/PackageManager(10152): Unknown permission com.sonyericsson.home.permission.BROADCAST_BADGE in package com.iflytek.inputmethod.oem
08-19 12:14:23.996 W/PackageManager(10152): Unknown permission com.sonymobile.home.permission.PROVIDER_INSERT_BADGE in package com.iflytek.inputmethod.oem
08-19 12:14:23.996 W/PackageManager(10152): Unknown permission android.permission.READ_APP_BADGE in package com.iflytek.inputmethod.oem
08-19 12:14:23.996 W/PackageManager(10152): Not granting permission android.permission.CHANGE_CONFIGURATION to package com.iflytek.inputmethod.oem (protectionLevel=50 flags=0x38483e45)
08-19 12:14:24.007 W/MountService(10152): No primary storage mounted!
08-19 12:14:24.007 I/SystemServer(10152): StartLockSettingsService
08-19 12:14:24.007 I/SystemServiceManager(10152): Starting com.android.server.LockSettingsService$Lifecycle
08-19 12:14:24.009 I/SystemServiceManager(10152): Starting com.android.server.DeviceIdleController
08-19 12:14:24.010 I/SystemServiceManager(10152): Starting com.android.server.devicepolicy.DevicePolicyManagerService$Lifecycle
08-19 12:14:24.011 I/SystemServer(10152): StartStatusBarManagerService
08-19 12:14:24.012 I/SystemServer(10152): StartClipboardService
08-19 12:14:24.012 I/SystemServer(10152): StartNetworkManagementService
08-19 12:14:24.013 I/NetworkManagement(10152): onDaemonConnected()
08-19 12:14:24.014 I/SystemServiceManager(10152): Starting com.android.server.TextServicesManagerService$Lifecycle
08-19 12:14:24.015 I/SystemServer(10152): StartNetworkScoreService
08-19 12:14:24.015 I/SystemServer(10152): StartNetworkStatsService
08-19 12:14:24.016 I/SystemServer(10152): StartNetworkPolicyManagerService
08-19 12:14:24.018 I/SystemServer(10152): No Wi-Fi NAN Service (NAN support Not Present)
08-19 12:14:24.018 I/SystemServiceManager(10152): Starting com.android.server.wifi.p2p.WifiP2pService
08-19 12:14:24.023 I/SystemServiceManager(10152): Starting com.android.server.wifi.WifiService
08-19 12:14:24.043 I/SystemServiceManager(10152): Starting com.android.server.wifi.scanner.WifiScanningService
08-19 12:14:24.043 I/SystemServiceManager(10152): Starting com.android.server.wifi.RttService
08-19 12:14:24.044 I/SystemServiceManager(10152): Starting com.android.server.ethernet.EthernetService
08-19 12:14:24.044 I/SystemServer(10152): StartConnectivityService
08-19 12:14:24.049 I/SystemServer(10152): StartNsdService
08-19 12:14:24.050 I/SystemServer(10152): StartUpdateLockService
08-19 12:14:24.050 I/SystemServiceManager(10152): Starting com.android.server.RecoverySystemService
08-19 12:14:24.050 I/SystemServiceManager(10152): Starting com.android.server.notification.NotificationManagerService
08-19 12:14:24.056 I/SystemServiceManager(10152): Starting com.android.server.storage.DeviceStorageMonitorService
08-19 12:14:24.057 I/SystemServer(10152): StartLocationManagerService
08-19 12:14:24.057 I/SystemServer(10152): StartCountryDetectorService
08-19 12:14:24.057 I/SystemServer(10152): StartSearchManagerService
08-19 12:14:24.057 I/SystemServiceManager(10152): Starting com.android.server.search.SearchManagerService$Lifecycle
08-19 12:14:24.058 I/SystemServiceManager(10152): Starting com.android.server.DropBoxManagerService
08-19 12:14:24.058 I/SystemServer(10152): StartWallpaperManagerService
08-19 12:14:24.058 I/SystemServiceManager(10152): Starting com.android.server.wallpaper.WallpaperManagerService$Lifecycle
08-19 12:14:24.059 I/SystemServer(10152): StartAudioService
08-19 12:14:24.059 I/SystemServiceManager(10152): Starting com.android.server.audio.AudioService$Lifecycle
08-19 12:14:24.064 I/SystemServiceManager(10152): Starting com.android.server.DockObserver
08-19 12:14:24.064 W/DockObserver(10152): This kernel does not have dock station support
08-19 12:14:24.064 I/SystemServer(10152): StartWiredAccessoryManager
08-19 12:14:24.064 W/WiredAccessoryManager(10152): This kernel does not have wired headset support
08-19 12:14:24.064 W/WiredAccessoryManager(10152): This kernel does not have usb audio support
08-19 12:14:24.064 W/WiredAccessoryManager(10152): This kernel does not have HDMI audio support
08-19 12:14:24.064 I/SystemServiceManager(10152): Starting com.android.server.usb.UsbService$Lifecycle
08-19 12:14:24.065 I/SystemServer(10152): StartSerialService
08-19 12:14:24.066 I/SystemServiceManager(10152): Starting com.android.server.twilight.TwilightService
08-19 12:14:24.066 I/SystemServiceManager(10152): Starting com.android.server.job.JobSchedulerService
08-19 12:14:24.067 I/SystemServiceManager(10152): Starting com.android.server.soundtrigger.SoundTriggerService
08-19 12:14:24.067 I/SystemServiceManager(10152): Starting com.android.server.backup.BackupManagerService$Lifecycle
08-19 12:14:24.068 I/SystemServiceManager(10152): Starting com.android.server.appwidget.AppWidgetService
08-19 12:14:24.069 I/SystemServiceManager(10152): Starting com.android.server.voiceinteraction.VoiceInteractionManagerService
08-19 12:14:24.069 I/SystemServer(10152): Gesture Launcher Service
08-19 12:14:24.069 I/SystemServiceManager(10152): Starting com.android.server.GestureLauncherService
08-19 12:14:24.069 I/SystemServiceManager(10152): Starting com.android.server.SensorNotificationService
08-19 12:14:24.069 I/SystemServiceManager(10152): Starting com.android.server.ContextHubSystemService
08-19 12:14:24.070 I/SystemServer(10152): StartDiskStatsService
08-19 12:14:24.070 I/SystemServer(10152): StartSamplingProfilerService
08-19 12:14:24.073 I/SystemServer(10152): StartNetworkTimeUpdateService
08-19 12:14:24.073 I/SystemServer(10152): StartCommonTimeManagementService
08-19 12:14:24.074 I/SystemServer(10152): CertBlacklister
08-19 12:14:24.074 I/SystemServiceManager(10152): Starting com.android.server.emergency.EmergencyAffordanceService
08-19 12:14:24.074 I/SystemServiceManager(10152): Starting com.android.server.dreams.DreamManagerService
08-19 12:14:24.074 I/SystemServer(10152): StartAssetAtlasService
08-19 12:14:24.075 I/SystemServiceManager(10152): Starting com.android.server.restrictions.RestrictionsManagerService
08-19 12:14:24.075 I/SystemServiceManager(10152): Starting com.android.server.media.MediaSessionService
08-19 12:14:24.076 I/SystemServer(10152): StartMediaRouterService
08-19 12:14:24.076 I/SystemServiceManager(10152): Starting com.android.server.trust.TrustManagerService
08-19 12:14:24.077 I/SystemServer(10152): StartBackgroundDexOptService
08-19 12:14:24.077 I/SystemServiceManager(10152): Starting com.android.server.pm.ShortcutService$Lifecycle
08-19 12:14:24.078 I/SystemServiceManager(10152): Starting com.android.server.pm.LauncherAppsService
08-19 12:14:24.078 I/SystemServiceManager(10152): Starting com.android.server.media.projection.MediaProjectionManagerService
08-19 12:14:24.080 I/SystemServiceManager(10152): Starting com.android.server.MmsServiceBroker
08-19 12:14:24.088 E/LockSettingsStorage(10152): Cannot read file java.io.FileNotFoundException: /data/system/gatekeeper.password.key: open failed: ENOENT (No such file or directory)
08-19 12:14:24.088 E/LockSettingsStorage(10152): Cannot read file java.io.FileNotFoundException: /data/system/password.key: open failed: ENOENT (No such file or directory)
08-19 12:14:24.088 E/LockSettingsStorage(10152): Cannot read file java.io.FileNotFoundException: /data/system/gatekeeper.pattern.key: open failed: ENOENT (No such file or directory)
08-19 12:14:24.088 E/LockSettingsStorage(10152): Cannot read file java.io.FileNotFoundException: /data/system/gatekeeper.gesture.key: open failed: ENOENT (No such file or directory)
08-19 12:14:24.089 E/LockSettingsStorage(10152): Cannot read file java.io.FileNotFoundException: /data/system/gesture.key: open failed: ENOENT (No such file or directory)
08-19 12:14:24.089 I/SystemServiceManager(10152): Starting phase 480
08-19 12:14:24.089 W/DevicePolicyManagerService(10152): Trying to set ro.device_owner, but it has already been set?
08-19 12:14:24.090 I/SystemServiceManager(10152): Starting phase 500
08-19 12:14:24.092 I/WifiService(10152): WifiService starting up with Wi-Fi enabled
08-19 12:14:24.096 W/ProcessCpuTracker(10152): Skipping unknown process pid 7593
08-19 12:14:24.097 W/ProcessCpuTracker(10152): Skipping unknown process pid 7601
08-19 12:14:24.097 W/SoundTriggerHelper(10152): listModules status=0, # of modules=0
08-19 12:14:24.097 W/ProcessCpuTracker(10152): Skipping unknown process pid 7759
08-19 12:14:24.097 W/ProcessCpuTracker(10152): Skipping unknown process pid 7765
08-19 12:14:24.098 W/ProcessCpuTracker(10152): Skipping unknown process pid 7968
08-19 12:14:24.101 W/KeyguardServiceDelegate(10152): onScreenTurningOn(): no keyguard service!
08-19 12:14:24.101 I/ActivityManager(10152): System now ready
08-19 12:14:24.102 I/SystemServer(10152): Making services ready
08-19 12:14:24.102 I/SystemServiceManager(10152): Starting phase 550
08-19 12:14:24.108 E/BluetoothManagerService(10152): Fail to bind to: Intent { act=android.bluetooth.IBluetooth }
08-19 12:14:24.108 E/InputMethodManagerService(10152): Ignoring updateSystemUiLocked due to an invalid token. uid:1000 token:null
08-19 12:14:24.109 E/BatteryStatsService(10152): no controller energy info supplied
08-19 12:14:24.109 E/KernelUidCpuTimeReader(10152): Failed to read uid_cputime: /proc/uid_cputime/show_uid_stat (Permission denied)
08-19 12:14:24.129 E/libprocessgroup(10225): failed to open /acct/uid_10028/pid_10225/cgroup.procs: No such file or directory
08-19 12:14:24.134 I/ActivityManager(10152): Start proc 10225:com.android.inputmethod.latin/u0a28 for service com.android.inputmethod.latin/.LatinIME
08-19 12:14:24.138 I/ActivityManager(10152): Force stopping com.android.providers.media appid=10005 user=-1: vold reset
08-19 12:14:24.142 I/SystemServer(10152): WebViewFactory preparation
08-19 12:14:24.142 E/BluetoothManagerService(10152): Fail to bind to: Intent { act=android.bluetooth.IBluetoothHeadset }
08-19 12:14:24.142 W/BluetoothManagerService(10152): Unable to bind with intent: Intent { act=android.bluetooth.IBluetoothHeadset }
08-19 12:14:24.156 E/libprocessgroup(10249): failed to open /acct/uid_1037/pid_10249/cgroup.procs: No such file or directory
08-19 12:14:24.156 I/ActivityManager(10152): Start proc 10249:WebViewLoader-armeabi-v7a/1037 [android.webkit.WebViewFactory$RelroFileCreator] for 
08-19 12:14:24.163 E/libprocessgroup(10262): failed to open /acct/uid_1037/pid_10262/cgroup.procs: No such file or directory
08-19 12:14:24.167 I/ActivityManager(10152): Start proc 10262:WebViewLoader-arm64-v8a/1037 [android.webkit.WebViewFactory$RelroFileCreator] for 
08-19 12:14:24.191 I/ActivityManager(10152): Start proc 10312:com.android.systemui/u0a17 for service com.android.systemui/.SystemUIService
08-19 12:14:24.191 I/NetworkManagement(10152): not enabling bandwidth control
08-19 12:14:24.194 W/NetworkStats(10152): bandwidth controls disabled, unable to track stats
08-19 12:14:24.194 W/NetworkPolicy(10152): bandwidth controls disabled, unable to enforce policy
08-19 12:14:24.194 E/libprocessgroup(10312): failed to open /acct/uid_10017/pid_10312/cgroup.procs: No such file or directory
08-19 12:14:24.198 I/SystemServiceManager(10152): Starting phase 600
08-19 12:14:24.202 E/ActivityThread(10225): Failed to find provider info for user_dictionary
08-19 12:14:24.207 E/lchsdkper(10152): true isLauncherAvailable disable game,enable launcher isGameAvailable true
08-19 12:14:24.210 W/LocationManagerService(10152): no network location provider found
08-19 12:14:24.211 E/LocationManagerService(10152): no geocoder provider found
08-19 12:14:24.214 I/MmsServiceBroker(10152): Delay connecting to MmsService until an API is called
08-19 12:14:24.215 W/CameraService_proxy(10152): Could not notify mediaserver, camera service not available.
08-19 12:14:24.215 W/VoiceInteractionManagerService(10152): no available voice interaction services found for user 0
08-19 12:14:24.215 W/VoiceInteractionManagerService(10152): no available voice recognition services found for user 0
08-19 12:14:24.222 E/libprocessgroup(10359): failed to open /acct/uid_1001/pid_10359/cgroup.procs: No such file or directory
08-19 12:14:24.225 I/ActivityManager(10152): Start proc 10359:com.android.phone/1001 for added application com.android.phone
08-19 12:14:24.226 I/ActivityManager(10152): START u0 {act=android.intent.action.MAIN cat=[android.intent.category.HOME] flg=0x10000100 cmp=com.android.settings/.FallbackHome} from uid 0 on display 0
08-19 12:14:24.228 I/ActivityManager(10152): Loaded persisted task ids for user 0
08-19 12:14:24.235 E/libprocessgroup(10387): failed to open /acct/uid_1000/pid_10387/cgroup.procs: No such file or directory
08-19 12:14:24.240 I/ActivityManager(10152): Start proc 10387:com.android.settings/1000 for activity com.android.settings/.FallbackHome
08-19 12:14:24.262 E/BluetoothManagerService(10152): Fail to bind to: Intent { act=android.bluetooth.IBluetoothHeadset }
08-19 12:14:24.262 W/BluetoothManagerService(10152): Unable to bind with intent: Intent { act=android.bluetooth.IBluetoothHeadset }
08-19 12:14:24.266 I/Telecom (10152): SystemStateProvider: Registering car mode receiver: android.content.IntentFilter@e4aa91e: TS.init@AAA
08-19 12:14:24.270 I/Telecom (10152): Telecom: Non-call EVENT: AUDIO_ROUTE, Entering state QuiescentEarpieceRoute
08-19 12:14:24.271 I/Telecom (10152): CallAudioModeStateMachine: Message received: null.: TS.init->CAMSM.pM_1@AAA_0
08-19 12:14:24.273 E/ActivityThread(10152): Failed to find provider info for call_log
08-19 12:14:24.273 E/BluetoothManagerService(10152): Fail to bind to: Intent { act=android.bluetooth.IBluetoothHeadset }
08-19 12:14:24.273 W/BluetoothManagerService(10152): Unable to bind with intent: Intent { act=android.bluetooth.IBluetoothHeadset }
08-19 12:14:24.275 I/Telecom (10152): Class: TelecomSystem.INSTANCE being set
08-19 12:14:24.275 W/ContextImpl(10152): Calling a method in the system process without a qualified user: android.app.ContextImpl.startService:1368 android.content.ContextWrapper.startService:613 com.android.server.telecom.components.TelecomService.initializeTelecomSystem:186 com.android.server.telecom.components.TelecomService.onBind:62 android.app.ActivityThread.handleBindService:3219 
08-19 12:14:24.276 W/ContextImpl(10152): Calling a method in the system process without a qualified user: android.app.ContextImpl.startService:1368 com.android.server.content.SyncManager$13.run:658 android.os.Handler.handleCallback:751 android.os.Handler.dispatchMessage:95 android.os.Looper.loop:154 
08-19 12:14:24.285 I/ActivityManager(10152): user 0 is still locked. Cannot load recents
08-19 12:14:24.324 W/KeyguardServiceDelegate(10152): onScreenTurningOn(): no keyguard service!
08-19 12:14:24.326 W/SystemConfig(10359): No directory /system/etc/sysconfig, skipping
08-19 12:14:24.328 I/Telecom (10152): WiredHeadsetManager: ACTION_HEADSET_PLUG event, plugged in: false, : WHC.oADA@AAE
08-19 12:14:24.329 I/ActivityManager(10152): user 0 is still locked. Cannot load recents
08-19 12:14:24.330 E/ActivityThread(10152): Failed to find provider info for com.android.calendar
08-19 12:14:24.330 E/ActivityThread(10152): Failed to find provider info for com.android.calendar
08-19 12:14:24.330 I/SyncManager(10152): Got SyncJobService instance.
08-19 12:14:24.342 E/BluetoothManagerService(10152): Fail to bind to: Intent { act=android.bluetooth.IBluetoothHeadset }
08-19 12:14:24.342 W/BluetoothManagerService(10152): Unable to bind with intent: Intent { act=android.bluetooth.IBluetoothHeadset }
08-19 12:14:24.383 E/AndroidRuntime(10312): FATAL EXCEPTION: main
08-19 12:14:24.383 E/AndroidRuntime(10312): Process: com.android.systemui, PID: 10312
08-19 12:14:24.383 E/AndroidRuntime(10312): java.lang.NullPointerException: Attempt to invoke virtual method 'void com.android.systemui.statusbar.phone.PhoneStatusBar.onStartedWakingUp()' on a null object reference
08-19 12:14:24.383 E/AndroidRuntime(10312): 	at com.android.systemui.statusbar.phone.StatusBarKeyguardViewManager.onStartedWakingUp(StatusBarKeyguardViewManager.java:191)
08-19 12:14:24.383 E/AndroidRuntime(10312): 	at com.android.systemui.keyguard.KeyguardViewMediator.handleNotifyStartedWakingUp(KeyguardViewMediator.java:1887)
08-19 12:14:24.383 E/AndroidRuntime(10312): 	at com.android.systemui.keyguard.KeyguardViewMediator.-wrap11(KeyguardViewMediator.java)
08-19 12:14:24.383 E/AndroidRuntime(10312): 	at com.android.systemui.keyguard.KeyguardViewMediator$4.handleMessage(KeyguardViewMediator.java:1492)
08-19 12:14:24.383 E/AndroidRuntime(10312): 	at android.os.Handler.dispatchMessage(Handler.java:102)
08-19 12:14:24.383 E/AndroidRuntime(10312): 	at android.os.Looper.loop(Looper.java:154)
08-19 12:14:24.383 E/AndroidRuntime(10312): 	at android.app.ActivityThread.main(ActivityThread.java:6121)
08-19 12:14:24.383 E/AndroidRuntime(10312): 	at java.lang.reflect.Method.invoke(Native Method)
08-19 12:14:24.383 E/AndroidRuntime(10312): 	at com.android.internal.os.ZygoteInit$MethodAndArgsCaller.run(ZygoteInit.java:1082)
08-19 12:14:24.383 E/AndroidRuntime(10312): 	at com.android.internal.os.ZygoteInit.main(ZygoteInit.java:956)
08-19 12:14:24.417 I/Telecom (10152): PhoneAccountRegistrar: New phone account registered: [[ ] PhoneAccount: ComponentInfo{com.android.phone/com.android.services.telephony.TelephonyConnectionService}, [e0184adedf913b076626646d3f52c3b49c39ad6d], UserHandle{0} Capabilities: CallProvider MultiUser PlaceEmerg SimSub  Audio Routes: BESW Schemes: tel voicemail  Extras: null GroupId: [da39a3ee5e6b4b0d3255bfef95601890afd80709]]: TSI.rPA@AAM
08-19 12:14:24.418 I/Telecom (10152): : Sending phone-account registered intent as user: TSI.rPA@AAM
08-19 12:14:24.422 I/Telecom (10152): : Sending phone-account unregistered intent as user: TSI.uPA@AAU
08-19 12:14:24.440 I/Telecom (10152): PhoneAccountRegistrar: [ComponentInfo{com.android.phone/com.android.services.telephony.TelephonyConnectionService}, [e0184adedf913b076626646d3f52c3b49c39ad6d], UserHandle{0}(icon: Icon(typ=BITMAP size=52x66) -> Icon(typ=BITMAP size=52x66))]: TSI.rPA@AAc
08-19 12:14:24.441 I/Telecom (10152): : Sending phone-account registered intent as user: TSI.rPA@AAc
08-19 12:14:24.455 I/Telecom (10152): PhoneAccountRegistrar: [ComponentInfo{com.android.phone/com.android.services.telephony.TelephonyConnectionService}, [e0184adedf913b076626646d3f52c3b49c39ad6d], UserHandle{0}(icon: Icon(typ=BITMAP size=52x66) -> Icon(typ=BITMAP size=52x66))(subAddr: tel:*********** -> tel:)]: TSI.rPA@AAg
08-19 12:14:24.455 I/Telecom (10152): : Sending phone-account registered intent as user: TSI.rPA@AAg
08-19 12:14:24.482 W/BroadcastQueue(10152): Skipping deliver [background] BroadcastRecord{dd882b u-1 android.intent.action.SIM_STATE_CHANGED} to ReceiverList{92f9b3b 10312 com.android.systemui/10017/u0 remote:7620dca}: process crashing
08-19 12:14:24.486 I/Telecom (10152): PhoneAccountRegistrar: [ComponentInfo{com.android.phone/com.android.services.telephony.TelephonyConnectionService}, [e0184adedf913b076626646d3f52c3b49c39ad6d], UserHandle{0}(icon: Icon(typ=BITMAP size=52x66) -> Icon(typ=BITMAP size=52x66))]: TSI.rPA@AAs
08-19 12:14:24.486 I/Telecom (10152): : Sending phone-account registered intent as user: TSI.rPA@AAs
08-19 12:14:24.500 I/Telecom (10152): PhoneAccountRegistrar: New phone account registered: [[ ] PhoneAccount: ComponentInfo{com.android.phone/com.android.services.telephony.TelephonyConnectionService}, [87215b15b7f8b917f4b004829c32e7a194150c11], UserHandle{0} Capabilities: CallProvider MultiUser PlaceEmerg SimSub  Audio Routes: BESW Schemes: tel voicemail  Extras: null GroupId: [da39a3ee5e6b4b0d3255bfef95601890afd80709]]: TSI.rPA@AAw
08-19 12:14:24.501 I/Telecom (10152): : Sending phone-account registered intent as user: TSI.rPA@AAw
08-19 12:14:24.503 I/Telecom (10152): : Sending phone-account unregistered intent as user: TSI.uPA@AA4
08-19 12:14:24.530 I/Telecom (10152): PhoneAccountRegistrar: [ComponentInfo{com.android.phone/com.android.services.telephony.TelephonyConnectionService}, [87215b15b7f8b917f4b004829c32e7a194150c11], UserHandle{0}(icon: Icon(typ=BITMAP size=52x66) -> Icon(typ=BITMAP size=52x66))]: TSI.rPA@ABA
08-19 12:14:24.531 I/Telecom (10152): : Sending phone-account registered intent as user: TSI.rPA@ABA
08-19 12:14:24.532 W/ActivityManager(10152): Unable to mark boot complete for abi: armeabi-v7a (Failed to execute markbootcomplete [arm]: -1)
08-19 12:14:24.532 I/SystemServiceManager(10152): Starting phase 1000
08-19 12:14:24.538 E/libprocessgroup(10506): failed to open /acct/uid_10006/pid_10506/cgroup.procs: No such file or directory
08-19 12:14:24.544 I/ActivityManager(10152): Start proc 10506:android.ext.services/u0a6 for on-hold
08-19 12:14:24.605 E/BluetoothManagerService(10152): Fail to bind to: Intent { act=android.bluetooth.IBluetooth }
08-19 12:14:24.611 W/ActivityManager(10152): Unable to start service Intent { act=android.service.carrier.CarrierService pkg=com.android.carrierconfig } U=0: not found
08-19 12:14:24.612 E/BatteryStatsService(10152): no controller energy info supplied
08-19 12:14:24.612 E/KernelUidCpuTimeReader(10152): Failed to read uid_cputime: /proc/uid_cputime/show_uid_stat (Permission denied)
08-19 12:14:24.618 W/BackupManagerService(10152): Proposed transport ComponentInfo{android/com.android.internal.backup.LocalTransportService} not whitelisted; ignoring
08-19 12:14:24.618 I/BackupManagerService(10152): Backup enabled => false
08-19 12:14:24.634 I/Telecom (10152): PhoneAccountRegistrar: [ComponentInfo{com.android.phone/com.android.services.telephony.TelephonyConnectionService}, [87215b15b7f8b917f4b004829c32e7a194150c11], UserHandle{0}(icon: Icon(typ=BITMAP size=52x66) -> Icon(typ=BITMAP size=52x66))]: TSI.rPA@ABM
08-19 12:14:24.635 I/Telecom (10152): : Sending phone-account registered intent as user: TSI.rPA@ABM
08-19 12:14:24.635 W/ContextImpl(10152): Calling a method in the system process without a qualified user: android.app.ContextImpl.startService:1368 android.content.ContextWrapper.startService:613 com.vmos.exsocket.rom.ExRomClient.connectExRomService:105 com.vmos.romex.ExRomServiceBooter.onReceive:17 android.app.ActivityThread.handleReceiver:3041 
08-19 12:14:24.635 W/ContextImpl(10152): Calling a method in the system process without a qualified user: android.app.ContextImpl.bindService:1432 android.content.ContextWrapper.bindService:636 com.vmos.exsocket.rom.ExRomClient.connectExRomService:110 com.vmos.romex.ExRomServiceBooter.onReceive:17 android.app.ActivityThread.handleReceiver:3041 
08-19 12:14:24.644 W/VoiceInteractionManagerService(10152): no available voice interaction services found for user 0
08-19 12:14:24.644 W/VoiceInteractionManagerService(10152): no available voice recognition services found for user 0
08-19 12:14:24.645 E/libprocessgroup(10529): failed to open /acct/uid_10005/pid_10529/cgroup.procs: No such file or directory
08-19 12:14:24.646 I/ActivityManager(10152): Start proc 10529:android.process.media/u0a5 for broadcast com.android.providers.downloads/.DownloadReceiver
08-19 12:14:24.647 I/ActivityManager(10152): Loading recents for user 0 into memory.
08-19 12:14:24.651 W/BroadcastQueue(10152): Skipping deliver [foreground] BroadcastRecord{e6eba56 u0 android.intent.action.USER_UNLOCKED} to ReceiverList{df2b017 10312 com.android.systemui/10017/u-1 remote:77b3c96}: process crashing
08-19 12:14:24.659 I/BackupManagerService(10152): Found stale backup journal, scheduling
08-19 12:14:24.674 I/ActivityManager(10152): START u0 {act=android.intent.action.MAIN cat=[android.intent.category.HOME] flg=0x10000100 cmp=com.android.launcher3/.Launcher} from uid 0 on display 0
08-19 12:14:24.694 E/libprocessgroup(10548): failed to open /acct/uid_1000/pid_10548/cgroup.procs: No such file or directory
08-19 12:14:24.698 I/ActivityManager(10152): Start proc 10548:com.android.launcher3/1000 for activity com.android.launcher3/.Launcher
08-19 12:14:24.764 I/Telecom (10152): PhoneAccountRegistrar: SimCallManager queried, returning: null: TSI.gSCMFU@ABY
08-19 12:14:24.764 I/Telecom (10152): PhoneAccountRegistrar: [ComponentInfo{com.android.phone/com.android.services.telephony.TelephonyConnectionService}, [87215b15b7f8b917f4b004829c32e7a194150c11], UserHandle{0}(icon: Icon(typ=BITMAP size=52x66) -> Icon(typ=BITMAP size=52x66))]: TSI.rPA@ABc
08-19 12:14:24.766 I/Telecom (10152): : Sending phone-account registered intent as user: TSI.rPA@ABc
08-19 12:14:24.777 E/libprocessgroup(10575): failed to open /acct/uid_1000/pid_10575/cgroup.procs: No such file or directory
08-19 12:14:24.778 I/ActivityManager(10152): Start proc 10575:com.android.keychain/1000 for service com.android.keychain/.KeyChainService
08-19 12:14:24.779 W/BroadcastQueue(10152): Skipping deliver [background] BroadcastRecord{8331ed8 u-1 android.intent.action.SIM_STATE_CHANGED} to ReceiverList{92f9b3b 10312 com.android.systemui/10017/u0 remote:7620dca}: process crashing
08-19 12:14:24.783 E/ConnectivityService(10152): Exception in addRoute for non-gateway: java.lang.IllegalStateException: command '23 network route add 100 wlan0 192.168.43.0/24' failed with '400 23 addRoute() failed (Permission denied)'
08-19 12:14:24.784 E/ConnectivityService(10152): Exception in addRoute for gateway: java.lang.IllegalStateException: command '24 network route add 100 wlan0 0.0.0.0/0 192.168.43.1' failed with '400 24 addRoute() failed (Permission denied)'
08-19 12:14:24.789 I/Telecom (10152): PhoneAccountRegistrar: [ComponentInfo{com.android.phone/com.android.services.telephony.TelephonyConnectionService}, [87215b15b7f8b917f4b004829c32e7a194150c11], UserHandle{0}(icon: Icon(typ=BITMAP size=52x66) -> Icon(typ=BITMAP size=52x66))]: TSI.rPA@ABo
08-19 12:14:24.789 I/Telecom (10152): : Sending phone-account registered intent as user: TSI.rPA@ABo
08-19 12:14:24.791 E/ConnectivityService(10152): Exception in setupDataActivityTracking java.lang.IllegalStateException: command '25 idletimer add wlan0 15 1' failed with '400 25 Failed to add interface'
08-19 12:14:24.792 E/ConnectivityService(10152): Can't set TCP buffer sizes:java.io.FileNotFoundException: /sys/kernel/ipv4/tcp_rmem_min (Permission denied)
08-19 12:14:24.808 E/libprocessgroup(10603): failed to open /acct/uid_10035/pid_10603/cgroup.procs: No such file or directory
08-19 12:14:24.813 I/ActivityManager(10152): Start proc 10603:com.iflytek.inputmethod.assist/u0a35 for broadcast com.iflytek.inputmethod.oem/com.iflytek.inputmethod.multiprocess.AssistReceiver
08-19 12:14:24.924 E/libprocessgroup(10644): failed to open /acct/uid_10035/pid_10644/cgroup.procs: No such file or directory
08-19 12:14:24.930 I/ActivityManager(10152): Start proc 10644:com.iflytek.inputmethod.oem/u0a35 for content provider com.iflytek.inputmethod.oem/com.iflytek.inputmethod.remote.config.MainConfigProvider
08-19 12:14:25.116 E/ActivityThread(10359): Failed to find provider info for com.android.voicemail
08-19 12:14:25.122 W/BroadcastQueue(10152): Skipping deliver [background] BroadcastRecord{5ffaf61 u0 android.intent.action.BOOT_COMPLETED} to ReceiverList{133ca37 10312 com.android.systemui/10017/u0 remote:445eb36}: process crashing
08-19 12:14:25.122 W/BroadcastQueue(10152): Skipping deliver [background] BroadcastRecord{5ffaf61 u0 android.intent.action.BOOT_COMPLETED} to ReceiverList{92f9b3b 10312 com.android.systemui/10017/u0 remote:7620dca}: process crashing
08-19 12:14:25.128 E/BootReceiver(10152): Error reading /data/system/last-header.txt
08-19 12:14:25.128 E/BootReceiver(10152): java.io.FileNotFoundException: /data/system/last-header.txt (No such file or directory)
08-19 12:14:25.128 E/BootReceiver(10152): 	at java.io.FileInputStream.open(Native Method)
08-19 12:14:25.128 E/BootReceiver(10152): 	at java.io.FileInputStream.<init>(FileInputStream.java:146)
08-19 12:14:25.128 E/BootReceiver(10152): 	at android.os.FileUtils.readTextFile(FileUtils.java:263)
08-19 12:14:25.128 E/BootReceiver(10152): 	at com.android.server.BootReceiver.getPreviousBootHeaders(BootReceiver.java:121)
08-19 12:14:25.128 E/BootReceiver(10152): 	at com.android.server.BootReceiver.getBootHeadersToLogAndUpdate(BootReceiver.java:143)
08-19 12:14:25.128 E/BootReceiver(10152): 	at com.android.server.BootReceiver.logBootEvents(BootReceiver.java:163)
08-19 12:14:25.128 E/BootReceiver(10152): 	at com.android.server.BootReceiver.-wrap2(BootReceiver.java)
08-19 12:14:25.128 E/BootReceiver(10152): 	at com.android.server.BootReceiver$1.run(BootReceiver.java:93)
08-19 12:14:25.128 E/BootReceiver(10152): Can't log boot events
08-19 12:14:25.128 E/BootReceiver(10152): java.io.FileNotFoundException: /proc/version (Permission denied)
08-19 12:14:25.128 E/BootReceiver(10152): 	at java.io.FileInputStream.open(Native Method)
08-19 12:14:25.128 E/BootReceiver(10152): 	at java.io.FileInputStream.<init>(FileInputStream.java:146)
08-19 12:14:25.128 E/BootReceiver(10152): 	at android.os.FileUtils.readTextFile(FileUtils.java:263)
08-19 12:14:25.128 E/BootReceiver(10152): 	at com.android.server.BootReceiver.getCurrentBootHeaders(BootReceiver.java:137)
08-19 12:14:25.128 E/BootReceiver(10152): 	at com.android.server.BootReceiver.getBootHeadersToLogAndUpdate(BootReceiver.java:144)
08-19 12:14:25.128 E/BootReceiver(10152): 	at com.android.server.BootReceiver.logBootEvents(BootReceiver.java:163)
08-19 12:14:25.128 E/BootReceiver(10152): 	at com.android.server.BootReceiver.-wrap2(BootReceiver.java)
08-19 12:14:25.128 E/BootReceiver(10152): 	at com.android.server.BootReceiver$1.run(BootReceiver.java:93)
08-19 12:14:25.129 W/ActivityManager(10152): Unable to start service Intent { act=android.service.carrier.CarrierService pkg=com.android.carrierconfig } U=0: not found
08-19 12:14:25.144 E/libprocessgroup(10690): failed to open /acct/uid_10008/pid_10690/cgroup.procs: No such file or directory
08-19 12:14:25.145 I/ActivityManager(10152): Start proc 10690:com.android.managedprovisioning/u0a8 for broadcast com.android.managedprovisioning/.BootReminder
08-19 12:14:25.148 I/Telecom (10152): PhoneAccountRegistrar: SimCallManager queried, returning: null: TSI.gSCMFU@ABs
08-19 12:14:25.182 E/libprocessgroup(10710): failed to open /acct/uid_10010/pid_10710/cgroup.procs: No such file or directory
08-19 12:14:25.184 I/ActivityManager(10152): Start proc 10710:com.android.onetimeinitializer/u0a10 for broadcast com.android.onetimeinitializer/.OneTimeInitializerReceiver
08-19 12:14:25.213 E/ActivityThread(10359): Failed to find provider info for com.android.voicemail
08-19 12:14:25.229 E/ActivityThread(10359): Failed to find provider info for com.android.voicemail
08-19 12:14:25.324 W/WindowManager(10152): Keyguard drawn timeout. Setting mKeyguardDrawComplete
08-19 12:14:25.789 E/ConnectivityService(10152): Can't set TCP buffer sizes:java.io.FileNotFoundException: /sys/kernel/ipv4/tcp_rmem_min (Permission denied)
08-19 12:14:26.142 W/InputMethodManagerService(10152): Window already focused, ignoring focus gain of: android.view.inputmethod.InputMethodManager$1@26b3ea5 attribute=android.view.inputmethod.EditorInfo@6048df8, token = android.view.ViewRootImpl$W@e565391
08-19 12:14:26.143 I/WindowManager(10152): WIN DEATH: Window{225e1ba u0 DockedStackDivider}
08-19 12:14:26.145 I/ActivityManager(10152): Process com.android.systemui (pid 10312) has died
08-19 12:14:26.145 W/libprocessgroup(10152): failed to open /acct/uid_10017/pid_10312/cgroup.procs: No such file or directory
08-19 12:14:26.145 W/ActivityManager(10152): Scheduling restart of crashed service com.android.systemui/.SystemUIService in 0ms
08-19 12:14:26.145 W/ActivityManager(10152): Scheduling restart of crashed service com.android.systemui/.keyguard.KeyguardService in 0ms
08-19 12:14:26.145 W/ActivityManager(10152): Scheduling restart of crashed service com.android.systemui/.ImageWallpaper in 0ms
08-19 12:14:26.145 W/ActivityManager(10152): Re-adding persistent process ProcessRecord{118136 10312:com.android.systemui/u0a17}
08-19 12:14:26.155 I/WindowManager(10152): WIN DEATH: Window{2a8d4 u0 com.android.systemui.ImageWallpaper}
08-19 12:14:26.155 E/libprocessgroup(10747): failed to open /acct/uid_10017/pid_10747/cgroup.procs: No such file or directory
08-19 12:14:26.156 I/ActivityManager(10152): Start proc 10747:com.android.systemui/u0a17 for restart com.android.systemui
