08-19 11:50:02.764 W/NotificationHistory( 1783): Attempted to add notif for locked/gone/disabled user 0
08-19 11:50:02.931 I/ActivityManager( 1783): Start proc 7681:com.miui.hybrid:entrance/u0a125 for content provider {com.miui.hybrid/org.hapjs.bridge.provider.SettingsProvider} caller=com.miui.hybrid
08-19 11:50:02.945 W/Looper  ( 6989): PerfMonitor longMsg : seq=36 plan=11:50:01.591 late=83ms wall=1271ms running=272ms runnable=404ms binder=909ms h=android.os.Handler c=csu procState=8
08-19 11:50:03.032 I/RescueParty( 1783): Starting to observe: [android], updated namespace: activity_manager
08-19 11:50:03.032 I/PackageWatchdog( 1783): Updated health check state for package android: INACTIVE -> INACTIVE
08-19 11:50:03.033 I/PackageWatchdog( 1783): Syncing state, reason: observing new packages
08-19 11:50:03.033 I/PackageWatchdog( 1783): Removing 437ms from all packages on all observers
08-19 11:50:03.033 I/PackageWatchdog( 1783): Updated health check state for package android: PASSED -> PASSED
08-19 11:50:03.033 I/PackageWatchdog( 1783): Scheduling next state sync in 172799548ms
08-19 11:50:03.033 I/PackageWatchdog( 1783): Syncing state, reason: updated observers
08-19 11:50:03.033 I/PackageWatchdog( 1783): Not pruning observers, elapsed time: 0ms
08-19 11:50:03.033 I/PackageWatchdog( 1783): Scheduling next state sync in 172800000ms
08-19 11:50:03.033 I/PackageWatchdog( 1783): Saving observer state to file
08-19 11:50:03.036 I/PackageWatchdog( 1783): Syncing health check requests for packages: {}
08-19 11:50:03.036 I/ExplicitHealthCheckController( 1783): Service not ready to get health check supported packages. Binding...
08-19 11:50:03.037 I/ExplicitHealthCheckController( 1783): Explicit health check service is bound
08-19 11:50:03.038 I/ExplicitHealthCheckController( 1783): Explicit health check service is connected ComponentInfo{com.google.android.ext.services/android.ext.services.watchdog.ExplicitHealthCheckServiceImpl}
08-19 11:50:03.038 I/ExplicitHealthCheckController( 1783): Service initialized, syncing requests
08-19 11:50:03.039 I/PackageWatchdog( 1783): Syncing health check requests for packages: {}
08-19 11:50:03.039 I/ExplicitHealthCheckController( 1783): Explicit health check supported packages []
08-19 11:50:03.039 I/PackageWatchdog( 1783): Updated health check state for package android: PASSED -> PASSED
08-19 11:50:03.040 I/ExplicitHealthCheckController( 1783): Explicit health check requested packages []
08-19 11:50:03.040 I/ExplicitHealthCheckController( 1783): No more health check requests, unbinding...
08-19 11:50:03.041 I/ExplicitHealthCheckController( 1783): Explicit health check service is unbound
08-19 11:50:03.160 W/ActivityManager( 1783): Background start not allowed: service Intent { cmp=com.miui.hybrid/com.xiaomi.mipush.sdk.PushMessageHandler } to com.miui.hybrid/com.xiaomi.mipush.sdk.PushMessageHandler from pid=7648 uid=10125 pkg=com.miui.hybrid startFg?=false
08-19 11:50:03.322 W/Looper  ( 1783): Slow dispatch took 111ms android.fg h=android.os.Handler c=android.app.-$$Lambda$LoadedApk$ReceiverDispatcher$Args$_BumDX2UKsnxLVrE6UJsJZkotuA@2e04d48 m=0
08-19 11:50:03.356 I/ActivityManager( 1783): Killing 5058:com.qualcomm.qti.poweroffalarm/u0a190 (adj 985): empty #25
08-19 11:50:03.360 W/ActivityManager( 1783): Background start not allowed: service Intent { cmp=com.miui.hybrid/com.xiaomi.mipush.sdk.MessageHandleService } to com.miui.hybrid/com.xiaomi.mipush.sdk.MessageHandleService from pid=7648 uid=10125 pkg=com.miui.hybrid startFg?=false
08-19 11:50:03.369 W/Looper  ( 1783): Slow dispatch took 161ms main h=android.app.ActivityThread$H c=android.app.-$$Lambda$LoadedApk$ReceiverDispatcher$Args$_BumDX2UKsnxLVrE6UJsJZkotuA@9635db2 m=0
08-19 11:50:03.379 W/PK      ( 5940): cloud receive BOOT_COMPLETED
08-19 11:50:03.381 I/ActivityManager( 1783): Killing 5914:com.google.android.marvin.talkback/u0a196 (adj 985): empty #25
08-19 11:50:03.398 I/Telecom ( 1783): DefaultDialerCache: Refreshing default dialer for user 0: now com.android.contacts: DDC.oR@AKY
08-19 11:50:03.478 I/DropBoxManagerService( 1783): add tag=system_server_wtf isTagEnabled=true flags=0x2
08-19 11:50:03.486 I/DropBoxManagerService( 1783): add tag=system_server_wtf isTagEnabled=true flags=0x2
08-19 11:50:03.498 W/Looper  ( 1783): Slow dispatch took 103ms android.fg h=android.os.Handler c=<recycled PooledLambda@d1ceb31> m=0
08-19 11:50:03.522 I/Telecom ( 1783): DefaultDialerCache: Refreshing default dialer for user 0: now com.android.contacts: DDC.oR@AKc
08-19 11:50:03.557 I/WakePathChecker( 1783): updateLauncherPackageNames =com.miui.home
08-19 11:50:03.557 I/WakePathChecker( 1783): updateLauncherPackageNames =com.android.settings
08-19 11:50:03.557 W/Looper  ( 1783): Slow delivery took 211ms android.fg h=android.os.Handler c=<recycled PooledLambda@eeb33f6> m=0
08-19 11:50:03.576 W/ContextImpl( 1783): Calling a method in the system process without a qualified user: android.app.ContextImpl.sendBroadcast:1121 miui.security.SecurityManagerCompat.sendCancelBootAlarm:149 miui.security.SecurityManagerCompat.writeQcomBootTime:116 miui.security.SecurityManagerCompat.writeBootTime:75 com.miui.server.SecurityManagerService$SecurityWriteHandler.handleMessage:363 
08-19 11:50:03.576 W/ContextImpl( 1783): Calling a method in the system process without a qualified user: android.app.ContextImpl.sendBroadcast:1121 miui.security.SecurityManagerCompat.sendSetBootAlarm:158 miui.security.SecurityManagerCompat.writeQcomBootTime:117 miui.security.SecurityManagerCompat.writeBootTime:75 com.miui.server.SecurityManagerService$SecurityWriteHandler.handleMessage:363 
08-19 11:50:03.577 I/ActivityManager( 1783): Start proc 7750:com.miui.systemAdSolution/u0a154 for broadcast {com.miui.systemAdSolution/com.xiaomi.ad.server.AdReceiver} caller=null
08-19 11:50:03.579 W/ContextImpl( 1783): Calling a method in the system process without a qualified user: android.app.ContextImpl.sendBroadcast:1121 miui.security.SecurityManagerCompat.sendCancelBootAlarm:149 miui.security.SecurityManagerCompat.writeQcomBootTime:119 miui.security.SecurityManagerCompat.writeBootTime:75 com.miui.server.SecurityManagerService$SecurityWriteHandler.handleMessage:363 
08-19 11:50:03.592 I/ActivityManager( 1783): Start proc 7756:com.qualcomm.qti.poweroffalarm/u0a190 for broadcast {com.qualcomm.qti.poweroffalarm/com.qualcomm.qti.poweroffalarm.PowerOffAlarmBroadcastReceiver} caller=android
08-19 11:50:03.735 W/NotificationHistory( 1783): Attempted to add notif for locked/gone/disabled user 0
08-19 11:50:03.745 W/Looper  ( 1783): Drained
08-19 11:50:03.787 E/wificond( 1364): Skip scan ssid for single scan: {}
08-19 11:50:03.787 E/wificond( 1364): scan() freq: {}
08-19 11:50:03.787 E/wificond( 1364): scan() ssid: 
08-19 11:50:03.787 E/wificond( 1364): scan() type: 0, random_mac: 0
08-19 11:50:03.839 W/PSIUtils( 4064): MEMORY_SOME|22317806|30720075353
08-19 11:50:03.957 I/ActivityManager( 1783): Start proc 7842:com.miui.voiceassist:voice_trigger/u0a151 for broadcast {com.miui.voiceassist/com.xiaomi.voiceassistant.voiceTrigger.adapter.BootupReceiver} caller=null
08-19 11:50:04.043 E/LoadedApk( 7842): Unable to instantiate appComponentFactory
08-19 11:50:04.043 E/LoadedApk( 7842): java.lang.ClassNotFoundException: Didn't find class "androidx.core.app.CoreComponentFactory" on path: DexPathList[[zip file "/system/app/VoiceAssist/VoiceAssist.apk"],nativeLibraryDirectories=[/system/app/VoiceAssist/lib/arm, /system/app/VoiceAssist/VoiceAssist.apk!/lib/armeabi-v7a, /system/lib, /system_ext/lib, /system/lib, /system_ext/lib]]
08-19 11:50:04.043 E/LoadedApk( 7842): 	at dalvik.system.BaseDexClassLoader.findClass(BaseDexClassLoader.java:207)
08-19 11:50:04.043 E/LoadedApk( 7842): 	at java.lang.ClassLoader.loadClass(ClassLoader.java:379)
08-19 11:50:04.043 E/LoadedApk( 7842): 	at java.lang.ClassLoader.loadClass(ClassLoader.java:312)
08-19 11:50:04.043 E/LoadedApk( 7842): 	at android.app.LoadedApk.createAppFactory(LoadedApk.java:262)
08-19 11:50:04.043 E/LoadedApk( 7842): 	at android.app.LoadedApk.createOrUpdateClassLoaderLocked(LoadedApk.java:907)
08-19 11:50:04.043 E/LoadedApk( 7842): 	at android.app.LoadedApk.getClassLoader(LoadedApk.java:960)
08-19 11:50:04.043 E/LoadedApk( 7842): 	at android.app.LoadedApk.getResources(LoadedApk.java:1192)
08-19 11:50:04.043 E/LoadedApk( 7842): 	at android.app.ContextImpl.createAppContext(ContextImpl.java:2671)
08-19 11:50:04.043 E/LoadedApk( 7842): 	at android.app.ContextImpl.createAppContext(ContextImpl.java:2663)
08-19 11:50:04.043 E/LoadedApk( 7842): 	at android.app.ActivityThread.handleBindApplication(ActivityThread.java:6847)
08-19 11:50:04.043 E/LoadedApk( 7842): 	at android.app.ActivityThread.access$1500(ActivityThread.java:257)
08-19 11:50:04.043 E/LoadedApk( 7842): 	at android.app.ActivityThread$H.handleMessage(ActivityThread.java:1982)
08-19 11:50:04.043 E/LoadedApk( 7842): 	at android.os.Handler.dispatchMessage(Handler.java:106)
08-19 11:50:04.043 E/LoadedApk( 7842): 	at android.os.Looper.loop(Looper.java:236)
08-19 11:50:04.043 E/LoadedApk( 7842): 	at android.app.ActivityThread.main(ActivityThread.java:8057)
08-19 11:50:04.043 E/LoadedApk( 7842): 	at java.lang.reflect.Method.invoke(Native Method)
08-19 11:50:04.043 E/LoadedApk( 7842): 	at com.android.internal.os.RuntimeInit$MethodAndArgsCaller.run(RuntimeInit.java:656)
08-19 11:50:04.043 E/LoadedApk( 7842): 	at com.android.internal.os.ZygoteInit.main(ZygoteInit.java:967)
08-19 11:50:04.046 W/BpBinder( 7055): PerfMonitor binderTransact :  time=331ms interface=com.xiaomi.xmsf.push.service.IHttpService code=1
08-19 11:50:04.105 I/ActivityManager( 1783): Start proc 7886:com.miui.systemAdSolution:ui/u0a154 for service {com.miui.systemAdSolution/com.miui.zeus.msa.app.floating.view.FloatingUIService} caller=com.miui.systemAdSolution
08-19 11:50:04.225 I/ActivityManager( 1783): Start proc 7923:com.miui.voiceassist:floatlogo/u0a151 for broadcast {com.miui.voiceassist/com.xiaomi.floatassist.BootReceiver} caller=null
08-19 11:50:04.256 I/ActivityManager( 1783): Killing 6337:com.android.calendar/u0a87 (adj 925): empty #25
08-19 11:50:04.304 E/LoadedApk( 7923): Unable to instantiate appComponentFactory
08-19 11:50:04.304 E/LoadedApk( 7923): java.lang.ClassNotFoundException: Didn't find class "androidx.core.app.CoreComponentFactory" on path: DexPathList[[zip file "/system/app/VoiceAssist/VoiceAssist.apk"],nativeLibraryDirectories=[/system/app/VoiceAssist/lib/arm, /system/app/VoiceAssist/VoiceAssist.apk!/lib/armeabi-v7a, /system/lib, /system_ext/lib, /system/lib, /system_ext/lib]]
08-19 11:50:04.304 E/LoadedApk( 7923): 	at dalvik.system.BaseDexClassLoader.findClass(BaseDexClassLoader.java:207)
08-19 11:50:04.304 E/LoadedApk( 7923): 	at java.lang.ClassLoader.loadClass(ClassLoader.java:379)
08-19 11:50:04.304 E/LoadedApk( 7923): 	at java.lang.ClassLoader.loadClass(ClassLoader.java:312)
08-19 11:50:04.304 E/LoadedApk( 7923): 	at android.app.LoadedApk.createAppFactory(LoadedApk.java:262)
08-19 11:50:04.304 E/LoadedApk( 7923): 	at android.app.LoadedApk.createOrUpdateClassLoaderLocked(LoadedApk.java:907)
08-19 11:50:04.304 E/LoadedApk( 7923): 	at android.app.LoadedApk.getClassLoader(LoadedApk.java:960)
08-19 11:50:04.304 E/LoadedApk( 7923): 	at android.app.LoadedApk.getResources(LoadedApk.java:1192)
08-19 11:50:04.304 E/LoadedApk( 7923): 	at android.app.ContextImpl.createAppContext(ContextImpl.java:2671)
08-19 11:50:04.304 E/LoadedApk( 7923): 	at android.app.ContextImpl.createAppContext(ContextImpl.java:2663)
08-19 11:50:04.304 E/LoadedApk( 7923): 	at android.app.ActivityThread.handleBindApplication(ActivityThread.java:6847)
08-19 11:50:04.304 E/LoadedApk( 7923): 	at android.app.ActivityThread.access$1500(ActivityThread.java:257)
08-19 11:50:04.304 E/LoadedApk( 7923): 	at android.app.ActivityThread$H.handleMessage(ActivityThread.java:1982)
08-19 11:50:04.304 E/LoadedApk( 7923): 	at android.os.Handler.dispatchMessage(Handler.java:106)
08-19 11:50:04.304 E/LoadedApk( 7923): 	at android.os.Looper.loop(Looper.java:236)
08-19 11:50:04.304 E/LoadedApk( 7923): 	at android.app.ActivityThread.main(ActivityThread.java:8057)
08-19 11:50:04.304 E/LoadedApk( 7923): 	at java.lang.reflect.Method.invoke(Native Method)
08-19 11:50:04.304 E/LoadedApk( 7923): 	at com.android.internal.os.RuntimeInit$MethodAndArgsCaller.run(RuntimeInit.java:656)
08-19 11:50:04.304 E/LoadedApk( 7923): 	at com.android.internal.os.ZygoteInit.main(ZygoteInit.java:967)
08-19 11:50:04.428 W/BpBinder( 7098): PerfMonitor binderTransact :  time=294ms interface=com.xiaomi.xmsf.push.service.IHttpService code=1
08-19 11:50:04.435 I/ActivityManager( 1783): Killing 6677:com.android.dynsystem/1000 (adj 985): empty #25
08-19 11:50:04.450 I/ActivityManager( 1783): Start proc 7966:com.miui.wmsvc/1000 for broadcast {com.miui.wmsvc/com.miui.wmsvc.BootReceiver} caller=null
08-19 11:50:04.483 I/ActivityManager( 1783): Process com.miui.voiceassist:floatlogo (pid 7923) has died: cch+5 CEM 
08-19 11:50:04.557 I/ActivityManager( 1783): Start proc 8000:com.modemdebug/1000 for broadcast {com.modemdebug/com.modemdebug.ModemDebugReceiver} caller=null
08-19 11:50:04.645 I/ActivityManager( 1783): Start proc 8024:com.qti.ltebc/u0a203 for broadcast {com.qti.ltebc/com.qualcomm.ltebc.LTEBroadcastBootReceiver} caller=null
08-19 11:50:04.778 I/ActivityManager( 1783): Killing 6705:com.android.dynsystem:dynsystem/1000 (adj 985): empty #25
08-19 11:50:04.800 I/ActivityManager( 1783): Process com.qti.ltebc (pid 8024) has died: cch+5 CEM 
08-19 11:50:04.870 I/ActivityManager( 1783): Start proc 8061:com.qualcomm.telephony/u0a217 for broadcast {com.qualcomm.atfwd/com.qualcomm.atfwd.AtFwdAutoboot} caller=null
08-19 11:50:04.927 I/BroadcastQueue( 1783): Delay finish: com.qualcomm.atfwd/.AtFwdAutoboot
08-19 11:50:04.993 I/BroadcastQueue( 1783): Resuming delayed broadcast
08-19 11:50:05.018 I/ActivityManager( 1783): Start proc 8095:com.qualcomm.qti.autoregistration/1001 for broadcast {com.qualcomm.qti.autoregistration/com.qualcomm.qti.autoregistration.AutoRegReceiver} caller=null
08-19 11:50:05.143 I/BroadcastQueue( 1783): Delay finish: com.qualcomm.qti.autoregistration/.AutoRegReceiver
08-19 11:50:09.841 I/ActivityManager( 1783): Killing 6723:com.android.managedprovisioning/u0a109 (adj 985): empty #25
08-19 11:50:10.373 I/ActivityManager( 1783): Waited long enough for: ServiceRecord{244776e u0 com.android.updater/.UpdateService}
08-19 11:50:10.373 I/BroadcastQueue( 1783): Resuming delayed broadcast
08-19 11:50:10.423 I/ActivityManager( 1783): Start proc 8150:com.qualcomm.qti.lpa/1001 for broadcast {com.qualcomm.qti.lpa/com.qualcomm.qti.lpa.UimLpaBootReceiver} caller=null
08-19 11:50:10.526 I/ActivityManager( 1783): Killing 6641:com.android.carrierconfig/u0a206 (adj 985): empty #25
08-19 11:50:10.541 I/ActivityManager( 1783): Start proc 8172:com.qualcomm.qti.performancemode/u0a219 for broadcast {com.qualcomm.qti.performancemode/com.qualcomm.qti.performancemode.SystemEventReceiver} caller=null
08-19 11:50:10.610 I/ActivityManager( 1783): Killing 4878:com.android.printspooler/u0a116 (adj 985): empty #25
08-19 11:50:10.628 W/BroadcastQueue( 1783): Permission Denial: receiving Intent { act=android.intent.action.BOOT_COMPLETED flg=0x89000010 (has extras) } to com.sohu.inputmethod.sogou.xiaomi/com.sohu.inputmethod.settings.status.BootCompletedReceiver requires android.permission.RECEIVE_BOOT_COMPLETED due to sender null (uid 1000)
08-19 11:50:10.630 W/BroadcastQueue( 1783): Permission Denial: receiving Intent { act=android.intent.action.BOOT_COMPLETED flg=0x89000010 (has extras) } to com.xiaomi.ab/com.xiaomi.mishopsdk.account.adapter.LoginObserverReceiver requires android.permission.RECEIVE_BOOT_COMPLETED due to sender null (uid 1000)
08-19 11:50:10.671 I/ActivityManager( 1783): Start proc 8198:com.xiaomi.market:guard/u0a124 for broadcast {com.xiaomi.market/com.xiaomi.market.data.StartupReceiver} caller=null
08-19 11:50:10.960 I/ActivityManager( 1783): Waited long enough for: ServiceRecord{bea8891 u0 com.qti.diagservices/.QTIDiagServices}
08-19 11:50:10.985 W/BroadcastQueue( 1783): Permission Denial: receiving Intent { act=android.intent.action.BOOT_COMPLETED flg=0x89000010 (has extras) } to com.xiaomi.metoknlp/com.xiaomi.location.metoknlp.BootCompleteReceiver requires android.permission.RECEIVE_BOOT_COMPLETED due to sender null (uid 1000)
08-19 11:50:10.988 I/ActivityManager( 1783): Killing 6434:com.android.providers.calendar/u0a101 (adj 985): empty #25
08-19 11:50:11.007 I/ActivityManager( 1783): Start proc 8238:com.xiaomi.mi_connect_service/1000 for broadcast {com.xiaomi.mi_connect_service/com.xiaomi.mi_connect_service.BoostReceiver} caller=null
08-19 11:50:11.128 E/LoadedApk( 8238): Unable to instantiate appComponentFactory
08-19 11:50:11.128 E/LoadedApk( 8238): java.lang.ClassNotFoundException: Didn't find class "androidx.core.app.CoreComponentFactory" on path: DexPathList[[zip file "/system/app/mi_connect_service/mi_connect_service.apk"],nativeLibraryDirectories=[/system/app/mi_connect_service/lib/arm64, /system/app/mi_connect_service/mi_connect_service.apk!/lib/arm64-v8a, /system/lib64, /system_ext/lib64, /system/lib64, /system_ext/lib64]]
08-19 11:50:11.128 E/LoadedApk( 8238): 	at dalvik.system.BaseDexClassLoader.findClass(BaseDexClassLoader.java:207)
08-19 11:50:11.128 E/LoadedApk( 8238): 	at java.lang.ClassLoader.loadClass(ClassLoader.java:379)
08-19 11:50:11.128 E/LoadedApk( 8238): 	at java.lang.ClassLoader.loadClass(ClassLoader.java:312)
08-19 11:50:11.128 E/LoadedApk( 8238): 	at android.app.LoadedApk.createAppFactory(LoadedApk.java:262)
08-19 11:50:11.128 E/LoadedApk( 8238): 	at android.app.LoadedApk.createOrUpdateClassLoaderLocked(LoadedApk.java:907)
08-19 11:50:11.128 E/LoadedApk( 8238): 	at android.app.LoadedApk.getClassLoader(LoadedApk.java:960)
08-19 11:50:11.128 E/LoadedApk( 8238): 	at android.app.LoadedApk.getResources(LoadedApk.java:1192)
08-19 11:50:11.128 E/LoadedApk( 8238): 	at android.app.ContextImpl.createAppContext(ContextImpl.java:2671)
08-19 11:50:11.128 E/LoadedApk( 8238): 	at android.app.ContextImpl.createAppContext(ContextImpl.java:2663)
08-19 11:50:11.128 E/LoadedApk( 8238): 	at android.app.ActivityThread.handleBindApplication(ActivityThread.java:6847)
08-19 11:50:11.128 E/LoadedApk( 8238): 	at android.app.ActivityThread.access$1500(ActivityThread.java:257)
08-19 11:50:11.128 E/LoadedApk( 8238): 	at android.app.ActivityThread$H.handleMessage(ActivityThread.java:1982)
08-19 11:50:11.128 E/LoadedApk( 8238): 	at android.os.Handler.dispatchMessage(Handler.java:106)
08-19 11:50:11.128 E/LoadedApk( 8238): 	at android.os.Looper.loop(Looper.java:236)
08-19 11:50:11.128 E/LoadedApk( 8238): 	at android.app.ActivityThread.main(ActivityThread.java:8057)
08-19 11:50:11.128 E/LoadedApk( 8238): 	at java.lang.reflect.Method.invoke(Native Method)
08-19 11:50:11.128 E/LoadedApk( 8238): 	at com.android.internal.os.RuntimeInit$MethodAndArgsCaller.run(RuntimeInit.java:656)
08-19 11:50:11.128 E/LoadedApk( 8238): 	at com.android.internal.os.ZygoteInit.main(ZygoteInit.java:967)
08-19 11:50:11.450 I/ActivityManager( 1783): Start proc 8288:com.xiaomi.account:accountservice/u0a170 for service {com.xiaomi.account/com.xiaomi.account.PassportServiceTokenService} caller=com.xiaomi.mi_connect_service
08-19 11:50:11.461 I/ActivityManager( 1783): Start proc 8295:com.xiaomi.mirror/1000 for broadcast {com.xiaomi.mirror/com.xiaomi.mirror.GeneralReceiver} caller=null
08-19 11:50:11.539 E/LoadedApk( 8288): Unable to instantiate appComponentFactory
08-19 11:50:11.539 E/LoadedApk( 8288): java.lang.ClassNotFoundException: Didn't find class "androidx.core.app.CoreComponentFactory" on path: DexPathList[[zip file "/system/app/XiaomiAccount/XiaomiAccount.apk"],nativeLibraryDirectories=[/system/app/XiaomiAccount/lib/arm64, /system/lib64, /system_ext/lib64, /system/lib64, /system_ext/lib64]]
08-19 11:50:11.539 E/LoadedApk( 8288): 	at dalvik.system.BaseDexClassLoader.findClass(BaseDexClassLoader.java:207)
08-19 11:50:11.539 E/LoadedApk( 8288): 	at java.lang.ClassLoader.loadClass(ClassLoader.java:379)
08-19 11:50:11.539 E/LoadedApk( 8288): 	at java.lang.ClassLoader.loadClass(ClassLoader.java:312)
08-19 11:50:11.539 E/LoadedApk( 8288): 	at android.app.LoadedApk.createAppFactory(LoadedApk.java:262)
08-19 11:50:11.539 E/LoadedApk( 8288): 	at android.app.LoadedApk.createOrUpdateClassLoaderLocked(LoadedApk.java:907)
08-19 11:50:11.539 E/LoadedApk( 8288): 	at android.app.LoadedApk.getClassLoader(LoadedApk.java:960)
08-19 11:50:11.539 E/LoadedApk( 8288): 	at android.app.LoadedApk.getResources(LoadedApk.java:1192)
08-19 11:50:11.539 E/LoadedApk( 8288): 	at android.app.ContextImpl.createAppContext(ContextImpl.java:2671)
08-19 11:50:11.539 E/LoadedApk( 8288): 	at android.app.ContextImpl.createAppContext(ContextImpl.java:2663)
08-19 11:50:11.539 E/LoadedApk( 8288): 	at android.app.ActivityThread.handleBindApplication(ActivityThread.java:6847)
08-19 11:50:11.539 E/LoadedApk( 8288): 	at android.app.ActivityThread.access$1500(ActivityThread.java:257)
08-19 11:50:11.539 E/LoadedApk( 8288): 	at android.app.ActivityThread$H.handleMessage(ActivityThread.java:1982)
08-19 11:50:11.539 E/LoadedApk( 8288): 	at android.os.Handler.dispatchMessage(Handler.java:106)
08-19 11:50:11.539 E/LoadedApk( 8288): 	at android.os.Looper.loop(Looper.java:236)
08-19 11:50:11.539 E/LoadedApk( 8288): 	at android.app.ActivityThread.main(ActivityThread.java:8057)
08-19 11:50:11.539 E/LoadedApk( 8288): 	at java.lang.reflect.Method.invoke(Native Method)
08-19 11:50:11.539 E/LoadedApk( 8288): 	at com.android.internal.os.RuntimeInit$MethodAndArgsCaller.run(RuntimeInit.java:656)
08-19 11:50:11.539 E/LoadedApk( 8288): 	at com.android.internal.os.ZygoteInit.main(ZygoteInit.java:967)
08-19 11:50:11.843 I/ActivityManager( 1783): Start proc 8394:com.xiaomi.mtb/1000 for broadcast {com.xiaomi.mtb/com.xiaomi.mtb.MtbBroadcastReceiver} caller=null
08-19 11:50:11.928 I/ActivityManager( 1783): Killing 3418:com.android.settings/1000 (adj 975): empty #25
08-19 11:50:11.975 W/ActivityManager( 1783): Scheduling restart of crashed service com.android.settings/.development.qstile.DevelopmentTiles$WirelessDebugging in 1000ms for connection
08-19 11:50:11.986 I/ActivityManager( 1783): Start proc 8459:com.xiaomi.oobhelper/1000 for broadcast {com.xiaomi.oobhelper/com.xiaomi.oobhelper.MyEventReceiver} caller=null
08-19 11:50:12.042 I/BroadcastQueue( 1783): Delay finish: com.xiaomi.oobhelper/.MyEventReceiver
08-19 11:50:12.044 I/ActivityManager( 1783): Waited long enough for: ServiceRecord{c68ba7f u0 com.android.settings/.wifi.MiuiWifiService}
08-19 11:50:12.045 I/BroadcastQueue( 1783): Resuming delayed broadcast
08-19 11:50:12.045 W/BroadcastQueue( 1783): Permission Denial: receiving Intent { act=android.intent.action.BOOT_COMPLETED flg=0x89000010 (has extras) } to com.xiaomi.xmsf/.push.service.receivers.BootCompletedReceiver requires android.permission.RECEIVE_BOOT_COMPLETED due to sender null (uid 1000)
08-19 11:50:12.052 W/BroadcastQueueInjector( 1783): Unable to launch app com.android.email/10248 for broadcast Intent { act=android.intent.action.BOOT_COMPLETED flg=0x89000010 (has extras) }: process is not permitted to  auto start
08-19 11:50:12.054 W/BroadcastQueueInjector( 1783): Unable to launch app com.autonavi.minimap/10235 for broadcast Intent { act=android.intent.action.BOOT_COMPLETED flg=0x89000010 (has extras) }: process is not permitted to  auto start
08-19 11:50:12.054 W/BroadcastQueueInjector( 1783): Unable to launch app com.autonavi.minimap/10235 for broadcast Intent { act=android.intent.action.BOOT_COMPLETED flg=0x89000010 (has extras) }: process is not permitted to  auto start
08-19 11:50:12.087 W/NotificationHistory( 1783): Attempted to add notif for locked/gone/disabled user 0
08-19 11:50:12.105 I/ActivityManager( 1783): Start proc 8497:com.google.android.syncadapters.contacts/u0a269 for broadcast {com.google.android.syncadapters.contacts/com.google.android.syncadapters.contacts.ContactsSyncAdapterBroadcastReceiver} caller=null
08-19 11:50:12.190 W/BroadcastQueueInjector( 1783): Unable to launch app com.mi.health/10232 for broadcast Intent { act=android.intent.action.BOOT_COMPLETED flg=0x89000010 (has extras) }: process is not permitted to  auto start
08-19 11:50:12.191 I/ActivityManager( 1783): Killing 6905:com.android.shell/2000 (adj 985): empty #25
08-19 11:50:12.194 W/BroadcastQueueInjector( 1783): Unable to launch app com.mi.health/10232 for broadcast Intent { act=android.intent.action.BOOT_COMPLETED flg=0x89000010 (has extras) }: process is not permitted to  auto start
08-19 11:50:12.194 W/BroadcastQueueInjector( 1783): Unable to launch app com.miui.notes/10255 for broadcast Intent { act=android.intent.action.BOOT_COMPLETED flg=0x89000010 (has extras) }: process is not permitted to  auto start
08-19 11:50:12.195 W/BroadcastQueueInjector( 1783): Unable to launch app com.miui.notes/10255 for broadcast Intent { act=android.intent.action.BOOT_COMPLETED flg=0x89000010 (has extras) }: process is not permitted to  auto start
08-19 11:50:12.245 W/ActivityManager( 1783): Foreground service started from background can not have location/camera/microphone access: service com.miui.weather2/.service.job.UpdateWeatherService
08-19 11:50:12.248 W/BroadcastQueue( 1783): Permission Denial: receiving Intent { act=android.intent.action.BOOT_COMPLETED flg=0x89000010 (has extras) } to com.sina.weibo/.BootCompletedReceiver requires android.permission.RECEIVE_BOOT_COMPLETED due to sender null (uid 1000)
08-19 11:50:12.254 W/ActivityManager( 1783): Foreground service started from background can not have location/camera/microphone access: service com.miui.weather2/.service.job.UpdateWeatherService
08-19 11:50:12.255 W/BroadcastQueue( 1783): Permission Denial: receiving Intent { act=android.intent.action.BOOT_COMPLETED flg=0x89000010 (has extras) } to com.xiaomi.vipaccount/com.mi.milink.sdk.receiver.BootReceiver requires android.permission.RECEIVE_BOOT_COMPLETED due to sender null (uid 1000)
08-19 11:50:12.257 I/ActivityManager( 1783): Finished processing BOOT_COMPLETED for u0
08-19 11:50:12.280 I/ActivityManager( 1783): Start proc 8544:com.android.settings/1000 for broadcast {com.android.settings/com.android.settings.MiuiSettingsReceiver} caller=android
08-19 11:50:12.452 W/NotificationHistory( 1783): Attempted to add notif for locked/gone/disabled user 0
08-19 11:50:12.523 W/BroadcastQueueInjector( 1783): Unable to launch app com.android.email/10248 for broadcast Intent { act=android.net.wifi.STATE_CHANGE flg=0x5000010 (has extras) }: process is not permitted to  auto start
08-19 11:50:12.525 I/ActivityManager( 1783): Killing 4559:com.miui.misound/u0a122 (adj 985): empty #25
08-19 11:50:12.562 W/BroadcastQueueInjector( 1783): Unable to launch app com.android.email/10248 for broadcast Intent { act=android.net.wifi.STATE_CHANGE flg=0x5000010 (has extras) }: process is not permitted to  auto start
08-19 11:50:12.564 I/ActivityManager( 1783): Killing 6966:com.android.traceur/u0a171 (adj 985): empty #25
08-19 11:50:12.582 W/BroadcastQueueInjector( 1783): Unable to launch app com.android.email/10248 for broadcast Intent { act=android.net.wifi.STATE_CHANGE flg=0x5000010 (has extras) }: process is not permitted to  auto start
08-19 11:50:12.587 I/chatty  ( 1783): uid=1000(system) Binder:1783_16 identical 1 line
08-19 11:50:12.596 W/BroadcastQueueInjector( 1783): Unable to launch app com.android.email/10248 for broadcast Intent { act=android.net.wifi.STATE_CHANGE flg=0x5000010 (has extras) }: process is not permitted to  auto start
08-19 11:50:12.618 I/ActivityManager( 1783): Start proc 8586:com.miui.tsmclient/1027 for broadcast {com.miui.tsmclient/com.miui.tsmclient.NfcStateReceiver} caller=com.android.nfc
08-19 11:50:12.812 I/ActivityManager( 1783): Start proc 8612:com.android.vending:download_service/u0a188 for service {com.android.vending/com.google.android.finsky.downloadservice.DownloadService} caller=com.android.vending
08-19 11:50:12.976 I/ActivityManager( 1783): Killing 7024:com.milink.service/u0a157 (adj 975): empty #25
08-19 11:50:13.001 W/ActivityManager( 1783): Scheduling restart of crashed service com.milink.service/com.milink.ui.service.MiLinkTileService in 1000ms for connection
08-19 11:50:13.021 I/BroadcastQueue( 1783): Delay finish: com.miui.tsmclient/.NfcStateReceiver
08-19 11:50:13.043 I/ActivityManager( 1783): Killing 4643:com.mfashiongallery.emag/u0a254 (adj 985): empty #25
08-19 11:50:13.211 W/BroadcastQueue( 1783): Permission Denial: broadcasting Intent { act=com.xiaomi.polaris.GEO_NOTIFY flg=0x10 } from com.qualcomm.location (pid=4449, uid=10199) requires com.xiaomi.permission.GEOFENCE_BOOT_COMPLETE due to registered receiver BroadcastFilter{6846d74 1027/u0 ReceiverList{45147 8586 com.miui.tsmclient/1027/u0 remote:316e486}}
08-19 11:50:13.234 W/NotificationHistory( 1783): Attempted to add notif for locked/gone/disabled user 0
08-19 11:50:13.313 I/BroadcastQueue( 1783): Resuming delayed broadcast
08-19 11:50:13.313 W/BroadcastQueue( 1783): Background execution not allowed: receiving Intent { act=android.net.wifi.CONFIGURED_NETWORKS_CHANGE flg=0x4000010 (has extras) } to com.android.settings/.MiuiSettingsReceiver
08-19 11:50:13.326 I/ActivityManager( 1783): Killing 4911:com.android.camera/u0a93 (adj 985): empty #25
08-19 11:50:13.341 I/ActivityManager( 1783): Start proc 8673:com.miui.sysopt/1000 for broadcast {com.miui.cloudservice.sysbase/com.miui.cloudservice.sysbase.receiver.TelephonyStateChangeReceiver} caller=com.xiaomi.finddevice
08-19 11:50:13.553 I/ActivityManager( 1783): Killing 6755:com.android.mms/u0a79 (adj 985): empty #25
08-19 11:50:13.574 I/ActivityManager( 1783): Start proc 8698:com.xiaomi.finddevice:securitypush/9810 for broadcast {com.xiaomi.finddevice/com.xiaomi.finddevice.v2.securitypush.SecurityPushEventReceiver} caller=com.xiaomi.finddevice
08-19 11:50:13.712 I/BroadcastQueue( 1783): Delay finish: com.xiaomi.finddevice/.v2.securitypush.SecurityPushEventReceiver
08-19 11:50:13.753 I/BroadcastQueue( 1783): Resuming delayed broadcast
08-19 11:50:13.769 I/ActivityManagerServiceInjector( 1783): startProcessLocked cp=com.xiaomi.xmsf uid=10079
08-19 11:50:13.772 I/ActivityManager( 1783): Start proc 8728:com.android.mms/u0a79 for broadcast {com.android.mms/com.xiaomi.mms.transaction.MxPushMessageReceiver} caller=com.xiaomi.xmsf
08-19 11:50:13.798 I/ActivityManager( 1783): Killing 7188:com.google.android.configupdater/u0a187 (adj 975): empty #25
08-19 11:50:13.826 I/ActivityManager( 1783): Killing 7244:com.google.android.onetimeinitializer/u0a197 (adj 985): empty #25
08-19 11:50:14.019 I/ActivityManager( 1783): Start proc 8764:com.milink.service/u0a157 for service {com.milink.service/com.milink.ui.service.MiLinkTileService} caller=com.android.systemui
08-19 11:50:14.021 W/ActivityManager( 1783): Receiver with filter android.content.IntentFilter@d4ba32e already registered for pid 8728, callerPackage is com.android.mms
08-19 11:50:14.022 I/ActivityManagerServiceInjector( 1783): getAppStartMode cp=com.xiaomi.xmsf uid=10138 flag=2
08-19 11:50:14.024 I/ActivityManager( 1783): Killing 7314:com.miui.cloudbackup/u0a80 (adj 985): empty #25
08-19 11:50:14.051 I/ActivityManager( 1783): Start proc 8791:com.miui.micloudsync/u0a138 for broadcast {com.miui.micloudsync/com.miui.micloudsync.push.PushServiceStartedReceiver} caller=com.xiaomi.xmsf
08-19 11:50:14.064 W/FrameworkListener(  781): Handler 'getaddrinfo' error (Success)
08-19 11:50:14.136 W/ActivityManager( 1783): Foreground service started from background can not have location/camera/microphone access: service com.xiaomi.simactivate.service/com.xiaomi.activate.ActivateService
08-19 11:50:14.162 I/ActivityManager( 1783): Killing 7369:com.google.android.gms.ui/u0a189 (adj 975): empty #25
08-19 11:50:14.176 W/ActivityManager( 1783): Foreground service started from background can not have location/camera/microphone access: service com.xiaomi.simactivate.service/com.xiaomi.activate.ActivateService
08-19 11:50:14.280 W/BroadcastQueue( 1783): Background execution not allowed: receiving Intent { act=android.net.conn.NETWORK_CONDITIONS_MEASURED flg=0x10 (has extras) } to com.google.android.gms/.chimera.GmsIntentOperationService$PersistentTrustedReceiver
08-19 11:50:14.282 I/ActivityManager( 1783): Killing 7275:com.miui.bugreport/1000 (adj 985): empty #25
08-19 11:50:14.305 W/BroadcastQueue( 1783): Background execution not allowed: receiving Intent { act=android.net.wifi.CONFIGURED_NETWORKS_CHANGE flg=0x4000010 (has extras) } to com.android.settings/.MiuiSettingsReceiver
08-19 11:50:14.320 I/ActivityManager( 1783): Start proc 8834:com.android.externalstorage/u0a95 for broadcast {com.android.externalstorage/com.android.externalstorage.MountReceiver} caller=android
08-19 11:50:14.346 W/NotificationHistory( 1783): Attempted to add notif for locked/gone/disabled user 0
08-19 11:50:14.383 W/NotificationHistory( 1783): Attempted to add notif for locked/gone/disabled user 0
08-19 11:50:14.410 W/BroadcastQueueInjector( 1783): Unable to launch app com.tencent.android.qqdownloader/10275 for broadcast Intent { act=android.intent.action.MEDIA_MOUNTED dat=file:///storage/emulated/0 flg=0x5000010 (has extras) }: process is not permitted to  auto start
08-19 11:50:14.413 I/ActivityManager( 1783): Killing 7648:com.miui.hybrid/u0a125 (adj 985): empty #25
08-19 11:50:14.440 W/BroadcastQueueInjector( 1783): Unable to launch app com.miui.player/10098 for broadcast Intent { act=android.intent.action.MEDIA_MOUNTED dat=file:///storage/emulated/0 flg=0x5000010 (has extras) }: process is not permitted to  auto start
08-19 11:50:14.452 I/ActivityManager( 1783): Start proc 8860:com.qti.ltebc/u0a203 for broadcast {com.qti.ltebc/com.qualcomm.ltebc.LTEBroadcastReceiver} caller=android
08-19 11:50:14.518 W/BroadcastQueueInjector( 1783): Unable to launch app com.autonavi.minimap/10235 for broadcast Intent { act=android.intent.action.MEDIA_MOUNTED dat=file:///storage/emulated/0 flg=0x5000010 (has extras) }: process is not permitted to  auto start
08-19 11:50:14.519 I/ActivityManager( 1783): Killing 7681:com.miui.hybrid:entrance/u0a125 (adj 985): empty #25
08-19 11:50:14.524 W/BroadcastQueueInjector( 1783): Unable to launch app com.tencent.android.qqdownloader/10275 for broadcast Intent { act=android.intent.action.MEDIA_MOUNTED dat=file:///storage/emulated/0 flg=0x5000010 (has extras) }: process is not permitted to  auto start
08-19 11:50:14.532 W/BroadcastQueueInjector( 1783): Unable to launch app com.miui.player/10098 for broadcast Intent { act=android.intent.action.MEDIA_MOUNTED dat=file:///storage/emulated/0 flg=0x5000010 (has extras) }: process is not permitted to  auto start
08-19 11:50:14.535 W/BroadcastQueueInjector( 1783): Unable to launch app com.autonavi.minimap/10235 for broadcast Intent { act=android.intent.action.MEDIA_MOUNTED dat=file:///storage/emulated/0 flg=0x5000010 (has extras) }: process is not permitted to  auto start
08-19 11:50:14.560 W/ActivityManager( 1783): Foreground service started from background can not have location/camera/microphone access: service com.xiaomi.simactivate.service/com.xiaomi.activate.ActivateService
08-19 11:50:14.576 W/BroadcastQueueInjector( 1783): Unable to launch app com.xiaomi.account/10170 for broadcast Intent { act=com.xiaomi.action.MICLOUD_SIM_STATE_CHANGED flg=0x10 (has extras) }: process is not permitted to  auto start
08-19 11:50:14.583 W/BroadcastQueueInjector( 1783): Unable to launch app com.xiaomi.account/10170 for broadcast Intent { act=com.xiaomi.action.MICLOUD_SIM_STATE_CHANGED flg=0x10 (has extras) }: process is not permitted to  auto start
08-19 11:50:14.586 W/BroadcastQueue( 1783): Background execution not allowed: receiving Intent { act=android.intent.action.DROPBOX_ENTRY_ADDED flg=0x10 (has extras) } to com.google.android.gms/.stats.service.DropBoxEntryAddedReceiver
08-19 11:50:14.587 W/BroadcastQueue( 1783): Background execution not allowed: receiving Intent { act=android.intent.action.DROPBOX_ENTRY_ADDED flg=0x10 (has extras) } to com.google.android.gms/.chimera.GmsIntentOperationService$PersistentTrustedReceiver
08-19 11:50:14.591 W/BroadcastQueue( 1783): Background execution not allowed: receiving Intent { act=com.tencent.mtt.fileclean.OnServiceProcessCreated flg=0x10 } to com.tencent.mtt/.fileclean.notification.ServiceProcessCreatedReceiver
08-19 11:50:14.660 W/AlarmManager( 1783): No in-flight alarm for PendingIntent{74c6c3d: PendingIntentRecord{8b2dc32 com.miui.securitycenter broadcastIntent}} Intent { act=com.miui.action.REFRESH_DATA_USAGE_DAILY flg=0x14 (has extras) }
08-19 11:50:14.667 W/AlarmManager( 1783): No in-flight alarm for PendingIntent{d427d73: PendingIntentRecord{17aa430 com.xiaomi.metoknlp broadcastIntent}} Intent { act=miui.action.metoknlp.TIME_DOWNLOAD flg=0x14 (has extras) }
08-19 11:50:14.670 W/AlarmManager( 1783): No in-flight alarm for PendingIntent{1dd35c: PendingIntentRecord{8413665 com.xiaomi.location.fused broadcastIntent}} Intent { act=miui.action.metoknlp.TIME_DOWNLOAD flg=0x14 (has extras) }
08-19 11:50:14.696 W/BroadcastQueue( 1783): Background execution not allowed: receiving Intent { act=android.intent.action.DROPBOX_ENTRY_ADDED flg=0x10 (has extras) } to com.google.android.gms/.stats.service.DropBoxEntryAddedReceiver
08-19 11:50:14.696 W/BroadcastQueue( 1783): Background execution not allowed: receiving Intent { act=android.intent.action.DROPBOX_ENTRY_ADDED flg=0x10 (has extras) } to com.google.android.gms/.chimera.GmsIntentOperationService$PersistentTrustedReceiver
08-19 11:50:14.701 I/ActivityManager( 1783): Killing 6052:com.miui.vsimcore/1001 (adj 985): empty #25
08-19 11:50:14.716 I/ActivityManager( 1783): Start proc 8887:com.android.providers.calendar/u0a101 for broadcast {com.android.providers.calendar/com.android.providers.calendar.CalendarProviderBroadcastReceiver} caller=com.android.providers.calendar
08-19 11:50:14.771 W/NotificationHistory( 1783): Attempted to add notif for locked/gone/disabled user 0
08-19 11:50:14.792 I/chatty  ( 1783): uid=1000(system) Binder:1783_3 identical 1 line
08-19 11:50:14.826 W/NotificationHistory( 1783): Attempted to add notif for locked/gone/disabled user 0
08-19 11:50:14.886 W/AlarmManager( 1783): No in-flight alarm for PendingIntent{1b8151f: PendingIntentRecord{6caa06c com.android.providers.calendar broadcastIntent}} Intent { act=com.android.providers.calendar.intent.CalendarProvider2 flg=0x14 (has extras) }
08-19 11:50:14.887 I/ActivityManager( 1783): Killing 6989:com.android.vending/u0a188 (adj 985): empty #25
08-19 11:50:14.949 W/AlarmManager( 1783): No in-flight alarm for PendingIntent{cb406b: PendingIntentRecord{1ed37c8 com.google.android.gms/com.google.android.gms.gcm broadcastIntent}} Intent { act=com.google.android.intent.action.GCM_RECONNECT flg=0x14 (has extras) }
08-19 11:50:14.950 W/FrameworkListener(  781): Handler 'getaddrinfo' error (Success)
08-19 11:50:14.972 I/BroadcastQueue( 1783): Delay finish: com.miui.cloudservice/.securitypush.SecurityPushReceiver
08-19 11:50:15.024 W/FrameworkListener(  781): Handler 'getaddrinfo' error (Success)
08-19 11:50:15.035 I/chatty  (  781): uid=0(root) /system/bin/netd identical 1 line
08-19 11:50:15.096 W/FrameworkListener(  781): Handler 'getaddrinfo' error (Success)
08-19 11:50:15.368 I/ActivityManager( 1783): Start proc 8947:com.miui.gallery/u0a86 for content provider {com.miui.gallery/com.miui.gallery.scanner.provider.GalleryMediaScannerProvider} caller=com.android.providers.media.module
08-19 11:50:15.383 I/ActivityManager( 1783): Start proc 8965:com.android.camera/u0a93 for FastRestart com.android.camera caller=system
08-19 11:50:15.652 W/BpBinder( 4515): PerfMonitor binderTransact :  time=294ms interface=android.app.IActivityManager code=22
08-19 11:50:15.790 W/ActivityManager( 1783): Foreground service started from background can not have location/camera/microphone access: service com.miui.gallery/.scanner.core.MediaScannerService
08-19 11:50:15.978 I/BroadcastQueue( 1783): Resuming delayed broadcast
08-19 11:50:15.985 I/ActivityManager( 1783): Killing 7756:com.qualcomm.qti.poweroffalarm/u0a190 (adj 975): empty #25
08-19 11:50:16.002 W/NotificationHistory( 1783): Attempted to add notif for locked/gone/disabled user 0
08-19 11:50:16.010 I/BroadcastQueue( 1783): Delay finish: com.miui.cloudservice/.securitypush.SecurityPushReceiver
08-19 11:50:16.332 W/ActivityManager( 1783): Foreground service started from background can not have location/camera/microphone access: service com.miui.gallery/.provider.cloudmanager.FileHandleService
08-19 11:50:16.341 I/ActivityManager( 1783): Start proc 9072:com.miui.cloudservice:galleryproxy/u0a138 for content provider {com.miui.cloudservice/com.miui.cloudservice.provider.GalleryProxySecurityDeviceCredentialProvider} caller=com.miui.gallery
08-19 11:50:16.383 E/LoadedApk( 9072): Unable to instantiate appComponentFactory
08-19 11:50:16.383 E/LoadedApk( 9072): java.lang.ClassNotFoundException: Didn't find class "androidx.core.app.CoreComponentFactory" on path: DexPathList[[zip file "/system/app/CloudService/CloudService.apk"],nativeLibraryDirectories=[/system/app/CloudService/lib/arm64, /system/app/CloudService/CloudService.apk!/lib/arm64-v8a, /system/lib64, /system_ext/lib64, /system/priv-app/RtMiCloudSDK/RtMiCloudSDK.apk!/lib/arm64-v8a, /system/lib64, /system_ext/lib64]]
08-19 11:50:16.383 E/LoadedApk( 9072): 	at dalvik.system.BaseDexClassLoader.findClass(BaseDexClassLoader.java:207)
08-19 11:50:16.383 E/LoadedApk( 9072): 	at java.lang.ClassLoader.loadClass(ClassLoader.java:379)
08-19 11:50:16.383 E/LoadedApk( 9072): 	at java.lang.ClassLoader.loadClass(ClassLoader.java:312)
08-19 11:50:16.383 E/LoadedApk( 9072): 	at android.app.LoadedApk.createAppFactory(LoadedApk.java:262)
08-19 11:50:16.383 E/LoadedApk( 9072): 	at android.app.LoadedApk.createOrUpdateClassLoaderLocked(LoadedApk.java:907)
08-19 11:50:16.383 E/LoadedApk( 9072): 	at android.app.LoadedApk.getClassLoader(LoadedApk.java:960)
08-19 11:50:16.383 E/LoadedApk( 9072): 	at android.app.LoadedApk.getResources(LoadedApk.java:1192)
08-19 11:50:16.383 E/LoadedApk( 9072): 	at android.app.ContextImpl.createAppContext(ContextImpl.java:2671)
08-19 11:50:16.383 E/LoadedApk( 9072): 	at android.app.ContextImpl.createAppContext(ContextImpl.java:2663)
08-19 11:50:16.383 E/LoadedApk( 9072): 	at android.app.ActivityThread.handleBindApplication(ActivityThread.java:6847)
08-19 11:50:16.383 E/LoadedApk( 9072): 	at android.app.ActivityThread.access$1500(ActivityThread.java:257)
08-19 11:50:16.383 E/LoadedApk( 9072): 	at android.app.ActivityThread$H.handleMessage(ActivityThread.java:1982)
08-19 11:50:16.383 E/LoadedApk( 9072): 	at android.os.Handler.dispatchMessage(Handler.java:106)
08-19 11:50:16.383 E/LoadedApk( 9072): 	at android.os.Looper.loop(Looper.java:236)
08-19 11:50:16.383 E/LoadedApk( 9072): 	at android.app.ActivityThread.main(ActivityThread.java:8057)
08-19 11:50:16.383 E/LoadedApk( 9072): 	at java.lang.reflect.Method.invoke(Native Method)
08-19 11:50:16.383 E/LoadedApk( 9072): 	at com.android.internal.os.RuntimeInit$MethodAndArgsCaller.run(RuntimeInit.java:656)
08-19 11:50:16.383 E/LoadedApk( 9072): 	at com.android.internal.os.ZygoteInit.main(ZygoteInit.java:967)
08-19 11:50:16.540 W/NotificationHistory( 1783): Attempted to add notif for locked/gone/disabled user 0
08-19 11:50:16.567 I/ActivityManager( 1783): Delaying start of: ServiceRecord{9dcd3ce u0 com.android.mms/com.xiaomi.mipush.sdk.PushMessageHandler}
08-19 11:50:16.589 W/ActivityManager( 1783): Foreground service started from background can not have location/camera/microphone access: service com.android.mms/com.xiaomi.mms.transaction.MxActivateService
08-19 11:50:16.604 W/ActivityManager( 1783): Foreground service started from background can not have location/camera/microphone access: service com.android.mms/com.xiaomi.mms.transaction.MxMessageTrackService
08-19 11:50:16.607 W/ActivityManager( 1783): Foreground service started from background can not have location/camera/microphone access: service com.android.mms/com.xiaomi.mms.transaction.MxMessageTrackService
08-19 11:50:16.642 W/NotificationHistory( 1783): Attempted to add notif for locked/gone/disabled user 0
08-19 11:50:16.798 I/chatty  ( 1783): uid=1000(system) Binder:1783_3 identical 2 lines
08-19 11:50:16.808 W/NotificationHistory( 1783): Attempted to add notif for locked/gone/disabled user 0
08-19 11:50:17.050 I/BroadcastQueue( 1783): Resuming delayed broadcast
08-19 11:50:17.206 W/BroadcastQueue( 1783): Background execution not allowed: receiving Intent { act=android.search.action.SEARCHABLES_CHANGED flg=0x24000010 } to com.android.quicksearchbox/.CorporaUpdateReceiver
08-19 11:50:17.223 W/AlarmManager( 1783): No in-flight alarm for PendingIntent{63b6e89: PendingIntentRecord{9f1fe8e com.qti.ltebc broadcastIntent}} Intent { act=wake_up_from_boot flg=0x14 (has extras) }
08-19 11:50:17.223 W/BroadcastQueue( 1783): Background execution not allowed: receiving Intent { act=android.intent.action.DROPBOX_ENTRY_ADDED flg=0x10 (has extras) } to com.google.android.gms/.stats.service.DropBoxEntryAddedReceiver
08-19 11:50:17.225 W/BroadcastQueue( 1783): Background execution not allowed: receiving Intent { act=android.intent.action.DROPBOX_ENTRY_ADDED flg=0x10 (has extras) } to com.google.android.gms/.chimera.GmsIntentOperationService$PersistentTrustedReceiver
08-19 11:50:17.227 W/AlarmManager( 1783): No in-flight alarm for PendingIntent{d1aeabc: PendingIntentRecord{1636a45 com.xiaomi.metoknlp broadcastIntent}} Intent { act=miui.action.metoknlp.TIME_DOWNLOAD_OFFLINE flg=0x14 (has extras) }
08-19 11:50:17.230 W/AlarmManager( 1783): No in-flight alarm for PendingIntent{d3a2ecb: PendingIntentRecord{809f6a8 com.xiaomi.location.fused broadcastIntent}} Intent { act=miui.action.metoknlp.TIME_DOWNLOAD_OFFLINE flg=0x14 (has extras) }
08-19 11:50:17.230 W/BroadcastQueue( 1783): Background execution not allowed: receiving Intent { act=android.net.conn.NETWORK_CONDITIONS_MEASURED flg=0x10 (has extras) } to com.google.android.gms/.chimera.GmsIntentOperationService$PersistentTrustedReceiver
08-19 11:50:17.232 W/BroadcastQueue( 1783): Background execution not allowed: receiving Intent { act=android.net.conn.NETWORK_CONDITIONS_MEASURED flg=0x10 (has extras) } to com.google.android.gms/.chimera.GmsIntentOperationService$PersistentTrustedReceiver
08-19 11:50:17.234 I/BroadcastQueue( 1783): Delay finish: com.google.android.gms/.gcm.nts.SchedulerReceiver
08-19 11:50:17.272 W/ActivityManager( 1783): Unable to start service Intent { act=com.qualcomm.qti.qms.service.trustzoneaccess.TZAccessService pkg=com.qualcomm.qti.qms.service.trustzoneaccess } U=0: not found
08-19 11:50:17.281 I/BroadcastQueue( 1783): Resuming delayed broadcast
08-19 11:50:17.355 I/ActivityManager( 1783): Process com.qti.ltebc (pid 8860) has died: cch+5 CEM 
08-19 11:50:17.634 I/ActivityManager( 1783): Waited long enough for: ServiceRecord{f0d6419 u0 com.miui.core/miui.autoinstall.config.service.AutoInstallService}
08-19 11:50:19.460 W/BpBinder( 8728): PerfMonitor binderTransact :  time=297ms interface=com.xiaomi.xmsf.push.service.IHttpService code=1
08-19 11:50:19.624 I/ActivityManager( 1783): Waited long enough for: ServiceRecord{8502e1b u0 com.modemdebug/.ModemDebugService}
08-19 11:50:19.927 I/ActivityManager( 1783): Waited long enough for: ServiceRecord{81a6803 u0 com.qualcomm.atfwd/.AtFwdService}
08-19 11:50:20.144 I/ActivityManager( 1783): Waited long enough for: ServiceRecord{f0cc83f u0 com.qualcomm.qti.autoregistration/.ModemDebugService}
08-19 11:50:20.144 I/ActivityManager( 1783): Waited long enough for: ServiceRecord{bb32c2 u0 com.qualcomm.qti.autoregistration/.RegistrationService}
08-19 11:50:23.199 I/ActivityManager( 1783): Killing 7842:com.miui.voiceassist:voice_trigger/u0a151 (adj 975): empty #25
08-19 11:50:24.715 I/ActivityManager( 1783): Killing 7750:com.miui.systemAdSolution/u0a154 (adj 985): empty #25
08-19 11:50:26.945 I/ActivityManager( 1783): Waited long enough for: ServiceRecord{526be71 u0 com.xiaomi.mtb/.MtbService}
08-19 11:50:27.044 I/ActivityManager( 1783): Waited long enough for: ServiceRecord{cabd742 u0 com.xiaomi.oobhelper/.BleService}
08-19 11:50:30.927 W/FrameworkListener(  781): Handler 'getaddrinfo' error (Success)
08-19 11:50:30.929 W/FrameworkListener(  781): Handler 'getaddrinfo' error (Success)
08-19 11:50:30.973 I/MiuiChargeManager( 2677): notifyBatteryStatusChanged:  status: 2 isPlugged: 1 level: 67 wireState: 11 chargeSpeed: 0 mWiredChargeType: 0 mWirelessChargeType: 0 chargeDeviceType: 0 maxChargingWattage: 7500000 SUPPORT_BROADCAST_QUICK_CHARGE: true
08-19 11:50:36.262 W/BroadcastQueue( 1783): Background execution not allowed: receiving Intent { act=android.net.conn.NETWORK_CONDITIONS_MEASURED flg=0x10 (has extras) } to com.google.android.gms/.chimera.GmsIntentOperationService$PersistentTrustedReceiver
08-19 11:50:36.264 I/ActivityManager( 1783): Killing 7886:com.miui.systemAdSolution:ui/u0a154 (adj 985): empty #25
08-19 11:50:40.930 I/ActivityManager( 1783): Killing 8150:com.qualcomm.qti.lpa/1001 (adj 985): empty #25
08-19 11:50:40.932 I/ActivityManager( 1783): Killing 7966:com.miui.wmsvc/1000 (adj 985): empty #26
08-19 11:50:42.071 W/UriGrantsManagerService( 1783): For security reasons, the system cannot issue a Uri permission grant to content://com.miui.networkassistant.fileprovider/res/tmp_traffic0.png [user 0]; use startActivityAsCaller() instead
08-19 11:50:42.077 W/UriGrantsManagerService( 1783): For security reasons, the system cannot issue a Uri permission grant to content://com.miui.networkassistant.fileprovider/res/tmp_bill0.png [user 0]; use startActivityAsCaller() instead
08-19 11:50:42.077 W/UriGrantsManagerService( 1783): For security reasons, the system cannot issue a Uri permission grant to content://com.miui.networkassistant.fileprovider/res/tmp_traffic0.png [user 0]; use startActivityAsCaller() instead
