08-19 11:57:50.073 E/clipboard( 1783): 	at com.android.server.clipboard.ClipboardService.clipboardCheckAllowed(ClipboardService.java:903)
08-19 11:57:50.073 E/clipboard( 1783): 	at com.android.server.clipboard.ClipboardService.access$600(ClipboardService.java:160)
08-19 11:57:50.073 E/clipboard( 1783): 	at com.android.server.clipboard.ClipboardService$ClipboardImpl.hasPrimaryClip(ClipboardService.java:437)
08-19 11:57:50.073 E/clipboard( 1783): 	at android.content.IClipboard$Stub.onTransact(IClipboard.java:242)
08-19 11:57:50.073 E/clipboard( 1783): 	at com.android.server.clipboard.ClipboardService$ClipboardImpl.onTransact(ClipboardService.java:344)
08-19 11:57:50.073 E/clipboard( 1783): 	at android.os.Binder.execTransactInternal(Binder.java:1157)
08-19 11:57:50.073 E/clipboard( 1783): 	at android.os.Binder.execTransact(Binder.java:1126)
08-19 11:57:50.074 I/DropBoxManagerService( 1783): add tag=system_server_wtf isTagEnabled=true flags=0x2
08-19 11:57:51.482 E/PackageParserInjector( 1783): dump dex file error ,file message: base.odex: 21Kb 
08-19 11:57:51.482 E/PackageParserInjector( 1783): dump dex file error ,file message: base.odex: 21Kb base.vdex: 56Kb 
08-19 11:57:51.774 W/BroadcastQueue( 1783): Background execution not allowed: receiving Intent { act=android.intent.action.DROPBOX_ENTRY_ADDED flg=0x10 (has extras) } to com.google.android.gms/.stats.service.DropBoxEntryAddedReceiver
08-19 11:57:51.775 W/BroadcastQueue( 1783): Background execution not allowed: receiving Intent { act=android.intent.action.DROPBOX_ENTRY_ADDED flg=0x10 (has extras) } to com.google.android.gms/.chimera.GmsIntentOperationService$PersistentTrustedReceiver
08-19 11:57:52.003 E/clipboard( 1783): Exception: 
08-19 11:57:52.003 E/clipboard( 1783): java.lang.NullPointerException
08-19 11:57:52.003 E/clipboard( 1783): 	at java.util.Objects.requireNonNull(Objects.java:220)
08-19 11:57:52.003 E/clipboard( 1783): 	at com.android.server.appop.AppOpsService.checkPackage(AppOpsService.java:2988)
08-19 11:57:52.003 E/clipboard( 1783): 	at android.app.AppOpsManager.checkPackage(AppOpsManager.java:7793)
08-19 11:57:52.003 E/clipboard( 1783): 	at com.android.server.clipboard.ClipboardService.clipboardAccessCommonCheck(ClipboardService.java:838)
08-19 11:57:52.003 E/clipboard( 1783): 	at com.android.server.clipboard.ClipboardService.clipboardCheckAllowed(ClipboardService.java:903)
08-19 11:57:52.003 E/clipboard( 1783): 	at com.android.server.clipboard.ClipboardService.access$600(ClipboardService.java:160)
08-19 11:57:52.003 E/clipboard( 1783): 	at com.android.server.clipboard.ClipboardService$ClipboardImpl.hasPrimaryClip(ClipboardService.java:437)
08-19 11:57:52.003 E/clipboard( 1783): 	at android.content.IClipboard$Stub.onTransact(IClipboard.java:242)
08-19 11:57:52.003 E/clipboard( 1783): 	at com.android.server.clipboard.ClipboardService$ClipboardImpl.onTransact(ClipboardService.java:344)
08-19 11:57:52.003 E/clipboard( 1783): 	at android.os.Binder.execTransactInternal(Binder.java:1157)
08-19 11:57:52.003 E/clipboard( 1783): 	at android.os.Binder.execTransact(Binder.java:1126)
08-19 11:57:52.005 I/DropBoxManagerService( 1783): add tag=system_server_wtf isTagEnabled=true flags=0x2
08-19 11:57:52.298 E/clipboard( 1783): Exception: 
08-19 11:57:52.298 E/clipboard( 1783): java.lang.NullPointerException
08-19 11:57:52.298 E/clipboard( 1783): 	at java.util.Objects.requireNonNull(Objects.java:220)
08-19 11:57:52.298 E/clipboard( 1783): 	at com.android.server.appop.AppOpsService.checkPackage(AppOpsService.java:2988)
08-19 11:57:52.298 E/clipboard( 1783): 	at android.app.AppOpsManager.checkPackage(AppOpsManager.java:7793)
08-19 11:57:52.298 E/clipboard( 1783): 	at com.android.server.clipboard.ClipboardService.clipboardAccessCommonCheck(ClipboardService.java:838)
08-19 11:57:52.298 E/clipboard( 1783): 	at com.android.server.clipboard.ClipboardService.clipboardCheckAllowed(ClipboardService.java:903)
08-19 11:57:52.298 E/clipboard( 1783): 	at com.android.server.clipboard.ClipboardService.access$600(ClipboardService.java:160)
08-19 11:57:52.298 E/clipboard( 1783): 	at com.android.server.clipboard.ClipboardService$ClipboardImpl.hasPrimaryClip(ClipboardService.java:437)
08-19 11:57:52.298 E/clipboard( 1783): 	at android.content.IClipboard$Stub.onTransact(IClipboard.java:242)
08-19 11:57:52.298 E/clipboard( 1783): 	at com.android.server.clipboard.ClipboardService$ClipboardImpl.onTransact(ClipboardService.java:344)
08-19 11:57:52.298 E/clipboard( 1783): 	at android.os.Binder.execTransactInternal(Binder.java:1157)
08-19 11:57:52.298 E/clipboard( 1783): 	at android.os.Binder.execTransact(Binder.java:1126)
08-19 11:57:53.637 E/PackageParserInjector( 1783): dump dex file error ,file message: base.odex: 21Kb 
08-19 11:57:53.637 E/PackageParserInjector( 1783): dump dex file error ,file message: base.odex: 21Kb base.vdex: 56Kb 
08-19 11:57:54.012 W/BroadcastQueue( 1783): Background execution not allowed: receiving Intent { act=android.intent.action.DROPBOX_ENTRY_ADDED flg=0x10 (has extras) } to com.google.android.gms/.stats.service.DropBoxEntryAddedReceiver
08-19 11:57:54.012 W/BroadcastQueue( 1783): Background execution not allowed: receiving Intent { act=android.intent.action.DROPBOX_ENTRY_ADDED flg=0x10 (has extras) } to com.google.android.gms/.chimera.GmsIntentOperationService$PersistentTrustedReceiver
08-19 11:57:54.154 E/clipboard( 1783): Exception: 
08-19 11:57:54.154 E/clipboard( 1783): java.lang.NullPointerException
08-19 11:57:54.154 E/clipboard( 1783): 	at java.util.Objects.requireNonNull(Objects.java:220)
08-19 11:57:54.154 E/clipboard( 1783): 	at com.android.server.appop.AppOpsService.checkPackage(AppOpsService.java:2988)
08-19 11:57:54.154 E/clipboard( 1783): 	at android.app.AppOpsManager.checkPackage(AppOpsManager.java:7793)
08-19 11:57:54.154 E/clipboard( 1783): 	at com.android.server.clipboard.ClipboardService.clipboardAccessCommonCheck(ClipboardService.java:838)
08-19 11:57:54.154 E/clipboard( 1783): 	at com.android.server.clipboard.ClipboardService.clipboardCheckAllowed(ClipboardService.java:903)
08-19 11:57:54.154 E/clipboard( 1783): 	at com.android.server.clipboard.ClipboardService.access$600(ClipboardService.java:160)
08-19 11:57:54.154 E/clipboard( 1783): 	at com.android.server.clipboard.ClipboardService$ClipboardImpl.hasPrimaryClip(ClipboardService.java:437)
08-19 11:57:54.154 E/clipboard( 1783): 	at android.content.IClipboard$Stub.onTransact(IClipboard.java:242)
08-19 11:57:54.154 E/clipboard( 1783): 	at com.android.server.clipboard.ClipboardService$ClipboardImpl.onTransact(ClipboardService.java:344)
08-19 11:57:54.154 E/clipboard( 1783): 	at android.os.Binder.execTransactInternal(Binder.java:1157)
08-19 11:57:54.154 E/clipboard( 1783): 	at android.os.Binder.execTransact(Binder.java:1126)
08-19 11:57:54.454 E/clipboard( 1783): Exception: 
08-19 11:57:54.454 E/clipboard( 1783): java.lang.NullPointerException
08-19 11:57:54.454 E/clipboard( 1783): 	at java.util.Objects.requireNonNull(Objects.java:220)
08-19 11:57:54.454 E/clipboard( 1783): 	at com.android.server.appop.AppOpsService.checkPackage(AppOpsService.java:2988)
08-19 11:57:54.454 E/clipboard( 1783): 	at android.app.AppOpsManager.checkPackage(AppOpsManager.java:7793)
08-19 11:57:54.454 E/clipboard( 1783): 	at com.android.server.clipboard.ClipboardService.clipboardAccessCommonCheck(ClipboardService.java:838)
08-19 11:57:54.454 E/clipboard( 1783): 	at com.android.server.clipboard.ClipboardService.clipboardCheckAllowed(ClipboardService.java:903)
08-19 11:57:54.454 E/clipboard( 1783): 	at com.android.server.clipboard.ClipboardService.access$600(ClipboardService.java:160)
08-19 11:57:54.454 E/clipboard( 1783): 	at com.android.server.clipboard.ClipboardService$ClipboardImpl.hasPrimaryClip(ClipboardService.java:437)
08-19 11:57:54.454 E/clipboard( 1783): 	at android.content.IClipboard$Stub.onTransact(IClipboard.java:242)
08-19 11:57:54.454 E/clipboard( 1783): 	at com.android.server.clipboard.ClipboardService$ClipboardImpl.onTransact(ClipboardService.java:344)
08-19 11:57:54.454 E/clipboard( 1783): 	at android.os.Binder.execTransactInternal(Binder.java:1157)
08-19 11:57:54.454 E/clipboard( 1783): 	at android.os.Binder.execTransact(Binder.java:1126)
08-19 11:57:55.824 E/PackageParserInjector( 1783): dump dex file error ,file message: base.odex: 21Kb 
08-19 11:57:55.825 E/PackageParserInjector( 1783): dump dex file error ,file message: base.odex: 21Kb base.vdex: 56Kb 
08-19 11:57:56.409 E/clipboard( 1783): Exception: 
08-19 11:57:56.409 E/clipboard( 1783): java.lang.NullPointerException
08-19 11:57:56.409 E/clipboard( 1783): 	at java.util.Objects.requireNonNull(Objects.java:220)
08-19 11:57:56.409 E/clipboard( 1783): 	at com.android.server.appop.AppOpsService.checkPackage(AppOpsService.java:2988)
08-19 11:57:56.409 E/clipboard( 1783): 	at android.app.AppOpsManager.checkPackage(AppOpsManager.java:7793)
08-19 11:57:56.409 E/clipboard( 1783): 	at com.android.server.clipboard.ClipboardService.clipboardAccessCommonCheck(ClipboardService.java:838)
08-19 11:57:56.409 E/clipboard( 1783): 	at com.android.server.clipboard.ClipboardService.clipboardCheckAllowed(ClipboardService.java:903)
08-19 11:57:56.409 E/clipboard( 1783): 	at com.android.server.clipboard.ClipboardService.access$600(ClipboardService.java:160)
08-19 11:57:56.409 E/clipboard( 1783): 	at com.android.server.clipboard.ClipboardService$ClipboardImpl.hasPrimaryClip(ClipboardService.java:437)
08-19 11:57:56.409 E/clipboard( 1783): 	at android.content.IClipboard$Stub.onTransact(IClipboard.java:242)
08-19 11:57:56.409 E/clipboard( 1783): 	at com.android.server.clipboard.ClipboardService$ClipboardImpl.onTransact(ClipboardService.java:344)
08-19 11:57:56.409 E/clipboard( 1783): 	at android.os.Binder.execTransactInternal(Binder.java:1157)
08-19 11:57:56.409 E/clipboard( 1783): 	at android.os.Binder.execTransact(Binder.java:1126)
08-19 11:57:56.699 E/clipboard( 1783): Exception: 
08-19 11:57:56.699 E/clipboard( 1783): java.lang.NullPointerException
08-19 11:57:56.699 E/clipboard( 1783): 	at java.util.Objects.requireNonNull(Objects.java:220)
08-19 11:57:56.699 E/clipboard( 1783): 	at com.android.server.appop.AppOpsService.checkPackage(AppOpsService.java:2988)
08-19 11:57:56.699 E/clipboard( 1783): 	at android.app.AppOpsManager.checkPackage(AppOpsManager.java:7793)
08-19 11:57:56.699 E/clipboard( 1783): 	at com.android.server.clipboard.ClipboardService.clipboardAccessCommonCheck(ClipboardService.java:838)
08-19 11:57:56.699 E/clipboard( 1783): 	at com.android.server.clipboard.ClipboardService.clipboardCheckAllowed(ClipboardService.java:903)
08-19 11:57:56.699 E/clipboard( 1783): 	at com.android.server.clipboard.ClipboardService.access$600(ClipboardService.java:160)
08-19 11:57:56.699 E/clipboard( 1783): 	at com.android.server.clipboard.ClipboardService$ClipboardImpl.hasPrimaryClip(ClipboardService.java:437)
08-19 11:57:56.699 E/clipboard( 1783): 	at android.content.IClipboard$Stub.onTransact(IClipboard.java:242)
08-19 11:57:56.699 E/clipboard( 1783): 	at com.android.server.clipboard.ClipboardService$ClipboardImpl.onTransact(ClipboardService.java:344)
08-19 11:57:56.699 E/clipboard( 1783): 	at android.os.Binder.execTransactInternal(Binder.java:1157)
08-19 11:57:56.699 E/clipboard( 1783): 	at android.os.Binder.execTransact(Binder.java:1126)
08-19 11:57:57.286 I/Timeline( 1783): Timeline: App_transition_ready time:504166
08-19 11:57:57.323 I/Timeline( 1783): Timeline: App_transition_ready time:504203
08-19 11:57:57.333 E/ContentCatcherManager( 8586): failed to get ContentCatcherService.
08-19 11:57:57.837 I/Timeline( 1783): Timeline: Activity_windows_visible id: ActivityRecord{6b43ccd u0 com.miui.tsmclient/.ui.door.DoorCardSelectActivity t102} time:504718
08-19 11:57:57.850 I/Timeline( 1783): Timeline: App_transition_stopped time:504730
08-19 11:57:57.865 E/ContentCatcherManager( 8586): failed to get ContentCatcherService.
08-19 11:57:58.059 E/PackageParserInjector( 1783): dump dex file error ,file message: base.odex: 21Kb 
08-19 11:57:58.059 E/PackageParserInjector( 1783): dump dex file error ,file message: base.odex: 21Kb base.vdex: 56Kb 
08-19 11:57:58.600 E/clipboard( 1783): Exception: 
08-19 11:57:58.600 E/clipboard( 1783): java.lang.NullPointerException
08-19 11:57:58.600 E/clipboard( 1783): 	at java.util.Objects.requireNonNull(Objects.java:220)
08-19 11:57:58.600 E/clipboard( 1783): 	at com.android.server.appop.AppOpsService.checkPackage(AppOpsService.java:2988)
08-19 11:57:58.600 E/clipboard( 1783): 	at android.app.AppOpsManager.checkPackage(AppOpsManager.java:7793)
08-19 11:57:58.600 E/clipboard( 1783): 	at com.android.server.clipboard.ClipboardService.clipboardAccessCommonCheck(ClipboardService.java:838)
08-19 11:57:58.600 E/clipboard( 1783): 	at com.android.server.clipboard.ClipboardService.clipboardCheckAllowed(ClipboardService.java:903)
08-19 11:57:58.600 E/clipboard( 1783): 	at com.android.server.clipboard.ClipboardService.access$600(ClipboardService.java:160)
08-19 11:57:58.600 E/clipboard( 1783): 	at com.android.server.clipboard.ClipboardService$ClipboardImpl.hasPrimaryClip(ClipboardService.java:437)
08-19 11:57:58.600 E/clipboard( 1783): 	at android.content.IClipboard$Stub.onTransact(IClipboard.java:242)
08-19 11:57:58.600 E/clipboard( 1783): 	at com.android.server.clipboard.ClipboardService$ClipboardImpl.onTransact(ClipboardService.java:344)
08-19 11:57:58.600 E/clipboard( 1783): 	at android.os.Binder.execTransactInternal(Binder.java:1157)
08-19 11:57:58.600 E/clipboard( 1783): 	at android.os.Binder.execTransact(Binder.java:1126)
08-19 11:57:58.601 I/DropBoxManagerService( 1783): add tag=system_server_wtf isTagEnabled=true flags=0x2
08-19 11:57:58.665 I/ActivityTaskManager( 1783): START u0 {dat=tsmclient://card?type=0&action=issue_mifare cmp=com.miui.tsmclient/.ui.MainActivity (has extras)} from uid 1027
08-19 11:57:58.678 I/ActivityTaskManager( 1783): The Process com.miui.tsmclient Already Exists in BG. So sending its PID: 8586
08-19 11:57:58.679 W/ActivityTaskManager( 1783): Tried to set launchTime (0) < mLastActivityLaunchTime (482859)
08-19 11:57:58.681 I/Timeline( 1783): Timeline: App_transition_ready time:505562
08-19 11:57:58.696 E/ContentCatcherManager( 8586): failed to get ContentCatcherService.
08-19 11:57:58.696 E/ContentCatcherManager( 8586): failed to get ContentCatcherService.
08-19 11:57:58.699 I/Timeline( 8586): Timeline: Activity_launch_request time:505579
08-19 11:57:58.699 I/ActivityTaskManager( 1783): START u0 {cmp=com.miui.tsmclient/.ui.NewMifareCardActivity (has extras)} from uid 1027
08-19 11:57:58.709 I/ActivityTaskManager( 1783): The Process com.miui.tsmclient Already Exists in BG. So sending its PID: 8586
08-19 11:57:58.724 I/ActivityTaskManager( 1783): The Process com.miui.tsmclient Already Exists in BG. So sending its PID: 8586
08-19 11:57:58.724 W/ActivityTaskManager( 1783): Tried to set launchTime (0) < mLastActivityLaunchTime (505560)
08-19 11:57:58.727 I/Timeline( 1783): Timeline: App_transition_ready time:505608
08-19 11:57:58.729 I/Timeline( 1783): Timeline: App_transition_ready time:505610
08-19 11:57:58.731 I/Timeline( 1783): Timeline: App_transition_ready time:505612
08-19 11:57:58.733 I/Timeline( 1783): Timeline: App_transition_ready time:505613
08-19 11:57:58.735 E/ContentCatcherManager( 8586): failed to get ContentCatcherService.
08-19 11:57:58.735 E/ContentCatcherManager( 8586): failed to get ContentCatcherService.
08-19 11:57:58.756 I/Timeline( 1783): Timeline: App_transition_ready time:505636
08-19 11:57:58.757 I/Timeline( 1783): Timeline: App_transition_ready time:505638
08-19 11:57:58.762 I/Timeline( 1783): Timeline: App_transition_ready time:505642
08-19 11:57:58.765 I/Timeline( 1783): Timeline: App_transition_ready time:505645
08-19 11:57:58.769 I/Timeline( 1783): Timeline: App_transition_ready time:505650
08-19 11:57:58.834 E/clipboard( 1783): Exception: 
08-19 11:57:58.834 E/clipboard( 1783): java.lang.NullPointerException
08-19 11:57:58.834 E/clipboard( 1783): 	at java.util.Objects.requireNonNull(Objects.java:220)
08-19 11:57:58.834 E/clipboard( 1783): 	at com.android.server.appop.AppOpsService.checkPackage(AppOpsService.java:2988)
08-19 11:57:58.834 E/clipboard( 1783): 	at android.app.AppOpsManager.checkPackage(AppOpsManager.java:7793)
08-19 11:57:58.834 E/clipboard( 1783): 	at com.android.server.clipboard.ClipboardService.clipboardAccessCommonCheck(ClipboardService.java:838)
08-19 11:57:58.834 E/clipboard( 1783): 	at com.android.server.clipboard.ClipboardService.clipboardCheckAllowed(ClipboardService.java:903)
08-19 11:57:58.834 E/clipboard( 1783): 	at com.android.server.clipboard.ClipboardService.access$600(ClipboardService.java:160)
08-19 11:57:58.834 E/clipboard( 1783): 	at com.android.server.clipboard.ClipboardService$ClipboardImpl.hasPrimaryClip(ClipboardService.java:437)
08-19 11:57:58.834 E/clipboard( 1783): 	at android.content.IClipboard$Stub.onTransact(IClipboard.java:242)
08-19 11:57:58.834 E/clipboard( 1783): 	at com.android.server.clipboard.ClipboardService$ClipboardImpl.onTransact(ClipboardService.java:344)
08-19 11:57:58.834 E/clipboard( 1783): 	at android.os.Binder.execTransactInternal(Binder.java:1157)
08-19 11:57:58.834 E/clipboard( 1783): 	at android.os.Binder.execTransact(Binder.java:1126)
08-19 11:57:58.835 I/DropBoxManagerService( 1783): add tag=system_server_wtf isTagEnabled=true flags=0x2
08-19 11:57:58.837 I/BackLightController( 1783):  grayScale = 0.6 factor = 1.0 inBrightness = 0.17953102 outBrightness = 0.17953102
08-19 11:57:58.838 I/chatty  ( 1783): uid=1000(system) PowerManagerSer identical 1 line
08-19 11:57:58.839 I/BackLightController( 1783):  grayScale = 0.6 factor = 1.0 inBrightness = 0.17953102 outBrightness = 0.17953102
08-19 11:57:59.274 I/Timeline( 1783): Timeline: App_transition_stopped time:506154
08-19 11:57:59.288 I/Timeline( 1783): Timeline: Activity_windows_visible id: ActivityRecord{6238804 u0 com.miui.tsmclient/.ui.NewMifareCardActivity t102} time:506168
08-19 11:58:00.110 E/PackageParserInjector( 1783): dump dex file error ,file message: base.odex: 21Kb 
08-19 11:58:00.110 E/PackageParserInjector( 1783): dump dex file error ,file message: base.odex: 21Kb base.vdex: 56Kb 
08-19 11:58:00.229 I/BackLightController( 1783):  grayScale = 0.6 factor = 1.0 inBrightness = 0.17953102 outBrightness = 0.17953102
08-19 11:58:00.456 E/clipboard( 1783): Exception: 
08-19 11:58:00.456 E/clipboard( 1783): java.lang.NullPointerException
08-19 11:58:00.456 E/clipboard( 1783): 	at java.util.Objects.requireNonNull(Objects.java:220)
08-19 11:58:00.456 E/clipboard( 1783): 	at com.android.server.appop.AppOpsService.checkPackage(AppOpsService.java:2988)
08-19 11:58:00.456 E/clipboard( 1783): 	at android.app.AppOpsManager.checkPackage(AppOpsManager.java:7793)
08-19 11:58:00.456 E/clipboard( 1783): 	at com.android.server.clipboard.ClipboardService.clipboardAccessCommonCheck(ClipboardService.java:838)
08-19 11:58:00.456 E/clipboard( 1783): 	at com.android.server.clipboard.ClipboardService.clipboardCheckAllowed(ClipboardService.java:903)
08-19 11:58:00.456 E/clipboard( 1783): 	at com.android.server.clipboard.ClipboardService.access$600(ClipboardService.java:160)
08-19 11:58:00.456 E/clipboard( 1783): 	at com.android.server.clipboard.ClipboardService$ClipboardImpl.hasPrimaryClip(ClipboardService.java:437)
08-19 11:58:00.456 E/clipboard( 1783): 	at android.content.IClipboard$Stub.onTransact(IClipboard.java:242)
08-19 11:58:00.456 E/clipboard( 1783): 	at com.android.server.clipboard.ClipboardService$ClipboardImpl.onTransact(ClipboardService.java:344)
08-19 11:58:00.456 E/clipboard( 1783): 	at android.os.Binder.execTransactInternal(Binder.java:1157)
08-19 11:58:00.456 E/clipboard( 1783): 	at android.os.Binder.execTransact(Binder.java:1126)
08-19 11:58:00.457 I/DropBoxManagerService( 1783): add tag=system_server_wtf isTagEnabled=true flags=0x2
08-19 11:58:00.607 W/BroadcastQueue( 1783): Background execution not allowed: receiving Intent { act=android.intent.action.DROPBOX_ENTRY_ADDED flg=0x10 (has extras) } to com.google.android.gms/.stats.service.DropBoxEntryAddedReceiver
08-19 11:58:00.607 W/BroadcastQueue( 1783): Background execution not allowed: receiving Intent { act=android.intent.action.DROPBOX_ENTRY_ADDED flg=0x10 (has extras) } to com.google.android.gms/.chimera.GmsIntentOperationService$PersistentTrustedReceiver
08-19 11:58:00.670 E/clipboard( 1783): Exception: 
08-19 11:58:00.670 E/clipboard( 1783): java.lang.NullPointerException
08-19 11:58:00.670 E/clipboard( 1783): 	at java.util.Objects.requireNonNull(Objects.java:220)
08-19 11:58:00.670 E/clipboard( 1783): 	at com.android.server.appop.AppOpsService.checkPackage(AppOpsService.java:2988)
08-19 11:58:00.670 E/clipboard( 1783): 	at android.app.AppOpsManager.checkPackage(AppOpsManager.java:7793)
08-19 11:58:00.670 E/clipboard( 1783): 	at com.android.server.clipboard.ClipboardService.clipboardAccessCommonCheck(ClipboardService.java:838)
08-19 11:58:00.670 E/clipboard( 1783): 	at com.android.server.clipboard.ClipboardService.clipboardCheckAllowed(ClipboardService.java:903)
08-19 11:58:00.670 E/clipboard( 1783): 	at com.android.server.clipboard.ClipboardService.access$600(ClipboardService.java:160)
08-19 11:58:00.670 E/clipboard( 1783): 	at com.android.server.clipboard.ClipboardService$ClipboardImpl.hasPrimaryClip(ClipboardService.java:437)
08-19 11:58:00.670 E/clipboard( 1783): 	at android.content.IClipboard$Stub.onTransact(IClipboard.java:242)
08-19 11:58:00.670 E/clipboard( 1783): 	at com.android.server.clipboard.ClipboardService$ClipboardImpl.onTransact(ClipboardService.java:344)
08-19 11:58:00.670 E/clipboard( 1783): 	at android.os.Binder.execTransactInternal(Binder.java:1157)
08-19 11:58:00.670 E/clipboard( 1783): 	at android.os.Binder.execTransact(Binder.java:1126)
08-19 11:58:00.671 I/DropBoxManagerService( 1783): add tag=system_server_wtf isTagEnabled=true flags=0x2
08-19 11:58:01.963 E/PackageParserInjector( 1783): dump dex file error ,file message: base.odex: 21Kb 
08-19 11:58:01.964 E/PackageParserInjector( 1783): dump dex file error ,file message: base.odex: 21Kb base.vdex: 56Kb 
08-19 11:58:02.455 E/clipboard( 1783): Exception: 
08-19 11:58:02.455 E/clipboard( 1783): java.lang.NullPointerException
08-19 11:58:02.455 E/clipboard( 1783): 	at java.util.Objects.requireNonNull(Objects.java:220)
08-19 11:58:02.455 E/clipboard( 1783): 	at com.android.server.appop.AppOpsService.checkPackage(AppOpsService.java:2988)
08-19 11:58:02.455 E/clipboard( 1783): 	at android.app.AppOpsManager.checkPackage(AppOpsManager.java:7793)
08-19 11:58:02.455 E/clipboard( 1783): 	at com.android.server.clipboard.ClipboardService.clipboardAccessCommonCheck(ClipboardService.java:838)
08-19 11:58:02.455 E/clipboard( 1783): 	at com.android.server.clipboard.ClipboardService.clipboardCheckAllowed(ClipboardService.java:903)
08-19 11:58:02.455 E/clipboard( 1783): 	at com.android.server.clipboard.ClipboardService.access$600(ClipboardService.java:160)
08-19 11:58:02.455 E/clipboard( 1783): 	at com.android.server.clipboard.ClipboardService$ClipboardImpl.hasPrimaryClip(ClipboardService.java:437)
08-19 11:58:02.455 E/clipboard( 1783): 	at android.content.IClipboard$Stub.onTransact(IClipboard.java:242)
08-19 11:58:02.455 E/clipboard( 1783): 	at com.android.server.clipboard.ClipboardService$ClipboardImpl.onTransact(ClipboardService.java:344)
08-19 11:58:02.455 E/clipboard( 1783): 	at android.os.Binder.execTransactInternal(Binder.java:1157)
08-19 11:58:02.455 E/clipboard( 1783): 	at android.os.Binder.execTransact(Binder.java:1126)
08-19 11:58:02.456 I/DropBoxManagerService( 1783): add tag=system_server_wtf isTagEnabled=true flags=0x2
08-19 11:58:02.677 W/BroadcastQueue( 1783): Background execution not allowed: receiving Intent { act=android.intent.action.DROPBOX_ENTRY_ADDED flg=0x10 (has extras) } to com.google.android.gms/.stats.service.DropBoxEntryAddedReceiver
08-19 11:58:02.677 W/BroadcastQueue( 1783): Background execution not allowed: receiving Intent { act=android.intent.action.DROPBOX_ENTRY_ADDED flg=0x10 (has extras) } to com.google.android.gms/.chimera.GmsIntentOperationService$PersistentTrustedReceiver
08-19 11:58:02.721 E/clipboard( 1783): Exception: 
08-19 11:58:02.721 E/clipboard( 1783): java.lang.NullPointerException
08-19 11:58:02.721 E/clipboard( 1783): 	at java.util.Objects.requireNonNull(Objects.java:220)
08-19 11:58:02.721 E/clipboard( 1783): 	at com.android.server.appop.AppOpsService.checkPackage(AppOpsService.java:2988)
08-19 11:58:02.721 E/clipboard( 1783): 	at android.app.AppOpsManager.checkPackage(AppOpsManager.java:7793)
08-19 11:58:02.721 E/clipboard( 1783): 	at com.android.server.clipboard.ClipboardService.clipboardAccessCommonCheck(ClipboardService.java:838)
08-19 11:58:02.721 E/clipboard( 1783): 	at com.android.server.clipboard.ClipboardService.clipboardCheckAllowed(ClipboardService.java:903)
08-19 11:58:02.721 E/clipboard( 1783): 	at com.android.server.clipboard.ClipboardService.access$600(ClipboardService.java:160)
08-19 11:58:02.721 E/clipboard( 1783): 	at com.android.server.clipboard.ClipboardService$ClipboardImpl.hasPrimaryClip(ClipboardService.java:437)
08-19 11:58:02.721 E/clipboard( 1783): 	at android.content.IClipboard$Stub.onTransact(IClipboard.java:242)
08-19 11:58:02.721 E/clipboard( 1783): 	at com.android.server.clipboard.ClipboardService$ClipboardImpl.onTransact(ClipboardService.java:344)
08-19 11:58:02.721 E/clipboard( 1783): 	at android.os.Binder.execTransactInternal(Binder.java:1157)
08-19 11:58:02.721 E/clipboard( 1783): 	at android.os.Binder.execTransact(Binder.java:1126)
08-19 11:58:03.426 I/Timeline( 1783): Timeline: App_transition_ready time:510306
08-19 11:58:03.463 I/Timeline( 1783): Timeline: App_transition_ready time:510344
08-19 11:58:03.476 E/ContentCatcherManager( 8586): failed to get ContentCatcherService.
08-19 11:58:03.964 I/Timeline( 1783): Timeline: Activity_windows_visible id: ActivityRecord{6b43ccd u0 com.miui.tsmclient/.ui.door.DoorCardSelectActivity t102} time:510844
08-19 11:58:03.966 E/PackageParserInjector( 1783): dump dex file error ,file message: base.odex: 21Kb 
08-19 11:58:03.966 E/PackageParserInjector( 1783): dump dex file error ,file message: base.odex: 21Kb base.vdex: 56Kb 
08-19 11:58:03.968 I/Timeline( 1783): Timeline: App_transition_stopped time:510849
08-19 11:58:03.988 E/ContentCatcherManager( 8586): failed to get ContentCatcherService.
08-19 11:58:04.491 E/clipboard( 1783): Exception: 
08-19 11:58:04.491 E/clipboard( 1783): java.lang.NullPointerException
08-19 11:58:04.491 E/clipboard( 1783): 	at java.util.Objects.requireNonNull(Objects.java:220)
08-19 11:58:04.491 E/clipboard( 1783): 	at com.android.server.appop.AppOpsService.checkPackage(AppOpsService.java:2988)
08-19 11:58:04.491 E/clipboard( 1783): 	at android.app.AppOpsManager.checkPackage(AppOpsManager.java:7793)
08-19 11:58:04.491 E/clipboard( 1783): 	at com.android.server.clipboard.ClipboardService.clipboardAccessCommonCheck(ClipboardService.java:838)
08-19 11:58:04.491 E/clipboard( 1783): 	at com.android.server.clipboard.ClipboardService.clipboardCheckAllowed(ClipboardService.java:903)
08-19 11:58:04.491 E/clipboard( 1783): 	at com.android.server.clipboard.ClipboardService.access$600(ClipboardService.java:160)
08-19 11:58:04.491 E/clipboard( 1783): 	at com.android.server.clipboard.ClipboardService$ClipboardImpl.hasPrimaryClip(ClipboardService.java:437)
08-19 11:58:04.491 E/clipboard( 1783): 	at android.content.IClipboard$Stub.onTransact(IClipboard.java:242)
08-19 11:58:04.491 E/clipboard( 1783): 	at com.android.server.clipboard.ClipboardService$ClipboardImpl.onTransact(ClipboardService.java:344)
08-19 11:58:04.491 E/clipboard( 1783): 	at android.os.Binder.execTransactInternal(Binder.java:1157)
08-19 11:58:04.491 E/clipboard( 1783): 	at android.os.Binder.execTransact(Binder.java:1126)
08-19 11:58:04.793 E/clipboard( 1783): Exception: 
08-19 11:58:04.793 E/clipboard( 1783): java.lang.NullPointerException
08-19 11:58:04.793 E/clipboard( 1783): 	at java.util.Objects.requireNonNull(Objects.java:220)
08-19 11:58:04.793 E/clipboard( 1783): 	at com.android.server.appop.AppOpsService.checkPackage(AppOpsService.java:2988)
08-19 11:58:04.793 E/clipboard( 1783): 	at android.app.AppOpsManager.checkPackage(AppOpsManager.java:7793)
08-19 11:58:04.793 E/clipboard( 1783): 	at com.android.server.clipboard.ClipboardService.clipboardAccessCommonCheck(ClipboardService.java:838)
08-19 11:58:04.793 E/clipboard( 1783): 	at com.android.server.clipboard.ClipboardService.clipboardCheckAllowed(ClipboardService.java:903)
08-19 11:58:04.793 E/clipboard( 1783): 	at com.android.server.clipboard.ClipboardService.access$600(ClipboardService.java:160)
08-19 11:58:04.793 E/clipboard( 1783): 	at com.android.server.clipboard.ClipboardService$ClipboardImpl.hasPrimaryClip(ClipboardService.java:437)
08-19 11:58:04.793 E/clipboard( 1783): 	at android.content.IClipboard$Stub.onTransact(IClipboard.java:242)
08-19 11:58:04.793 E/clipboard( 1783): 	at com.android.server.clipboard.ClipboardService$ClipboardImpl.onTransact(ClipboardService.java:344)
08-19 11:58:04.793 E/clipboard( 1783): 	at android.os.Binder.execTransactInternal(Binder.java:1157)
08-19 11:58:04.793 E/clipboard( 1783): 	at android.os.Binder.execTransact(Binder.java:1126)
08-19 11:58:06.120 E/PackageParserInjector( 1783): dump dex file error ,file message: base.odex: 21Kb 
08-19 11:58:06.120 E/PackageParserInjector( 1783): dump dex file error ,file message: base.odex: 21Kb base.vdex: 56Kb 
08-19 11:58:06.649 E/clipboard( 1783): Exception: 
08-19 11:58:06.649 E/clipboard( 1783): java.lang.NullPointerException
08-19 11:58:06.649 E/clipboard( 1783): 	at java.util.Objects.requireNonNull(Objects.java:220)
08-19 11:58:06.649 E/clipboard( 1783): 	at com.android.server.appop.AppOpsService.checkPackage(AppOpsService.java:2988)
08-19 11:58:06.649 E/clipboard( 1783): 	at android.app.AppOpsManager.checkPackage(AppOpsManager.java:7793)
08-19 11:58:06.649 E/clipboard( 1783): 	at com.android.server.clipboard.ClipboardService.clipboardAccessCommonCheck(ClipboardService.java:838)
08-19 11:58:06.649 E/clipboard( 1783): 	at com.android.server.clipboard.ClipboardService.clipboardCheckAllowed(ClipboardService.java:903)
08-19 11:58:06.649 E/clipboard( 1783): 	at com.android.server.clipboard.ClipboardService.access$600(ClipboardService.java:160)
08-19 11:58:06.649 E/clipboard( 1783): 	at com.android.server.clipboard.ClipboardService$ClipboardImpl.hasPrimaryClip(ClipboardService.java:437)
08-19 11:58:06.649 E/clipboard( 1783): 	at android.content.IClipboard$Stub.onTransact(IClipboard.java:242)
08-19 11:58:06.649 E/clipboard( 1783): 	at com.android.server.clipboard.ClipboardService$ClipboardImpl.onTransact(ClipboardService.java:344)
08-19 11:58:06.649 E/clipboard( 1783): 	at android.os.Binder.execTransactInternal(Binder.java:1157)
08-19 11:58:06.649 E/clipboard( 1783): 	at android.os.Binder.execTransact(Binder.java:1126)
08-19 11:58:06.859 I/ActivityTaskManager( 1783): START u0 {cmp=com.miui.tsmclient/.ui.door.DoorCardCommunityListActivity} from uid 1027
08-19 11:58:06.869 I/ActivityTaskManager( 1783): The Process com.miui.tsmclient Already Exists in BG. So sending its PID: 8586
08-19 11:58:06.869 W/ActivityTaskManager( 1783): Tried to set launchTime (0) < mLastActivityLaunchTime (505605)
08-19 11:58:06.873 I/Timeline( 1783): Timeline: App_transition_ready time:513754
08-19 11:58:06.877 E/ContentCatcherManager( 8586): failed to get ContentCatcherService.
08-19 11:58:06.878 E/ContentCatcherManager( 8586): failed to get ContentCatcherService.
08-19 11:58:06.904 I/Timeline( 1783): Timeline: App_transition_ready time:513785
08-19 11:58:06.906 I/Timeline( 1783): Timeline: App_transition_ready time:513787
08-19 11:58:06.909 I/Timeline( 1783): Timeline: App_transition_ready time:513789
08-19 11:58:06.922 I/Timeline( 1783): Timeline: App_transition_ready time:513802
08-19 11:58:06.929 E/clipboard( 1783): Exception: 
08-19 11:58:06.929 E/clipboard( 1783): java.lang.NullPointerException
08-19 11:58:06.929 E/clipboard( 1783): 	at java.util.Objects.requireNonNull(Objects.java:220)
08-19 11:58:06.929 E/clipboard( 1783): 	at com.android.server.appop.AppOpsService.checkPackage(AppOpsService.java:2988)
08-19 11:58:06.929 E/clipboard( 1783): 	at android.app.AppOpsManager.checkPackage(AppOpsManager.java:7793)
08-19 11:58:06.929 E/clipboard( 1783): 	at com.android.server.clipboard.ClipboardService.clipboardAccessCommonCheck(ClipboardService.java:838)
08-19 11:58:06.929 E/clipboard( 1783): 	at com.android.server.clipboard.ClipboardService.clipboardCheckAllowed(ClipboardService.java:903)
08-19 11:58:06.929 E/clipboard( 1783): 	at com.android.server.clipboard.ClipboardService.access$600(ClipboardService.java:160)
08-19 11:58:06.929 E/clipboard( 1783): 	at com.android.server.clipboard.ClipboardService$ClipboardImpl.hasPrimaryClip(ClipboardService.java:437)
08-19 11:58:06.929 E/clipboard( 1783): 	at android.content.IClipboard$Stub.onTransact(IClipboard.java:242)
08-19 11:58:06.929 E/clipboard( 1783): 	at com.android.server.clipboard.ClipboardService$ClipboardImpl.onTransact(ClipboardService.java:344)
08-19 11:58:06.929 E/clipboard( 1783): 	at android.os.Binder.execTransactInternal(Binder.java:1157)
08-19 11:58:06.929 E/clipboard( 1783): 	at android.os.Binder.execTransact(Binder.java:1126)
08-19 11:58:07.434 I/Timeline( 1783): Timeline: Activity_windows_visible id: ActivityRecord{3d83d02 u0 com.miui.tsmclient/.ui.door.DoorCardCommunityListActivity t102} time:514315
08-19 11:58:07.439 I/Timeline( 1783): Timeline: App_transition_stopped time:514319
08-19 11:58:08.327 E/PackageParserInjector( 1783): dump dex file error ,file message: base.odex: 21Kb 
08-19 11:58:08.327 E/PackageParserInjector( 1783): dump dex file error ,file message: base.odex: 21Kb base.vdex: 56Kb 
08-19 11:58:08.736 W/BaseMiuiPhoneWindowManager( 1783): keyCode:4 down:true eventTime:515616 downTime:515616 policyFlags:2b000000 flags:8 deviceId:-1 isScreenOn:true keyguardActive:false repeatCount:0
08-19 11:58:08.736 W/BaseMiuiPhoneWindowManager( 1783): keyCode:4 down:false eventTime:515616 downTime:515616 policyFlags:2b000000 flags:8 deviceId:-1 isScreenOn:true keyguardActive:false repeatCount:0
08-19 11:58:08.812 E/clipboard( 1783): Exception: 
08-19 11:58:08.812 E/clipboard( 1783): java.lang.NullPointerException
08-19 11:58:08.812 E/clipboard( 1783): 	at java.util.Objects.requireNonNull(Objects.java:220)
08-19 11:58:08.812 E/clipboard( 1783): 	at com.android.server.appop.AppOpsService.checkPackage(AppOpsService.java:2988)
08-19 11:58:08.812 E/clipboard( 1783): 	at android.app.AppOpsManager.checkPackage(AppOpsManager.java:7793)
08-19 11:58:08.812 E/clipboard( 1783): 	at com.android.server.clipboard.ClipboardService.clipboardAccessCommonCheck(ClipboardService.java:838)
08-19 11:58:08.812 E/clipboard( 1783): 	at com.android.server.clipboard.ClipboardService.clipboardCheckAllowed(ClipboardService.java:903)
08-19 11:58:08.812 E/clipboard( 1783): 	at com.android.server.clipboard.ClipboardService.access$600(ClipboardService.java:160)
08-19 11:58:08.812 E/clipboard( 1783): 	at com.android.server.clipboard.ClipboardService$ClipboardImpl.hasPrimaryClip(ClipboardService.java:437)
08-19 11:58:08.812 E/clipboard( 1783): 	at android.content.IClipboard$Stub.onTransact(IClipboard.java:242)
08-19 11:58:08.812 E/clipboard( 1783): 	at com.android.server.clipboard.ClipboardService$ClipboardImpl.onTransact(ClipboardService.java:344)
08-19 11:58:08.812 E/clipboard( 1783): 	at android.os.Binder.execTransactInternal(Binder.java:1157)
08-19 11:58:08.812 E/clipboard( 1783): 	at android.os.Binder.execTransact(Binder.java:1126)
08-19 11:58:08.813 I/DropBoxManagerService( 1783): add tag=system_server_wtf isTagEnabled=true flags=0x2
08-19 11:58:09.085 E/clipboard( 1783): Exception: 
08-19 11:58:09.085 E/clipboard( 1783): java.lang.NullPointerException
08-19 11:58:09.085 E/clipboard( 1783): 	at java.util.Objects.requireNonNull(Objects.java:220)
08-19 11:58:09.085 E/clipboard( 1783): 	at com.android.server.appop.AppOpsService.checkPackage(AppOpsService.java:2988)
08-19 11:58:09.085 E/clipboard( 1783): 	at android.app.AppOpsManager.checkPackage(AppOpsManager.java:7793)
08-19 11:58:09.085 E/clipboard( 1783): 	at com.android.server.clipboard.ClipboardService.clipboardAccessCommonCheck(ClipboardService.java:838)
08-19 11:58:09.085 E/clipboard( 1783): 	at com.android.server.clipboard.ClipboardService.clipboardCheckAllowed(ClipboardService.java:903)
08-19 11:58:09.085 E/clipboard( 1783): 	at com.android.server.clipboard.ClipboardService.access$600(ClipboardService.java:160)
08-19 11:58:09.085 E/clipboard( 1783): 	at com.android.server.clipboard.ClipboardService$ClipboardImpl.hasPrimaryClip(ClipboardService.java:437)
08-19 11:58:09.085 E/clipboard( 1783): 	at android.content.IClipboard$Stub.onTransact(IClipboard.java:242)
08-19 11:58:09.085 E/clipboard( 1783): 	at com.android.server.clipboard.ClipboardService$ClipboardImpl.onTransact(ClipboardService.java:344)
08-19 11:58:09.085 E/clipboard( 1783): 	at android.os.Binder.execTransactInternal(Binder.java:1157)
08-19 11:58:09.085 E/clipboard( 1783): 	at android.os.Binder.execTransact(Binder.java:1126)
08-19 11:58:09.087 I/DropBoxManagerService( 1783): add tag=system_server_wtf isTagEnabled=true flags=0x2
08-19 11:58:09.331 W/BaseMiuiPhoneWindowManager( 1783): keyCode:4 down:true eventTime:516211 downTime:516211 policyFlags:2b000000 flags:8 deviceId:-1 isScreenOn:true keyguardActive:false repeatCount:0
08-19 11:58:09.332 W/BaseMiuiPhoneWindowManager( 1783): keyCode:4 down:false eventTime:516211 downTime:516211 policyFlags:2b000000 flags:8 deviceId:-1 isScreenOn:true keyguardActive:false repeatCount:0
08-19 11:58:10.434 E/PackageParserInjector( 1783): dump dex file error ,file message: base.odex: 21Kb 
08-19 11:58:10.434 E/PackageParserInjector( 1783): dump dex file error ,file message: base.odex: 21Kb base.vdex: 56Kb 
08-19 11:58:10.822 W/BroadcastQueue( 1783): Background execution not allowed: receiving Intent { act=android.intent.action.DROPBOX_ENTRY_ADDED flg=0x10 (has extras) } to com.google.android.gms/.stats.service.DropBoxEntryAddedReceiver
08-19 11:58:10.822 W/BroadcastQueue( 1783): Background execution not allowed: receiving Intent { act=android.intent.action.DROPBOX_ENTRY_ADDED flg=0x10 (has extras) } to com.google.android.gms/.chimera.GmsIntentOperationService$PersistentTrustedReceiver
08-19 11:58:10.830 W/BaseMiuiPhoneWindowManager( 1783): keyCode:4 down:true eventTime:517710 downTime:517710 policyFlags:2b000000 flags:8 deviceId:-1 isScreenOn:true keyguardActive:false repeatCount:0
08-19 11:58:10.830 W/BaseMiuiPhoneWindowManager( 1783): keyCode:4 down:false eventTime:517710 downTime:517710 policyFlags:2b000000 flags:8 deviceId:-1 isScreenOn:true keyguardActive:false repeatCount:0
08-19 11:58:10.866 I/Timeline( 1783): Timeline: App_transition_ready time:517747
08-19 11:58:10.887 I/Timeline( 1783): Timeline: App_transition_ready time:517767
08-19 11:58:10.892 I/Timeline( 1783): Timeline: App_transition_ready time:517772
08-19 11:58:10.908 I/Timeline( 1783): Timeline: App_transition_ready time:517788
08-19 11:58:10.922 E/clipboard( 1783): Exception: 
08-19 11:58:10.922 E/clipboard( 1783): java.lang.NullPointerException
08-19 11:58:10.922 E/clipboard( 1783): 	at java.util.Objects.requireNonNull(Objects.java:220)
08-19 11:58:10.922 E/clipboard( 1783): 	at com.android.server.appop.AppOpsService.checkPackage(AppOpsService.java:2988)
08-19 11:58:10.922 E/clipboard( 1783): 	at android.app.AppOpsManager.checkPackage(AppOpsManager.java:7793)
08-19 11:58:10.922 E/clipboard( 1783): 	at com.android.server.clipboard.ClipboardService.clipboardAccessCommonCheck(ClipboardService.java:838)
08-19 11:58:10.922 E/clipboard( 1783): 	at com.android.server.clipboard.ClipboardService.clipboardCheckAllowed(ClipboardService.java:903)
08-19 11:58:10.922 E/clipboard( 1783): 	at com.android.server.clipboard.ClipboardService.access$600(ClipboardService.java:160)
08-19 11:58:10.922 E/clipboard( 1783): 	at com.android.server.clipboard.ClipboardService$ClipboardImpl.hasPrimaryClip(ClipboardService.java:437)
08-19 11:58:10.922 E/clipboard( 1783): 	at android.content.IClipboard$Stub.onTransact(IClipboard.java:242)
08-19 11:58:10.922 E/clipboard( 1783): 	at com.android.server.clipboard.ClipboardService$ClipboardImpl.onTransact(ClipboardService.java:344)
08-19 11:58:10.922 E/clipboard( 1783): 	at android.os.Binder.execTransactInternal(Binder.java:1157)
08-19 11:58:10.922 E/clipboard( 1783): 	at android.os.Binder.execTransact(Binder.java:1126)
08-19 11:58:10.923 I/DropBoxManagerService( 1783): add tag=system_server_wtf isTagEnabled=true flags=0x2
08-19 11:58:11.117 E/clipboard( 1783): Exception: 
08-19 11:58:11.117 E/clipboard( 1783): java.lang.NullPointerException
08-19 11:58:11.117 E/clipboard( 1783): 	at java.util.Objects.requireNonNull(Objects.java:220)
08-19 11:58:11.117 E/clipboard( 1783): 	at com.android.server.appop.AppOpsService.checkPackage(AppOpsService.java:2988)
08-19 11:58:11.117 E/clipboard( 1783): 	at android.app.AppOpsManager.checkPackage(AppOpsManager.java:7793)
08-19 11:58:11.117 E/clipboard( 1783): 	at com.android.server.clipboard.ClipboardService.clipboardAccessCommonCheck(ClipboardService.java:838)
08-19 11:58:11.117 E/clipboard( 1783): 	at com.android.server.clipboard.ClipboardService.clipboardCheckAllowed(ClipboardService.java:903)
08-19 11:58:11.117 E/clipboard( 1783): 	at com.android.server.clipboard.ClipboardService.access$600(ClipboardService.java:160)
08-19 11:58:11.117 E/clipboard( 1783): 	at com.android.server.clipboard.ClipboardService$ClipboardImpl.hasPrimaryClip(ClipboardService.java:437)
08-19 11:58:11.117 E/clipboard( 1783): 	at android.content.IClipboard$Stub.onTransact(IClipboard.java:242)
08-19 11:58:11.117 E/clipboard( 1783): 	at com.android.server.clipboard.ClipboardService$ClipboardImpl.onTransact(ClipboardService.java:344)
08-19 11:58:11.117 E/clipboard( 1783): 	at android.os.Binder.execTransactInternal(Binder.java:1157)
08-19 11:58:11.117 E/clipboard( 1783): 	at android.os.Binder.execTransact(Binder.java:1126)
08-19 11:58:11.117 I/DropBoxManagerService( 1783): add tag=system_server_wtf isTagEnabled=true flags=0x2
08-19 11:58:11.433 I/Timeline( 1783): Timeline: Activity_windows_visible id: ActivityRecord{6b43ccd u0 com.miui.tsmclient/.ui.door.DoorCardSelectActivity t102} time:518314
08-19 11:58:11.435 I/Timeline( 1783): Timeline: App_transition_stopped time:518316
08-19 11:58:11.454 E/ContentCatcherManager( 8586): failed to get ContentCatcherService.
08-19 11:58:12.461 E/PackageParserInjector( 1783): dump dex file error ,file message: base.odex: 21Kb 
08-19 11:58:12.461 E/PackageParserInjector( 1783): dump dex file error ,file message: base.odex: 21Kb base.vdex: 56Kb 
08-19 11:58:12.929 W/BroadcastQueue( 1783): Background execution not allowed: receiving Intent { act=android.intent.action.DROPBOX_ENTRY_ADDED flg=0x10 (has extras) } to com.google.android.gms/.stats.service.DropBoxEntryAddedReceiver
08-19 11:58:12.929 W/BroadcastQueue( 1783): Background execution not allowed: receiving Intent { act=android.intent.action.DROPBOX_ENTRY_ADDED flg=0x10 (has extras) } to com.google.android.gms/.chimera.GmsIntentOperationService$PersistentTrustedReceiver
08-19 11:58:13.020 E/clipboard( 1783): Exception: 
08-19 11:58:13.020 E/clipboard( 1783): java.lang.NullPointerException
08-19 11:58:13.020 E/clipboard( 1783): 	at java.util.Objects.requireNonNull(Objects.java:220)
08-19 11:58:13.020 E/clipboard( 1783): 	at com.android.server.appop.AppOpsService.checkPackage(AppOpsService.java:2988)
08-19 11:58:13.020 E/clipboard( 1783): 	at android.app.AppOpsManager.checkPackage(AppOpsManager.java:7793)
08-19 11:58:13.020 E/clipboard( 1783): 	at com.android.server.clipboard.ClipboardService.clipboardAccessCommonCheck(ClipboardService.java:838)
08-19 11:58:13.020 E/clipboard( 1783): 	at com.android.server.clipboard.ClipboardService.clipboardCheckAllowed(ClipboardService.java:903)
08-19 11:58:13.020 E/clipboard( 1783): 	at com.android.server.clipboard.ClipboardService.access$600(ClipboardService.java:160)
08-19 11:58:13.020 E/clipboard( 1783): 	at com.android.server.clipboard.ClipboardService$ClipboardImpl.hasPrimaryClip(ClipboardService.java:437)
08-19 11:58:13.020 E/clipboard( 1783): 	at android.content.IClipboard$Stub.onTransact(IClipboard.java:242)
08-19 11:58:13.020 E/clipboard( 1783): 	at com.android.server.clipboard.ClipboardService$ClipboardImpl.onTransact(ClipboardService.java:344)
08-19 11:58:13.020 E/clipboard( 1783): 	at android.os.Binder.execTransactInternal(Binder.java:1157)
08-19 11:58:13.020 E/clipboard( 1783): 	at android.os.Binder.execTransact(Binder.java:1126)
08-19 11:58:13.022 I/DropBoxManagerService( 1783): add tag=system_server_wtf isTagEnabled=true flags=0x2
08-19 11:58:13.323 I/ActivityTaskManager( 1783): START u0 {cmp=com.miui.tsmclient/.ui.door.DoorCardProductListActivity} from uid 1027
08-19 11:58:13.327 E/clipboard( 1783): Exception: 
08-19 11:58:13.327 E/clipboard( 1783): java.lang.NullPointerException
08-19 11:58:13.327 E/clipboard( 1783): 	at java.util.Objects.requireNonNull(Objects.java:220)
08-19 11:58:13.327 E/clipboard( 1783): 	at com.android.server.appop.AppOpsService.checkPackage(AppOpsService.java:2988)
08-19 11:58:13.327 E/clipboard( 1783): 	at android.app.AppOpsManager.checkPackage(AppOpsManager.java:7793)
08-19 11:58:13.327 E/clipboard( 1783): 	at com.android.server.clipboard.ClipboardService.clipboardAccessCommonCheck(ClipboardService.java:838)
08-19 11:58:13.327 E/clipboard( 1783): 	at com.android.server.clipboard.ClipboardService.clipboardCheckAllowed(ClipboardService.java:903)
08-19 11:58:13.327 E/clipboard( 1783): 	at com.android.server.clipboard.ClipboardService.access$600(ClipboardService.java:160)
08-19 11:58:13.327 E/clipboard( 1783): 	at com.android.server.clipboard.ClipboardService$ClipboardImpl.hasPrimaryClip(ClipboardService.java:437)
08-19 11:58:13.327 E/clipboard( 1783): 	at android.content.IClipboard$Stub.onTransact(IClipboard.java:242)
08-19 11:58:13.327 E/clipboard( 1783): 	at com.android.server.clipboard.ClipboardService$ClipboardImpl.onTransact(ClipboardService.java:344)
08-19 11:58:13.327 E/clipboard( 1783): 	at android.os.Binder.execTransactInternal(Binder.java:1157)
08-19 11:58:13.327 E/clipboard( 1783): 	at android.os.Binder.execTransact(Binder.java:1126)
08-19 11:58:13.333 I/ActivityTaskManager( 1783): The Process com.miui.tsmclient Already Exists in BG. So sending its PID: 8586
08-19 11:58:13.333 W/ActivityTaskManager( 1783): Tried to set launchTime (0) < mLastActivityLaunchTime (513750)
08-19 11:58:13.337 I/Timeline( 1783): Timeline: App_transition_ready time:520217
08-19 11:58:13.339 E/ContentCatcherManager( 8586): failed to get ContentCatcherService.
08-19 11:58:13.339 E/ContentCatcherManager( 8586): failed to get ContentCatcherService.
08-19 11:58:13.378 I/Timeline( 1783): Timeline: App_transition_ready time:520259
08-19 11:58:13.380 I/Timeline( 1783): Timeline: App_transition_ready time:520260
08-19 11:58:13.381 I/Timeline( 1783): Timeline: App_transition_ready time:520261
08-19 11:58:13.382 I/Timeline( 1783): Timeline: App_transition_ready time:520263
08-19 11:58:13.389 I/Timeline( 1783): Timeline: App_transition_ready time:520270
08-19 11:58:13.396 I/Timeline( 1783): Timeline: App_transition_ready time:520276
08-19 11:58:13.399 I/Timeline( 1783): Timeline: App_transition_ready time:520279
08-19 11:58:13.908 I/Timeline( 1783): Timeline: Activity_windows_visible id: ActivityRecord{f84132c u0 com.miui.tsmclient/.ui.door.DoorCardProductListActivity t102} time:520789
08-19 11:58:13.912 I/Timeline( 1783): Timeline: App_transition_stopped time:520793
08-19 11:58:15.032 W/BroadcastQueue( 1783): Background execution not allowed: receiving Intent { act=android.intent.action.DROPBOX_ENTRY_ADDED flg=0x10 (has extras) } to com.google.android.gms/.stats.service.DropBoxEntryAddedReceiver
08-19 11:58:15.033 W/BroadcastQueue( 1783): Background execution not allowed: receiving Intent { act=android.intent.action.DROPBOX_ENTRY_ADDED flg=0x10 (has extras) } to com.google.android.gms/.chimera.GmsIntentOperationService$PersistentTrustedReceiver
08-19 11:58:15.067 E/PackageParserInjector( 1783): dump dex file error ,file message: base.odex: 21Kb 
08-19 11:58:15.067 E/PackageParserInjector( 1783): dump dex file error ,file message: base.odex: 21Kb base.vdex: 56Kb 
08-19 11:58:15.217 W/BaseMiuiPhoneWindowManager( 1783): keyCode:4 down:true eventTime:522097 downTime:522097 policyFlags:2b000000 flags:8 deviceId:-1 isScreenOn:true keyguardActive:false repeatCount:0
08-19 11:58:15.217 W/BaseMiuiPhoneWindowManager( 1783): keyCode:4 down:false eventTime:522097 downTime:522097 policyFlags:2b000000 flags:8 deviceId:-1 isScreenOn:true keyguardActive:false repeatCount:0
08-19 11:58:15.248 I/Timeline( 1783): Timeline: App_transition_ready time:522128
08-19 11:58:15.261 I/Timeline( 1783): Timeline: App_transition_ready time:522142
08-19 11:58:15.263 I/Timeline( 1783): Timeline: App_transition_ready time:522143
08-19 11:58:15.272 I/Timeline( 1783): Timeline: App_transition_ready time:522153
08-19 11:58:15.480 E/clipboard( 1783): Exception: 
08-19 11:58:15.480 E/clipboard( 1783): java.lang.NullPointerException
08-19 11:58:15.480 E/clipboard( 1783): 	at java.util.Objects.requireNonNull(Objects.java:220)
08-19 11:58:15.480 E/clipboard( 1783): 	at com.android.server.appop.AppOpsService.checkPackage(AppOpsService.java:2988)
08-19 11:58:15.480 E/clipboard( 1783): 	at android.app.AppOpsManager.checkPackage(AppOpsManager.java:7793)
08-19 11:58:15.480 E/clipboard( 1783): 	at com.android.server.clipboard.ClipboardService.clipboardAccessCommonCheck(ClipboardService.java:838)
08-19 11:58:15.480 E/clipboard( 1783): 	at com.android.server.clipboard.ClipboardService.clipboardCheckAllowed(ClipboardService.java:903)
08-19 11:58:15.480 E/clipboard( 1783): 	at com.android.server.clipboard.ClipboardService.access$600(ClipboardService.java:160)
