08-19 12:03:13.446 W/PackageParsing( 6301): No actions in intent-filter at /data/user/0/com.miui.guardprovider/cache/package4595806868033609829.apk Binary XML file line #276
08-19 12:03:13.446 W/PackageParsing( 6301): No actions in intent-filter at /data/user/0/com.miui.guardprovider/cache/package4595806868033609829.apk Binary XML file line #281
08-19 12:03:13.446 W/PackageParsing( 6301): No actions in intent-filter at /data/user/0/com.miui.guardprovider/cache/package4595806868033609829.apk Binary XML file line #286
08-19 12:03:13.446 W/PackageParsing( 6301): No actions in intent-filter at /data/user/0/com.miui.guardprovider/cache/package4595806868033609829.apk Binary XML file line #291
08-19 12:03:13.446 W/PackageParsing( 6301): No actions in intent-filter at /data/user/0/com.miui.guardprovider/cache/package4595806868033609829.apk Binary XML file line #296
08-19 12:03:13.446 W/PackageParsing( 6301): No actions in intent-filter at /data/user/0/com.miui.guardprovider/cache/package4595806868033609829.apk Binary XML file line #301
08-19 12:03:13.446 W/PackageParsing( 6301): No actions in intent-filter at /data/user/0/com.miui.guardprovider/cache/package4595806868033609829.apk Binary XML file line #306
08-19 12:03:13.446 W/PackageParsing( 6301): No actions in intent-filter at /data/user/0/com.miui.guardprovider/cache/package4595806868033609829.apk Binary XML file line #311
08-19 12:03:13.446 W/PackageParsing( 6301): No actions in intent-filter at /data/user/0/com.miui.guardprovider/cache/package4595806868033609829.apk Binary XML file line #317
08-19 12:03:13.446 W/PackageParsing( 6301): No actions in intent-filter at /data/user/0/com.miui.guardprovider/cache/package4595806868033609829.apk Binary XML file line #323
08-19 12:03:13.446 W/PackageParsing( 6301): No actions in intent-filter at /data/user/0/com.miui.guardprovider/cache/package4595806868033609829.apk Binary XML file line #328
08-19 12:03:13.446 W/PackageParsing( 6301): No actions in intent-filter at /data/user/0/com.miui.guardprovider/cache/package4595806868033609829.apk Binary XML file line #334
08-19 12:03:13.446 W/PackageParsing( 6301): No actions in intent-filter at /data/user/0/com.miui.guardprovider/cache/package4595806868033609829.apk Binary XML file line #339
08-19 12:03:13.446 W/PackageParsing( 6301): No actions in intent-filter at /data/user/0/com.miui.guardprovider/cache/package4595806868033609829.apk Binary XML file line #344
08-19 12:03:13.446 W/PackageParsing( 6301): No actions in intent-filter at /data/user/0/com.miui.guardprovider/cache/package4595806868033609829.apk Binary XML file line #349
08-19 12:03:13.446 W/PackageParsing( 6301): No actions in intent-filter at /data/user/0/com.miui.guardprovider/cache/package4595806868033609829.apk Binary XML file line #354
08-19 12:03:13.446 W/PackageParsing( 6301): No actions in intent-filter at /data/user/0/com.miui.guardprovider/cache/package4595806868033609829.apk Binary XML file line #359
08-19 12:03:13.446 W/PackageParsing( 6301): No actions in intent-filter at /data/user/0/com.miui.guardprovider/cache/package4595806868033609829.apk Binary XML file line #364
08-19 12:03:13.446 W/PackageParsing( 6301): No actions in intent-filter at /data/user/0/com.miui.guardprovider/cache/package4595806868033609829.apk Binary XML file line #369
08-19 12:03:13.446 W/PackageParsing( 6301): No actions in intent-filter at /data/user/0/com.miui.guardprovider/cache/package4595806868033609829.apk Binary XML file line #374
08-19 12:03:13.447 W/PackageParsing( 6301): No actions in intent-filter at /data/user/0/com.miui.guardprovider/cache/package4595806868033609829.apk Binary XML file line #380
08-19 12:03:13.447 W/PackageParsing( 6301): No actions in intent-filter at /data/user/0/com.miui.guardprovider/cache/package4595806868033609829.apk Binary XML file line #385
08-19 12:03:13.447 W/PackageParsing( 6301): No actions in intent-filter at /data/user/0/com.miui.guardprovider/cache/package4595806868033609829.apk Binary XML file line #390
08-19 12:03:13.447 W/PackageParsing( 6301): No actions in intent-filter at /data/user/0/com.miui.guardprovider/cache/package4595806868033609829.apk Binary XML file line #395
08-19 12:03:13.447 W/PackageParsing( 6301): No actions in intent-filter at /data/user/0/com.miui.guardprovider/cache/package4595806868033609829.apk Binary XML file line #400
08-19 12:03:13.447 W/PackageParsing( 6301): No actions in intent-filter at /data/user/0/com.miui.guardprovider/cache/package4595806868033609829.apk Binary XML file line #405
08-19 12:03:13.447 W/PackageParsing( 6301): No actions in intent-filter at /data/user/0/com.miui.guardprovider/cache/package4595806868033609829.apk Binary XML file line #410
08-19 12:03:13.447 W/PackageParsing( 6301): No actions in intent-filter at /data/user/0/com.miui.guardprovider/cache/package4595806868033609829.apk Binary XML file line #448
08-19 12:03:13.447 W/PackageParsing( 6301): No actions in intent-filter at /data/user/0/com.miui.guardprovider/cache/package4595806868033609829.apk Binary XML file line #461
08-19 12:03:13.447 W/PackageParsing( 6301): No actions in intent-filter at /data/user/0/com.miui.guardprovider/cache/package4595806868033609829.apk Binary XML file line #466
08-19 12:03:13.447 W/PackageParsing( 6301): No actions in intent-filter at /data/user/0/com.miui.guardprovider/cache/package4595806868033609829.apk Binary XML file line #471
08-19 12:03:13.447 W/PackageParsing( 6301): No actions in intent-filter at /data/user/0/com.miui.guardprovider/cache/package4595806868033609829.apk Binary XML file line #476
08-19 12:03:13.447 W/PackageParsing( 6301): No actions in intent-filter at /data/user/0/com.miui.guardprovider/cache/package4595806868033609829.apk Binary XML file line #481
08-19 12:03:13.447 W/PackageParsing( 6301): No actions in intent-filter at /data/user/0/com.miui.guardprovider/cache/package4595806868033609829.apk Binary XML file line #486
08-19 12:03:13.448 W/PackageParsing( 6301): No actions in intent-filter at /data/user/0/com.miui.guardprovider/cache/package4595806868033609829.apk Binary XML file line #553
08-19 12:03:13.448 W/PackageParsing( 6301): No actions in intent-filter at /data/user/0/com.miui.guardprovider/cache/package4595806868033609829.apk Binary XML file line #581
08-19 12:03:13.449 W/PackageParsing( 6301): No actions in intent-filter at /data/user/0/com.miui.guardprovider/cache/package4595806868033609829.apk Binary XML file line #727
08-19 12:03:13.449 W/PackageParsing( 6301): No actions in intent-filter at /data/user/0/com.miui.guardprovider/cache/package4595806868033609829.apk Binary XML file line #732
08-19 12:03:13.449 W/PackageParsing( 6301): No actions in intent-filter at /data/user/0/com.miui.guardprovider/cache/package4595806868033609829.apk Binary XML file line #825
08-19 12:03:13.612 W/PackageParsing( 6301): Unknown element under <manifest>: supports-gl-texture at /data/user/0/com.miui.guardprovider/cache/package4595806868033609829.apk Binary XML file line #79
08-19 12:03:13.612 W/PackageParsing( 6301): Unknown element under <manifest>: supports-gl-texture at /data/user/0/com.miui.guardprovider/cache/package4595806868033609829.apk Binary XML file line #80
08-19 12:03:13.614 W/PackageParsing( 6301): No actions in intent-filter at /data/user/0/com.miui.guardprovider/cache/package4595806868033609829.apk Binary XML file line #271
08-19 12:03:13.614 W/PackageParsing( 6301): No actions in intent-filter at /data/user/0/com.miui.guardprovider/cache/package4595806868033609829.apk Binary XML file line #276
08-19 12:03:13.614 W/PackageParsing( 6301): No actions in intent-filter at /data/user/0/com.miui.guardprovider/cache/package4595806868033609829.apk Binary XML file line #281
08-19 12:03:13.614 W/PackageParsing( 6301): No actions in intent-filter at /data/user/0/com.miui.guardprovider/cache/package4595806868033609829.apk Binary XML file line #286
08-19 12:03:13.614 W/PackageParsing( 6301): No actions in intent-filter at /data/user/0/com.miui.guardprovider/cache/package4595806868033609829.apk Binary XML file line #291
08-19 12:03:13.614 W/PackageParsing( 6301): No actions in intent-filter at /data/user/0/com.miui.guardprovider/cache/package4595806868033609829.apk Binary XML file line #296
08-19 12:03:13.614 W/PackageParsing( 6301): No actions in intent-filter at /data/user/0/com.miui.guardprovider/cache/package4595806868033609829.apk Binary XML file line #301
08-19 12:03:13.614 W/PackageParsing( 6301): No actions in intent-filter at /data/user/0/com.miui.guardprovider/cache/package4595806868033609829.apk Binary XML file line #306
08-19 12:03:13.614 W/PackageParsing( 6301): No actions in intent-filter at /data/user/0/com.miui.guardprovider/cache/package4595806868033609829.apk Binary XML file line #311
08-19 12:03:13.614 W/PackageParsing( 6301): No actions in intent-filter at /data/user/0/com.miui.guardprovider/cache/package4595806868033609829.apk Binary XML file line #317
08-19 12:03:13.614 W/PackageParsing( 6301): No actions in intent-filter at /data/user/0/com.miui.guardprovider/cache/package4595806868033609829.apk Binary XML file line #323
08-19 12:03:13.614 W/PackageParsing( 6301): No actions in intent-filter at /data/user/0/com.miui.guardprovider/cache/package4595806868033609829.apk Binary XML file line #328
08-19 12:03:13.614 W/PackageParsing( 6301): No actions in intent-filter at /data/user/0/com.miui.guardprovider/cache/package4595806868033609829.apk Binary XML file line #334
08-19 12:03:13.614 W/PackageParsing( 6301): No actions in intent-filter at /data/user/0/com.miui.guardprovider/cache/package4595806868033609829.apk Binary XML file line #339
08-19 12:03:13.614 W/PackageParsing( 6301): No actions in intent-filter at /data/user/0/com.miui.guardprovider/cache/package4595806868033609829.apk Binary XML file line #344
08-19 12:03:13.614 W/PackageParsing( 6301): No actions in intent-filter at /data/user/0/com.miui.guardprovider/cache/package4595806868033609829.apk Binary XML file line #349
08-19 12:03:13.614 W/PackageParsing( 6301): No actions in intent-filter at /data/user/0/com.miui.guardprovider/cache/package4595806868033609829.apk Binary XML file line #354
08-19 12:03:13.614 W/PackageParsing( 6301): No actions in intent-filter at /data/user/0/com.miui.guardprovider/cache/package4595806868033609829.apk Binary XML file line #359
08-19 12:03:13.614 W/PackageParsing( 6301): No actions in intent-filter at /data/user/0/com.miui.guardprovider/cache/package4595806868033609829.apk Binary XML file line #364
08-19 12:03:13.615 W/PackageParsing( 6301): No actions in intent-filter at /data/user/0/com.miui.guardprovider/cache/package4595806868033609829.apk Binary XML file line #369
08-19 12:03:13.615 W/PackageParsing( 6301): No actions in intent-filter at /data/user/0/com.miui.guardprovider/cache/package4595806868033609829.apk Binary XML file line #374
08-19 12:03:13.615 W/PackageParsing( 6301): No actions in intent-filter at /data/user/0/com.miui.guardprovider/cache/package4595806868033609829.apk Binary XML file line #380
08-19 12:03:13.615 W/PackageParsing( 6301): No actions in intent-filter at /data/user/0/com.miui.guardprovider/cache/package4595806868033609829.apk Binary XML file line #385
08-19 12:03:13.615 W/PackageParsing( 6301): No actions in intent-filter at /data/user/0/com.miui.guardprovider/cache/package4595806868033609829.apk Binary XML file line #390
08-19 12:03:13.615 W/PackageParsing( 6301): No actions in intent-filter at /data/user/0/com.miui.guardprovider/cache/package4595806868033609829.apk Binary XML file line #395
08-19 12:03:13.615 W/PackageParsing( 6301): No actions in intent-filter at /data/user/0/com.miui.guardprovider/cache/package4595806868033609829.apk Binary XML file line #400
08-19 12:03:13.615 W/PackageParsing( 6301): No actions in intent-filter at /data/user/0/com.miui.guardprovider/cache/package4595806868033609829.apk Binary XML file line #405
08-19 12:03:13.615 W/PackageParsing( 6301): No actions in intent-filter at /data/user/0/com.miui.guardprovider/cache/package4595806868033609829.apk Binary XML file line #410
08-19 12:03:13.615 W/PackageParsing( 6301): No actions in intent-filter at /data/user/0/com.miui.guardprovider/cache/package4595806868033609829.apk Binary XML file line #448
08-19 12:03:13.615 W/PackageParsing( 6301): No actions in intent-filter at /data/user/0/com.miui.guardprovider/cache/package4595806868033609829.apk Binary XML file line #461
08-19 12:03:13.615 W/PackageParsing( 6301): No actions in intent-filter at /data/user/0/com.miui.guardprovider/cache/package4595806868033609829.apk Binary XML file line #466
08-19 12:03:13.615 W/PackageParsing( 6301): No actions in intent-filter at /data/user/0/com.miui.guardprovider/cache/package4595806868033609829.apk Binary XML file line #471
08-19 12:03:13.615 W/PackageParsing( 6301): No actions in intent-filter at /data/user/0/com.miui.guardprovider/cache/package4595806868033609829.apk Binary XML file line #476
08-19 12:03:13.615 W/PackageParsing( 6301): No actions in intent-filter at /data/user/0/com.miui.guardprovider/cache/package4595806868033609829.apk Binary XML file line #481
08-19 12:03:13.615 W/PackageParsing( 6301): No actions in intent-filter at /data/user/0/com.miui.guardprovider/cache/package4595806868033609829.apk Binary XML file line #486
08-19 12:03:13.616 W/PackageParsing( 6301): No actions in intent-filter at /data/user/0/com.miui.guardprovider/cache/package4595806868033609829.apk Binary XML file line #553
08-19 12:03:13.616 W/PackageParsing( 6301): No actions in intent-filter at /data/user/0/com.miui.guardprovider/cache/package4595806868033609829.apk Binary XML file line #581
08-19 12:03:13.617 W/PackageParsing( 6301): No actions in intent-filter at /data/user/0/com.miui.guardprovider/cache/package4595806868033609829.apk Binary XML file line #727
08-19 12:03:13.617 W/PackageParsing( 6301): No actions in intent-filter at /data/user/0/com.miui.guardprovider/cache/package4595806868033609829.apk Binary XML file line #732
08-19 12:03:13.618 W/PackageParsing( 6301): No actions in intent-filter at /data/user/0/com.miui.guardprovider/cache/package4595806868033609829.apk Binary XML file line #825
08-19 12:03:13.846 W/BpBinder(27137): PerfMonitor binderTransact :  time=715ms interface=android.content.IContentProvider code=1
08-19 12:03:17.982 I/Timeline(27137): Timeline: Activity_launch_request time:824863
08-19 12:03:17.985 I/ActivityTaskManager( 1783): START u0 {dat=file:///data/user/0/com.miui.packageinstaller/cache/package3418003876959667070.apk cmp=com.miui.packageinstaller/com.android.packageinstaller.InstallAppProgress (has extras)} from uid 10074
08-19 12:03:17.999 I/ActivityTaskManager( 1783): The Process com.miui.packageinstaller Already Exists in BG. So sending its PID: 27137
08-19 12:03:18.000 W/ActivityTaskManager( 1783): Tried to set launchTime (0) < mLastActivityLaunchTime (818377)
08-19 12:03:18.002 I/Timeline( 1783): Timeline: App_transition_ready time:824883
08-19 12:03:18.063 I/InstallationStatistic( 1783): beginInstallSession: 2131445103
08-19 12:03:18.083 I/Timeline( 1783): Timeline: App_transition_ready time:824963
08-19 12:03:18.085 I/Timeline( 1783): Timeline: App_transition_ready time:824966
08-19 12:03:18.088 I/Timeline( 1783): Timeline: App_transition_ready time:824968
08-19 12:03:18.108 I/Timeline( 1783): Timeline: App_transition_ready time:824989
08-19 12:03:18.610 I/Timeline( 1783): Timeline: Activity_windows_visible id: ActivityRecord{a437f9c u0 com.miui.packageinstaller/com.android.packageinstaller.InstallAppProgress t119} time:825491
08-19 12:03:18.615 I/Timeline( 1783): Timeline: App_transition_stopped time:825495
08-19 12:03:18.654 W/BpBinder(27137): PerfMonitor binderTransact :  time=208ms interface=android.content.pm.IPackageInstallerSession code=8
08-19 12:03:18.965 I/MiuiChargeManager( 2677): notifyBatteryStatusChanged:  status: 3 isPlugged: 0 level: 69 wireState: -1 chargeSpeed: 0 mWiredChargeType: 0 mWirelessChargeType: 0 chargeDeviceType: -1 maxChargingWattage: -1 SUPPORT_BROADCAST_QUICK_CHARGE: true
08-19 12:03:19.075 E/BatteryExternalStatsWorker( 1783): wifi info is invalid: null
08-19 12:03:19.077 E/BatteryExternalStatsWorker( 1783): modem info is invalid: null
08-19 12:03:19.375 W/PackageParser( 6301): Unknown element under <manifest>: supports-gl-texture at /data/app/vmdl2131445103.tmp/base.apk Binary XML file line #79
08-19 12:03:19.375 W/PackageParser( 6301): Unknown element under <manifest>: supports-gl-texture at /data/app/vmdl2131445103.tmp/base.apk Binary XML file line #80
08-19 12:03:19.376 W/PackageParser( 6301): No actions in intent filter at /data/app/vmdl2131445103.tmp/base.apk Binary XML file line #271
08-19 12:03:19.376 W/PackageParser( 6301): No actions in intent filter at /data/app/vmdl2131445103.tmp/base.apk Binary XML file line #276
08-19 12:03:19.376 W/PackageParser( 6301): No actions in intent filter at /data/app/vmdl2131445103.tmp/base.apk Binary XML file line #281
08-19 12:03:19.376 W/PackageParser( 6301): No actions in intent filter at /data/app/vmdl2131445103.tmp/base.apk Binary XML file line #286
08-19 12:03:19.376 W/PackageParser( 6301): No actions in intent filter at /data/app/vmdl2131445103.tmp/base.apk Binary XML file line #291
08-19 12:03:19.376 W/PackageParser( 6301): No actions in intent filter at /data/app/vmdl2131445103.tmp/base.apk Binary XML file line #296
08-19 12:03:19.376 W/PackageParser( 6301): No actions in intent filter at /data/app/vmdl2131445103.tmp/base.apk Binary XML file line #301
08-19 12:03:19.376 W/PackageParser( 6301): No actions in intent filter at /data/app/vmdl2131445103.tmp/base.apk Binary XML file line #306
08-19 12:03:19.376 W/PackageParser( 6301): No actions in intent filter at /data/app/vmdl2131445103.tmp/base.apk Binary XML file line #311
08-19 12:03:19.376 W/PackageParser( 6301): No actions in intent filter at /data/app/vmdl2131445103.tmp/base.apk Binary XML file line #317
08-19 12:03:19.376 W/PackageParser( 6301): No actions in intent filter at /data/app/vmdl2131445103.tmp/base.apk Binary XML file line #323
08-19 12:03:19.376 W/PackageParser( 6301): No actions in intent filter at /data/app/vmdl2131445103.tmp/base.apk Binary XML file line #328
08-19 12:03:19.376 W/PackageParser( 6301): No actions in intent filter at /data/app/vmdl2131445103.tmp/base.apk Binary XML file line #334
08-19 12:03:19.376 W/PackageParser( 6301): No actions in intent filter at /data/app/vmdl2131445103.tmp/base.apk Binary XML file line #339
08-19 12:03:19.377 W/PackageParser( 6301): No actions in intent filter at /data/app/vmdl2131445103.tmp/base.apk Binary XML file line #344
08-19 12:03:19.377 W/PackageParser( 6301): No actions in intent filter at /data/app/vmdl2131445103.tmp/base.apk Binary XML file line #349
08-19 12:03:19.377 W/PackageParser( 6301): No actions in intent filter at /data/app/vmdl2131445103.tmp/base.apk Binary XML file line #354
08-19 12:03:19.377 W/PackageParser( 6301): No actions in intent filter at /data/app/vmdl2131445103.tmp/base.apk Binary XML file line #359
08-19 12:03:19.377 W/PackageParser( 6301): No actions in intent filter at /data/app/vmdl2131445103.tmp/base.apk Binary XML file line #364
08-19 12:03:19.377 W/PackageParser( 6301): No actions in intent filter at /data/app/vmdl2131445103.tmp/base.apk Binary XML file line #369
08-19 12:03:19.377 W/PackageParser( 6301): No actions in intent filter at /data/app/vmdl2131445103.tmp/base.apk Binary XML file line #374
08-19 12:03:19.377 W/PackageParser( 6301): No actions in intent filter at /data/app/vmdl2131445103.tmp/base.apk Binary XML file line #380
08-19 12:03:19.377 W/PackageParser( 6301): No actions in intent filter at /data/app/vmdl2131445103.tmp/base.apk Binary XML file line #385
08-19 12:03:19.377 W/PackageParser( 6301): No actions in intent filter at /data/app/vmdl2131445103.tmp/base.apk Binary XML file line #390
08-19 12:03:19.377 W/PackageParser( 6301): No actions in intent filter at /data/app/vmdl2131445103.tmp/base.apk Binary XML file line #395
08-19 12:03:19.377 W/PackageParser( 6301): No actions in intent filter at /data/app/vmdl2131445103.tmp/base.apk Binary XML file line #400
08-19 12:03:19.377 W/PackageParser( 6301): No actions in intent filter at /data/app/vmdl2131445103.tmp/base.apk Binary XML file line #405
08-19 12:03:19.377 W/PackageParser( 6301): No actions in intent filter at /data/app/vmdl2131445103.tmp/base.apk Binary XML file line #410
08-19 12:03:19.377 W/PackageParser( 6301): No actions in intent filter at /data/app/vmdl2131445103.tmp/base.apk Binary XML file line #448
08-19 12:03:19.377 W/PackageParser( 6301): No actions in intent filter at /data/app/vmdl2131445103.tmp/base.apk Binary XML file line #461
08-19 12:03:19.377 W/PackageParser( 6301): No actions in intent filter at /data/app/vmdl2131445103.tmp/base.apk Binary XML file line #466
08-19 12:03:19.377 W/PackageParser( 6301): No actions in intent filter at /data/app/vmdl2131445103.tmp/base.apk Binary XML file line #471
08-19 12:03:19.377 W/PackageParser( 6301): No actions in intent filter at /data/app/vmdl2131445103.tmp/base.apk Binary XML file line #476
08-19 12:03:19.377 W/PackageParser( 6301): No actions in intent filter at /data/app/vmdl2131445103.tmp/base.apk Binary XML file line #481
08-19 12:03:19.378 W/PackageParser( 6301): No actions in intent filter at /data/app/vmdl2131445103.tmp/base.apk Binary XML file line #486
08-19 12:03:19.378 W/PackageParser( 6301): No actions in intent filter at /data/app/vmdl2131445103.tmp/base.apk Binary XML file line #553
08-19 12:03:19.378 W/PackageParser( 6301): No actions in intent filter at /data/app/vmdl2131445103.tmp/base.apk Binary XML file line #581
08-19 12:03:19.379 W/PackageParser( 6301): No actions in intent filter at /data/app/vmdl2131445103.tmp/base.apk Binary XML file line #727
08-19 12:03:19.379 W/PackageParser( 6301): No actions in intent filter at /data/app/vmdl2131445103.tmp/base.apk Binary XML file line #732
08-19 12:03:19.379 W/PackageParser( 6301): No actions in intent filter at /data/app/vmdl2131445103.tmp/base.apk Binary XML file line #825
08-19 12:03:19.384 W/BpBinder( 3002): PerfMonitor binderTransact :  time=729ms interface=android.content.pm.IPackageInstaller code=6
08-19 12:03:19.500 W/PackageParsing( 1783): Unknown element under <manifest>: supports-gl-texture at /data/app/vmdl2131445103.tmp/base.apk Binary XML file line #79
08-19 12:03:19.500 W/PackageParsing( 1783): Unknown element under <manifest>: supports-gl-texture at /data/app/vmdl2131445103.tmp/base.apk Binary XML file line #80
08-19 12:03:19.502 W/PackageParsing( 1783): No actions in intent-filter at /data/app/vmdl2131445103.tmp/base.apk Binary XML file line #271
08-19 12:03:19.502 W/PackageParsing( 1783): No actions in intent-filter at /data/app/vmdl2131445103.tmp/base.apk Binary XML file line #276
08-19 12:03:19.502 W/PackageParsing( 1783): No actions in intent-filter at /data/app/vmdl2131445103.tmp/base.apk Binary XML file line #281
08-19 12:03:19.502 W/PackageParsing( 1783): No actions in intent-filter at /data/app/vmdl2131445103.tmp/base.apk Binary XML file line #286
08-19 12:03:19.502 W/PackageParsing( 1783): No actions in intent-filter at /data/app/vmdl2131445103.tmp/base.apk Binary XML file line #291
08-19 12:03:19.502 W/PackageParsing( 1783): No actions in intent-filter at /data/app/vmdl2131445103.tmp/base.apk Binary XML file line #296
08-19 12:03:19.502 W/PackageParsing( 1783): No actions in intent-filter at /data/app/vmdl2131445103.tmp/base.apk Binary XML file line #301
08-19 12:03:19.502 W/PackageParsing( 1783): No actions in intent-filter at /data/app/vmdl2131445103.tmp/base.apk Binary XML file line #306
08-19 12:03:19.502 W/PackageParsing( 1783): No actions in intent-filter at /data/app/vmdl2131445103.tmp/base.apk Binary XML file line #311
08-19 12:03:19.502 W/PackageParsing( 1783): No actions in intent-filter at /data/app/vmdl2131445103.tmp/base.apk Binary XML file line #317
08-19 12:03:19.503 W/PackageParsing( 1783): No actions in intent-filter at /data/app/vmdl2131445103.tmp/base.apk Binary XML file line #323
08-19 12:03:19.503 W/PackageParsing( 1783): No actions in intent-filter at /data/app/vmdl2131445103.tmp/base.apk Binary XML file line #328
08-19 12:03:19.503 W/PackageParsing( 1783): No actions in intent-filter at /data/app/vmdl2131445103.tmp/base.apk Binary XML file line #334
08-19 12:03:19.503 W/PackageParsing( 1783): No actions in intent-filter at /data/app/vmdl2131445103.tmp/base.apk Binary XML file line #339
08-19 12:03:19.503 W/PackageParsing( 1783): No actions in intent-filter at /data/app/vmdl2131445103.tmp/base.apk Binary XML file line #344
08-19 12:03:19.503 W/PackageParsing( 1783): No actions in intent-filter at /data/app/vmdl2131445103.tmp/base.apk Binary XML file line #349
08-19 12:03:19.503 W/PackageParsing( 1783): No actions in intent-filter at /data/app/vmdl2131445103.tmp/base.apk Binary XML file line #354
08-19 12:03:19.503 W/PackageParsing( 1783): No actions in intent-filter at /data/app/vmdl2131445103.tmp/base.apk Binary XML file line #359
08-19 12:03:19.503 W/PackageParsing( 1783): No actions in intent-filter at /data/app/vmdl2131445103.tmp/base.apk Binary XML file line #364
08-19 12:03:19.503 W/PackageParsing( 1783): No actions in intent-filter at /data/app/vmdl2131445103.tmp/base.apk Binary XML file line #369
08-19 12:03:19.503 W/PackageParsing( 1783): No actions in intent-filter at /data/app/vmdl2131445103.tmp/base.apk Binary XML file line #374
08-19 12:03:19.503 W/PackageParsing( 1783): No actions in intent-filter at /data/app/vmdl2131445103.tmp/base.apk Binary XML file line #380
08-19 12:03:19.503 W/PackageParsing( 1783): No actions in intent-filter at /data/app/vmdl2131445103.tmp/base.apk Binary XML file line #385
08-19 12:03:19.503 W/PackageParsing( 1783): No actions in intent-filter at /data/app/vmdl2131445103.tmp/base.apk Binary XML file line #390
08-19 12:03:19.503 W/PackageParsing( 1783): No actions in intent-filter at /data/app/vmdl2131445103.tmp/base.apk Binary XML file line #395
08-19 12:03:19.503 W/PackageParsing( 1783): No actions in intent-filter at /data/app/vmdl2131445103.tmp/base.apk Binary XML file line #400
08-19 12:03:19.503 W/PackageParsing( 1783): No actions in intent-filter at /data/app/vmdl2131445103.tmp/base.apk Binary XML file line #405
08-19 12:03:19.504 W/PackageParsing( 1783): No actions in intent-filter at /data/app/vmdl2131445103.tmp/base.apk Binary XML file line #410
08-19 12:03:19.504 W/PackageParsing( 1783): No actions in intent-filter at /data/app/vmdl2131445103.tmp/base.apk Binary XML file line #448
08-19 12:03:19.504 W/PackageParsing( 1783): No actions in intent-filter at /data/app/vmdl2131445103.tmp/base.apk Binary XML file line #461
08-19 12:03:19.504 W/PackageParsing( 1783): No actions in intent-filter at /data/app/vmdl2131445103.tmp/base.apk Binary XML file line #466
08-19 12:03:19.504 W/PackageParsing( 1783): No actions in intent-filter at /data/app/vmdl2131445103.tmp/base.apk Binary XML file line #471
08-19 12:03:19.504 W/PackageParsing( 1783): No actions in intent-filter at /data/app/vmdl2131445103.tmp/base.apk Binary XML file line #476
08-19 12:03:19.504 W/PackageParsing( 1783): No actions in intent-filter at /data/app/vmdl2131445103.tmp/base.apk Binary XML file line #481
08-19 12:03:19.504 W/PackageParsing( 1783): No actions in intent-filter at /data/app/vmdl2131445103.tmp/base.apk Binary XML file line #486
08-19 12:03:19.505 W/PackageParsing( 1783): No actions in intent-filter at /data/app/vmdl2131445103.tmp/base.apk Binary XML file line #553
08-19 12:03:19.505 W/PackageParsing( 1783): No actions in intent-filter at /data/app/vmdl2131445103.tmp/base.apk Binary XML file line #581
08-19 12:03:19.506 W/PackageParsing( 1783): No actions in intent-filter at /data/app/vmdl2131445103.tmp/base.apk Binary XML file line #727
08-19 12:03:19.506 W/PackageParsing( 1783): No actions in intent-filter at /data/app/vmdl2131445103.tmp/base.apk Binary XML file line #732
08-19 12:03:19.507 W/PackageParsing( 1783): No actions in intent-filter at /data/app/vmdl2131445103.tmp/base.apk Binary XML file line #825
08-19 12:03:19.513 W/RuleEvaluation( 1783): Integrity rule files are not available.
08-19 12:03:19.514 I/PackageManager( 1783): Integrity check passed for file:///data/app/vmdl2131445103.tmp
08-19 12:03:19.568 W/PackageParsing( 1783): Unknown element under <manifest>: supports-gl-texture at /data/app/vmdl2131445103.tmp/base.apk Binary XML file line #79
08-19 12:03:19.568 W/PackageParsing( 1783): Unknown element under <manifest>: supports-gl-texture at /data/app/vmdl2131445103.tmp/base.apk Binary XML file line #80
08-19 12:03:19.570 W/PackageParsing( 1783): No actions in intent-filter at /data/app/vmdl2131445103.tmp/base.apk Binary XML file line #271
08-19 12:03:19.570 W/PackageParsing( 1783): No actions in intent-filter at /data/app/vmdl2131445103.tmp/base.apk Binary XML file line #276
08-19 12:03:19.570 W/PackageParsing( 1783): No actions in intent-filter at /data/app/vmdl2131445103.tmp/base.apk Binary XML file line #281
08-19 12:03:19.570 W/PackageParsing( 1783): No actions in intent-filter at /data/app/vmdl2131445103.tmp/base.apk Binary XML file line #286
08-19 12:03:19.570 W/PackageParsing( 1783): No actions in intent-filter at /data/app/vmdl2131445103.tmp/base.apk Binary XML file line #291
08-19 12:03:19.570 W/PackageParsing( 1783): No actions in intent-filter at /data/app/vmdl2131445103.tmp/base.apk Binary XML file line #296
08-19 12:03:19.570 W/PackageParsing( 1783): No actions in intent-filter at /data/app/vmdl2131445103.tmp/base.apk Binary XML file line #301
08-19 12:03:19.570 W/PackageParsing( 1783): No actions in intent-filter at /data/app/vmdl2131445103.tmp/base.apk Binary XML file line #306
08-19 12:03:19.570 W/PackageParsing( 1783): No actions in intent-filter at /data/app/vmdl2131445103.tmp/base.apk Binary XML file line #311
08-19 12:03:19.570 W/PackageParsing( 1783): No actions in intent-filter at /data/app/vmdl2131445103.tmp/base.apk Binary XML file line #317
08-19 12:03:19.570 W/PackageParsing( 1783): No actions in intent-filter at /data/app/vmdl2131445103.tmp/base.apk Binary XML file line #323
08-19 12:03:19.570 W/PackageParsing( 1783): No actions in intent-filter at /data/app/vmdl2131445103.tmp/base.apk Binary XML file line #328
08-19 12:03:19.570 W/PackageParsing( 1783): No actions in intent-filter at /data/app/vmdl2131445103.tmp/base.apk Binary XML file line #334
08-19 12:03:19.571 W/PackageParsing( 1783): No actions in intent-filter at /data/app/vmdl2131445103.tmp/base.apk Binary XML file line #339
08-19 12:03:19.571 W/PackageParsing( 1783): No actions in intent-filter at /data/app/vmdl2131445103.tmp/base.apk Binary XML file line #344
08-19 12:03:19.571 W/PackageParsing( 1783): No actions in intent-filter at /data/app/vmdl2131445103.tmp/base.apk Binary XML file line #349
08-19 12:03:19.571 W/PackageParsing( 1783): No actions in intent-filter at /data/app/vmdl2131445103.tmp/base.apk Binary XML file line #354
08-19 12:03:19.571 W/PackageParsing( 1783): No actions in intent-filter at /data/app/vmdl2131445103.tmp/base.apk Binary XML file line #359
08-19 12:03:19.571 W/PackageParsing( 1783): No actions in intent-filter at /data/app/vmdl2131445103.tmp/base.apk Binary XML file line #364
08-19 12:03:19.571 W/PackageParsing( 1783): No actions in intent-filter at /data/app/vmdl2131445103.tmp/base.apk Binary XML file line #369
08-19 12:03:19.571 W/PackageParsing( 1783): No actions in intent-filter at /data/app/vmdl2131445103.tmp/base.apk Binary XML file line #374
08-19 12:03:19.571 W/PackageParsing( 1783): No actions in intent-filter at /data/app/vmdl2131445103.tmp/base.apk Binary XML file line #380
08-19 12:03:19.571 W/PackageParsing( 1783): No actions in intent-filter at /data/app/vmdl2131445103.tmp/base.apk Binary XML file line #385
08-19 12:03:19.571 W/PackageParsing( 1783): No actions in intent-filter at /data/app/vmdl2131445103.tmp/base.apk Binary XML file line #390
08-19 12:03:19.571 W/PackageParsing( 1783): No actions in intent-filter at /data/app/vmdl2131445103.tmp/base.apk Binary XML file line #395
08-19 12:03:19.571 W/PackageParsing( 1783): No actions in intent-filter at /data/app/vmdl2131445103.tmp/base.apk Binary XML file line #400
08-19 12:03:19.571 W/PackageParsing( 1783): No actions in intent-filter at /data/app/vmdl2131445103.tmp/base.apk Binary XML file line #405
08-19 12:03:19.571 W/PackageParsing( 1783): No actions in intent-filter at /data/app/vmdl2131445103.tmp/base.apk Binary XML file line #410
08-19 12:03:19.571 W/PackageParsing( 1783): No actions in intent-filter at /data/app/vmdl2131445103.tmp/base.apk Binary XML file line #448
08-19 12:03:19.572 W/PackageParsing( 1783): No actions in intent-filter at /data/app/vmdl2131445103.tmp/base.apk Binary XML file line #461
08-19 12:03:19.572 W/PackageParsing( 1783): No actions in intent-filter at /data/app/vmdl2131445103.tmp/base.apk Binary XML file line #466
08-19 12:03:19.572 W/PackageParsing( 1783): No actions in intent-filter at /data/app/vmdl2131445103.tmp/base.apk Binary XML file line #471
08-19 12:03:19.572 W/PackageParsing( 1783): No actions in intent-filter at /data/app/vmdl2131445103.tmp/base.apk Binary XML file line #476
08-19 12:03:19.572 W/PackageParsing( 1783): No actions in intent-filter at /data/app/vmdl2131445103.tmp/base.apk Binary XML file line #481
08-19 12:03:19.572 W/PackageParsing( 1783): No actions in intent-filter at /data/app/vmdl2131445103.tmp/base.apk Binary XML file line #486
08-19 12:03:19.572 W/PackageParsing( 1783): No actions in intent-filter at /data/app/vmdl2131445103.tmp/base.apk Binary XML file line #553
08-19 12:03:19.572 W/PackageParsing( 1783): No actions in intent-filter at /data/app/vmdl2131445103.tmp/base.apk Binary XML file line #581
08-19 12:03:19.573 W/PackageParsing( 1783): No actions in intent-filter at /data/app/vmdl2131445103.tmp/base.apk Binary XML file line #727
08-19 12:03:19.573 W/PackageParsing( 1783): No actions in intent-filter at /data/app/vmdl2131445103.tmp/base.apk Binary XML file line #732
08-19 12:03:19.575 W/PackageParsing( 1783): No actions in intent-filter at /data/app/vmdl2131445103.tmp/base.apk Binary XML file line #825
08-19 12:03:19.579 W/PackageManager( 1783): Package com.tencent.qqmusic attempting to redeclare system permission android.permission.BROADCAST_STICKY; ignoring new declaration
08-19 12:03:19.818 W/PackageManager( 1783): Skipping provider name com.tencent.qqmusic.ShareTaskProvider (in package com.tencent.qqmusic): name already used by com.tencent.qqmusic
08-19 12:03:19.822 I/PackageManager( 1783): Permission ownership changed. Updating all permissions.
08-19 12:03:19.975 W/Looper  ( 1783): Slow dispatch took 100ms android.fg h=android.os.Handler c=<recycled PooledLambda@376bac> m=0
08-19 12:03:20.168 W/WindowManager( 1783): removeWindowToken: Attempted to remove non-existing token: android.os.Binder@4c19139
08-19 12:03:20.719 I/Timeline(27137): Timeline: Activity_launch_request time:827599
08-19 12:03:20.728 I/ActivityTaskManager( 1783): START u0 {act=android.intent.action.VIEW dat=mimarket://browse?url=file://feedback.html?pageRef=installer-report&appVersionCode=2250&pName=com.tencent.qqmusic flg=0x10000000 cmp=com.xiaomi.market/.ui.JoinActivity} from uid 10074
08-19 12:03:20.755 I/ActivityManager( 1783): Start proc 27816:com.xiaomi.market/u0a124 for pre-top-activity {com.xiaomi.market/com.xiaomi.market.ui.JoinActivity} caller=com.miui.packageinstaller
08-19 12:03:20.772 I/Timeline( 1783): Timeline: App_transition_ready time:827652
08-19 12:03:20.925 I/Timeline(27816): Timeline: Activity_launch_request time:827805
08-19 12:03:20.932 I/ActivityTaskManager( 1783): START u0 {act=android.intent.action.VIEW dat=mimarket://browse?url=file://feedback.html?pageRef=installer-report&appVersionCode=2250&pName=com.tencent.qqmusic flg=0x12000000 pkg=com.xiaomi.market cmp=com.xiaomi.market/.ui.CommonWebActivity (has extras)} from uid 10124
08-19 12:03:20.947 W/ActivityTaskManager( 1783): Finishing task with all activities already finished
08-19 12:03:20.947 W/ActivityTaskManager( 1783): Duplicate finish request for r=ActivityRecord{e7337ba u0 com.xiaomi.market/.ui.JoinActivity t120 f}}
08-19 12:03:20.969 I/ActivityTaskManager( 1783): The Process com.xiaomi.market Already Exists in BG. So sending its PID: 27816
08-19 12:03:20.969 W/ActivityTaskManager( 1783): Tried to set launchTime (0) < mLastActivityLaunchTime (827648)
08-19 12:03:20.975 I/Timeline( 1783): Timeline: App_transition_ready time:827855
08-19 12:03:21.002 I/Timeline( 1783): Timeline: App_transition_ready time:827883
08-19 12:03:21.223 I/ActivityManager( 1783): Start proc 27948:com.google.android.webview:sandboxed_process0:org.chromium.content.app.SandboxedProcessService0:0/u0i2 for  {com.xiaomi.market/org.chromium.content.app.SandboxedProcessService0:0} caller=com.xiaomi.market
08-19 12:03:21.691 I/ActivityManager( 1783): Killing 13455:com.miui.cloudservice:synclog/u0a138 (adj 975): empty #25
08-19 12:03:21.797 I/Timeline( 1783): Timeline: Activity_windows_visible id: ActivityRecord{69a4793 u0 com.xiaomi.market/.ui.CommonWebActivity t121} time:828677
08-19 12:03:21.799 I/Timeline( 1783): Timeline: App_transition_stopped time:828679
08-19 12:03:23.443 I/Timeline(27816): Timeline: Activity_launch_request time:830323
08-19 12:03:23.453 I/ActivityTaskManager( 1783): START u0 {act=android.intent.action.VIEW dat=mimarket://home flg=0x10000000 pkg=com.xiaomi.market cmp=com.xiaomi.market/.ui.MarketTabActivity (has extras)} from uid 10124
08-19 12:03:23.471 I/ActivityTaskManager( 1783): The Process com.xiaomi.market Already Exists in BG. So sending its PID: 27816
08-19 12:03:23.471 W/ActivityTaskManager( 1783): Tried to set launchTime (0) < mLastActivityLaunchTime (827852)
08-19 12:03:23.475 I/Timeline( 1783): Timeline: App_transition_ready time:830355
08-19 12:03:23.569 I/Timeline( 1783): Timeline: App_transition_ready time:830450
08-19 12:03:23.572 I/Timeline( 1783): Timeline: App_transition_ready time:830453
08-19 12:03:23.587 I/Timeline( 1783): Timeline: App_transition_ready time:830467
08-19 12:03:23.609 I/Timeline( 1783): Timeline: App_transition_ready time:830489
08-19 12:03:24.109 I/Timeline( 1783): Timeline: Activity_windows_visible id: ActivityRecord{f4c8f9 u0 com.xiaomi.market/.ui.MarketTabActivity t121} time:830990
08-19 12:03:24.113 I/Timeline( 1783): Timeline: App_transition_stopped time:830993
08-19 12:03:26.328 W/MiuiPerfServiceClient( 4064): interceptAndQueuing:27816|com.xiaomi.market|332|90|unknown|null|com.xiaomi.market/com.xiaomi.market.ui.MarketTabActivity|831404896869|Slow issue draw commands|10
08-19 12:03:26.811 I/Timeline(27816): Timeline: Activity_launch_request time:833691
08-19 12:03:26.820 I/ActivityTaskManager( 1783): START u0 {dat=mimarket://downloads/1629345806810 pkg=com.xiaomi.market cmp=com.xiaomi.market/.ui.DownloadListActivity (has extras)} from uid 10124
08-19 12:03:26.841 I/ActivityTaskManager( 1783): The Process com.xiaomi.market Already Exists in BG. So sending its PID: 27816
08-19 12:03:26.842 W/ActivityTaskManager( 1783): Tried to set launchTime (0) < mLastActivityLaunchTime (830353)
08-19 12:03:26.848 I/Timeline( 1783): Timeline: App_transition_ready time:833729
08-19 12:03:26.903 I/Timeline( 1783): Timeline: App_transition_ready time:833783
08-19 12:03:26.904 I/Timeline( 1783): Timeline: App_transition_ready time:833784
08-19 12:03:26.907 I/Timeline( 1783): Timeline: App_transition_ready time:833787
08-19 12:03:26.909 I/Timeline( 1783): Timeline: App_transition_ready time:833789
08-19 12:03:26.933 I/Timeline( 1783): Timeline: App_transition_ready time:833813
08-19 12:03:27.446 I/Timeline( 1783): Timeline: Activity_windows_visible id: ActivityRecord{1fd1c9d u0 com.xiaomi.market/.ui.DownloadListActivity t121} time:834327
08-19 12:03:27.448 I/Timeline( 1783): Timeline: App_transition_stopped time:834329
08-19 12:03:27.452 I/ActivityManager( 1783): Killing 16915:com.miui.securitycore/1000 (adj 985): empty #25
08-19 12:03:27.515 W/ActivityManager( 1783): setHasOverlayUi called on unknown pid: 16915
08-19 12:03:28.033 W/BaseMiuiPhoneWindowManager( 1783): keyCode:4 down:true eventTime:834913 downTime:834913 policyFlags:2b000000 flags:8 deviceId:-1 isScreenOn:true keyguardActive:false repeatCount:0
08-19 12:03:28.036 W/BaseMiuiPhoneWindowManager( 1783): keyCode:4 down:false eventTime:834913 downTime:834913 policyFlags:2b000000 flags:8 deviceId:-1 isScreenOn:true keyguardActive:false repeatCount:0
08-19 12:03:28.062 I/Timeline( 1783): Timeline: App_transition_ready time:834942
08-19 12:03:28.078 I/Timeline( 1783): Timeline: App_transition_ready time:834958
08-19 12:03:28.085 I/Timeline( 1783): Timeline: App_transition_ready time:834965
08-19 12:03:28.120 I/Timeline( 1783): Timeline: App_transition_ready time:835000
08-19 12:03:28.619 I/Timeline( 1783): Timeline: Activity_windows_visible id: ActivityRecord{f4c8f9 u0 com.xiaomi.market/.ui.MarketTabActivity t121} time:835499
08-19 12:03:28.621 I/Timeline( 1783): Timeline: App_transition_stopped time:835502
08-19 12:03:29.583 W/BpBinder( 1783): PerfMonitor binderTransact :  time=9591ms interface=android.os.IInstalld code=18
08-19 12:03:29.584 W/Looper  ( 1783): PerfMonitor longMsg : seq=80 plan=12:03:19.514 late=0ms wall=10070ms running=424ms runnable=6ms io=37ms binder=9604ms h=com.android.server.pm.PackageManagerService$PackageHandler c=com.android.server.pm.-$$Lambda$PackageManagerService$9znobjOH7ab0F1jsW2oFdNipS-8 procState=0
08-19 12:03:29.584 I/InstallationStatistic( 1783): com.tencent.qqmusic|com.miui.packageinstaller|11521|377|207|95|0|9597
08-19 12:03:29.607 I/RoleManagerService( 1783): Granting default roles...
08-19 12:03:29.608 I/MiuiCompatModePackages( 1783): package com.tencent.qqmusic updated, removing config
08-19 12:03:29.618 I/WakePathChecker( 1783): updateLauncherPackageNames =com.miui.home
08-19 12:03:29.618 I/WakePathChecker( 1783): updateLauncherPackageNames =com.android.settings
08-19 12:03:29.665 E/com.android.server.pm.PackageManagerServiceInjector( 1783): MIUILOG- Permission Denied getInstalledPackages. pkg : com.tencent.android.qqdownloader uid : 10275
08-19 12:03:29.691 W/BroadcastQueue( 1783): Background execution not allowed: receiving Intent { act=android.intent.action.PACKAGE_ADDED dat=package:com.tencent.qqmusic flg=0x4000010 (has extras) } to com.lbe.security.miui/com.lbe.security.service.BootReceiver
08-19 12:03:29.692 W/BroadcastQueue( 1783): Background execution not allowed: receiving Intent { act=android.intent.action.PACKAGE_ADDED dat=package:com.tencent.qqmusic flg=0x4000010 (has extras) } to com.tencent.android.qqdownloader/com.tencent.assistant.localres.localapk.PackageChangedReceiver
08-19 12:03:29.722 W/BroadcastQueue( 1783): Background execution not allowed: receiving Intent { act=android.intent.action.PACKAGE_ADDED dat=package:com.tencent.qqmusic flg=0x4000010 (has extras) } to com.android.providers.downloads/.receiver.ApplicationInstallReceiver
08-19 12:03:29.722 W/BroadcastQueue( 1783): Background execution not allowed: receiving Intent { act=android.intent.action.PACKAGE_ADDED dat=package:com.tencent.qqmusic flg=0x4000010 (has extras) } to com.android.settings/.search.provider.UpdateReceiver
08-19 12:03:29.722 W/BroadcastQueue( 1783): Background execution not allowed: receiving Intent { act=android.intent.action.PACKAGE_ADDED dat=package:com.tencent.qqmusic flg=0x4000010 (has extras) } to com.android.vending/com.google.android.finsky.packagemanager.impl.PackageMonitorReceiverImpl$RegisteredReceiver
08-19 12:03:29.731 W/BroadcastQueue( 1783): Background execution not allowed: receiving Intent { act=android.intent.action.PACKAGE_ADDED dat=package:com.tencent.qqmusic flg=0x4000010 (has extras) } to com.google.android.gms/.games.chimera.GamesSystemBroadcastReceiverProxy
08-19 12:03:29.731 W/BroadcastQueue( 1783): Background execution not allowed: receiving Intent { act=android.intent.action.PACKAGE_ADDED dat=package:com.tencent.qqmusic flg=0x4000010 (has extras) } to com.google.android.gms/.gass.chimera.PackageChangeBroadcastReceiver
08-19 12:03:29.746 W/BroadcastQueue( 1783): Background execution not allowed: receiving Intent { act=android.intent.action.PACKAGE_ADDED dat=package:com.tencent.qqmusic flg=0x4000010 (has extras) } to com.google.android.gms/.chimera.GmsIntentOperationService$PersistentTrustedReceiver
08-19 12:03:29.782 W/BroadcastQueue( 1783): Background execution not allowed: receiving Intent { act=android.intent.action.PACKAGE_ADDED dat=package:com.tencent.qqmusic flg=0x4000010 (has extras) } to com.sohu.inputmethod.sogou.xiaomi/com.sohu.inputmethod.flx.dynamic.tools.download.InstallFinishReceiver
08-19 12:03:29.782 W/BroadcastQueue( 1783): Background execution not allowed: receiving Intent { act=android.intent.action.PACKAGE_ADDED dat=package:com.tencent.qqmusic flg=0x4000010 (has extras) } to com.xiaomi.market/.data.MyPackageMonitor
08-19 12:03:29.782 W/BroadcastQueue( 1783): Background execution not allowed: receiving Intent { act=android.intent.action.PACKAGE_ADDED dat=package:com.tencent.qqmusic flg=0x4000010 (has extras) } to com.xiaomi.misettings/.usagestats.AppTimerReceiver
08-19 12:03:29.782 W/BroadcastQueue( 1783): Background execution not allowed: receiving Intent { act=android.intent.action.PACKAGE_ADDED dat=package:com.tencent.qqmusic flg=0x4000010 (has extras) } to com.autonavi.minimap/com.amap.bundle.appupgrade.InstallListener
08-19 12:03:29.782 W/BroadcastQueue( 1783): Background execution not allowed: receiving Intent { act=android.intent.action.PACKAGE_ADDED dat=package:com.tencent.qqmusic flg=0x4000010 (has extras) } to com.tencent.android.qqdownloader/com.qq.AppService.APKReceiver
08-19 12:03:29.886 W/Looper  ( 1783): Slow dispatch took 280ms main h=android.app.ActivityThread$H c=android.app.-$$Lambda$LoadedApk$ReceiverDispatcher$Args$_BumDX2UKsnxLVrE6UJsJZkotuA@61649a4 m=0
08-19 12:03:29.886 W/Looper  ( 1783): Slow delivery took 281ms main h=android.app.ActivityThread$H c=android.app.-$$Lambda$LoadedApk$ReceiverDispatcher$Args$_BumDX2UKsnxLVrE6UJsJZkotuA@ac5830d m=0
08-19 12:03:30.007 E/com.android.server.pm.PackageManagerServiceInjector( 1783): MIUILOG- Permission Denied getInstalledPackages. pkg : com.tencent.android.qqdownloader uid : 10275
08-19 12:03:30.089 W/Looper  ( 1783): Slow dispatch took 203ms main h=android.app.ActivityThread$H c=android.app.-$$Lambda$LoadedApk$ReceiverDispatcher$Args$_BumDX2UKsnxLVrE6UJsJZkotuA@551c508 m=0
08-19 12:03:30.091 E/com.android.server.pm.PackageManagerServiceInjector( 1783): MIUILOG- Permission Denied getInstalledPackages. pkg : com.tencent.android.qqdownloader uid : 10275
08-19 12:03:30.146 W/Looper  ( 1783): Slow dispatch took 399ms android.fg h=android.os.Handler c=<recycled PooledLambda@ca6d5ac> m=0
08-19 12:03:30.148 W/TextServicesManagerService( 1783): no available spell checker services found
08-19 12:03:30.166 W/Looper  ( 1783): Slow delivery took 399ms android.fg h=android.os.Handler c=<recycled PooledLambda@50f151a> m=0
08-19 12:03:30.256 W/Looper  ( 1783): Slow dispatch took 107ms main h=android.app.ActivityThread$H c=android.app.-$$Lambda$LoadedApk$ReceiverDispatcher$Args$_BumDX2UKsnxLVrE6UJsJZkotuA@fe05730 m=0
08-19 12:03:30.263 I/Telecom ( 1783): DefaultDialerCache: Refreshing default dialer for user 0: now com.android.contacts: DDC.oR@AMk
08-19 12:03:30.313 W/Looper  ( 1783): Drained
08-19 12:03:30.394 W/BpBinder(10865): PerfMonitor binderTransact :  time=499ms interface=com.tencent.assistant.updateservice.IAppUpdateServiceCallback code=1
08-19 12:03:30.475 W/Looper  ( 1783): Slow dispatch took 113ms android.fg h=android.os.Handler c=<recycled PooledLambda@9220560> m=0
08-19 12:03:30.507 I/Telecom ( 1783): DefaultDialerCache: Refreshing default dialer for user 0: now com.android.contacts: DDC.oR@AMo
08-19 12:03:30.520 W/NotificationHistory( 1783): Attempted to add notif for locked/gone/disabled user 0
08-19 12:03:30.523 W/NotificationHistory( 1783): Attempted to add notif for locked/gone/disabled user 0
08-19 12:03:30.525 E/ActivityThread(11297): Failed to find provider info for null
08-19 12:03:30.527 I/NotificationService( 1783): notification blocked by assistant request
08-19 12:03:30.531 W/NotificationHistory( 1783): Attempted to add notif for locked/gone/disabled user 0
08-19 12:03:30.613 W/BroadcastQueue( 1783): Background execution not allowed: receiving Intent { act=android.search.action.SEARCHABLES_CHANGED flg=0x24000010 } to com.android.quicksearchbox/.CorporaUpdateReceiver
08-19 12:03:30.621 W/XSpaceManagerService( 1783): update XSpace App: packageName:com.tencent.qqmusic, user:UserHandle{0}, action:android.intent.action.PACKAGE_ADDED
08-19 12:03:30.687 W/TextServicesManagerService( 1783): no available spell checker services found
08-19 12:03:30.707 I/NotificationService( 1783): notification blocked by assistant request
08-19 12:03:30.761 W/BroadcastQueue( 1783): Background execution not allowed: receiving Intent { act=android.search.action.SEARCHABLES_CHANGED flg=0x24000010 } to com.android.quicksearchbox/.CorporaUpdateReceiver
08-19 12:03:30.780 W/BroadcastQueue( 1783): Background execution not allowed: receiving Intent { act=android.search.action.SEARCHABLES_CHANGED flg=0x24000010 } to com.android.quicksearchbox/.CorporaUpdateReceiver
08-19 12:03:30.906 W/BaseMiuiPhoneWindowManager( 1783): keyCode:4 down:true eventTime:837785 downTime:837785 policyFlags:2b000000 flags:8 deviceId:-1 isScreenOn:true keyguardActive:false repeatCount:0
08-19 12:03:30.907 W/BaseMiuiPhoneWindowManager( 1783): keyCode:4 down:false eventTime:837785 downTime:837785 policyFlags:2b000000 flags:8 deviceId:-1 isScreenOn:true keyguardActive:false repeatCount:0
08-19 12:03:30.923 W/Looper  ( 1783): Drained
08-19 12:03:31.007 I/WakePathChecker( 1783): MIUILOG-WAKEPATH pushWakePathWhiteList: userId=0 size=4
08-19 12:03:31.010 I/WakePathChecker( 1783): MIUILOG-WAKEPATH pushWakePathRuleInfos: wakeType=1 userId=0 size=4
