08-19 11:56:42.925 E/clipboard( 1783): 	at android.os.Binder.execTransact(Binder.java:1126)
08-19 11:56:43.210 E/clipboard( 1783): Exception: 
08-19 11:56:43.210 E/clipboard( 1783): java.lang.NullPointerException
08-19 11:56:43.210 E/clipboard( 1783): 	at java.util.Objects.requireNonNull(Objects.java:220)
08-19 11:56:43.210 E/clipboard( 1783): 	at com.android.server.appop.AppOpsService.checkPackage(AppOpsService.java:2988)
08-19 11:56:43.210 E/clipboard( 1783): 	at android.app.AppOpsManager.checkPackage(AppOpsManager.java:7793)
08-19 11:56:43.210 E/clipboard( 1783): 	at com.android.server.clipboard.ClipboardService.clipboardAccessCommonCheck(ClipboardService.java:838)
08-19 11:56:43.210 E/clipboard( 1783): 	at com.android.server.clipboard.ClipboardService.clipboardCheckAllowed(ClipboardService.java:903)
08-19 11:56:43.210 E/clipboard( 1783): 	at com.android.server.clipboard.ClipboardService.access$600(ClipboardService.java:160)
08-19 11:56:43.210 E/clipboard( 1783): 	at com.android.server.clipboard.ClipboardService$ClipboardImpl.hasPrimaryClip(ClipboardService.java:437)
08-19 11:56:43.210 E/clipboard( 1783): 	at android.content.IClipboard$Stub.onTransact(IClipboard.java:242)
08-19 11:56:43.210 E/clipboard( 1783): 	at com.android.server.clipboard.ClipboardService$ClipboardImpl.onTransact(ClipboardService.java:344)
08-19 11:56:43.210 E/clipboard( 1783): 	at android.os.Binder.execTransactInternal(Binder.java:1157)
08-19 11:56:43.210 E/clipboard( 1783): 	at android.os.Binder.execTransact(Binder.java:1126)
08-19 11:56:43.726 I/BackLightController( 1783):  grayScale = 0.6 factor = 1.0 inBrightness = 0.20249145 outBrightness = 0.20249145
08-19 11:56:44.575 E/PackageParserInjector( 1783): dump dex file error ,file message: base.odex: 21Kb 
08-19 11:56:44.575 E/PackageParserInjector( 1783): dump dex file error ,file message: base.odex: 21Kb base.vdex: 56Kb 
08-19 11:56:45.060 E/clipboard( 1783): Exception: 
08-19 11:56:45.060 E/clipboard( 1783): java.lang.NullPointerException
08-19 11:56:45.060 E/clipboard( 1783): 	at java.util.Objects.requireNonNull(Objects.java:220)
08-19 11:56:45.060 E/clipboard( 1783): 	at com.android.server.appop.AppOpsService.checkPackage(AppOpsService.java:2988)
08-19 11:56:45.060 E/clipboard( 1783): 	at android.app.AppOpsManager.checkPackage(AppOpsManager.java:7793)
08-19 11:56:45.060 E/clipboard( 1783): 	at com.android.server.clipboard.ClipboardService.clipboardAccessCommonCheck(ClipboardService.java:838)
08-19 11:56:45.060 E/clipboard( 1783): 	at com.android.server.clipboard.ClipboardService.clipboardCheckAllowed(ClipboardService.java:903)
08-19 11:56:45.060 E/clipboard( 1783): 	at com.android.server.clipboard.ClipboardService.access$600(ClipboardService.java:160)
08-19 11:56:45.060 E/clipboard( 1783): 	at com.android.server.clipboard.ClipboardService$ClipboardImpl.hasPrimaryClip(ClipboardService.java:437)
08-19 11:56:45.060 E/clipboard( 1783): 	at android.content.IClipboard$Stub.onTransact(IClipboard.java:242)
08-19 11:56:45.060 E/clipboard( 1783): 	at com.android.server.clipboard.ClipboardService$ClipboardImpl.onTransact(ClipboardService.java:344)
08-19 11:56:45.060 E/clipboard( 1783): 	at android.os.Binder.execTransactInternal(Binder.java:1157)
08-19 11:56:45.060 E/clipboard( 1783): 	at android.os.Binder.execTransact(Binder.java:1126)
08-19 11:56:45.061 I/DropBoxManagerService( 1783): add tag=system_server_wtf isTagEnabled=true flags=0x2
08-19 11:56:45.358 E/clipboard( 1783): Exception: 
08-19 11:56:45.358 E/clipboard( 1783): java.lang.NullPointerException
08-19 11:56:45.358 E/clipboard( 1783): 	at java.util.Objects.requireNonNull(Objects.java:220)
08-19 11:56:45.358 E/clipboard( 1783): 	at com.android.server.appop.AppOpsService.checkPackage(AppOpsService.java:2988)
08-19 11:56:45.358 E/clipboard( 1783): 	at android.app.AppOpsManager.checkPackage(AppOpsManager.java:7793)
08-19 11:56:45.358 E/clipboard( 1783): 	at com.android.server.clipboard.ClipboardService.clipboardAccessCommonCheck(ClipboardService.java:838)
08-19 11:56:45.358 E/clipboard( 1783): 	at com.android.server.clipboard.ClipboardService.clipboardCheckAllowed(ClipboardService.java:903)
08-19 11:56:45.358 E/clipboard( 1783): 	at com.android.server.clipboard.ClipboardService.access$600(ClipboardService.java:160)
08-19 11:56:45.358 E/clipboard( 1783): 	at com.android.server.clipboard.ClipboardService$ClipboardImpl.hasPrimaryClip(ClipboardService.java:437)
08-19 11:56:45.358 E/clipboard( 1783): 	at android.content.IClipboard$Stub.onTransact(IClipboard.java:242)
08-19 11:56:45.358 E/clipboard( 1783): 	at com.android.server.clipboard.ClipboardService$ClipboardImpl.onTransact(ClipboardService.java:344)
08-19 11:56:45.358 E/clipboard( 1783): 	at android.os.Binder.execTransactInternal(Binder.java:1157)
08-19 11:56:45.358 E/clipboard( 1783): 	at android.os.Binder.execTransact(Binder.java:1126)
08-19 11:56:45.360 I/DropBoxManagerService( 1783): add tag=system_server_wtf isTagEnabled=true flags=0x2
08-19 11:56:46.676 E/PackageParserInjector( 1783): dump dex file error ,file message: base.odex: 21Kb 
08-19 11:56:46.676 E/PackageParserInjector( 1783): dump dex file error ,file message: base.odex: 21Kb base.vdex: 56Kb 
08-19 11:56:47.067 W/BroadcastQueue( 1783): Background execution not allowed: receiving Intent { act=android.intent.action.DROPBOX_ENTRY_ADDED flg=0x10 (has extras) } to com.google.android.gms/.stats.service.DropBoxEntryAddedReceiver
08-19 11:56:47.067 W/BroadcastQueue( 1783): Background execution not allowed: receiving Intent { act=android.intent.action.DROPBOX_ENTRY_ADDED flg=0x10 (has extras) } to com.google.android.gms/.chimera.GmsIntentOperationService$PersistentTrustedReceiver
08-19 11:56:47.195 E/clipboard( 1783): Exception: 
08-19 11:56:47.195 E/clipboard( 1783): java.lang.NullPointerException
08-19 11:56:47.195 E/clipboard( 1783): 	at java.util.Objects.requireNonNull(Objects.java:220)
08-19 11:56:47.195 E/clipboard( 1783): 	at com.android.server.appop.AppOpsService.checkPackage(AppOpsService.java:2988)
08-19 11:56:47.195 E/clipboard( 1783): 	at android.app.AppOpsManager.checkPackage(AppOpsManager.java:7793)
08-19 11:56:47.195 E/clipboard( 1783): 	at com.android.server.clipboard.ClipboardService.clipboardAccessCommonCheck(ClipboardService.java:838)
08-19 11:56:47.195 E/clipboard( 1783): 	at com.android.server.clipboard.ClipboardService.clipboardCheckAllowed(ClipboardService.java:903)
08-19 11:56:47.195 E/clipboard( 1783): 	at com.android.server.clipboard.ClipboardService.access$600(ClipboardService.java:160)
08-19 11:56:47.195 E/clipboard( 1783): 	at com.android.server.clipboard.ClipboardService$ClipboardImpl.hasPrimaryClip(ClipboardService.java:437)
08-19 11:56:47.195 E/clipboard( 1783): 	at android.content.IClipboard$Stub.onTransact(IClipboard.java:242)
08-19 11:56:47.195 E/clipboard( 1783): 	at com.android.server.clipboard.ClipboardService$ClipboardImpl.onTransact(ClipboardService.java:344)
08-19 11:56:47.195 E/clipboard( 1783): 	at android.os.Binder.execTransactInternal(Binder.java:1157)
08-19 11:56:47.195 E/clipboard( 1783): 	at android.os.Binder.execTransact(Binder.java:1126)
08-19 11:56:47.196 I/DropBoxManagerService( 1783): add tag=system_server_wtf isTagEnabled=true flags=0x2
08-19 11:56:47.483 E/clipboard( 1783): Exception: 
08-19 11:56:47.483 E/clipboard( 1783): java.lang.NullPointerException
08-19 11:56:47.483 E/clipboard( 1783): 	at java.util.Objects.requireNonNull(Objects.java:220)
08-19 11:56:47.483 E/clipboard( 1783): 	at com.android.server.appop.AppOpsService.checkPackage(AppOpsService.java:2988)
08-19 11:56:47.483 E/clipboard( 1783): 	at android.app.AppOpsManager.checkPackage(AppOpsManager.java:7793)
08-19 11:56:47.483 E/clipboard( 1783): 	at com.android.server.clipboard.ClipboardService.clipboardAccessCommonCheck(ClipboardService.java:838)
08-19 11:56:47.483 E/clipboard( 1783): 	at com.android.server.clipboard.ClipboardService.clipboardCheckAllowed(ClipboardService.java:903)
08-19 11:56:47.483 E/clipboard( 1783): 	at com.android.server.clipboard.ClipboardService.access$600(ClipboardService.java:160)
08-19 11:56:47.483 E/clipboard( 1783): 	at com.android.server.clipboard.ClipboardService$ClipboardImpl.hasPrimaryClip(ClipboardService.java:437)
08-19 11:56:47.483 E/clipboard( 1783): 	at android.content.IClipboard$Stub.onTransact(IClipboard.java:242)
08-19 11:56:47.483 E/clipboard( 1783): 	at com.android.server.clipboard.ClipboardService$ClipboardImpl.onTransact(ClipboardService.java:344)
08-19 11:56:47.483 E/clipboard( 1783): 	at android.os.Binder.execTransactInternal(Binder.java:1157)
08-19 11:56:47.483 E/clipboard( 1783): 	at android.os.Binder.execTransact(Binder.java:1126)
08-19 11:56:47.483 I/DropBoxManagerService( 1783): add tag=system_server_wtf isTagEnabled=true flags=0x2
08-19 11:56:48.373 I/ActivityManager( 1783): Killing 13047:com.android.externalstorage/u0a95 (adj 985): empty #25
08-19 11:56:49.017 E/PackageParserInjector( 1783): dump dex file error ,file message: base.odex: 21Kb 
08-19 11:56:49.017 E/PackageParserInjector( 1783): dump dex file error ,file message: base.odex: 21Kb base.vdex: 56Kb 
08-19 11:56:49.126 W/ActivityManager( 1783): Background start not allowed: service Intent { cmp=com.tencent.android.qqdownloader/com.tencent.pangu.download.DownloadingService (has extras) } to com.tencent.android.qqdownloader/com.tencent.pangu.download.DownloadingService from pid=10926 uid=10275 pkg=com.tencent.android.qqdownloader startFg?=false
08-19 11:56:49.132 W/ActivityManager( 1783): Background start not allowed: service Intent { cmp=com.tencent.android.qqdownloader/com.tencent.pangu.download.DownloadingService (has extras) } to com.tencent.android.qqdownloader/com.tencent.pangu.download.DownloadingService from pid=10926 uid=10275 pkg=com.tencent.android.qqdownloader startFg?=false
08-19 11:56:49.200 W/BroadcastQueue( 1783): Background execution not allowed: receiving Intent { act=android.intent.action.DROPBOX_ENTRY_ADDED flg=0x10 (has extras) } to com.google.android.gms/.stats.service.DropBoxEntryAddedReceiver
08-19 11:56:49.200 W/BroadcastQueue( 1783): Background execution not allowed: receiving Intent { act=android.intent.action.DROPBOX_ENTRY_ADDED flg=0x10 (has extras) } to com.google.android.gms/.chimera.GmsIntentOperationService$PersistentTrustedReceiver
08-19 11:56:49.244 W/PackageParsing(10865): Unknown element under <manifest>: module at /storage/emulated/0/Android/data/com.tencent.android.qqdownloader/files/tassistant/apk/com.tencent.wework_17371.apk Binary XML file line #5
08-19 11:56:49.245 W/PackageParsing(10865): Ignoring duplicate uses-permissions/uses-permissions-sdk-m: android.permission.INTERNET in package: com.tencent.wework at: Binary XML file line #43
08-19 11:56:49.245 W/PackageParsing(10865): Ignoring duplicate uses-permissions/uses-permissions-sdk-m: android.permission.ACCESS_WIFI_STATE in package: com.tencent.wework at: Binary XML file line #44
08-19 11:56:49.245 W/PackageParsing(10865): Ignoring duplicate uses-permissions/uses-permissions-sdk-m: android.permission.ACCESS_NETWORK_STATE in package: com.tencent.wework at: Binary XML file line #45
08-19 11:56:49.245 W/PackageParsing(10865): Ignoring duplicate uses-permissions/uses-permissions-sdk-m: android.permission.WAKE_LOCK in package: com.tencent.wework at: Binary XML file line #46
08-19 11:56:49.245 W/PackageParsing(10865): Ignoring duplicate uses-permissions/uses-permissions-sdk-m: android.permission.VIBRATE in package: com.tencent.wework at: Binary XML file line #48
08-19 11:56:49.245 W/PackageParsing(10865): Ignoring duplicate uses-permissions/uses-permissions-sdk-m: android.permission.RECEIVE_BOOT_COMPLETED in package: com.tencent.wework at: Binary XML file line #50
08-19 11:56:49.245 W/PackageParsing(10865): Ignoring duplicate uses-permissions/uses-permissions-sdk-m: android.permission.WRITE_EXTERNAL_STORAGE in package: com.tencent.wework at: Binary XML file line #51
08-19 11:56:49.245 W/PackageParsing(10865): Ignoring duplicate uses-permissions/uses-permissions-sdk-m: android.permission.BROADCAST_STICKY in package: com.tencent.wework at: Binary XML file line #52
08-19 11:56:49.245 W/PackageParsing(10865): Ignoring duplicate uses-permissions/uses-permissions-sdk-m: android.permission.BLUETOOTH in package: com.tencent.wework at: Binary XML file line #53
08-19 11:56:49.246 W/PackageParsing(10865): Unknown element under <manifest>: meta-data at /storage/emulated/0/Android/data/com.tencent.android.qqdownloader/files/tassistant/apk/com.tencent.wework_17371.apk Binary XML file line #89
08-19 11:56:49.338 W/PackageParsing(11129): Unknown element under <manifest>: module at /storage/emulated/0/Android/data/com.tencent.android.qqdownloader/files/tassistant/apk/com.tencent.wework_17371.apk Binary XML file line #5
08-19 11:56:49.339 W/PackageParsing(11129): Ignoring duplicate uses-permissions/uses-permissions-sdk-m: android.permission.INTERNET in package: com.tencent.wework at: Binary XML file line #43
08-19 11:56:49.339 W/PackageParsing(11129): Ignoring duplicate uses-permissions/uses-permissions-sdk-m: android.permission.ACCESS_WIFI_STATE in package: com.tencent.wework at: Binary XML file line #44
08-19 11:56:49.339 W/PackageParsing(11129): Ignoring duplicate uses-permissions/uses-permissions-sdk-m: android.permission.ACCESS_NETWORK_STATE in package: com.tencent.wework at: Binary XML file line #45
08-19 11:56:49.339 W/PackageParsing(11129): Ignoring duplicate uses-permissions/uses-permissions-sdk-m: android.permission.WAKE_LOCK in package: com.tencent.wework at: Binary XML file line #46
08-19 11:56:49.339 W/PackageParsing(11129): Ignoring duplicate uses-permissions/uses-permissions-sdk-m: android.permission.VIBRATE in package: com.tencent.wework at: Binary XML file line #48
08-19 11:56:49.339 W/PackageParsing(11129): Ignoring duplicate uses-permissions/uses-permissions-sdk-m: android.permission.RECEIVE_BOOT_COMPLETED in package: com.tencent.wework at: Binary XML file line #50
08-19 11:56:49.339 W/PackageParsing(11129): Ignoring duplicate uses-permissions/uses-permissions-sdk-m: android.permission.WRITE_EXTERNAL_STORAGE in package: com.tencent.wework at: Binary XML file line #51
08-19 11:56:49.339 W/PackageParsing(11129): Ignoring duplicate uses-permissions/uses-permissions-sdk-m: android.permission.BROADCAST_STICKY in package: com.tencent.wework at: Binary XML file line #52
08-19 11:56:49.339 W/PackageParsing(11129): Ignoring duplicate uses-permissions/uses-permissions-sdk-m: android.permission.BLUETOOTH in package: com.tencent.wework at: Binary XML file line #53
08-19 11:56:49.340 W/PackageParsing(11129): Unknown element under <manifest>: meta-data at /storage/emulated/0/Android/data/com.tencent.android.qqdownloader/files/tassistant/apk/com.tencent.wework_17371.apk Binary XML file line #89
08-19 11:56:49.378 W/PackageParsing(10865): Unknown element under <manifest>: module at /storage/emulated/0/Android/data/com.tencent.android.qqdownloader/files/tassistant/apk/com.tencent.wework_17371.apk Binary XML file line #5
08-19 11:56:49.379 W/PackageParsing(10865): Ignoring duplicate uses-permissions/uses-permissions-sdk-m: android.permission.INTERNET in package: com.tencent.wework at: Binary XML file line #43
08-19 11:56:49.379 W/PackageParsing(10865): Ignoring duplicate uses-permissions/uses-permissions-sdk-m: android.permission.ACCESS_WIFI_STATE in package: com.tencent.wework at: Binary XML file line #44
08-19 11:56:49.379 W/PackageParsing(10865): Ignoring duplicate uses-permissions/uses-permissions-sdk-m: android.permission.ACCESS_NETWORK_STATE in package: com.tencent.wework at: Binary XML file line #45
08-19 11:56:49.379 W/PackageParsing(10865): Ignoring duplicate uses-permissions/uses-permissions-sdk-m: android.permission.WAKE_LOCK in package: com.tencent.wework at: Binary XML file line #46
08-19 11:56:49.379 W/PackageParsing(10865): Ignoring duplicate uses-permissions/uses-permissions-sdk-m: android.permission.VIBRATE in package: com.tencent.wework at: Binary XML file line #48
08-19 11:56:49.379 W/PackageParsing(10865): Ignoring duplicate uses-permissions/uses-permissions-sdk-m: android.permission.RECEIVE_BOOT_COMPLETED in package: com.tencent.wework at: Binary XML file line #50
08-19 11:56:49.379 W/PackageParsing(10865): Ignoring duplicate uses-permissions/uses-permissions-sdk-m: android.permission.WRITE_EXTERNAL_STORAGE in package: com.tencent.wework at: Binary XML file line #51
08-19 11:56:49.379 W/PackageParsing(10865): Ignoring duplicate uses-permissions/uses-permissions-sdk-m: android.permission.BROADCAST_STICKY in package: com.tencent.wework at: Binary XML file line #52
08-19 11:56:49.379 W/PackageParsing(10865): Ignoring duplicate uses-permissions/uses-permissions-sdk-m: android.permission.BLUETOOTH in package: com.tencent.wework at: Binary XML file line #53
08-19 11:56:49.379 W/PackageParsing(10865): Unknown element under <manifest>: meta-data at /storage/emulated/0/Android/data/com.tencent.android.qqdownloader/files/tassistant/apk/com.tencent.wework_17371.apk Binary XML file line #89
08-19 11:56:49.423 W/PackageParsing(11129): Unknown element under <manifest>: module at /storage/emulated/0/Android/data/com.tencent.android.qqdownloader/files/tassistant/apk/com.tencent.wework_17371.apk Binary XML file line #5
08-19 11:56:49.424 W/PackageParsing(11129): Ignoring duplicate uses-permissions/uses-permissions-sdk-m: android.permission.INTERNET in package: com.tencent.wework at: Binary XML file line #43
08-19 11:56:49.424 W/PackageParsing(11129): Ignoring duplicate uses-permissions/uses-permissions-sdk-m: android.permission.ACCESS_WIFI_STATE in package: com.tencent.wework at: Binary XML file line #44
08-19 11:56:49.424 W/PackageParsing(11129): Ignoring duplicate uses-permissions/uses-permissions-sdk-m: android.permission.ACCESS_NETWORK_STATE in package: com.tencent.wework at: Binary XML file line #45
08-19 11:56:49.424 W/PackageParsing(11129): Ignoring duplicate uses-permissions/uses-permissions-sdk-m: android.permission.WAKE_LOCK in package: com.tencent.wework at: Binary XML file line #46
08-19 11:56:49.424 W/PackageParsing(11129): Ignoring duplicate uses-permissions/uses-permissions-sdk-m: android.permission.VIBRATE in package: com.tencent.wework at: Binary XML file line #48
08-19 11:56:49.424 W/PackageParsing(11129): Ignoring duplicate uses-permissions/uses-permissions-sdk-m: android.permission.RECEIVE_BOOT_COMPLETED in package: com.tencent.wework at: Binary XML file line #50
08-19 11:56:49.424 W/PackageParsing(11129): Ignoring duplicate uses-permissions/uses-permissions-sdk-m: android.permission.WRITE_EXTERNAL_STORAGE in package: com.tencent.wework at: Binary XML file line #51
08-19 11:56:49.424 W/PackageParsing(11129): Ignoring duplicate uses-permissions/uses-permissions-sdk-m: android.permission.BROADCAST_STICKY in package: com.tencent.wework at: Binary XML file line #52
08-19 11:56:49.424 W/PackageParsing(11129): Ignoring duplicate uses-permissions/uses-permissions-sdk-m: android.permission.BLUETOOTH in package: com.tencent.wework at: Binary XML file line #53
08-19 11:56:49.426 W/PackageParsing(11129): Unknown element under <manifest>: meta-data at /storage/emulated/0/Android/data/com.tencent.android.qqdownloader/files/tassistant/apk/com.tencent.wework_17371.apk Binary XML file line #89
08-19 11:56:49.560 E/clipboard( 1783): Exception: 
08-19 11:56:49.560 E/clipboard( 1783): java.lang.NullPointerException
08-19 11:56:49.560 E/clipboard( 1783): 	at java.util.Objects.requireNonNull(Objects.java:220)
08-19 11:56:49.560 E/clipboard( 1783): 	at com.android.server.appop.AppOpsService.checkPackage(AppOpsService.java:2988)
08-19 11:56:49.560 E/clipboard( 1783): 	at android.app.AppOpsManager.checkPackage(AppOpsManager.java:7793)
08-19 11:56:49.560 E/clipboard( 1783): 	at com.android.server.clipboard.ClipboardService.clipboardAccessCommonCheck(ClipboardService.java:838)
08-19 11:56:49.560 E/clipboard( 1783): 	at com.android.server.clipboard.ClipboardService.clipboardCheckAllowed(ClipboardService.java:903)
08-19 11:56:49.560 E/clipboard( 1783): 	at com.android.server.clipboard.ClipboardService.access$600(ClipboardService.java:160)
08-19 11:56:49.560 E/clipboard( 1783): 	at com.android.server.clipboard.ClipboardService$ClipboardImpl.hasPrimaryClip(ClipboardService.java:437)
08-19 11:56:49.560 E/clipboard( 1783): 	at android.content.IClipboard$Stub.onTransact(IClipboard.java:242)
08-19 11:56:49.560 E/clipboard( 1783): 	at com.android.server.clipboard.ClipboardService$ClipboardImpl.onTransact(ClipboardService.java:344)
08-19 11:56:49.560 E/clipboard( 1783): 	at android.os.Binder.execTransactInternal(Binder.java:1157)
08-19 11:56:49.560 E/clipboard( 1783): 	at android.os.Binder.execTransact(Binder.java:1126)
08-19 11:56:49.561 W/BpBinder(10926): PerfMonitor binderTransact :  time=291ms interface=com.tencent.assistant.tools.IGetApkInfoLite code=1
08-19 11:56:49.561 I/DropBoxManagerService( 1783): add tag=system_server_wtf isTagEnabled=true flags=0x2
08-19 11:56:49.662 W/PackageParsing(11129): Unknown element under <manifest>: module at /storage/emulated/0/Android/data/com.tencent.android.qqdownloader/files/tassistant/apk/com.tencent.wework_17371.apk Binary XML file line #5
08-19 11:56:49.663 W/PackageParsing(11129): Ignoring duplicate uses-permissions/uses-permissions-sdk-m: android.permission.INTERNET in package: com.tencent.wework at: Binary XML file line #43
08-19 11:56:49.663 W/PackageParsing(11129): Ignoring duplicate uses-permissions/uses-permissions-sdk-m: android.permission.ACCESS_WIFI_STATE in package: com.tencent.wework at: Binary XML file line #44
08-19 11:56:49.663 W/PackageParsing(11129): Ignoring duplicate uses-permissions/uses-permissions-sdk-m: android.permission.ACCESS_NETWORK_STATE in package: com.tencent.wework at: Binary XML file line #45
08-19 11:56:49.663 W/PackageParsing(11129): Ignoring duplicate uses-permissions/uses-permissions-sdk-m: android.permission.WAKE_LOCK in package: com.tencent.wework at: Binary XML file line #46
08-19 11:56:49.663 W/PackageParsing(11129): Ignoring duplicate uses-permissions/uses-permissions-sdk-m: android.permission.VIBRATE in package: com.tencent.wework at: Binary XML file line #48
08-19 11:56:49.663 W/PackageParsing(11129): Ignoring duplicate uses-permissions/uses-permissions-sdk-m: android.permission.RECEIVE_BOOT_COMPLETED in package: com.tencent.wework at: Binary XML file line #50
08-19 11:56:49.663 W/PackageParsing(11129): Ignoring duplicate uses-permissions/uses-permissions-sdk-m: android.permission.WRITE_EXTERNAL_STORAGE in package: com.tencent.wework at: Binary XML file line #51
08-19 11:56:49.663 W/PackageParsing(11129): Ignoring duplicate uses-permissions/uses-permissions-sdk-m: android.permission.BROADCAST_STICKY in package: com.tencent.wework at: Binary XML file line #52
08-19 11:56:49.663 W/PackageParsing(11129): Ignoring duplicate uses-permissions/uses-permissions-sdk-m: android.permission.BLUETOOTH in package: com.tencent.wework at: Binary XML file line #53
08-19 11:56:49.664 W/PackageParsing(11129): Unknown element under <manifest>: meta-data at /storage/emulated/0/Android/data/com.tencent.android.qqdownloader/files/tassistant/apk/com.tencent.wework_17371.apk Binary XML file line #89
08-19 11:56:49.823 E/clipboard( 1783): Exception: 
08-19 11:56:49.823 E/clipboard( 1783): java.lang.NullPointerException
08-19 11:56:49.823 E/clipboard( 1783): 	at java.util.Objects.requireNonNull(Objects.java:220)
08-19 11:56:49.823 E/clipboard( 1783): 	at com.android.server.appop.AppOpsService.checkPackage(AppOpsService.java:2988)
08-19 11:56:49.823 E/clipboard( 1783): 	at android.app.AppOpsManager.checkPackage(AppOpsManager.java:7793)
08-19 11:56:49.823 E/clipboard( 1783): 	at com.android.server.clipboard.ClipboardService.clipboardAccessCommonCheck(ClipboardService.java:838)
08-19 11:56:49.823 E/clipboard( 1783): 	at com.android.server.clipboard.ClipboardService.clipboardCheckAllowed(ClipboardService.java:903)
08-19 11:56:49.823 E/clipboard( 1783): 	at com.android.server.clipboard.ClipboardService.access$600(ClipboardService.java:160)
08-19 11:56:49.823 E/clipboard( 1783): 	at com.android.server.clipboard.ClipboardService$ClipboardImpl.hasPrimaryClip(ClipboardService.java:437)
08-19 11:56:49.823 E/clipboard( 1783): 	at android.content.IClipboard$Stub.onTransact(IClipboard.java:242)
08-19 11:56:49.823 E/clipboard( 1783): 	at com.android.server.clipboard.ClipboardService$ClipboardImpl.onTransact(ClipboardService.java:344)
08-19 11:56:49.823 E/clipboard( 1783): 	at android.os.Binder.execTransactInternal(Binder.java:1157)
08-19 11:56:49.823 E/clipboard( 1783): 	at android.os.Binder.execTransact(Binder.java:1126)
08-19 11:56:50.459 W/PackageParsing(11129): Unknown element under <manifest>: module at /storage/emulated/0/Android/data/com.tencent.android.qqdownloader/files/tassistant/apk/com.tencent.wework_17371.apk Binary XML file line #5
08-19 11:56:50.461 W/PackageParsing(11129): Ignoring duplicate uses-permissions/uses-permissions-sdk-m: android.permission.INTERNET in package: com.tencent.wework at: Binary XML file line #43
08-19 11:56:50.461 W/PackageParsing(11129): Ignoring duplicate uses-permissions/uses-permissions-sdk-m: android.permission.ACCESS_WIFI_STATE in package: com.tencent.wework at: Binary XML file line #44
08-19 11:56:50.461 W/PackageParsing(11129): Ignoring duplicate uses-permissions/uses-permissions-sdk-m: android.permission.ACCESS_NETWORK_STATE in package: com.tencent.wework at: Binary XML file line #45
08-19 11:56:50.461 W/PackageParsing(11129): Ignoring duplicate uses-permissions/uses-permissions-sdk-m: android.permission.WAKE_LOCK in package: com.tencent.wework at: Binary XML file line #46
08-19 11:56:50.461 W/PackageParsing(11129): Ignoring duplicate uses-permissions/uses-permissions-sdk-m: android.permission.VIBRATE in package: com.tencent.wework at: Binary XML file line #48
08-19 11:56:50.461 W/PackageParsing(11129): Ignoring duplicate uses-permissions/uses-permissions-sdk-m: android.permission.RECEIVE_BOOT_COMPLETED in package: com.tencent.wework at: Binary XML file line #50
08-19 11:56:50.461 W/PackageParsing(11129): Ignoring duplicate uses-permissions/uses-permissions-sdk-m: android.permission.WRITE_EXTERNAL_STORAGE in package: com.tencent.wework at: Binary XML file line #51
08-19 11:56:50.461 W/PackageParsing(11129): Ignoring duplicate uses-permissions/uses-permissions-sdk-m: android.permission.BROADCAST_STICKY in package: com.tencent.wework at: Binary XML file line #52
08-19 11:56:50.461 W/PackageParsing(11129): Ignoring duplicate uses-permissions/uses-permissions-sdk-m: android.permission.BLUETOOTH in package: com.tencent.wework at: Binary XML file line #53
08-19 11:56:50.462 W/PackageParsing(11129): Unknown element under <manifest>: meta-data at /storage/emulated/0/Android/data/com.tencent.android.qqdownloader/files/tassistant/apk/com.tencent.wework_17371.apk Binary XML file line #89
08-19 11:56:50.559 W/BpBinder(10926): PerfMonitor binderTransact :  time=243ms interface=com.tencent.assistant.tools.IGetApkInfoLite code=1
08-19 11:56:50.703 W/PackageParsing(10865): Unknown element under <manifest>: module at /storage/emulated/0/Android/data/com.tencent.android.qqdownloader/files/tassistant/apk/com.tencent.wework_17371.apk Binary XML file line #5
08-19 11:56:50.703 W/PackageParsing(10865): Ignoring duplicate uses-permissions/uses-permissions-sdk-m: android.permission.INTERNET in package: com.tencent.wework at: Binary XML file line #43
08-19 11:56:50.703 W/PackageParsing(10865): Ignoring duplicate uses-permissions/uses-permissions-sdk-m: android.permission.ACCESS_WIFI_STATE in package: com.tencent.wework at: Binary XML file line #44
08-19 11:56:50.703 W/PackageParsing(10865): Ignoring duplicate uses-permissions/uses-permissions-sdk-m: android.permission.ACCESS_NETWORK_STATE in package: com.tencent.wework at: Binary XML file line #45
08-19 11:56:50.703 W/PackageParsing(10865): Ignoring duplicate uses-permissions/uses-permissions-sdk-m: android.permission.WAKE_LOCK in package: com.tencent.wework at: Binary XML file line #46
08-19 11:56:50.703 W/PackageParsing(10865): Ignoring duplicate uses-permissions/uses-permissions-sdk-m: android.permission.VIBRATE in package: com.tencent.wework at: Binary XML file line #48
08-19 11:56:50.703 W/PackageParsing(10865): Ignoring duplicate uses-permissions/uses-permissions-sdk-m: android.permission.RECEIVE_BOOT_COMPLETED in package: com.tencent.wework at: Binary XML file line #50
08-19 11:56:50.703 W/PackageParsing(10865): Ignoring duplicate uses-permissions/uses-permissions-sdk-m: android.permission.WRITE_EXTERNAL_STORAGE in package: com.tencent.wework at: Binary XML file line #51
08-19 11:56:50.703 W/PackageParsing(10865): Ignoring duplicate uses-permissions/uses-permissions-sdk-m: android.permission.BROADCAST_STICKY in package: com.tencent.wework at: Binary XML file line #52
08-19 11:56:50.703 W/PackageParsing(10865): Ignoring duplicate uses-permissions/uses-permissions-sdk-m: android.permission.BLUETOOTH in package: com.tencent.wework at: Binary XML file line #53
08-19 11:56:50.704 W/PackageParsing(10865): Unknown element under <manifest>: meta-data at /storage/emulated/0/Android/data/com.tencent.android.qqdownloader/files/tassistant/apk/com.tencent.wework_17371.apk Binary XML file line #89
08-19 11:56:50.960 W/PackageParsing(11129): Unknown element under <manifest>: module at /storage/emulated/0/Android/data/com.tencent.android.qqdownloader/files/tassistant/apk/com.tencent.wework_17371.apk Binary XML file line #5
08-19 11:56:50.961 W/PackageParsing(11129): Ignoring duplicate uses-permissions/uses-permissions-sdk-m: android.permission.INTERNET in package: com.tencent.wework at: Binary XML file line #43
08-19 11:56:50.961 W/PackageParsing(11129): Ignoring duplicate uses-permissions/uses-permissions-sdk-m: android.permission.ACCESS_WIFI_STATE in package: com.tencent.wework at: Binary XML file line #44
08-19 11:56:50.961 W/PackageParsing(11129): Ignoring duplicate uses-permissions/uses-permissions-sdk-m: android.permission.ACCESS_NETWORK_STATE in package: com.tencent.wework at: Binary XML file line #45
08-19 11:56:50.962 W/PackageParsing(11129): Ignoring duplicate uses-permissions/uses-permissions-sdk-m: android.permission.WAKE_LOCK in package: com.tencent.wework at: Binary XML file line #46
08-19 11:56:50.962 W/PackageParsing(11129): Ignoring duplicate uses-permissions/uses-permissions-sdk-m: android.permission.VIBRATE in package: com.tencent.wework at: Binary XML file line #48
08-19 11:56:50.962 W/PackageParsing(11129): Ignoring duplicate uses-permissions/uses-permissions-sdk-m: android.permission.RECEIVE_BOOT_COMPLETED in package: com.tencent.wework at: Binary XML file line #50
08-19 11:56:50.962 W/PackageParsing(11129): Ignoring duplicate uses-permissions/uses-permissions-sdk-m: android.permission.WRITE_EXTERNAL_STORAGE in package: com.tencent.wework at: Binary XML file line #51
08-19 11:56:50.962 W/PackageParsing(11129): Ignoring duplicate uses-permissions/uses-permissions-sdk-m: android.permission.BROADCAST_STICKY in package: com.tencent.wework at: Binary XML file line #52
08-19 11:56:50.962 W/PackageParsing(11129): Ignoring duplicate uses-permissions/uses-permissions-sdk-m: android.permission.BLUETOOTH in package: com.tencent.wework at: Binary XML file line #53
08-19 11:56:50.963 W/PackageParsing(11129): Unknown element under <manifest>: meta-data at /storage/emulated/0/Android/data/com.tencent.android.qqdownloader/files/tassistant/apk/com.tencent.wework_17371.apk Binary XML file line #89
08-19 11:56:51.033 W/BpBinder(10926): PerfMonitor binderTransact :  time=310ms interface=com.tencent.assistant.tools.IGetApkInfoLite code=1
08-19 11:56:51.206 E/PackageParserInjector( 1783): dump dex file error ,file message: base.odex: 21Kb 
08-19 11:56:51.207 E/PackageParserInjector( 1783): dump dex file error ,file message: base.odex: 21Kb base.vdex: 56Kb 
08-19 11:56:51.565 W/BroadcastQueue( 1783): Background execution not allowed: receiving Intent { act=android.intent.action.DROPBOX_ENTRY_ADDED flg=0x10 (has extras) } to com.google.android.gms/.stats.service.DropBoxEntryAddedReceiver
08-19 11:56:51.565 W/BroadcastQueue( 1783): Background execution not allowed: receiving Intent { act=android.intent.action.DROPBOX_ENTRY_ADDED flg=0x10 (has extras) } to com.google.android.gms/.chimera.GmsIntentOperationService$PersistentTrustedReceiver
08-19 11:56:51.592 I/Timeline(10926): Timeline: Activity_launch_request time:438473
08-19 11:56:51.594 I/ActivityTaskManager( 1783): START u0 {flg=0x10000000 cmp=com.tencent.android.qqdownloader/com.tencent.pangu.activity.InstallerListenerActivity (has extras)} from uid 10275
08-19 11:56:51.594 W/ActivityTaskManager( 1783): Background activity start [callingPackage: com.tencent.android.qqdownloader; callingUid: 10275; isCallingUidForeground: false; callingUidHasAnyVisibleWindow: false; callingUidProcState: CACHED_ACTIVITY; isCallingUidPersistentSystemProcess: false; realCallingUid: 10275; isRealCallingUidForeground: false; realCallingUidHasAnyVisibleWindow: false; realCallingUidProcState: CACHED_ACTIVITY; isRealCallingUidPersistentSystemProcess: false; originatingPendingIntent: null; isBgStartWhitelisted: false; intent: Intent { flg=0x10000000 cmp=com.tencent.android.qqdownloader/com.tencent.pangu.activity.InstallerListenerActivity (has extras) }; callerApp: ProcessRecord{2aaddb9 10926:com.tencent.android.qqdownloader/u0a275}]
08-19 11:56:51.655 E/clipboard( 1783): Exception: 
08-19 11:56:51.655 E/clipboard( 1783): java.lang.NullPointerException
08-19 11:56:51.655 E/clipboard( 1783): 	at java.util.Objects.requireNonNull(Objects.java:220)
08-19 11:56:51.655 E/clipboard( 1783): 	at com.android.server.appop.AppOpsService.checkPackage(AppOpsService.java:2988)
08-19 11:56:51.655 E/clipboard( 1783): 	at android.app.AppOpsManager.checkPackage(AppOpsManager.java:7793)
08-19 11:56:51.655 E/clipboard( 1783): 	at com.android.server.clipboard.ClipboardService.clipboardAccessCommonCheck(ClipboardService.java:838)
08-19 11:56:51.655 E/clipboard( 1783): 	at com.android.server.clipboard.ClipboardService.clipboardCheckAllowed(ClipboardService.java:903)
08-19 11:56:51.655 E/clipboard( 1783): 	at com.android.server.clipboard.ClipboardService.access$600(ClipboardService.java:160)
08-19 11:56:51.655 E/clipboard( 1783): 	at com.android.server.clipboard.ClipboardService$ClipboardImpl.hasPrimaryClip(ClipboardService.java:437)
08-19 11:56:51.655 E/clipboard( 1783): 	at android.content.IClipboard$Stub.onTransact(IClipboard.java:242)
08-19 11:56:51.655 E/clipboard( 1783): 	at com.android.server.clipboard.ClipboardService$ClipboardImpl.onTransact(ClipboardService.java:344)
08-19 11:56:51.655 E/clipboard( 1783): 	at android.os.Binder.execTransactInternal(Binder.java:1157)
08-19 11:56:51.655 E/clipboard( 1783): 	at android.os.Binder.execTransact(Binder.java:1126)
08-19 11:56:51.898 E/clipboard( 1783): Exception: 
08-19 11:56:51.898 E/clipboard( 1783): java.lang.NullPointerException
08-19 11:56:51.898 E/clipboard( 1783): 	at java.util.Objects.requireNonNull(Objects.java:220)
08-19 11:56:51.898 E/clipboard( 1783): 	at com.android.server.appop.AppOpsService.checkPackage(AppOpsService.java:2988)
08-19 11:56:51.898 E/clipboard( 1783): 	at android.app.AppOpsManager.checkPackage(AppOpsManager.java:7793)
08-19 11:56:51.898 E/clipboard( 1783): 	at com.android.server.clipboard.ClipboardService.clipboardAccessCommonCheck(ClipboardService.java:838)
08-19 11:56:51.898 E/clipboard( 1783): 	at com.android.server.clipboard.ClipboardService.clipboardCheckAllowed(ClipboardService.java:903)
08-19 11:56:51.898 E/clipboard( 1783): 	at com.android.server.clipboard.ClipboardService.access$600(ClipboardService.java:160)
08-19 11:56:51.898 E/clipboard( 1783): 	at com.android.server.clipboard.ClipboardService$ClipboardImpl.hasPrimaryClip(ClipboardService.java:437)
08-19 11:56:51.898 E/clipboard( 1783): 	at android.content.IClipboard$Stub.onTransact(IClipboard.java:242)
08-19 11:56:51.898 E/clipboard( 1783): 	at com.android.server.clipboard.ClipboardService$ClipboardImpl.onTransact(ClipboardService.java:344)
08-19 11:56:51.898 E/clipboard( 1783): 	at android.os.Binder.execTransactInternal(Binder.java:1157)
08-19 11:56:51.898 E/clipboard( 1783): 	at android.os.Binder.execTransact(Binder.java:1126)
08-19 11:56:53.175 E/PackageParserInjector( 1783): dump dex file error ,file message: base.odex: 21Kb 
08-19 11:56:53.175 E/PackageParserInjector( 1783): dump dex file error ,file message: base.odex: 21Kb base.vdex: 56Kb 
08-19 11:56:53.686 E/clipboard( 1783): Exception: 
08-19 11:56:53.686 E/clipboard( 1783): java.lang.NullPointerException
08-19 11:56:53.686 E/clipboard( 1783): 	at java.util.Objects.requireNonNull(Objects.java:220)
08-19 11:56:53.686 E/clipboard( 1783): 	at com.android.server.appop.AppOpsService.checkPackage(AppOpsService.java:2988)
08-19 11:56:53.686 E/clipboard( 1783): 	at android.app.AppOpsManager.checkPackage(AppOpsManager.java:7793)
08-19 11:56:53.686 E/clipboard( 1783): 	at com.android.server.clipboard.ClipboardService.clipboardAccessCommonCheck(ClipboardService.java:838)
08-19 11:56:53.686 E/clipboard( 1783): 	at com.android.server.clipboard.ClipboardService.clipboardCheckAllowed(ClipboardService.java:903)
08-19 11:56:53.686 E/clipboard( 1783): 	at com.android.server.clipboard.ClipboardService.access$600(ClipboardService.java:160)
08-19 11:56:53.686 E/clipboard( 1783): 	at com.android.server.clipboard.ClipboardService$ClipboardImpl.hasPrimaryClip(ClipboardService.java:437)
08-19 11:56:53.686 E/clipboard( 1783): 	at android.content.IClipboard$Stub.onTransact(IClipboard.java:242)
08-19 11:56:53.686 E/clipboard( 1783): 	at com.android.server.clipboard.ClipboardService$ClipboardImpl.onTransact(ClipboardService.java:344)
08-19 11:56:53.686 E/clipboard( 1783): 	at android.os.Binder.execTransactInternal(Binder.java:1157)
08-19 11:56:53.686 E/clipboard( 1783): 	at android.os.Binder.execTransact(Binder.java:1126)
08-19 11:56:54.007 E/clipboard( 1783): Exception: 
08-19 11:56:54.007 E/clipboard( 1783): java.lang.NullPointerException
08-19 11:56:54.007 E/clipboard( 1783): 	at java.util.Objects.requireNonNull(Objects.java:220)
08-19 11:56:54.007 E/clipboard( 1783): 	at com.android.server.appop.AppOpsService.checkPackage(AppOpsService.java:2988)
08-19 11:56:54.007 E/clipboard( 1783): 	at android.app.AppOpsManager.checkPackage(AppOpsManager.java:7793)
08-19 11:56:54.007 E/clipboard( 1783): 	at com.android.server.clipboard.ClipboardService.clipboardAccessCommonCheck(ClipboardService.java:838)
08-19 11:56:54.007 E/clipboard( 1783): 	at com.android.server.clipboard.ClipboardService.clipboardCheckAllowed(ClipboardService.java:903)
08-19 11:56:54.007 E/clipboard( 1783): 	at com.android.server.clipboard.ClipboardService.access$600(ClipboardService.java:160)
08-19 11:56:54.007 E/clipboard( 1783): 	at com.android.server.clipboard.ClipboardService$ClipboardImpl.hasPrimaryClip(ClipboardService.java:437)
08-19 11:56:54.007 E/clipboard( 1783): 	at android.content.IClipboard$Stub.onTransact(IClipboard.java:242)
08-19 11:56:54.007 E/clipboard( 1783): 	at com.android.server.clipboard.ClipboardService$ClipboardImpl.onTransact(ClipboardService.java:344)
08-19 11:56:54.007 E/clipboard( 1783): 	at android.os.Binder.execTransactInternal(Binder.java:1157)
08-19 11:56:54.007 E/clipboard( 1783): 	at android.os.Binder.execTransact(Binder.java:1126)
08-19 11:56:55.351 E/PackageParserInjector( 1783): dump dex file error ,file message: base.odex: 21Kb 
08-19 11:56:55.351 E/PackageParserInjector( 1783): dump dex file error ,file message: base.odex: 21Kb base.vdex: 56Kb 
08-19 11:56:55.884 E/clipboard( 1783): Exception: 
08-19 11:56:55.884 E/clipboard( 1783): java.lang.NullPointerException
08-19 11:56:55.884 E/clipboard( 1783): 	at java.util.Objects.requireNonNull(Objects.java:220)
08-19 11:56:55.884 E/clipboard( 1783): 	at com.android.server.appop.AppOpsService.checkPackage(AppOpsService.java:2988)
08-19 11:56:55.884 E/clipboard( 1783): 	at android.app.AppOpsManager.checkPackage(AppOpsManager.java:7793)
08-19 11:56:55.884 E/clipboard( 1783): 	at com.android.server.clipboard.ClipboardService.clipboardAccessCommonCheck(ClipboardService.java:838)
08-19 11:56:55.884 E/clipboard( 1783): 	at com.android.server.clipboard.ClipboardService.clipboardCheckAllowed(ClipboardService.java:903)
08-19 11:56:55.884 E/clipboard( 1783): 	at com.android.server.clipboard.ClipboardService.access$600(ClipboardService.java:160)
08-19 11:56:55.884 E/clipboard( 1783): 	at com.android.server.clipboard.ClipboardService$ClipboardImpl.hasPrimaryClip(ClipboardService.java:437)
08-19 11:56:55.884 E/clipboard( 1783): 	at android.content.IClipboard$Stub.onTransact(IClipboard.java:242)
08-19 11:56:55.884 E/clipboard( 1783): 	at com.android.server.clipboard.ClipboardService$ClipboardImpl.onTransact(ClipboardService.java:344)
08-19 11:56:55.884 E/clipboard( 1783): 	at android.os.Binder.execTransactInternal(Binder.java:1157)
08-19 11:56:55.884 E/clipboard( 1783): 	at android.os.Binder.execTransact(Binder.java:1126)
08-19 11:56:55.885 I/DropBoxManagerService( 1783): add tag=system_server_wtf isTagEnabled=true flags=0x2
08-19 11:56:56.185 E/clipboard( 1783): Exception: 
08-19 11:56:56.185 E/clipboard( 1783): java.lang.NullPointerException
08-19 11:56:56.185 E/clipboard( 1783): 	at java.util.Objects.requireNonNull(Objects.java:220)
08-19 11:56:56.185 E/clipboard( 1783): 	at com.android.server.appop.AppOpsService.checkPackage(AppOpsService.java:2988)
08-19 11:56:56.185 E/clipboard( 1783): 	at android.app.AppOpsManager.checkPackage(AppOpsManager.java:7793)
08-19 11:56:56.185 E/clipboard( 1783): 	at com.android.server.clipboard.ClipboardService.clipboardAccessCommonCheck(ClipboardService.java:838)
08-19 11:56:56.185 E/clipboard( 1783): 	at com.android.server.clipboard.ClipboardService.clipboardCheckAllowed(ClipboardService.java:903)
08-19 11:56:56.185 E/clipboard( 1783): 	at com.android.server.clipboard.ClipboardService.access$600(ClipboardService.java:160)
08-19 11:56:56.185 E/clipboard( 1783): 	at com.android.server.clipboard.ClipboardService$ClipboardImpl.hasPrimaryClip(ClipboardService.java:437)
08-19 11:56:56.185 E/clipboard( 1783): 	at android.content.IClipboard$Stub.onTransact(IClipboard.java:242)
08-19 11:56:56.185 E/clipboard( 1783): 	at com.android.server.clipboard.ClipboardService$ClipboardImpl.onTransact(ClipboardService.java:344)
08-19 11:56:56.185 E/clipboard( 1783): 	at android.os.Binder.execTransactInternal(Binder.java:1157)
08-19 11:56:56.185 E/clipboard( 1783): 	at android.os.Binder.execTransact(Binder.java:1126)
08-19 11:56:56.186 I/DropBoxManagerService( 1783): add tag=system_server_wtf isTagEnabled=true flags=0x2
08-19 11:56:56.909 I/Timeline( 8544): Timeline: Activity_launch_request time:443789
08-19 11:56:56.910 I/ActivityTaskManager( 1783): START u0 {act=miui.intent.action.TOUCH_ASSISTANT_SETTINGS cmp=com.miui.touchassistant/.MainActivity} from uid 1000
08-19 11:56:56.937 I/ActivityManager( 1783): Start proc 18733:com.miui.touchassistant/1000 for pre-top-activity {com.miui.touchassistant/com.miui.touchassistant.MainActivity} caller=com.android.settings
08-19 11:56:56.957 I/Timeline( 1783): Timeline: App_transition_ready time:443837
08-19 11:56:56.957 I/Timeline( 1783): Timeline: App_transition_stopped time:443837
08-19 11:56:57.056 I/ActivityManager( 1783): Start proc 18775:com.miui.touchassistant:float/1000 for content provider {com.miui.touchassistant/com.miui.touchassistant.settings.AssistantProvider} caller=com.miui.touchassistant
08-19 11:56:57.221 I/Timeline( 1783): Timeline: Activity_windows_visible id: ActivityRecord{932907 u0 com.miui.touchassistant/.MainActivity t102} time:444101
08-19 11:56:57.892 W/BroadcastQueue( 1783): Background execution not allowed: receiving Intent { act=android.intent.action.DROPBOX_ENTRY_ADDED flg=0x10 (has extras) } to com.google.android.gms/.stats.service.DropBoxEntryAddedReceiver
08-19 11:56:57.892 W/BroadcastQueue( 1783): Background execution not allowed: receiving Intent { act=android.intent.action.DROPBOX_ENTRY_ADDED flg=0x10 (has extras) } to com.google.android.gms/.chimera.GmsIntentOperationService$PersistentTrustedReceiver
08-19 11:56:57.913 E/PackageParserInjector( 1783): dump dex file error ,file message: base.odex: 21Kb 
08-19 11:56:57.913 E/PackageParserInjector( 1783): dump dex file error ,file message: base.odex: 21Kb base.vdex: 56Kb 
08-19 11:56:58.437 E/clipboard( 1783): Exception: 
08-19 11:56:58.437 E/clipboard( 1783): java.lang.NullPointerException
08-19 11:56:58.437 E/clipboard( 1783): 	at java.util.Objects.requireNonNull(Objects.java:220)
08-19 11:56:58.437 E/clipboard( 1783): 	at com.android.server.appop.AppOpsService.checkPackage(AppOpsService.java:2988)
08-19 11:56:58.437 E/clipboard( 1783): 	at android.app.AppOpsManager.checkPackage(AppOpsManager.java:7793)
08-19 11:56:58.437 E/clipboard( 1783): 	at com.android.server.clipboard.ClipboardService.clipboardAccessCommonCheck(ClipboardService.java:838)
08-19 11:56:58.437 E/clipboard( 1783): 	at com.android.server.clipboard.ClipboardService.clipboardCheckAllowed(ClipboardService.java:903)
08-19 11:56:58.437 E/clipboard( 1783): 	at com.android.server.clipboard.ClipboardService.access$600(ClipboardService.java:160)
08-19 11:56:58.437 E/clipboard( 1783): 	at com.android.server.clipboard.ClipboardService$ClipboardImpl.hasPrimaryClip(ClipboardService.java:437)
08-19 11:56:58.437 E/clipboard( 1783): 	at android.content.IClipboard$Stub.onTransact(IClipboard.java:242)
08-19 11:56:58.437 E/clipboard( 1783): 	at com.android.server.clipboard.ClipboardService$ClipboardImpl.onTransact(ClipboardService.java:344)
08-19 11:56:58.437 E/clipboard( 1783): 	at android.os.Binder.execTransactInternal(Binder.java:1157)
08-19 11:56:58.437 E/clipboard( 1783): 	at android.os.Binder.execTransact(Binder.java:1126)
08-19 11:56:58.438 I/DropBoxManagerService( 1783): add tag=system_server_wtf isTagEnabled=true flags=0x2
08-19 11:56:58.521 W/BroadcastQueue( 1783): Permission Denial: broadcasting Intent { act=android.media.INTERNAL_RINGER_MODE_CHANGED_ACTION flg=0x34000010 (has extras) } from null (pid=-1, uid=-1) requires miui.permission.USE_INTERNAL_GENERAL_API due to registered receiver BroadcastFilter{c0ed613 1000/u0 ReceiverList{a908d02 18775 com.miui.touchassistant:float/1000/u0 remote:b621e4d}}
08-19 11:56:58.710 E/clipboard( 1783): Exception: 
08-19 11:56:58.710 E/clipboard( 1783): java.lang.NullPointerException
08-19 11:56:58.710 E/clipboard( 1783): 	at java.util.Objects.requireNonNull(Objects.java:220)
08-19 11:56:58.710 E/clipboard( 1783): 	at com.android.server.appop.AppOpsService.checkPackage(AppOpsService.java:2988)
08-19 11:56:58.710 E/clipboard( 1783): 	at android.app.AppOpsManager.checkPackage(AppOpsManager.java:7793)
08-19 11:56:58.710 E/clipboard( 1783): 	at com.android.server.clipboard.ClipboardService.clipboardAccessCommonCheck(ClipboardService.java:838)
08-19 11:56:58.710 E/clipboard( 1783): 	at com.android.server.clipboard.ClipboardService.clipboardCheckAllowed(ClipboardService.java:903)
08-19 11:56:58.710 E/clipboard( 1783): 	at com.android.server.clipboard.ClipboardService.access$600(ClipboardService.java:160)
08-19 11:56:58.710 E/clipboard( 1783): 	at com.android.server.clipboard.ClipboardService$ClipboardImpl.hasPrimaryClip(ClipboardService.java:437)
08-19 11:56:58.710 E/clipboard( 1783): 	at android.content.IClipboard$Stub.onTransact(IClipboard.java:242)
08-19 11:56:58.710 E/clipboard( 1783): 	at com.android.server.clipboard.ClipboardService$ClipboardImpl.onTransact(ClipboardService.java:344)
08-19 11:56:58.710 E/clipboard( 1783): 	at android.os.Binder.execTransactInternal(Binder.java:1157)
08-19 11:56:58.710 E/clipboard( 1783): 	at android.os.Binder.execTransact(Binder.java:1126)
08-19 11:56:58.711 I/DropBoxManagerService( 1783): add tag=system_server_wtf isTagEnabled=true flags=0x2
08-19 11:56:59.518 I/RoleManagerService( 1783): Granting default roles...
08-19 11:56:59.638 W/BroadcastQueue( 1783): Background execution not allowed: receiving Intent { act=android.search.action.SEARCHABLES_CHANGED flg=0x24000010 } to com.android.quicksearchbox/.CorporaUpdateReceiver
08-19 11:56:59.658 I/Telecom ( 1783): DefaultDialerCache: Refreshing default dialer for user 0: now com.android.contacts: DDC.oR@ALw
08-19 11:57:00.055 E/PackageParserInjector( 1783): dump dex file error ,file message: base.odex: 21Kb 
08-19 11:57:00.055 E/PackageParserInjector( 1783): dump dex file error ,file message: base.odex: 21Kb base.vdex: 56Kb 
08-19 11:57:00.444 W/BroadcastQueue( 1783): Background execution not allowed: receiving Intent { act=android.intent.action.DROPBOX_ENTRY_ADDED flg=0x10 (has extras) } to com.google.android.gms/.stats.service.DropBoxEntryAddedReceiver
08-19 11:57:00.444 W/BroadcastQueue( 1783): Background execution not allowed: receiving Intent { act=android.intent.action.DROPBOX_ENTRY_ADDED flg=0x10 (has extras) } to com.google.android.gms/.chimera.GmsIntentOperationService$PersistentTrustedReceiver
08-19 11:57:00.560 E/clipboard( 1783): Exception: 
08-19 11:57:00.560 E/clipboard( 1783): java.lang.NullPointerException
08-19 11:57:00.560 E/clipboard( 1783): 	at java.util.Objects.requireNonNull(Objects.java:220)
08-19 11:57:00.560 E/clipboard( 1783): 	at com.android.server.appop.AppOpsService.checkPackage(AppOpsService.java:2988)
08-19 11:57:00.560 E/clipboard( 1783): 	at android.app.AppOpsManager.checkPackage(AppOpsManager.java:7793)
08-19 11:57:00.560 E/clipboard( 1783): 	at com.android.server.clipboard.ClipboardService.clipboardAccessCommonCheck(ClipboardService.java:838)
08-19 11:57:00.560 E/clipboard( 1783): 	at com.android.server.clipboard.ClipboardService.clipboardCheckAllowed(ClipboardService.java:903)
08-19 11:57:00.560 E/clipboard( 1783): 	at com.android.server.clipboard.ClipboardService.access$600(ClipboardService.java:160)
08-19 11:57:00.560 E/clipboard( 1783): 	at com.android.server.clipboard.ClipboardService$ClipboardImpl.hasPrimaryClip(ClipboardService.java:437)
