08-19 14:14:55.943 I/qdlights(  933): thermal dimming: loop begin
08-19 14:14:55.943 I/qdlights(  933): thermal dimming: thermal_cur_bl got thermal_target[783]
08-19 14:14:56.258 I/cmd     (23051): oneway function results will be dropped but finished with status OK and parcel size 4
08-19 14:14:56.382 I/cmd     (23055): oneway function results will be dropped but finished with status OK and parcel size 4
08-19 14:14:56.439 W/Thread-21( 6397): type=1400 audit(0.0:1635027): avc: denied { read } for name="devices" dev="proc" ino=4026532038 scontext=u:r:untrusted_app_27:s0:c512,c768 tcontext=u:object_r:proc:s0 tclass=file permissive=0 app=com.tmri.app.main
08-19 14:14:56.979 D/MiuiNetworkPolicy( 1783): updateLimit mLimitEnabled=false,enabled=true,mNetworkPriorityMode=1
08-19 14:14:57.459 W/Thread-21( 6397): type=1400 audit(0.0:1635028): avc: denied { read } for name="devices" dev="proc" ino=4026532038 scontext=u:r:untrusted_app_27:s0:c512,c768 tcontext=u:object_r:proc:s0 tclass=file permissive=0 app=com.tmri.app.main
08-19 14:14:57.634 I/cmd     (23088): oneway function results will be dropped but finished with status OK and parcel size 4
08-19 14:14:57.639 W/ThreadPoolForeg(27040): type=1400 audit(0.0:1635029): avc: denied { write } for name="traced_producer" dev="tmpfs" ino=20309 scontext=u:r:platform_app:s0:c512,c768 tcontext=u:object_r:traced_producer_socket:s0 tclass=sock_file permissive=0 app=com.android.browser
08-19 14:14:58.258 I/cmd     (23107): oneway function results will be dropped but finished with status OK and parcel size 4
08-19 14:14:58.444 I/MiuiNetworkPolicy( 1783): bandwidth: 0 KB/s, Max bandwidth: 4964 KB/s
08-19 14:14:58.467 W/Thread-21( 6397): type=1400 audit(0.0:1635030): avc: denied { read } for name="devices" dev="proc" ino=4026532038 scontext=u:r:untrusted_app_27:s0:c512,c768 tcontext=u:object_r:proc:s0 tclass=file permissive=0 app=com.tmri.app.main
08-19 14:14:58.689 I/cmd     (23120): oneway function results will be dropped but finished with status OK and parcel size 4
08-19 14:14:58.715 D/NetworkSpeedTracker( 2989): receive actionandroid.intent.action.BATTERY_CHANGED
08-19 14:14:58.715 D/NetworkSpeedTracker( 2989): onReceive ACTION_BATTERY_CHANGED mBatteryLevel = 68;mIsCharging =true
08-19 14:14:58.717 D/KeyguardUpdateMonitor( 2677): received broadcast android.intent.action.BATTERY_CHANGED
08-19 14:14:58.717 D/BatteryController( 2677): onReceive: Intent = Intent { act=android.intent.action.BATTERY_CHANGED flg=0x60000010 (has extras) } action = android.intent.action.BATTERY_CHANGED
08-19 14:14:58.720 I/BatteryInfoReceiver( 4989): ACTION_BATTERY_CHANGED
08-19 14:14:58.721 D/UploadVoiceJobService( 3982): needUploadVoice timeSinceLastUpload = 2334357
08-19 14:14:58.721 D/PowerCheckerService( 5940): onBatteryChanged, mBatteryLevel = 68, status = 2, level = 68, plug = 1, scale = 100
08-19 14:14:58.730 D/DeviceStatisticsService( 2921): chargerType=1 batteryLevel=68 totalBatteryCapacity=4248600
08-19 14:14:58.730 D/DeviceInfoHidlClient( 2921): getPowerInfoSupportStatus()=1
08-19 14:14:58.730 D/DeviceInfoHidlClient( 2921): isRadioOn()=true
08-19 14:14:58.730 I/DeviceInfoHidlClient( 2921): isPowerInfoNeverSent=false batteryLevel=68 batteryLevelIndex=2 chargingMode=1 totalCapacity=4248600 powerSaveMode=false
08-19 14:14:59.507 W/Thread-21( 6397): type=1400 audit(0.0:1635031): avc: denied { read } for name="devices" dev="proc" ino=4026532038 scontext=u:r:untrusted_app_27:s0:c512,c768 tcontext=u:object_r:proc:s0 tclass=file permissive=0 app=com.tmri.app.main
08-19 14:15:00.005 D/KeyguardUpdateMonitor( 2677): received broadcast android.intent.action.TIME_TICK
08-19 14:15:00.029 I/cmd     (23157): oneway function results will be dropped but finished with status OK and parcel size 4
08-19 14:15:00.036 D/KeyguardUpdateMonitor( 2677): handleTimeUpdate
08-19 14:15:00.037 E/QSAnimator( 2677): tileView is null custom(com.android.settings/.development.qstile.DevelopmentTiles$WirelessDebugging)
08-19 14:15:00.037 E/QSAnimator( 2677): tileView is null flashlight
08-19 14:15:00.037 E/QSAnimator( 2677): tileView is null mute
08-19 14:15:00.037 E/QSAnimator( 2677): tileView is null screenshot
08-19 14:15:00.037 E/QSAnimator( 2677): tileView is null airplane
08-19 14:15:00.037 E/QSAnimator( 2677): tileView is null screenlock
08-19 14:15:00.037 E/QSAnimator( 2677): tileView is null gps
08-19 14:15:00.037 E/QSAnimator( 2677): tileView is null rotation
08-19 14:15:00.037 E/QSAnimator( 2677): tileView is null scanner
08-19 14:15:00.037 E/QSAnimator( 2677): tileView is null papermode
08-19 14:15:00.037 E/QSAnimator( 2677): tileView is null night
08-19 14:15:00.037 E/QSAnimator( 2677): tileView is null quietmode
08-19 14:15:00.037 E/QSAnimator( 2677): tileView is null batterysaver
08-19 14:15:00.037 E/QSAnimator( 2677): tileView is null custom(com.miui.securitycenter/com.miui.superpower.notification.SuperPowerTileService)
08-19 14:15:00.037 E/QSAnimator( 2677): tileView is null custom(com.milink.service/com.milink.ui.service.MiLinkTileService)
08-19 14:15:00.037 E/QSAnimator( 2677): tileView is null custom(com.miui.mishare.connectivity/.tile.MiShareTileService)
08-19 14:15:00.037 E/QSAnimator( 2677): tileView is null freeformhang
08-19 14:15:00.037 E/QSAnimator( 2677): tileView is null custom(com.miui.screenrecorder/.service.QuickService)
08-19 14:15:00.037 E/QSAnimator( 2677): tileView is null vibrate
08-19 14:15:00.037 E/QSAnimator( 2677): tileView is null hotspot
08-19 14:15:00.037 E/QSAnimator( 2677): tileView is null nfc
08-19 14:15:00.037 E/QSAnimator( 2677): tileView is null edit
08-19 14:15:00.371 I/cmd     (23162): oneway function results will be dropped but finished with status OK and parcel size 4
08-19 14:15:00.507 W/Thread-21( 6397): type=1400 audit(0.0:1635032): avc: denied { read } for name="devices" dev="proc" ino=4026532038 scontext=u:r:untrusted_app_27:s0:c512,c768 tcontext=u:object_r:proc:s0 tclass=file permissive=0 app=com.tmri.app.main
08-19 14:15:00.743 W/droid.deskcloc( 6877): Reducing the number of considered missed Gc histogram windows from 180 to 100
08-19 14:15:01.254 I/cmd     (23189): oneway function results will be dropped but finished with status OK and parcel size 4
08-19 14:15:01.449 I/MiuiNetworkPolicy( 1783): bandwidth: 0 KB/s, Max bandwidth: 4964 KB/s
08-19 14:15:01.515 W/Thread-21( 6397): type=1400 audit(0.0:1635033): avc: denied { read } for name="devices" dev="proc" ino=4026532038 scontext=u:r:untrusted_app_27:s0:c512,c768 tcontext=u:object_r:proc:s0 tclass=file permissive=0 app=com.tmri.app.main
08-19 14:15:01.711 I/cmd     (23197): oneway function results will be dropped but finished with status OK and parcel size 4
08-19 14:15:02.519 W/Thread-21( 6397): type=1400 audit(0.0:1635034): avc: denied { read } for name="devices" dev="proc" ino=4026532038 scontext=u:r:untrusted_app_27:s0:c512,c768 tcontext=u:object_r:proc:s0 tclass=file permissive=0 app=com.tmri.app.main
08-19 14:15:02.840 E/QSAnimator( 2677): tileView is null custom(com.android.settings/.development.qstile.DevelopmentTiles$WirelessDebugging)
08-19 14:15:02.840 E/QSAnimator( 2677): tileView is null flashlight
08-19 14:15:02.840 E/QSAnimator( 2677): tileView is null mute
08-19 14:15:02.840 E/QSAnimator( 2677): tileView is null screenshot
08-19 14:15:02.840 E/QSAnimator( 2677): tileView is null airplane
08-19 14:15:02.840 E/QSAnimator( 2677): tileView is null screenlock
08-19 14:15:02.840 E/QSAnimator( 2677): tileView is null gps
08-19 14:15:02.840 E/QSAnimator( 2677): tileView is null rotation
08-19 14:15:02.840 E/QSAnimator( 2677): tileView is null scanner
08-19 14:15:02.840 E/QSAnimator( 2677): tileView is null papermode
08-19 14:15:02.840 E/QSAnimator( 2677): tileView is null night
08-19 14:15:02.840 E/QSAnimator( 2677): tileView is null quietmode
08-19 14:15:02.840 E/QSAnimator( 2677): tileView is null batterysaver
08-19 14:15:02.840 E/QSAnimator( 2677): tileView is null custom(com.miui.securitycenter/com.miui.superpower.notification.SuperPowerTileService)
08-19 14:15:02.840 E/QSAnimator( 2677): tileView is null custom(com.milink.service/com.milink.ui.service.MiLinkTileService)
08-19 14:15:02.840 E/QSAnimator( 2677): tileView is null custom(com.miui.mishare.connectivity/.tile.MiShareTileService)
08-19 14:15:02.841 E/QSAnimator( 2677): tileView is null freeformhang
08-19 14:15:02.841 E/QSAnimator( 2677): tileView is null custom(com.miui.screenrecorder/.service.QuickService)
08-19 14:15:02.841 E/QSAnimator( 2677): tileView is null vibrate
08-19 14:15:02.841 E/QSAnimator( 2677): tileView is null hotspot
08-19 14:15:02.841 E/QSAnimator( 2677): tileView is null nfc
08-19 14:15:02.841 E/QSAnimator( 2677): tileView is null edit
08-19 14:15:03.506 I/cmd     (23249): oneway function results will be dropped but finished with status OK and parcel size 4
08-19 14:15:03.559 W/Thread-21( 6397): type=1400 audit(0.0:1635035): avc: denied { read } for name="devices" dev="proc" ino=4026532038 scontext=u:r:untrusted_app_27:s0:c512,c768 tcontext=u:object_r:proc:s0 tclass=file permissive=0 app=com.tmri.app.main
08-19 14:15:03.633 I/cmd     (23253): oneway function results will be dropped but finished with status OK and parcel size 4
08-19 14:15:04.452 I/MiuiNetworkPolicy( 1783): bandwidth: 0 KB/s, Max bandwidth: 4964 KB/s
08-19 14:15:04.567 W/Thread-21( 6397): type=1400 audit(0.0:1635036): avc: denied { read } for name="devices" dev="proc" ino=4026532038 scontext=u:r:untrusted_app_27:s0:c512,c768 tcontext=u:object_r:proc:s0 tclass=file permissive=0 app=com.tmri.app.main
08-19 14:15:04.589 I/cmd     (23276): oneway function results will be dropped but finished with status OK and parcel size 4
08-19 14:15:05.023 I/cmd     (23289): oneway function results will be dropped but finished with status OK and parcel size 4
08-19 14:15:05.502 I/LOGSDK_CmdFetchPlugin(19947): handleFetchResult, onResult, resultCode: 200, resultMsg: {"code":200,"msg":null,"data":{"guid":"a638c20c7b28739d4624618a83f1f501bbd13f6688693810608da40cc2fd885a","cmdList":[]}}

08-19 14:15:05.502 I/LOGSDK_PollRequest(19947): isResultValid, response.data.cmdList is empty
08-19 14:15:05.603 W/Thread-21( 6397): type=1400 audit(0.0:1635037): avc: denied { read } for name="devices" dev="proc" ino=4026532038 scontext=u:r:untrusted_app_27:s0:c512,c768 tcontext=u:object_r:proc:s0 tclass=file permissive=0 app=com.tmri.app.main
08-19 14:15:05.844 E/QSAnimator( 2677): tileView is null custom(com.android.settings/.development.qstile.DevelopmentTiles$WirelessDebugging)
08-19 14:15:05.844 E/QSAnimator( 2677): tileView is null flashlight
08-19 14:15:05.844 E/QSAnimator( 2677): tileView is null mute
08-19 14:15:05.844 E/QSAnimator( 2677): tileView is null screenshot
08-19 14:15:05.844 E/QSAnimator( 2677): tileView is null airplane
08-19 14:15:05.844 E/QSAnimator( 2677): tileView is null screenlock
08-19 14:15:05.844 E/QSAnimator( 2677): tileView is null gps
08-19 14:15:05.844 E/QSAnimator( 2677): tileView is null rotation
08-19 14:15:05.844 E/QSAnimator( 2677): tileView is null scanner
08-19 14:15:05.844 E/QSAnimator( 2677): tileView is null papermode
08-19 14:15:05.844 E/QSAnimator( 2677): tileView is null night
08-19 14:15:05.844 E/QSAnimator( 2677): tileView is null quietmode
08-19 14:15:05.844 E/QSAnimator( 2677): tileView is null batterysaver
08-19 14:15:05.844 E/QSAnimator( 2677): tileView is null custom(com.miui.securitycenter/com.miui.superpower.notification.SuperPowerTileService)
08-19 14:15:05.844 E/QSAnimator( 2677): tileView is null custom(com.milink.service/com.milink.ui.service.MiLinkTileService)
08-19 14:15:05.844 E/QSAnimator( 2677): tileView is null custom(com.miui.mishare.connectivity/.tile.MiShareTileService)
08-19 14:15:05.844 E/QSAnimator( 2677): tileView is null freeformhang
08-19 14:15:05.844 E/QSAnimator( 2677): tileView is null custom(com.miui.screenrecorder/.service.QuickService)
08-19 14:15:05.844 E/QSAnimator( 2677): tileView is null vibrate
08-19 14:15:05.844 E/QSAnimator( 2677): tileView is null hotspot
08-19 14:15:05.844 E/QSAnimator( 2677): tileView is null nfc
08-19 14:15:05.844 E/QSAnimator( 2677): tileView is null edit
08-19 14:15:05.924 I/cmd     (23314): oneway function results will be dropped but finished with status OK and parcel size 4
08-19 14:15:06.380 I/cmd     (23326): oneway function results will be dropped but finished with status OK and parcel size 4
08-19 14:15:06.623 W/Thread-21( 6397): type=1400 audit(0.0:1635038): avc: denied { read } for name="devices" dev="proc" ino=4026532038 scontext=u:r:untrusted_app_27:s0:c512,c768 tcontext=u:object_r:proc:s0 tclass=file permissive=0 app=com.tmri.app.main
08-19 14:15:06.831 I/cmd     (23337): oneway function results will be dropped but finished with status OK and parcel size 4
08-19 14:15:06.902 D/KeyguardUpdateMonitor( 2677): received broadcast android.intent.action.BATTERY_CHANGED
08-19 14:15:06.902 D/NetworkSpeedTracker( 2989): receive actionandroid.intent.action.BATTERY_CHANGED
08-19 14:15:06.902 D/NetworkSpeedTracker( 2989): onReceive ACTION_BATTERY_CHANGED mBatteryLevel = 68;mIsCharging =true
08-19 14:15:06.903 D/BatteryController( 2677): onReceive: Intent = Intent { act=android.intent.action.BATTERY_CHANGED flg=0x60000010 (has extras) } action = android.intent.action.BATTERY_CHANGED
08-19 14:15:06.904 I/BatteryInfoReceiver( 4989): ACTION_BATTERY_CHANGED
08-19 14:15:06.906 D/PowerCheckerService( 5940): onBatteryChanged, mBatteryLevel = 68, status = 2, level = 68, plug = 1, scale = 100
08-19 14:15:06.906 D/UploadVoiceJobService( 3982): needUploadVoice timeSinceLastUpload = 2342542
08-19 14:15:06.908 D/DeviceStatisticsService( 2921): chargerType=1 batteryLevel=68 totalBatteryCapacity=4252500
08-19 14:15:06.908 D/DeviceInfoHidlClient( 2921): getPowerInfoSupportStatus()=1
08-19 14:15:06.908 D/DeviceInfoHidlClient( 2921): isRadioOn()=true
08-19 14:15:06.908 I/DeviceInfoHidlClient( 2921): isPowerInfoNeverSent=false batteryLevel=68 batteryLevelIndex=2 chargingMode=1 totalCapacity=4252500 powerSaveMode=false
08-19 14:15:07.164 I/cmd     (23345): oneway function results will be dropped but finished with status OK and parcel size 4
08-19 14:15:07.275 I/cmd     (23349): oneway function results will be dropped but finished with status OK and parcel size 4
08-19 14:15:07.456 I/MiuiNetworkPolicy( 1783): bandwidth: 0 KB/s, Max bandwidth: 4964 KB/s
08-19 14:15:07.602 I/cmd     (23357): oneway function results will be dropped but finished with status OK and parcel size 4
08-19 14:15:07.639 W/Thread-21( 6397): type=1400 audit(0.0:1635039): avc: denied { read } for name="devices" dev="proc" ino=4026532038 scontext=u:r:untrusted_app_27:s0:c512,c768 tcontext=u:object_r:proc:s0 tclass=file permissive=0 app=com.tmri.app.main
08-19 14:15:07.743 I/cmd     (23363): oneway function results will be dropped but finished with status OK and parcel size 4
08-19 14:15:08.500 I/cmd     (23381): oneway function results will be dropped but finished with status OK and parcel size 4
08-19 14:15:08.615 I/cmd     (23388): oneway function results will be dropped but finished with status OK and parcel size 4
08-19 14:15:08.659 W/Thread-21( 6397): type=1400 audit(0.0:1635040): avc: denied { read } for name="devices" dev="proc" ino=4026532038 scontext=u:r:untrusted_app_27:s0:c512,c768 tcontext=u:object_r:proc:s0 tclass=file permissive=0 app=com.tmri.app.main
08-19 14:15:08.910 E/QSAnimator( 2677): tileView is null custom(com.android.settings/.development.qstile.DevelopmentTiles$WirelessDebugging)
08-19 14:15:08.910 E/QSAnimator( 2677): tileView is null flashlight
08-19 14:15:08.910 E/QSAnimator( 2677): tileView is null mute
08-19 14:15:08.910 E/QSAnimator( 2677): tileView is null screenshot
08-19 14:15:08.910 E/QSAnimator( 2677): tileView is null airplane
08-19 14:15:08.910 E/QSAnimator( 2677): tileView is null screenlock
08-19 14:15:08.910 E/QSAnimator( 2677): tileView is null gps
08-19 14:15:08.910 E/QSAnimator( 2677): tileView is null rotation
08-19 14:15:08.910 E/QSAnimator( 2677): tileView is null scanner
08-19 14:15:08.910 E/QSAnimator( 2677): tileView is null papermode
08-19 14:15:08.910 E/QSAnimator( 2677): tileView is null night
08-19 14:15:08.910 E/QSAnimator( 2677): tileView is null quietmode
08-19 14:15:08.910 E/QSAnimator( 2677): tileView is null batterysaver
08-19 14:15:08.910 E/QSAnimator( 2677): tileView is null custom(com.miui.securitycenter/com.miui.superpower.notification.SuperPowerTileService)
08-19 14:15:08.910 E/QSAnimator( 2677): tileView is null custom(com.milink.service/com.milink.ui.service.MiLinkTileService)
08-19 14:15:08.910 E/QSAnimator( 2677): tileView is null custom(com.miui.mishare.connectivity/.tile.MiShareTileService)
08-19 14:15:08.910 E/QSAnimator( 2677): tileView is null freeformhang
08-19 14:15:08.910 E/QSAnimator( 2677): tileView is null custom(com.miui.screenrecorder/.service.QuickService)
08-19 14:15:08.910 E/QSAnimator( 2677): tileView is null vibrate
08-19 14:15:08.910 E/QSAnimator( 2677): tileView is null hotspot
08-19 14:15:08.910 E/QSAnimator( 2677): tileView is null nfc
08-19 14:15:08.910 E/QSAnimator( 2677): tileView is null edit
08-19 14:15:09.409 I/cmd     (23404): oneway function results will be dropped but finished with status OK and parcel size 4
08-19 14:15:09.667 W/Thread-21( 6397): type=1400 audit(0.0:1635041): avc: denied { read } for name="devices" dev="proc" ino=4026532038 scontext=u:r:untrusted_app_27:s0:c512,c768 tcontext=u:object_r:proc:s0 tclass=file permissive=0 app=com.tmri.app.main
--------- beginning of system
08-19 14:15:10.394 I/MiuiChargeManager( 2677): notifyBatteryStatusChanged:  status: 2 isPlugged: 1 level: 69 wireState: 11 chargeSpeed: 0 mWiredChargeType: 0 mWirelessChargeType: 0 chargeDeviceType: 0 maxChargingWattage: 7500000 SUPPORT_BROADCAST_QUICK_CHARGE: true
08-19 14:15:10.394 D/KeyguardUpdateMonitor( 2677): handleBatteryUpdate
08-19 14:15:10.395 I/MiuiChargeController( 2677): checkBatteryStatus: wireState 11 status 2 plugged 1 chargeSpeed 0 maxChargingWattage 7500000 isRapidCharge false isSuperCharge false isStrongSuperCharge false isCarMode false mChargeDeviceType 0 mChargeDeviceForAnalytic -1 SUPPORT_NEW_ANIMATION true isChargeAnimationDisabled false
08-19 14:15:10.395 I/MiuiChargeController( 2677): dealWithAnimationShow mWireState=11,wireState=11
08-19 14:15:10.395 I/MiuiChargeController( 2677):  dealWithAnimationShow 相同 
08-19 14:15:10.396 D/KeyguardUpdateMonitor( 2677): received broadcast android.intent.action.BATTERY_CHANGED
08-19 14:15:10.396 D/BatteryController( 2677): onReceive: Intent = Intent { act=android.intent.action.BATTERY_CHANGED flg=0x60000010 (has extras) } action = android.intent.action.BATTERY_CHANGED
08-19 14:15:10.396 I/BatteryController(13193): notifyBatteryStatusChanged:  status: 2 isPlugged: 1 level: 69 wireState: 11 chargeSpeed: 0 mWiredChargeType: 0 mWirelessChargeType: 0 chargeDeviceType: 0
08-19 14:15:10.397 D/UploadVoiceJobService( 3982): needUploadVoice timeSinceLastUpload = 2346033
08-19 14:15:10.397 I/BatteryController( 3439): notifyBatteryStatusChanged:  status: 2 isPlugged: 1 level: 69 wireState: 11 chargeSpeed: 0 mWiredChargeType: 0 mWirelessChargeType: 0 chargeDeviceType: 0
08-19 14:15:10.397 I/BatteryInfoReceiver( 4989): ACTION_BATTERY_CHANGED
08-19 14:15:10.397 D/NetworkSpeedTracker( 2989): receive actionandroid.intent.action.BATTERY_CHANGED
08-19 14:15:10.397 D/NetworkSpeedTracker( 2989): onReceive ACTION_BATTERY_CHANGED mBatteryLevel = 69;mIsCharging =true
08-19 14:15:10.398 W/BatteryHistoryLoadMgr( 4989): getHistoryInfo begin
08-19 14:15:10.399 D/PowerCheckerService( 5940): onBatteryChanged, mBatteryLevel = 68, status = 2, level = 69, plug = 1, scale = 100
08-19 14:15:10.400 I/cmd     (23433): oneway function results will be dropped but finished with status OK and parcel size 4
08-19 14:15:10.402 D/DeviceStatisticsService( 2921): chargerType=1 batteryLevel=69 totalBatteryCapacity=4192300
08-19 14:15:10.402 D/DeviceInfoHidlClient( 2921): getPowerInfoSupportStatus()=1
08-19 14:15:10.402 D/DeviceInfoHidlClient( 2921): isRadioOn()=true
08-19 14:15:10.402 I/DeviceInfoHidlClient( 2921): isPowerInfoNeverSent=false batteryLevel=69 batteryLevelIndex=2 chargingMode=1 totalCapacity=4192300 powerSaveMode=false
08-19 14:15:10.404 I/PowerCenterProvider( 4989): call METHOD_GET_BATTERY_INFO
08-19 14:15:10.405 W/BatteryHistoryLoadMgr( 4989): getHistoryInfo begin
08-19 14:15:10.423 E/QSAnimator( 2677): tileView is null custom(com.android.settings/.development.qstile.DevelopmentTiles$WirelessDebugging)
08-19 14:15:10.423 E/QSAnimator( 2677): tileView is null flashlight
08-19 14:15:10.423 E/QSAnimator( 2677): tileView is null mute
08-19 14:15:10.423 E/QSAnimator( 2677): tileView is null screenshot
08-19 14:15:10.423 E/QSAnimator( 2677): tileView is null airplane
08-19 14:15:10.423 E/QSAnimator( 2677): tileView is null screenlock
08-19 14:15:10.423 E/QSAnimator( 2677): tileView is null gps
08-19 14:15:10.423 E/QSAnimator( 2677): tileView is null rotation
08-19 14:15:10.423 E/QSAnimator( 2677): tileView is null scanner
08-19 14:15:10.423 E/QSAnimator( 2677): tileView is null papermode
08-19 14:15:10.423 E/QSAnimator( 2677): tileView is null night
08-19 14:15:10.423 E/QSAnimator( 2677): tileView is null quietmode
08-19 14:15:10.423 E/QSAnimator( 2677): tileView is null batterysaver
08-19 14:15:10.423 E/QSAnimator( 2677): tileView is null custom(com.miui.securitycenter/com.miui.superpower.notification.SuperPowerTileService)
08-19 14:15:10.423 E/QSAnimator( 2677): tileView is null custom(com.milink.service/com.milink.ui.service.MiLinkTileService)
08-19 14:15:10.423 E/QSAnimator( 2677): tileView is null custom(com.miui.mishare.connectivity/.tile.MiShareTileService)
08-19 14:15:10.423 E/QSAnimator( 2677): tileView is null freeformhang
08-19 14:15:10.423 E/QSAnimator( 2677): tileView is null custom(com.miui.screenrecorder/.service.QuickService)
08-19 14:15:10.423 E/QSAnimator( 2677): tileView is null vibrate
08-19 14:15:10.423 E/QSAnimator( 2677): tileView is null hotspot
08-19 14:15:10.423 E/QSAnimator( 2677): tileView is null nfc
08-19 14:15:10.423 E/QSAnimator( 2677): tileView is null edit
08-19 14:15:10.457 I/MiuiNetworkPolicy( 1783): bandwidth: 0 KB/s, Max bandwidth: 4964 KB/s
08-19 14:15:10.459 I/hwservicemanager(  601): getTransport: Cannot find entry android.hardware.power.stats@1.0::IPowerStats/default in either framework or device manifest.
08-19 14:15:10.459 I/hwservicemanager(  601): getTransport: Cannot find entry android.hardware.power@1.0::IPower/default in either framework or device manifest.
08-19 14:15:10.459 E/BatteryStatsService( 1783): Unable to load Power Hal or power.stats HAL
08-19 14:15:10.459 I/hwservicemanager(  601): getTransport: Cannot find entry android.hardware.power.stats@1.0::IPowerStats/default in either framework or device manifest.
08-19 14:15:10.460 I/hwservicemanager(  601): getTransport: Cannot find entry android.hardware.power@1.0::IPower/default in either framework or device manifest.
08-19 14:15:10.460 E/BatteryStatsService( 1783): Unable to load Power Hal or power.stats HAL
08-19 14:15:10.477 E/android.system.suspend@1.0-service(  668): Error opening kernel wakelock stats for: wakeup58: Permission denied
08-19 14:15:10.475 W/Binder:668_2(  668): type=1400 audit(0.0:1635042): avc: denied { read } for name="wakeup58" dev="sysfs" ino=81861 scontext=u:r:system_suspend:s0 tcontext=u:object_r:vendor_sysfs_usb_supply:s0 tclass=dir permissive=0
08-19 14:15:10.477 E/android.system.suspend@1.0-service(  668): Error opening kernel wakelock stats for: wakeup4: Permission denied
08-19 14:15:10.477 E/android.system.suspend@1.0-service(  668): Error opening kernel wakelock stats for: wakeup76: Permission denied
08-19 14:15:10.475 W/Binder:668_2(  668): type=1400 audit(0.0:1635043): avc: denied { read } for name="wakeup4" dev="sysfs" ino=55912 scontext=u:r:system_suspend:s0 tcontext=u:object_r:sysfs:s0 tclass=dir permissive=0
08-19 14:15:10.477 E/android.system.suspend@1.0-service(  668): Error opening kernel wakelock stats for: wakeup38: Permission denied
08-19 14:15:10.475 W/Binder:668_2(  668): type=1400 audit(0.0:1635044): avc: denied { read } for name="wakeup76" dev="sysfs" ino=89236 scontext=u:r:system_suspend:s0 tcontext=u:object_r:sysfs:s0 tclass=dir permissive=0
08-19 14:15:10.475 W/Binder:668_2(  668): type=1400 audit(0.0:1635045): avc: denied { read } for name="wakeup38" dev="sysfs" ino=71742 scontext=u:r:system_suspend:s0 tcontext=u:object_r:sysfs:s0 tclass=dir permissive=0
08-19 14:15:10.478 E/android.system.suspend@1.0-service(  668): Error opening kernel wakelock stats for: wakeup56: Permission denied
08-19 14:15:10.478 E/android.system.suspend@1.0-service(  668): Error opening kernel wakelock stats for: wakeup46: Permission denied
08-19 14:15:10.478 E/android.system.suspend@1.0-service(  668): Error opening kernel wakelock stats for: wakeup2: Permission denied
08-19 14:15:10.478 E/android.system.suspend@1.0-service(  668): Error opening kernel wakelock stats for: wakeup74: Permission denied
08-19 14:15:10.478 E/android.system.suspend@1.0-service(  668): Error opening kernel wakelock stats for: wakeup36: Permission denied
08-19 14:15:10.479 E/android.system.suspend@1.0-service(  668): Error opening kernel wakelock stats for: wakeup82: Permission denied
08-19 14:15:10.479 E/android.system.suspend@1.0-service(  668): Error opening kernel wakelock stats for: wakeup44: Permission denied
08-19 14:15:10.479 E/android.system.suspend@1.0-service(  668): Error opening kernel wakelock stats for: wakeup0: Permission denied
08-19 14:15:10.479 E/android.system.suspend@1.0-service(  668): Error opening kernel wakelock stats for: wakeup72: Permission denied
08-19 14:15:10.479 E/android.system.suspend@1.0-service(  668): Error opening kernel wakelock stats for: wakeup62: Permission denied
08-19 14:15:10.479 E/android.system.suspend@1.0-service(  668): Error opening kernel wakelock stats for: wakeup52: Permission denied
08-19 14:15:10.479 E/android.system.suspend@1.0-service(  668): Error opening kernel wakelock stats for: wakeup9: Permission denied
08-19 14:15:10.479 E/android.system.suspend@1.0-service(  668): Error opening kernel wakelock stats for: wakeup80: Permission denied
08-19 14:15:10.480 E/android.system.suspend@1.0-service(  668): Error opening kernel wakelock stats for: wakeup42: Permission denied
08-19 14:15:10.480 E/android.system.suspend@1.0-service(  668): Error opening kernel wakelock stats for: wakeup70: Permission denied
08-19 14:15:10.480 E/android.system.suspend@1.0-service(  668): Error opening kernel wakelock stats for: wakeup32: Permission denied
08-19 14:15:10.480 E/android.system.suspend@1.0-service(  668): Error opening kernel wakelock stats for: wakeup130: Permission denied
08-19 14:15:10.480 E/android.system.suspend@1.0-service(  668): Error opening kernel wakelock stats for: wakeup60: Permission denied
08-19 14:15:10.480 E/android.system.suspend@1.0-service(  668): Error opening kernel wakelock stats for: wakeup89: Permission denied
08-19 14:15:10.480 E/android.system.suspend@1.0-service(  668): Error opening kernel wakelock stats for: wakeup7: Permission denied
08-19 14:15:10.480 E/android.system.suspend@1.0-service(  668): Error opening kernel wakelock stats for: wakeup79: Permission denied
08-19 14:15:10.480 E/android.system.suspend@1.0-service(  668): Error opening kernel wakelock stats for: wakeup40: Permission denied
08-19 14:15:10.480 E/android.system.suspend@1.0-service(  668): Error opening kernel wakelock stats for: wakeup69: Permission denied
08-19 14:15:10.481 E/android.system.suspend@1.0-service(  668): Error opening kernel wakelock stats for: wakeup100: Permission denied
08-19 14:15:10.481 E/android.system.suspend@1.0-service(  668): Error opening kernel wakelock stats for: wakeup30: Permission denied
08-19 14:15:10.481 E/android.system.suspend@1.0-service(  668): Error opening kernel wakelock stats for: wakeup59: Permission denied
08-19 14:15:10.481 E/android.system.suspend@1.0-service(  668): Error opening kernel wakelock stats for: wakeup77: Permission denied
08-19 14:15:10.481 E/android.system.suspend@1.0-service(  668): Error opening kernel wakelock stats for: wakeup10: Permission denied
08-19 14:15:10.481 E/android.system.suspend@1.0-service(  668): Error opening kernel wakelock stats for: wakeup39: Permission denied
08-19 14:15:10.482 E/android.system.suspend@1.0-service(  668): Error opening kernel wakelock stats for: wakeup29: Permission denied
08-19 14:15:10.482 E/android.system.suspend@1.0-service(  668): Error opening kernel wakelock stats for: wakeup57: Permission denied
08-19 14:15:10.482 E/android.system.suspend@1.0-service(  668): Error opening kernel wakelock stats for: wakeup19: Permission denied
08-19 14:15:10.482 E/android.system.suspend@1.0-service(  668): Error opening kernel wakelock stats for: wakeup47: Permission denied
08-19 14:15:10.482 E/android.system.suspend@1.0-service(  668): Error opening kernel wakelock stats for: wakeup3: Permission denied
08-19 14:15:10.482 E/android.system.suspend@1.0-service(  668): Error opening kernel wakelock stats for: wakeup75: Permission denied
08-19 14:15:10.482 E/android.system.suspend@1.0-service(  668): Error opening kernel wakelock stats for: wakeup37: Permission denied
08-19 14:15:10.482 E/android.system.suspend@1.0-service(  668): Error opening kernel wakelock stats for: wakeup65: Permission denied
08-19 14:15:10.482 E/android.system.suspend@1.0-service(  668): Error opening kernel wakelock stats for: wakeup27: Permission denied
08-19 14:15:10.482 E/android.system.suspend@1.0-service(  668): Error opening kernel wakelock stats for: wakeup55: Permission denied
08-19 14:15:10.483 E/android.system.suspend@1.0-service(  668): Error opening kernel wakelock stats for: wakeup17: Permission denied
08-19 14:15:10.483 E/android.system.suspend@1.0-service(  668): Error opening kernel wakelock stats for: wakeup45: Permission denied
08-19 14:15:10.483 E/android.system.suspend@1.0-service(  668): Error opening kernel wakelock stats for: wakeup1: Permission denied
08-19 14:15:10.483 E/android.system.suspend@1.0-service(  668): Error opening kernel wakelock stats for: wakeup73: Permission denied
08-19 14:15:10.483 E/android.system.suspend@1.0-service(  668): Error opening kernel wakelock stats for: wakeup35: Permission denied
08-19 14:15:10.483 E/android.system.suspend@1.0-service(  668): Error opening kernel wakelock stats for: wakeup25: Permission denied
08-19 14:15:10.483 E/android.system.suspend@1.0-service(  668): Error opening kernel wakelock stats for: wakeup81: Permission denied
08-19 14:15:10.483 E/android.system.suspend@1.0-service(  668): Error opening kernel wakelock stats for: wakeup15: Permission denied
08-19 14:15:10.484 E/android.system.suspend@1.0-service(  668): Error opening kernel wakelock stats for: wakeup43: Permission denied
08-19 14:15:10.484 E/android.system.suspend@1.0-service(  668): Error opening kernel wakelock stats for: wakeup71: Permission denied
08-19 14:15:10.484 E/android.system.suspend@1.0-service(  668): Error opening kernel wakelock stats for: wakeup103: Permission denied
08-19 14:15:10.484 E/android.system.suspend@1.0-service(  668): Error opening kernel wakelock stats for: wakeup33: Permission denied
08-19 14:15:10.484 E/android.system.suspend@1.0-service(  668): Error opening kernel wakelock stats for: wakeup61: Permission denied
08-19 14:15:10.484 E/android.system.suspend@1.0-service(  668): Error opening kernel wakelock stats for: wakeup23: Permission denied
08-19 14:15:10.484 E/android.system.suspend@1.0-service(  668): Error opening kernel wakelock stats for: wakeup51: Permission denied
08-19 14:15:10.484 E/android.system.suspend@1.0-service(  668): Error opening kernel wakelock stats for: wakeup8: Permission denied
08-19 14:15:10.484 E/android.system.suspend@1.0-service(  668): Error opening kernel wakelock stats for: wakeup13: Permission denied
08-19 14:15:10.484 E/android.system.suspend@1.0-service(  668): Error opening kernel wakelock stats for: wakeup41: Permission denied
08-19 14:15:10.484 E/android.system.suspend@1.0-service(  668): Error opening kernel wakelock stats for: wakeup98: Permission denied
08-19 14:15:10.484 E/android.system.suspend@1.0-service(  668): Error opening kernel wakelock stats for: wakeup31: Permission denied
08-19 14:15:10.484 E/android.system.suspend@1.0-service(  668): Error opening kernel wakelock stats for: wakeup88: Permission denied
08-19 14:15:10.484 E/android.system.suspend@1.0-service(  668): Error opening kernel wakelock stats for: wakeup21: Permission denied
08-19 14:15:10.484 E/android.system.suspend@1.0-service(  668): Error opening kernel wakelock stats for: wakeup6: Permission denied
08-19 14:15:10.484 E/android.system.suspend@1.0-service(  668): Error opening kernel wakelock stats for: wakeup78: Permission denied
08-19 14:15:10.484 E/android.system.suspend@1.0-service(  668): Error opening kernel wakelock stats for: wakeup11: Permission denied
08-19 14:15:10.486 I/hwservicemanager(  601): getTransport: Cannot find entry android.hardware.power.stats@1.0::IPowerStats/default in either framework or device manifest.
08-19 14:15:10.486 I/hwservicemanager(  601): getTransport: Cannot find entry android.hardware.power@1.0::IPower/default in either framework or device manifest.
08-19 14:15:10.486 E/BatteryStatsService( 1783): Unable to load Power Hal or power.stats HAL
08-19 14:15:10.533 W/BatteryHistoryLoadMgr( 4989): get firstHistoryInfo time: 32031
08-19 14:15:10.533 D/BatteryHistoryLoadMgr( 4989): getHistoryInfo end
08-19 14:15:10.533 I/BatteryInfoReceiver( 4989): update charge detail 121
08-19 14:15:10.535 I/PowerUtils( 4989): Device name:alioth
08-19 14:15:10.535 W/PowerUtils( 4989): should not use this capacity value 4520
08-19 14:15:10.535 I/PowerUtils( 4989): Device name:alioth
08-19 14:15:10.535 W/PowerUtils( 4989): should not use this capacity value 4520
08-19 14:15:10.536 I/PowerUtils( 4989): Device name:alioth
08-19 14:15:10.537 W/PowerUtils( 4989): should not use this capacity value 4520
08-19 14:15:10.537 I/PowerUtils( 4989): Device name:alioth
08-19 14:15:10.537 W/PowerUtils( 4989): should not use this capacity value 4520
08-19 14:15:10.538 I/BatteryChargeTimeHelper( 4989): Mixed(default) charge time 0.31 1h14m55s424ms
08-19 14:15:10.563 E/android.system.suspend@1.0-service(  668): Error opening kernel wakelock stats for: wakeup58: Permission denied
08-19 14:15:10.564 E/android.system.suspend@1.0-service(  668): Error opening kernel wakelock stats for: wakeup4: Permission denied
08-19 14:15:10.564 E/android.system.suspend@1.0-service(  668): Error opening kernel wakelock stats for: wakeup76: Permission denied
08-19 14:15:10.564 E/android.system.suspend@1.0-service(  668): Error opening kernel wakelock stats for: wakeup38: Permission denied
08-19 14:15:10.564 E/android.system.suspend@1.0-service(  668): Error opening kernel wakelock stats for: wakeup56: Permission denied
08-19 14:15:10.564 E/android.system.suspend@1.0-service(  668): Error opening kernel wakelock stats for: wakeup46: Permission denied
08-19 14:15:10.564 E/android.system.suspend@1.0-service(  668): Error opening kernel wakelock stats for: wakeup2: Permission denied
08-19 14:15:10.565 E/android.system.suspend@1.0-service(  668): Error opening kernel wakelock stats for: wakeup74: Permission denied
08-19 14:15:10.565 E/android.system.suspend@1.0-service(  668): Error opening kernel wakelock stats for: wakeup36: Permission denied
08-19 14:15:10.565 E/android.system.suspend@1.0-service(  668): Error opening kernel wakelock stats for: wakeup82: Permission denied
08-19 14:15:10.566 E/android.system.suspend@1.0-service(  668): Error opening kernel wakelock stats for: wakeup44: Permission denied
08-19 14:15:10.566 E/android.system.suspend@1.0-service(  668): Error opening kernel wakelock stats for: wakeup0: Permission denied
08-19 14:15:10.566 E/android.system.suspend@1.0-service(  668): Error opening kernel wakelock stats for: wakeup72: Permission denied
08-19 14:15:10.566 E/android.system.suspend@1.0-service(  668): Error opening kernel wakelock stats for: wakeup62: Permission denied
08-19 14:15:10.566 E/android.system.suspend@1.0-service(  668): Error opening kernel wakelock stats for: wakeup52: Permission denied
08-19 14:15:10.566 E/android.system.suspend@1.0-service(  668): Error opening kernel wakelock stats for: wakeup9: Permission denied
08-19 14:15:10.566 E/android.system.suspend@1.0-service(  668): Error opening kernel wakelock stats for: wakeup80: Permission denied
08-19 14:15:10.566 E/android.system.suspend@1.0-service(  668): Error opening kernel wakelock stats for: wakeup42: Permission denied
08-19 14:15:10.567 E/android.system.suspend@1.0-service(  668): Error opening kernel wakelock stats for: wakeup70: Permission denied
08-19 14:15:10.567 E/android.system.suspend@1.0-service(  668): Error opening kernel wakelock stats for: wakeup32: Permission denied
08-19 14:15:10.567 E/android.system.suspend@1.0-service(  668): Error opening kernel wakelock stats for: wakeup130: Permission denied
08-19 14:15:10.567 E/android.system.suspend@1.0-service(  668): Error opening kernel wakelock stats for: wakeup60: Permission denied
08-19 14:15:10.567 E/android.system.suspend@1.0-service(  668): Error opening kernel wakelock stats for: wakeup89: Permission denied
08-19 14:15:10.567 E/android.system.suspend@1.0-service(  668): Error opening kernel wakelock stats for: wakeup7: Permission denied
08-19 14:15:10.567 E/android.system.suspend@1.0-service(  668): Error opening kernel wakelock stats for: wakeup79: Permission denied
08-19 14:15:10.567 E/android.system.suspend@1.0-service(  668): Error opening kernel wakelock stats for: wakeup40: Permission denied
08-19 14:15:10.567 E/android.system.suspend@1.0-service(  668): Error opening kernel wakelock stats for: wakeup69: Permission denied
08-19 14:15:10.567 E/android.system.suspend@1.0-service(  668): Error opening kernel wakelock stats for: wakeup100: Permission denied
08-19 14:15:10.567 E/android.system.suspend@1.0-service(  668): Error opening kernel wakelock stats for: wakeup30: Permission denied
08-19 14:15:10.567 E/android.system.suspend@1.0-service(  668): Error opening kernel wakelock stats for: wakeup59: Permission denied
08-19 14:15:10.568 E/android.system.suspend@1.0-service(  668): Error opening kernel wakelock stats for: wakeup77: Permission denied
08-19 14:15:10.568 E/android.system.suspend@1.0-service(  668): Error opening kernel wakelock stats for: wakeup10: Permission denied
08-19 14:15:10.568 E/android.system.suspend@1.0-service(  668): Error opening kernel wakelock stats for: wakeup39: Permission denied
08-19 14:15:10.568 E/android.system.suspend@1.0-service(  668): Error opening kernel wakelock stats for: wakeup29: Permission denied
08-19 14:15:10.568 E/android.system.suspend@1.0-service(  668): Error opening kernel wakelock stats for: wakeup57: Permission denied
08-19 14:15:10.568 E/android.system.suspend@1.0-service(  668): Error opening kernel wakelock stats for: wakeup19: Permission denied
08-19 14:15:10.568 E/android.system.suspend@1.0-service(  668): Error opening kernel wakelock stats for: wakeup47: Permission denied
08-19 14:15:10.568 E/android.system.suspend@1.0-service(  668): Error opening kernel wakelock stats for: wakeup3: Permission denied
08-19 14:15:10.568 E/android.system.suspend@1.0-service(  668): Error opening kernel wakelock stats for: wakeup75: Permission denied
08-19 14:15:10.569 E/android.system.suspend@1.0-service(  668): Error opening kernel wakelock stats for: wakeup37: Permission denied
08-19 14:15:10.569 E/android.system.suspend@1.0-service(  668): Error opening kernel wakelock stats for: wakeup65: Permission denied
08-19 14:15:10.569 E/android.system.suspend@1.0-service(  668): Error opening kernel wakelock stats for: wakeup27: Permission denied
08-19 14:15:10.569 E/android.system.suspend@1.0-service(  668): Error opening kernel wakelock stats for: wakeup55: Permission denied
08-19 14:15:10.569 E/android.system.suspend@1.0-service(  668): Error opening kernel wakelock stats for: wakeup17: Permission denied
08-19 14:15:10.569 E/android.system.suspend@1.0-service(  668): Error opening kernel wakelock stats for: wakeup45: Permission denied
08-19 14:15:10.569 E/android.system.suspend@1.0-service(  668): Error opening kernel wakelock stats for: wakeup1: Permission denied
08-19 14:15:10.570 E/android.system.suspend@1.0-service(  668): Error opening kernel wakelock stats for: wakeup73: Permission denied
08-19 14:15:10.570 E/android.system.suspend@1.0-service(  668): Error opening kernel wakelock stats for: wakeup35: Permission denied
08-19 14:15:10.570 E/android.system.suspend@1.0-service(  668): Error opening kernel wakelock stats for: wakeup25: Permission denied
08-19 14:15:10.570 E/android.system.suspend@1.0-service(  668): Error opening kernel wakelock stats for: wakeup81: Permission denied
08-19 14:15:10.570 E/android.system.suspend@1.0-service(  668): Error opening kernel wakelock stats for: wakeup15: Permission denied
08-19 14:15:10.570 E/android.system.suspend@1.0-service(  668): Error opening kernel wakelock stats for: wakeup43: Permission denied
08-19 14:15:10.570 E/android.system.suspend@1.0-service(  668): Error opening kernel wakelock stats for: wakeup71: Permission denied
08-19 14:15:10.570 E/android.system.suspend@1.0-service(  668): Error opening kernel wakelock stats for: wakeup103: Permission denied
08-19 14:15:10.570 E/android.system.suspend@1.0-service(  668): Error opening kernel wakelock stats for: wakeup33: Permission denied
08-19 14:15:10.571 E/android.system.suspend@1.0-service(  668): Error opening kernel wakelock stats for: wakeup61: Permission denied
08-19 14:15:10.571 E/android.system.suspend@1.0-service(  668): Error opening kernel wakelock stats for: wakeup23: Permission denied
08-19 14:15:10.571 E/android.system.suspend@1.0-service(  668): Error opening kernel wakelock stats for: wakeup51: Permission denied
08-19 14:15:10.571 E/android.system.suspend@1.0-service(  668): Error opening kernel wakelock stats for: wakeup8: Permission denied
08-19 14:15:10.571 E/android.system.suspend@1.0-service(  668): Error opening kernel wakelock stats for: wakeup13: Permission denied
08-19 14:15:10.571 E/android.system.suspend@1.0-service(  668): Error opening kernel wakelock stats for: wakeup41: Permission denied
08-19 14:15:10.571 E/android.system.suspend@1.0-service(  668): Error opening kernel wakelock stats for: wakeup98: Permission denied
08-19 14:15:10.571 E/android.system.suspend@1.0-service(  668): Error opening kernel wakelock stats for: wakeup31: Permission denied
08-19 14:15:10.571 E/android.system.suspend@1.0-service(  668): Error opening kernel wakelock stats for: wakeup88: Permission denied
08-19 14:15:10.571 E/android.system.suspend@1.0-service(  668): Error opening kernel wakelock stats for: wakeup21: Permission denied
08-19 14:15:10.571 E/android.system.suspend@1.0-service(  668): Error opening kernel wakelock stats for: wakeup6: Permission denied
08-19 14:15:10.571 E/android.system.suspend@1.0-service(  668): Error opening kernel wakelock stats for: wakeup78: Permission denied
08-19 14:15:10.571 E/android.system.suspend@1.0-service(  668): Error opening kernel wakelock stats for: wakeup11: Permission denied
08-19 14:15:10.628 W/BatteryHistoryLoadMgr( 4989): get firstHistoryInfo time: 32031
08-19 14:15:10.628 D/BatteryHistoryLoadMgr( 4989): getHistoryInfo end
08-19 14:15:10.629 I/PowerUtils( 4989): Device name:alioth
08-19 14:15:10.629 W/PowerUtils( 4989): should not use this capacity value 4520
08-19 14:15:10.630 I/PowerUtils( 4989): Device name:alioth
08-19 14:15:10.630 W/PowerUtils( 4989): should not use this capacity value 4520
08-19 14:15:10.631 I/PowerUtils( 4989): Device name:alioth
08-19 14:15:10.631 W/PowerUtils( 4989): should not use this capacity value 4520
08-19 14:15:10.631 I/PowerUtils( 4989): Device name:alioth
08-19 14:15:10.631 W/PowerUtils( 4989): should not use this capacity value 4520
08-19 14:15:10.632 I/BatteryChargeTimeHelper( 4989): Mixed(default) charge time 0.31 1h14m55s424ms
08-19 14:15:10.632 I/PowerUtils( 4989): Device name:alioth
08-19 14:15:10.632 W/PowerUtils( 4989): should not use this capacity value 4520
08-19 14:15:10.633 W/BpBinder( 2677): PerfMonitor binderTransact :  time=231ms interface=android.content.IContentProvider code=21
08-19 14:15:10.633 I/KeyguardIndicationInjector( 2677): handleChargeTextAnimation: false;powerPluggedIn=true
08-19 14:15:10.839 I/cmd     (23450): oneway function results will be dropped but finished with status OK and parcel size 4
08-19 14:15:10.911 W/Thread-21( 6397): type=1400 audit(0.0:1635182): avc: denied { read } for name="devices" dev="proc" ino=4026532038 scontext=u:r:untrusted_app_27:s0:c512,c768 tcontext=u:object_r:proc:s0 tclass=file permissive=0 app=com.tmri.app.main
08-19 14:15:11.295 I/cmd     (23458): oneway function results will be dropped but finished with status OK and parcel size 4
08-19 14:15:11.552 E/AggregateListener( 4836): notification text&title is null, key = 0|com.tencent.mtt|83|null|10252
08-19 14:15:11.746 I/cmd     (23473): oneway function results will be dropped but finished with status OK and parcel size 4
08-19 14:15:11.767 D/InterruptionStateProvider( 2677): No bubble up: not allowed to bubble: 0|com.tencent.mtt|83|null|10252
08-19 14:15:11.767 D/InterruptionStateProvider( 2677): No heads up: unimportant notification: 0|com.tencent.mtt|83|null|10252
08-19 14:15:11.768 D/IMReply:Notif( 3982): onNotificationPosted before sbn = 83
08-19 14:15:11.770 V/onNotificationPostedCallBack( 4989): flags=610
08-19 14:15:11.771 V/n       ( 4989): ret=1
08-19 14:15:11.772 V/onNotificationPostedCallBack( 4989): 2flags=610
08-19 14:15:11.775 W/AsyncLayoutInflater( 2677): Failed to inflate resource in the background! Retrying on the UI thread
08-19 14:15:11.775 W/AsyncLayoutInflater( 2677): android.view.InflateException: Binary XML file line #33 in com.android.systemui:layout/status_bar_notification_row: Animators may only be run on Looper threads
08-19 14:15:11.775 W/AsyncLayoutInflater( 2677): Caused by: android.util.AndroidRuntimeException: Animators may only be run on Looper threads
08-19 14:15:11.775 W/AsyncLayoutInflater( 2677): 	at android.animation.AnimatorSet.start(AnimatorSet.java:705)
08-19 14:15:11.775 W/AsyncLayoutInflater( 2677): 	at android.animation.AnimatorSet.start(AnimatorSet.java:684)
08-19 14:15:11.775 W/AsyncLayoutInflater( 2677): 	at android.animation.StateListAnimator.start(StateListAnimator.java:188)
08-19 14:15:11.775 W/AsyncLayoutInflater( 2677): 	at android.animation.StateListAnimator.setState(StateListAnimator.java:181)
08-19 14:15:11.775 W/AsyncLayoutInflater( 2677): 	at android.view.View.drawableStateChanged(View.java:23521)
08-19 14:15:11.775 W/AsyncLayoutInflater( 2677): 	at android.widget.TextView.drawableStateChanged(TextView.java:5853)
08-19 14:15:11.775 W/AsyncLayoutInflater( 2677): 	at android.view.View.originalRefreshDrawableState(View.java:23594)
08-19 14:15:11.775 W/AsyncLayoutInflater( 2677): 	at android.view.View$14.refreshDrawableState(View.java:30912)
08-19 14:15:11.775 W/AsyncLayoutInflater( 2677): 	at com.miui.internal.variable.v21.Android_View_View_class.callOriginalRefreshDrawableState(Android_View_View_class.java:61)
08-19 14:15:11.775 W/AsyncLayoutInflater( 2677): 	at com.miui.internal.variable.v16.Android_View_View_class_common.handleRefreshDrawableState(Android_View_View_class_common.java:90)
08-19 14:15:11.775 W/AsyncLayoutInflater( 2677): 	at com.miui.internal.variable.v21.Android_View_View_class.access$000(Android_View_View_class.java:22)
08-19 14:15:11.775 W/AsyncLayoutInflater( 2677): 	at com.miui.internal.variable.v21.Android_View_View_class$1.refreshDrawableState(Android_View_View_class.java:88)
08-19 14:15:11.775 W/AsyncLayoutInflater( 2677): 	at android.view.View.refreshDrawableState(View.java:23585)
08-19 14:15:11.775 W/AsyncLayoutInflater( 2677): 	at com.miui.internal.util.TaggingDrawableHelper.tagView(TaggingDrawableHelper.java:203)
08-19 14:15:11.775 W/AsyncLayoutInflater( 2677): 	at com.miui.internal.util.TaggingDrawableHelper.tagChildSequenceState(TaggingDrawableHelper.java:59)
08-19 14:15:11.775 W/AsyncLayoutInflater( 2677): 	at com.miui.internal.variable.v16.Android_View_ViewGroup_class.handleAddInArray(Android_View_ViewGroup_class.java:96)
08-19 14:15:11.775 W/AsyncLayoutInflater( 2677): 	at com.miui.internal.variable.v21.Android_View_ViewGroup_class.access$000(Android_View_ViewGroup_class.java:23)
08-19 14:15:11.775 W/AsyncLayoutInflater( 2677): 	at com.miui.internal.variable.v21.Android_View_ViewGroup_class$1.addInArray(Android_View_ViewGroup_class.java:171)
08-19 14:15:11.775 W/AsyncLayoutInflater( 2677): 	at android.view.ViewGroup.addInArray(ViewGroup.java:5380)
08-19 14:15:11.775 W/AsyncLayoutInflater( 2677): 	at android.view.ViewGroup.addViewInner(ViewGroup.java:5295)
08-19 14:15:11.775 W/AsyncLayoutInflater( 2677): 	at android.view.ViewGroup.addView(ViewGroup.java:5102)
08-19 14:15:11.775 W/AsyncLayoutInflater( 2677): 	at android.view.ViewGroup.addView(ViewGroup.java:5071)
08-19 14:15:11.775 W/AsyncLayoutInflater( 2677): 	at android.view.LayoutInflater.rInflate(LayoutInflater.java:1129)
08-19 14:15:11.775 W/AsyncLayoutInflater( 2677): 	at android.view.LayoutInflater.rInflateChildren(LayoutInflater.java:1086)
08-19 14:15:11.775 W/AsyncLayoutInflater( 2677): 	at android.view.LayoutInflater.inflate(LayoutInflater.java:684)
08-19 14:15:11.775 W/AsyncLayoutInflater( 2677): 	at android.view.LayoutInflater.inflate(LayoutInflater.java:536)
08-19 14:15:11.775 W/AsyncLayoutInflater( 2677): 	at androidx.asynclayoutinflater.view.AsyncLayoutInflater$InflateThread.runInner(AsyncLayoutInflater.java:189)
08-19 14:15:11.775 W/AsyncLayoutInflater( 2677): 	at androidx.asynclayoutinflater.view.AsyncLayoutInflater$InflateThread.run(AsyncLayoutInflater.java:203)
