08-19 14:16:19.539 I/MiuiNetworkPolicy( 1783): bandwidth: 0 KB/s, Max bandwidth: 4964 KB/s
08-19 14:16:19.547 I/cmd     (25479): oneway function results will be dropped but finished with status OK and parcel size 4
08-19 14:16:19.775 W/Thread-21( 6397): type=1400 audit(0.0:1635269): avc: denied { read } for name="devices" dev="proc" ino=4026532038 scontext=u:r:untrusted_app_27:s0:c512,c768 tcontext=u:object_r:proc:s0 tclass=file permissive=0 app=com.tmri.app.main
08-19 14:16:20.097 I/cmd     (25499): oneway function results will be dropped but finished with status OK and parcel size 4
08-19 14:16:20.450 I/cmd     (25503): oneway function results will be dropped but finished with status OK and parcel size 4
08-19 14:16:20.633 I/BatteryInfoReceiver( 4989): ACTION_BATTERY_CHANGED
08-19 14:16:20.634 D/NetworkSpeedTracker( 2989): receive actionandroid.intent.action.BATTERY_CHANGED
08-19 14:16:20.635 D/NetworkSpeedTracker( 2989): onReceive ACTION_BATTERY_CHANGED mBatteryLevel = 69;mIsCharging =true
08-19 14:16:20.635 D/KeyguardUpdateMonitor( 2677): received broadcast android.intent.action.BATTERY_CHANGED
08-19 14:16:20.635 D/BatteryController( 2677): onReceive: Intent = Intent { act=android.intent.action.BATTERY_CHANGED flg=0x60000010 (has extras) } action = android.intent.action.BATTERY_CHANGED
08-19 14:16:20.636 D/PowerCheckerService( 5940): onBatteryChanged, mBatteryLevel = 69, status = 2, level = 69, plug = 1, scale = 100
08-19 14:16:20.636 D/UploadVoiceJobService( 3982): needUploadVoice timeSinceLastUpload = 2416272
08-19 14:16:20.641 D/DeviceStatisticsService( 2921): chargerType=1 batteryLevel=69 totalBatteryCapacity=4226600
08-19 14:16:20.641 D/DeviceInfoHidlClient( 2921): getPowerInfoSupportStatus()=1
08-19 14:16:20.641 D/DeviceInfoHidlClient( 2921): isRadioOn()=true
08-19 14:16:20.641 I/DeviceInfoHidlClient( 2921): isPowerInfoNeverSent=false batteryLevel=69 batteryLevelIndex=2 chargingMode=1 totalCapacity=4226600 powerSaveMode=false
08-19 14:16:20.779 W/Thread-21( 6397): type=1400 audit(0.0:1635270): avc: denied { read } for name="devices" dev="proc" ino=4026532038 scontext=u:r:untrusted_app_27:s0:c512,c768 tcontext=u:object_r:proc:s0 tclass=file permissive=0 app=com.tmri.app.main
08-19 14:16:21.331 I/cmd     (25526): oneway function results will be dropped but finished with status OK and parcel size 4
08-19 14:16:21.426 I/cmd     (25534): oneway function results will be dropped but finished with status OK and parcel size 4
08-19 14:16:21.787 W/Thread-21( 6397): type=1400 audit(0.0:1635271): avc: denied { read } for name="devices" dev="proc" ino=4026532038 scontext=u:r:untrusted_app_27:s0:c512,c768 tcontext=u:object_r:proc:s0 tclass=file permissive=0 app=com.tmri.app.main
08-19 14:16:21.887 I/cmd     (25542): oneway function results will be dropped but finished with status OK and parcel size 4
08-19 14:16:22.065 E/QSAnimator( 2677): tileView is null custom(com.android.settings/.development.qstile.DevelopmentTiles$WirelessDebugging)
08-19 14:16:22.065 E/QSAnimator( 2677): tileView is null flashlight
08-19 14:16:22.065 E/QSAnimator( 2677): tileView is null mute
08-19 14:16:22.065 E/QSAnimator( 2677): tileView is null screenshot
08-19 14:16:22.065 E/QSAnimator( 2677): tileView is null airplane
08-19 14:16:22.065 E/QSAnimator( 2677): tileView is null screenlock
08-19 14:16:22.065 E/QSAnimator( 2677): tileView is null gps
08-19 14:16:22.065 E/QSAnimator( 2677): tileView is null rotation
08-19 14:16:22.065 E/QSAnimator( 2677): tileView is null scanner
08-19 14:16:22.065 E/QSAnimator( 2677): tileView is null papermode
08-19 14:16:22.065 E/QSAnimator( 2677): tileView is null night
08-19 14:16:22.065 E/QSAnimator( 2677): tileView is null quietmode
08-19 14:16:22.065 E/QSAnimator( 2677): tileView is null batterysaver
08-19 14:16:22.065 E/QSAnimator( 2677): tileView is null custom(com.miui.securitycenter/com.miui.superpower.notification.SuperPowerTileService)
08-19 14:16:22.065 E/QSAnimator( 2677): tileView is null custom(com.milink.service/com.milink.ui.service.MiLinkTileService)
08-19 14:16:22.065 E/QSAnimator( 2677): tileView is null custom(com.miui.mishare.connectivity/.tile.MiShareTileService)
08-19 14:16:22.065 E/QSAnimator( 2677): tileView is null freeformhang
08-19 14:16:22.065 E/QSAnimator( 2677): tileView is null custom(com.miui.screenrecorder/.service.QuickService)
08-19 14:16:22.066 E/QSAnimator( 2677): tileView is null vibrate
08-19 14:16:22.066 E/QSAnimator( 2677): tileView is null hotspot
08-19 14:16:22.066 E/QSAnimator( 2677): tileView is null nfc
08-19 14:16:22.066 E/QSAnimator( 2677): tileView is null edit
08-19 14:16:22.331 I/cmd     (25557): oneway function results will be dropped but finished with status OK and parcel size 4
08-19 14:16:22.541 I/MiuiNetworkPolicy( 1783): bandwidth: 0 KB/s, Max bandwidth: 4964 KB/s
08-19 14:16:22.799 W/Thread-21( 6397): type=1400 audit(0.0:1635272): avc: denied { read } for name="devices" dev="proc" ino=4026532038 scontext=u:r:untrusted_app_27:s0:c512,c768 tcontext=u:object_r:proc:s0 tclass=file permissive=0 app=com.tmri.app.main
08-19 14:16:23.248 I/cmd     (25580): oneway function results will be dropped but finished with status OK and parcel size 4
08-19 14:16:23.348 D/MiuiNetworkPolicy( 1783): updateLimit mLimitEnabled=false,enabled=true,mNetworkPriorityMode=1
08-19 14:16:23.678 I/cmd     (25592): oneway function results will be dropped but finished with status OK and parcel size 4
08-19 14:16:23.815 W/Thread-21( 6397): type=1400 audit(0.0:1635273): avc: denied { read } for name="devices" dev="proc" ino=4026532038 scontext=u:r:untrusted_app_27:s0:c512,c768 tcontext=u:object_r:proc:s0 tclass=file permissive=0 app=com.tmri.app.main
08-19 14:16:24.015 I/cmd     (25596): oneway function results will be dropped but finished with status OK and parcel size 4
08-19 14:16:24.127 I/cmd     (25603): oneway function results will be dropped but finished with status OK and parcel size 4
08-19 14:16:24.254 I/MiuiNetworkPolicy( 1783): updateUidState uid = 10278, uidState = 16
08-19 14:16:24.466 I/cmd     (25612): oneway function results will be dropped but finished with status OK and parcel size 4
08-19 14:16:24.592 I/cmd     (25616): oneway function results will be dropped but finished with status OK and parcel size 4
08-19 14:16:24.823 W/Thread-21( 6397): type=1400 audit(0.0:1635274): avc: denied { read } for name="devices" dev="proc" ino=4026532038 scontext=u:r:untrusted_app_27:s0:c512,c768 tcontext=u:object_r:proc:s0 tclass=file permissive=0 app=com.tmri.app.main
08-19 14:16:24.957 I/cmd     (25620): oneway function results will be dropped but finished with status OK and parcel size 4
08-19 14:16:25.074 I/cmd     (25628): oneway function results will be dropped but finished with status OK and parcel size 4
08-19 14:16:25.081 E/QSAnimator( 2677): tileView is null custom(com.android.settings/.development.qstile.DevelopmentTiles$WirelessDebugging)
08-19 14:16:25.081 E/QSAnimator( 2677): tileView is null flashlight
08-19 14:16:25.081 E/QSAnimator( 2677): tileView is null mute
08-19 14:16:25.081 E/QSAnimator( 2677): tileView is null screenshot
08-19 14:16:25.081 E/QSAnimator( 2677): tileView is null airplane
08-19 14:16:25.081 E/QSAnimator( 2677): tileView is null screenlock
08-19 14:16:25.081 E/QSAnimator( 2677): tileView is null gps
08-19 14:16:25.081 E/QSAnimator( 2677): tileView is null rotation
08-19 14:16:25.081 E/QSAnimator( 2677): tileView is null scanner
08-19 14:16:25.081 E/QSAnimator( 2677): tileView is null papermode
08-19 14:16:25.081 E/QSAnimator( 2677): tileView is null night
08-19 14:16:25.081 E/QSAnimator( 2677): tileView is null quietmode
08-19 14:16:25.081 E/QSAnimator( 2677): tileView is null batterysaver
08-19 14:16:25.081 E/QSAnimator( 2677): tileView is null custom(com.miui.securitycenter/com.miui.superpower.notification.SuperPowerTileService)
08-19 14:16:25.081 E/QSAnimator( 2677): tileView is null custom(com.milink.service/com.milink.ui.service.MiLinkTileService)
08-19 14:16:25.081 E/QSAnimator( 2677): tileView is null custom(com.miui.mishare.connectivity/.tile.MiShareTileService)
08-19 14:16:25.081 E/QSAnimator( 2677): tileView is null freeformhang
08-19 14:16:25.081 E/QSAnimator( 2677): tileView is null custom(com.miui.screenrecorder/.service.QuickService)
08-19 14:16:25.081 E/QSAnimator( 2677): tileView is null vibrate
08-19 14:16:25.081 E/QSAnimator( 2677): tileView is null hotspot
08-19 14:16:25.081 E/QSAnimator( 2677): tileView is null nfc
08-19 14:16:25.081 E/QSAnimator( 2677): tileView is null edit
08-19 14:16:25.282 D/CompatibilityInfo( 1783): mCompatibilityFlags - 0
08-19 14:16:25.282 D/CompatibilityInfo( 1783): applicationDensity - 440
08-19 14:16:25.282 D/CompatibilityInfo( 1783): applicationScale - 1.0
08-19 14:16:25.359 D/CompatibilityInfo( 1783): mCompatibilityFlags - 0
08-19 14:16:25.359 D/CompatibilityInfo( 1783): applicationDensity - 440
08-19 14:16:25.359 D/CompatibilityInfo( 1783): applicationScale - 1.0
08-19 14:16:25.365 I/NetworkScheduler.Stats( 3549): Task com.google.android.gms/com.google.android.gms.auth.account.be.legacy.AuthCronService started execution. cause:4 exec_start_elapsed_seconds: 8812 [CONTEXT service_id=218 ]
08-19 14:16:25.368 I/NetworkScheduler.Stats( 3549): Task com.google.android.gms/com.google.android.gms.auth.account.be.legacy.AuthCronService finished executing. cause:4 result: 1 elapsed_millis: 28 uptime_millis: 27 exec_start_elapsed_seconds: 8812 [CONTEXT service_id=218 ]
08-19 14:16:25.391 I/cmd     (25635): oneway function results will be dropped but finished with status OK and parcel size 4
08-19 14:16:25.543 I/MiuiNetworkPolicy( 1783): bandwidth: 0 KB/s, Max bandwidth: 4964 KB/s
08-19 14:16:25.871 W/Thread-21( 6397): type=1400 audit(0.0:1635275): avc: denied { read } for name="devices" dev="proc" ino=4026532038 scontext=u:r:untrusted_app_27:s0:c512,c768 tcontext=u:object_r:proc:s0 tclass=file permissive=0 app=com.tmri.app.main
08-19 14:16:25.986 I/cmd     (25651): oneway function results will be dropped but finished with status OK and parcel size 4
08-19 14:16:26.354 I/cmd     (25658): oneway function results will be dropped but finished with status OK and parcel size 4
08-19 14:16:26.462 I/cmd     (25666): oneway function results will be dropped but finished with status OK and parcel size 4
08-19 14:16:26.911 W/Thread-21( 6397): type=1400 audit(0.0:1635276): avc: denied { read } for name="devices" dev="proc" ino=4026532038 scontext=u:r:untrusted_app_27:s0:c512,c768 tcontext=u:object_r:proc:s0 tclass=file permissive=0 app=com.tmri.app.main
08-19 14:16:26.930 I/cmd     (25674): oneway function results will be dropped but finished with status OK and parcel size 4
08-19 14:16:27.263 I/cmd     (25684): oneway function results will be dropped but finished with status OK and parcel size 4
08-19 14:16:27.727 W/ThreadPoolForeg(27040): type=1400 audit(0.0:1635277): avc: denied { write } for name="traced_producer" dev="tmpfs" ino=20309 scontext=u:r:platform_app:s0:c512,c768 tcontext=u:object_r:traced_producer_socket:s0 tclass=sock_file permissive=0 app=com.android.browser
08-19 14:16:27.939 W/Thread-21( 6397): type=1400 audit(0.0:1635278): avc: denied { read } for name="devices" dev="proc" ino=4026532038 scontext=u:r:untrusted_app_27:s0:c512,c768 tcontext=u:object_r:proc:s0 tclass=file permissive=0 app=com.tmri.app.main
08-19 14:16:28.137 E/QSAnimator( 2677): tileView is null custom(com.android.settings/.development.qstile.DevelopmentTiles$WirelessDebugging)
08-19 14:16:28.137 E/QSAnimator( 2677): tileView is null flashlight
08-19 14:16:28.137 E/QSAnimator( 2677): tileView is null mute
08-19 14:16:28.137 E/QSAnimator( 2677): tileView is null screenshot
08-19 14:16:28.137 E/QSAnimator( 2677): tileView is null airplane
08-19 14:16:28.137 E/QSAnimator( 2677): tileView is null screenlock
08-19 14:16:28.137 E/QSAnimator( 2677): tileView is null gps
08-19 14:16:28.138 E/QSAnimator( 2677): tileView is null rotation
08-19 14:16:28.138 E/QSAnimator( 2677): tileView is null scanner
08-19 14:16:28.138 E/QSAnimator( 2677): tileView is null papermode
08-19 14:16:28.138 E/QSAnimator( 2677): tileView is null night
08-19 14:16:28.138 E/QSAnimator( 2677): tileView is null quietmode
08-19 14:16:28.138 E/QSAnimator( 2677): tileView is null batterysaver
08-19 14:16:28.138 E/QSAnimator( 2677): tileView is null custom(com.miui.securitycenter/com.miui.superpower.notification.SuperPowerTileService)
08-19 14:16:28.138 E/QSAnimator( 2677): tileView is null custom(com.milink.service/com.milink.ui.service.MiLinkTileService)
08-19 14:16:28.138 E/QSAnimator( 2677): tileView is null custom(com.miui.mishare.connectivity/.tile.MiShareTileService)
08-19 14:16:28.138 E/QSAnimator( 2677): tileView is null freeformhang
08-19 14:16:28.138 E/QSAnimator( 2677): tileView is null custom(com.miui.screenrecorder/.service.QuickService)
08-19 14:16:28.138 E/QSAnimator( 2677): tileView is null vibrate
08-19 14:16:28.138 E/QSAnimator( 2677): tileView is null hotspot
08-19 14:16:28.138 E/QSAnimator( 2677): tileView is null nfc
08-19 14:16:28.138 E/QSAnimator( 2677): tileView is null edit
08-19 14:16:28.547 I/MiuiNetworkPolicy( 1783): bandwidth: 0 KB/s, Max bandwidth: 4964 KB/s
08-19 14:16:28.817 D/NetworkSpeedTracker( 2989): receive actionandroid.intent.action.BATTERY_CHANGED
08-19 14:16:28.818 D/NetworkSpeedTracker( 2989): onReceive ACTION_BATTERY_CHANGED mBatteryLevel = 69;mIsCharging =true
08-19 14:16:28.818 D/UploadVoiceJobService( 3982): needUploadVoice timeSinceLastUpload = 2424454
08-19 14:16:28.819 I/BatteryInfoReceiver( 4989): ACTION_BATTERY_CHANGED
08-19 14:16:28.820 D/PowerCheckerService( 5940): onBatteryChanged, mBatteryLevel = 69, status = 2, level = 69, plug = 1, scale = 100
08-19 14:16:28.820 D/DeviceStatisticsService( 2921): chargerType=1 batteryLevel=69 totalBatteryCapacity=4230500
08-19 14:16:28.820 D/DeviceInfoHidlClient( 2921): getPowerInfoSupportStatus()=1
08-19 14:16:28.820 D/DeviceInfoHidlClient( 2921): isRadioOn()=true
08-19 14:16:28.820 I/DeviceInfoHidlClient( 2921): isPowerInfoNeverSent=false batteryLevel=69 batteryLevelIndex=2 chargingMode=1 totalCapacity=4230500 powerSaveMode=false
08-19 14:16:28.822 D/KeyguardUpdateMonitor( 2677): received broadcast android.intent.action.BATTERY_CHANGED
08-19 14:16:28.822 D/BatteryController( 2677): onReceive: Intent = Intent { act=android.intent.action.BATTERY_CHANGED flg=0x60000010 (has extras) } action = android.intent.action.BATTERY_CHANGED
08-19 14:16:28.979 W/Thread-21( 6397): type=1400 audit(0.0:1635279): avc: denied { read } for name="devices" dev="proc" ino=4026532038 scontext=u:r:untrusted_app_27:s0:c512,c768 tcontext=u:object_r:proc:s0 tclass=file permissive=0 app=com.tmri.app.main
08-19 14:16:29.014 I/cmd     (25720): oneway function results will be dropped but finished with status OK and parcel size 4
08-19 14:16:29.131 I/cmd     (25724): oneway function results will be dropped but finished with status OK and parcel size 4
08-19 14:16:29.978 I/cmd     (25742): oneway function results will be dropped but finished with status OK and parcel size 4
08-19 14:16:30.019 W/Thread-21( 6397): type=1400 audit(0.0:1635280): avc: denied { read } for name="devices" dev="proc" ino=4026532038 scontext=u:r:untrusted_app_27:s0:c512,c768 tcontext=u:object_r:proc:s0 tclass=file permissive=0 app=com.tmri.app.main
08-19 14:16:30.312 I/cmd     (25746): oneway function results will be dropped but finished with status OK and parcel size 4
08-19 14:16:30.814 I/cmd     (25761): oneway function results will be dropped but finished with status OK and parcel size 4
08-19 14:16:31.047 W/Thread-21( 6397): type=1400 audit(0.0:1635281): avc: denied { read } for name="devices" dev="proc" ino=4026532038 scontext=u:r:untrusted_app_27:s0:c512,c768 tcontext=u:object_r:proc:s0 tclass=file permissive=0 app=com.tmri.app.main
08-19 14:16:31.258 I/cmd     (25773): oneway function results will be dropped but finished with status OK and parcel size 4
08-19 14:16:31.551 I/MiuiNetworkPolicy( 1783): bandwidth: 0 KB/s, Max bandwidth: 4964 KB/s
08-19 14:16:31.697 I/cmd     (25784): oneway function results will be dropped but finished with status OK and parcel size 4
08-19 14:16:31.838 I/cmd     (25788): oneway function results will be dropped but finished with status OK and parcel size 4
08-19 14:16:32.091 W/Thread-21( 6397): type=1400 audit(0.0:1635282): avc: denied { read } for name="devices" dev="proc" ino=4026532038 scontext=u:r:untrusted_app_27:s0:c512,c768 tcontext=u:object_r:proc:s0 tclass=file permissive=0 app=com.tmri.app.main
08-19 14:16:32.319 I/cmd     (25800): oneway function results will be dropped but finished with status OK and parcel size 4
08-19 14:16:33.099 W/Thread-21( 6397): type=1400 audit(0.0:1635283): avc: denied { read } for name="devices" dev="proc" ino=4026532038 scontext=u:r:untrusted_app_27:s0:c512,c768 tcontext=u:object_r:proc:s0 tclass=file permissive=0 app=com.tmri.app.main
08-19 14:16:33.104 I/cmd     (25820): oneway function results will be dropped but finished with status OK and parcel size 4
08-19 14:16:33.211 I/cmd     (25825): oneway function results will be dropped but finished with status OK and parcel size 4
08-19 14:16:34.139 W/Thread-21( 6397): type=1400 audit(0.0:1635284): avc: denied { read } for name="devices" dev="proc" ino=4026532038 scontext=u:r:untrusted_app_27:s0:c512,c768 tcontext=u:object_r:proc:s0 tclass=file permissive=0 app=com.tmri.app.main
08-19 14:16:34.282 E/QSAnimator( 2677): tileView is null custom(com.android.settings/.development.qstile.DevelopmentTiles$WirelessDebugging)
08-19 14:16:34.282 E/QSAnimator( 2677): tileView is null flashlight
08-19 14:16:34.282 E/QSAnimator( 2677): tileView is null mute
08-19 14:16:34.282 E/QSAnimator( 2677): tileView is null screenshot
08-19 14:16:34.282 E/QSAnimator( 2677): tileView is null airplane
08-19 14:16:34.282 E/QSAnimator( 2677): tileView is null screenlock
08-19 14:16:34.282 E/QSAnimator( 2677): tileView is null gps
08-19 14:16:34.282 E/QSAnimator( 2677): tileView is null rotation
08-19 14:16:34.283 E/QSAnimator( 2677): tileView is null scanner
08-19 14:16:34.283 E/QSAnimator( 2677): tileView is null papermode
08-19 14:16:34.283 E/QSAnimator( 2677): tileView is null night
08-19 14:16:34.283 E/QSAnimator( 2677): tileView is null quietmode
08-19 14:16:34.283 E/QSAnimator( 2677): tileView is null batterysaver
08-19 14:16:34.283 E/QSAnimator( 2677): tileView is null custom(com.miui.securitycenter/com.miui.superpower.notification.SuperPowerTileService)
08-19 14:16:34.283 E/QSAnimator( 2677): tileView is null custom(com.milink.service/com.milink.ui.service.MiLinkTileService)
08-19 14:16:34.283 E/QSAnimator( 2677): tileView is null custom(com.miui.mishare.connectivity/.tile.MiShareTileService)
08-19 14:16:34.283 E/QSAnimator( 2677): tileView is null freeformhang
08-19 14:16:34.283 E/QSAnimator( 2677): tileView is null custom(com.miui.screenrecorder/.service.QuickService)
08-19 14:16:34.283 E/QSAnimator( 2677): tileView is null vibrate
08-19 14:16:34.283 E/QSAnimator( 2677): tileView is null hotspot
08-19 14:16:34.283 E/QSAnimator( 2677): tileView is null nfc
08-19 14:16:34.283 E/QSAnimator( 2677): tileView is null edit
08-19 14:16:34.552 I/MiuiNetworkPolicy( 1783): bandwidth: 0 KB/s, Max bandwidth: 4964 KB/s
08-19 14:16:34.863 I/cmd     (25873): oneway function results will be dropped but finished with status OK and parcel size 4
08-19 14:16:35.147 W/Thread-21( 6397): type=1400 audit(0.0:1635285): avc: denied { read } for name="devices" dev="proc" ino=4026532038 scontext=u:r:untrusted_app_27:s0:c512,c768 tcontext=u:object_r:proc:s0 tclass=file permissive=0 app=com.tmri.app.main
