--------- beginning of main
08-19 14:14:20.699 D/KeyguardUpdateMonitor( 2677): received broadcast android.intent.action.BATTERY_CHANGED
08-19 14:14:20.699 D/BatteryController( 2677): onReceive: Intent = Intent { act=android.intent.action.BATTERY_CHANGED flg=0x60000010 (has extras) } action = android.intent.action.BATTERY_CHANGED
08-19 14:14:20.702 I/BatteryInfoReceiver( 4989): ACTION_BATTERY_CHANGED
08-19 14:14:20.702 D/PowerCheckerService( 5940): onBatteryChanged, mBatteryLevel = 68, status = 2, level = 68, plug = 1, scale = 100
08-19 14:14:20.703 D/NetworkSpeedTracker( 2989): receive actionandroid.intent.action.BATTERY_CHANGED
08-19 14:14:20.703 D/NetworkSpeedTracker( 2989): onReceive ACTION_BATTERY_CHANGED mBatteryLevel = 68;mIsCharging =true
08-19 14:14:20.703 D/DeviceStatisticsService( 2921): chargerType=1 batteryLevel=68 totalBatteryCapacity=4229900
08-19 14:14:20.704 D/DeviceInfoHidlClient( 2921): getPowerInfoSupportStatus()=1
08-19 14:14:20.704 D/DeviceInfoHidlClient( 2921): isRadioOn()=true
08-19 14:14:20.704 I/DeviceInfoHidlClient( 2921): isPowerInfoNeverSent=false batteryLevel=68 batteryLevelIndex=2 chargingMode=1 totalCapacity=4229900 powerSaveMode=false
08-19 14:14:20.706 D/UploadVoiceJobService( 3982): needUploadVoice timeSinceLastUpload = 2296341
08-19 14:14:20.806 I/cmd     (22078): oneway function results will be dropped but finished with status OK and parcel size 4
08-19 14:14:21.282 I/cmd     (22091): oneway function results will be dropped but finished with status OK and parcel size 4
08-19 14:14:21.587 W/Thread-21( 6397): type=1400 audit(0.0:1634992): avc: denied { read } for name="devices" dev="proc" ino=4026532038 scontext=u:r:untrusted_app_27:s0:c512,c768 tcontext=u:object_r:proc:s0 tclass=file permissive=0 app=com.tmri.app.main
08-19 14:14:21.745 I/cmd     (22102): oneway function results will be dropped but finished with status OK and parcel size 4
08-19 14:14:21.954 D/MiuiNetworkPolicy( 1783): updateLimit mLimitEnabled=true,enabled=false,mNetworkPriorityMode=1
08-19 14:14:22.128 I/MiuiNetworkPolicy( 1783): updateUidState uid = 10078, uidState = 19
08-19 14:14:22.289 I/cmd     (22120): oneway function results will be dropped but finished with status OK and parcel size 4
08-19 14:14:22.401 I/MiuiNetworkPolicy( 1783): bandwidth: 0 KB/s, Max bandwidth: 4964 KB/s
08-19 14:14:22.603 W/Thread-21( 6397): type=1400 audit(0.0:1634993): avc: denied { read } for name="devices" dev="proc" ino=4026532038 scontext=u:r:untrusted_app_27:s0:c512,c768 tcontext=u:object_r:proc:s0 tclass=file permissive=0 app=com.tmri.app.main
08-19 14:14:22.764 I/cmd     (22134): oneway function results will be dropped but finished with status OK and parcel size 4
08-19 14:14:23.088 I/cmd     (22141): oneway function results will be dropped but finished with status OK and parcel size 4
08-19 14:14:23.242 E/QSAnimator( 2677): tileView is null custom(com.android.settings/.development.qstile.DevelopmentTiles$WirelessDebugging)
08-19 14:14:23.242 E/QSAnimator( 2677): tileView is null flashlight
08-19 14:14:23.242 E/QSAnimator( 2677): tileView is null mute
08-19 14:14:23.242 E/QSAnimator( 2677): tileView is null screenshot
08-19 14:14:23.242 E/QSAnimator( 2677): tileView is null airplane
08-19 14:14:23.243 E/QSAnimator( 2677): tileView is null screenlock
08-19 14:14:23.243 E/QSAnimator( 2677): tileView is null gps
08-19 14:14:23.243 E/QSAnimator( 2677): tileView is null rotation
08-19 14:14:23.243 E/QSAnimator( 2677): tileView is null scanner
08-19 14:14:23.243 E/QSAnimator( 2677): tileView is null papermode
08-19 14:14:23.243 E/QSAnimator( 2677): tileView is null night
08-19 14:14:23.243 E/QSAnimator( 2677): tileView is null quietmode
08-19 14:14:23.243 E/QSAnimator( 2677): tileView is null batterysaver
08-19 14:14:23.243 E/QSAnimator( 2677): tileView is null custom(com.miui.securitycenter/com.miui.superpower.notification.SuperPowerTileService)
08-19 14:14:23.243 E/QSAnimator( 2677): tileView is null custom(com.milink.service/com.milink.ui.service.MiLinkTileService)
08-19 14:14:23.243 E/QSAnimator( 2677): tileView is null custom(com.miui.mishare.connectivity/.tile.MiShareTileService)
08-19 14:14:23.243 E/QSAnimator( 2677): tileView is null freeformhang
08-19 14:14:23.243 E/QSAnimator( 2677): tileView is null custom(com.miui.screenrecorder/.service.QuickService)
08-19 14:14:23.243 E/QSAnimator( 2677): tileView is null vibrate
08-19 14:14:23.243 E/QSAnimator( 2677): tileView is null hotspot
08-19 14:14:23.243 E/QSAnimator( 2677): tileView is null nfc
08-19 14:14:23.243 E/QSAnimator( 2677): tileView is null edit
08-19 14:14:23.535 I/cmd     (22153): oneway function results will be dropped but finished with status OK and parcel size 4
08-19 14:14:23.607 W/Thread-21( 6397): type=1400 audit(0.0:1634994): avc: denied { read } for name="devices" dev="proc" ino=4026532038 scontext=u:r:untrusted_app_27:s0:c512,c768 tcontext=u:object_r:proc:s0 tclass=file permissive=0 app=com.tmri.app.main
08-19 14:14:23.986 I/cmd     (22168): oneway function results will be dropped but finished with status OK and parcel size 4
08-19 14:14:24.097 I/cmd     (22172): oneway function results will be dropped but finished with status OK and parcel size 4
08-19 14:14:24.559 I/cmd     (22180): oneway function results will be dropped but finished with status OK and parcel size 4
08-19 14:14:24.627 W/Thread-21( 6397): type=1400 audit(0.0:1634995): avc: denied { read } for name="devices" dev="proc" ino=4026532038 scontext=u:r:untrusted_app_27:s0:c512,c768 tcontext=u:object_r:proc:s0 tclass=file permissive=0 app=com.tmri.app.main
08-19 14:14:25.405 I/MiuiNetworkPolicy( 1783): bandwidth: 0 KB/s, Max bandwidth: 4964 KB/s
08-19 14:14:25.667 W/Thread-21( 6397): type=1400 audit(0.0:1634996): avc: denied { read } for name="devices" dev="proc" ino=4026532038 scontext=u:r:untrusted_app_27:s0:c512,c768 tcontext=u:object_r:proc:s0 tclass=file permissive=0 app=com.tmri.app.main
08-19 14:14:25.906 I/cmd     (22216): oneway function results will be dropped but finished with status OK and parcel size 4
08-19 14:14:25.944 D/NetworkSpeedTracker( 2989): receive actionandroid.intent.action.BATTERY_CHANGED
08-19 14:14:25.944 D/NetworkSpeedTracker( 2989): onReceive ACTION_BATTERY_CHANGED mBatteryLevel = 68;mIsCharging =true
08-19 14:14:25.944 D/KeyguardUpdateMonitor( 2677): received broadcast android.intent.action.BATTERY_CHANGED
08-19 14:14:25.944 D/BatteryController( 2677): onReceive: Intent = Intent { act=android.intent.action.BATTERY_CHANGED flg=0x60000010 (has extras) } action = android.intent.action.BATTERY_CHANGED
08-19 14:14:25.947 I/BatteryInfoReceiver( 4989): ACTION_BATTERY_CHANGED
08-19 14:14:25.948 D/UploadVoiceJobService( 3982): needUploadVoice timeSinceLastUpload = 2301584
08-19 14:14:25.948 D/PowerCheckerService( 5940): onBatteryChanged, mBatteryLevel = 68, status = 2, level = 68, plug = 1, scale = 100
08-19 14:14:25.949 D/DeviceStatisticsService( 2921): chargerType=1 batteryLevel=68 totalBatteryCapacity=4232300
08-19 14:14:25.949 D/DeviceInfoHidlClient( 2921): getPowerInfoSupportStatus()=1
08-19 14:14:25.949 D/DeviceInfoHidlClient( 2921): isRadioOn()=true
08-19 14:14:25.949 I/DeviceInfoHidlClient( 2921): isPowerInfoNeverSent=false batteryLevel=68 batteryLevelIndex=2 chargingMode=1 totalCapacity=4232300 powerSaveMode=false
08-19 14:14:26.235 I/cmd     (22233): oneway function results will be dropped but finished with status OK and parcel size 4
08-19 14:14:26.348 I/cmd     (22237): oneway function results will be dropped but finished with status OK and parcel size 4
08-19 14:14:26.683 W/Thread-21( 6397): type=1400 audit(0.0:1634997): avc: denied { read } for name="devices" dev="proc" ino=4026532038 scontext=u:r:untrusted_app_27:s0:c512,c768 tcontext=u:object_r:proc:s0 tclass=file permissive=0 app=com.tmri.app.main
08-19 14:14:26.689 I/cmd     (22245): oneway function results will be dropped but finished with status OK and parcel size 4
08-19 14:14:26.962 D/MiuiNetworkPolicy( 1783): updateLimit mLimitEnabled=false,enabled=true,mNetworkPriorityMode=1
08-19 14:14:27.137 I/cmd     (22260): oneway function results will be dropped but finished with status OK and parcel size 4
08-19 14:14:27.263 I/cmd     (22264): oneway function results will be dropped but finished with status OK and parcel size 4
08-19 14:14:27.595 W/ThreadPoolForeg(27040): type=1400 audit(0.0:1634998): avc: denied { write } for name="traced_producer" dev="tmpfs" ino=20309 scontext=u:r:platform_app:s0:c512,c768 tcontext=u:object_r:traced_producer_socket:s0 tclass=sock_file permissive=0 app=com.android.browser
08-19 14:14:27.723 W/Thread-21( 6397): type=1400 audit(0.0:1634999): avc: denied { read } for name="devices" dev="proc" ino=4026532038 scontext=u:r:untrusted_app_27:s0:c512,c768 tcontext=u:object_r:proc:s0 tclass=file permissive=0 app=com.tmri.app.main
08-19 14:14:28.048 I/cmd     (22282): oneway function results will be dropped but finished with status OK and parcel size 4
08-19 14:14:28.408 I/MiuiNetworkPolicy( 1783): bandwidth: 0 KB/s, Max bandwidth: 4964 KB/s
08-19 14:14:28.727 W/Thread-21( 6397): type=1400 audit(0.0:1635000): avc: denied { read } for name="devices" dev="proc" ino=4026532038 scontext=u:r:untrusted_app_27:s0:c512,c768 tcontext=u:object_r:proc:s0 tclass=file permissive=0 app=com.tmri.app.main
08-19 14:14:29.367 E/QSAnimator( 2677): tileView is null custom(com.android.settings/.development.qstile.DevelopmentTiles$WirelessDebugging)
08-19 14:14:29.367 E/QSAnimator( 2677): tileView is null flashlight
08-19 14:14:29.367 E/QSAnimator( 2677): tileView is null mute
08-19 14:14:29.368 E/QSAnimator( 2677): tileView is null screenshot
08-19 14:14:29.368 E/QSAnimator( 2677): tileView is null airplane
08-19 14:14:29.368 E/QSAnimator( 2677): tileView is null screenlock
08-19 14:14:29.368 E/QSAnimator( 2677): tileView is null gps
08-19 14:14:29.368 E/QSAnimator( 2677): tileView is null rotation
08-19 14:14:29.368 E/QSAnimator( 2677): tileView is null scanner
08-19 14:14:29.368 E/QSAnimator( 2677): tileView is null papermode
08-19 14:14:29.368 E/QSAnimator( 2677): tileView is null night
08-19 14:14:29.368 E/QSAnimator( 2677): tileView is null quietmode
08-19 14:14:29.368 E/QSAnimator( 2677): tileView is null batterysaver
08-19 14:14:29.368 E/QSAnimator( 2677): tileView is null custom(com.miui.securitycenter/com.miui.superpower.notification.SuperPowerTileService)
08-19 14:14:29.368 E/QSAnimator( 2677): tileView is null custom(com.milink.service/com.milink.ui.service.MiLinkTileService)
08-19 14:14:29.368 E/QSAnimator( 2677): tileView is null custom(com.miui.mishare.connectivity/.tile.MiShareTileService)
08-19 14:14:29.368 E/QSAnimator( 2677): tileView is null freeformhang
08-19 14:14:29.368 E/QSAnimator( 2677): tileView is null custom(com.miui.screenrecorder/.service.QuickService)
08-19 14:14:29.368 E/QSAnimator( 2677): tileView is null vibrate
08-19 14:14:29.368 E/QSAnimator( 2677): tileView is null hotspot
08-19 14:14:29.368 E/QSAnimator( 2677): tileView is null nfc
08-19 14:14:29.368 E/QSAnimator( 2677): tileView is null edit
08-19 14:14:29.389 I/cmd     (22322): oneway function results will be dropped but finished with status OK and parcel size 4
08-19 14:14:29.767 W/Thread-21( 6397): type=1400 audit(0.0:1635001): avc: denied { read } for name="devices" dev="proc" ino=4026532038 scontext=u:r:untrusted_app_27:s0:c512,c768 tcontext=u:object_r:proc:s0 tclass=file permissive=0 app=com.tmri.app.main
08-19 14:14:30.319 I/cmd     (22345): oneway function results will be dropped but finished with status OK and parcel size 4
08-19 14:14:30.754 I/cmd     (22358): oneway function results will be dropped but finished with status OK and parcel size 4
08-19 14:14:30.807 W/Thread-21( 6397): type=1400 audit(0.0:1635002): avc: denied { read } for name="devices" dev="proc" ino=4026532038 scontext=u:r:untrusted_app_27:s0:c512,c768 tcontext=u:object_r:proc:s0 tclass=file permissive=0 app=com.tmri.app.main
08-19 14:14:30.878 I/cmd     (22362): oneway function results will be dropped but finished with status OK and parcel size 4
08-19 14:14:31.412 I/MiuiNetworkPolicy( 1783): bandwidth: 0 KB/s, Max bandwidth: 4964 KB/s
08-19 14:14:31.811 W/Thread-21( 6397): type=1400 audit(0.0:1635003): avc: denied { read } for name="devices" dev="proc" ino=4026532038 scontext=u:r:untrusted_app_27:s0:c512,c768 tcontext=u:object_r:proc:s0 tclass=file permissive=0 app=com.tmri.app.main
08-19 14:14:32.225 I/cmd     (22385): oneway function results will be dropped but finished with status OK and parcel size 4
08-19 14:14:32.362 E/QSAnimator( 2677): tileView is null custom(com.android.settings/.development.qstile.DevelopmentTiles$WirelessDebugging)
08-19 14:14:32.362 E/QSAnimator( 2677): tileView is null flashlight
08-19 14:14:32.362 E/QSAnimator( 2677): tileView is null mute
08-19 14:14:32.362 E/QSAnimator( 2677): tileView is null screenshot
08-19 14:14:32.362 E/QSAnimator( 2677): tileView is null airplane
08-19 14:14:32.362 E/QSAnimator( 2677): tileView is null screenlock
08-19 14:14:32.362 E/QSAnimator( 2677): tileView is null gps
08-19 14:14:32.362 E/QSAnimator( 2677): tileView is null rotation
08-19 14:14:32.362 E/QSAnimator( 2677): tileView is null scanner
08-19 14:14:32.362 E/QSAnimator( 2677): tileView is null papermode
08-19 14:14:32.362 E/QSAnimator( 2677): tileView is null night
08-19 14:14:32.362 E/QSAnimator( 2677): tileView is null quietmode
08-19 14:14:32.362 E/QSAnimator( 2677): tileView is null batterysaver
08-19 14:14:32.362 E/QSAnimator( 2677): tileView is null custom(com.miui.securitycenter/com.miui.superpower.notification.SuperPowerTileService)
08-19 14:14:32.362 E/QSAnimator( 2677): tileView is null custom(com.milink.service/com.milink.ui.service.MiLinkTileService)
08-19 14:14:32.362 E/QSAnimator( 2677): tileView is null custom(com.miui.mishare.connectivity/.tile.MiShareTileService)
08-19 14:14:32.362 E/QSAnimator( 2677): tileView is null freeformhang
08-19 14:14:32.362 E/QSAnimator( 2677): tileView is null custom(com.miui.screenrecorder/.service.QuickService)
08-19 14:14:32.362 E/QSAnimator( 2677): tileView is null vibrate
08-19 14:14:32.362 E/QSAnimator( 2677): tileView is null hotspot
08-19 14:14:32.362 E/QSAnimator( 2677): tileView is null nfc
08-19 14:14:32.362 E/QSAnimator( 2677): tileView is null edit
08-19 14:14:32.819 W/Thread-21( 6397): type=1400 audit(0.0:1635004): avc: denied { read } for name="devices" dev="proc" ino=4026532038 scontext=u:r:untrusted_app_27:s0:c512,c768 tcontext=u:object_r:proc:s0 tclass=file permissive=0 app=com.tmri.app.main
08-19 14:14:33.106 I/cmd     (22412): oneway function results will be dropped but finished with status OK and parcel size 4
08-19 14:14:33.430 I/cmd     (22419): oneway function results will be dropped but finished with status OK and parcel size 4
08-19 14:14:33.819 W/Thread-21( 6397): type=1400 audit(0.0:1635005): avc: denied { read } for name="devices" dev="proc" ino=4026532038 scontext=u:r:untrusted_app_27:s0:c512,c768 tcontext=u:object_r:proc:s0 tclass=file permissive=0 app=com.tmri.app.main
08-19 14:14:34.000 I/cmd     (22435): oneway function results will be dropped but finished with status OK and parcel size 4
08-19 14:14:34.139 D/NetworkSpeedTracker( 2989): receive actionandroid.intent.action.BATTERY_CHANGED
08-19 14:14:34.139 D/NetworkSpeedTracker( 2989): onReceive ACTION_BATTERY_CHANGED mBatteryLevel = 68;mIsCharging =true
08-19 14:14:34.139 D/KeyguardUpdateMonitor( 2677): received broadcast android.intent.action.BATTERY_CHANGED
08-19 14:14:34.142 I/BatteryInfoReceiver( 4989): ACTION_BATTERY_CHANGED
08-19 14:14:34.143 D/BatteryController( 2677): onReceive: Intent = Intent { act=android.intent.action.BATTERY_CHANGED flg=0x60000010 (has extras) } action = android.intent.action.BATTERY_CHANGED
08-19 14:14:34.143 D/PowerCheckerService( 5940): onBatteryChanged, mBatteryLevel = 68, status = 2, level = 68, plug = 1, scale = 100
08-19 14:14:34.144 D/DeviceStatisticsService( 2921): chargerType=1 batteryLevel=68 totalBatteryCapacity=4236200
08-19 14:14:34.144 D/DeviceInfoHidlClient( 2921): getPowerInfoSupportStatus()=1
08-19 14:14:34.144 D/DeviceInfoHidlClient( 2921): isRadioOn()=true
08-19 14:14:34.144 I/DeviceInfoHidlClient( 2921): isPowerInfoNeverSent=false batteryLevel=68 batteryLevelIndex=2 chargingMode=1 totalCapacity=4236200 powerSaveMode=false
08-19 14:14:34.144 D/UploadVoiceJobService( 3982): needUploadVoice timeSinceLastUpload = 2309780
08-19 14:14:34.416 I/MiuiNetworkPolicy( 1783): bandwidth: 0 KB/s, Max bandwidth: 4964 KB/s
08-19 14:14:34.823 W/Thread-21( 6397): type=1400 audit(0.0:1635006): avc: denied { read } for name="devices" dev="proc" ino=4026532038 scontext=u:r:untrusted_app_27:s0:c512,c768 tcontext=u:object_r:proc:s0 tclass=file permissive=0 app=com.tmri.app.main
08-19 14:14:34.895 I/cmd     (22461): oneway function results will be dropped but finished with status OK and parcel size 4
08-19 14:14:35.219 I/cmd     (22467): oneway function results will be dropped but finished with status OK and parcel size 4
08-19 14:14:35.326 I/cmd     (22473): oneway function results will be dropped but finished with status OK and parcel size 4
08-19 14:14:35.390 E/QSAnimator( 2677): tileView is null custom(com.android.settings/.development.qstile.DevelopmentTiles$WirelessDebugging)
08-19 14:14:35.390 E/QSAnimator( 2677): tileView is null flashlight
08-19 14:14:35.390 E/QSAnimator( 2677): tileView is null mute
08-19 14:14:35.390 E/QSAnimator( 2677): tileView is null screenshot
08-19 14:14:35.390 E/QSAnimator( 2677): tileView is null airplane
08-19 14:14:35.390 E/QSAnimator( 2677): tileView is null screenlock
08-19 14:14:35.390 E/QSAnimator( 2677): tileView is null gps
08-19 14:14:35.390 E/QSAnimator( 2677): tileView is null rotation
08-19 14:14:35.390 E/QSAnimator( 2677): tileView is null scanner
08-19 14:14:35.390 E/QSAnimator( 2677): tileView is null papermode
08-19 14:14:35.390 E/QSAnimator( 2677): tileView is null night
08-19 14:14:35.390 E/QSAnimator( 2677): tileView is null quietmode
08-19 14:14:35.390 E/QSAnimator( 2677): tileView is null batterysaver
08-19 14:14:35.390 E/QSAnimator( 2677): tileView is null custom(com.miui.securitycenter/com.miui.superpower.notification.SuperPowerTileService)
08-19 14:14:35.390 E/QSAnimator( 2677): tileView is null custom(com.milink.service/com.milink.ui.service.MiLinkTileService)
08-19 14:14:35.390 E/QSAnimator( 2677): tileView is null custom(com.miui.mishare.connectivity/.tile.MiShareTileService)
08-19 14:14:35.390 E/QSAnimator( 2677): tileView is null freeformhang
08-19 14:14:35.390 E/QSAnimator( 2677): tileView is null custom(com.miui.screenrecorder/.service.QuickService)
08-19 14:14:35.390 E/QSAnimator( 2677): tileView is null vibrate
08-19 14:14:35.390 E/QSAnimator( 2677): tileView is null hotspot
08-19 14:14:35.390 E/QSAnimator( 2677): tileView is null nfc
08-19 14:14:35.390 E/QSAnimator( 2677): tileView is null edit
08-19 14:14:35.787 I/cmd     (22487): oneway function results will be dropped but finished with status OK and parcel size 4
08-19 14:14:35.827 W/Thread-21( 6397): type=1400 audit(0.0:1635007): avc: denied { read } for name="devices" dev="proc" ino=4026532038 scontext=u:r:untrusted_app_27:s0:c512,c768 tcontext=u:object_r:proc:s0 tclass=file permissive=0 app=com.tmri.app.main
08-19 14:14:36.106 I/cmd     (22496): oneway function results will be dropped but finished with status OK and parcel size 4
08-19 14:14:36.565 I/cmd     (22506): oneway function results will be dropped but finished with status OK and parcel size 4
08-19 14:14:36.847 W/Thread-21( 6397): type=1400 audit(0.0:1635008): avc: denied { read } for name="devices" dev="proc" ino=4026532038 scontext=u:r:untrusted_app_27:s0:c512,c768 tcontext=u:object_r:proc:s0 tclass=file permissive=0 app=com.tmri.app.main
08-19 14:14:37.091 I/cmd     (22523): oneway function results will be dropped but finished with status OK and parcel size 4
08-19 14:14:37.420 I/MiuiNetworkPolicy( 1783): bandwidth: 0 KB/s, Max bandwidth: 4964 KB/s
08-19 14:14:37.520 I/cmd     (22535): oneway function results will be dropped but finished with status OK and parcel size 4
08-19 14:14:38.091 W/Thread-21( 6397): type=1400 audit(0.0:1635009): avc: denied { read } for name="devices" dev="proc" ino=4026532038 scontext=u:r:untrusted_app_27:s0:c512,c768 tcontext=u:object_r:proc:s0 tclass=file permissive=0 app=com.tmri.app.main
08-19 14:14:38.439 E/QSAnimator( 2677): tileView is null custom(com.android.settings/.development.qstile.DevelopmentTiles$WirelessDebugging)
08-19 14:14:38.439 E/QSAnimator( 2677): tileView is null flashlight
08-19 14:14:38.440 E/QSAnimator( 2677): tileView is null mute
08-19 14:14:38.440 E/QSAnimator( 2677): tileView is null screenshot
08-19 14:14:38.440 E/QSAnimator( 2677): tileView is null airplane
08-19 14:14:38.440 E/QSAnimator( 2677): tileView is null screenlock
08-19 14:14:38.440 E/QSAnimator( 2677): tileView is null gps
08-19 14:14:38.440 E/QSAnimator( 2677): tileView is null rotation
08-19 14:14:38.440 E/QSAnimator( 2677): tileView is null scanner
08-19 14:14:38.440 E/QSAnimator( 2677): tileView is null papermode
08-19 14:14:38.440 E/QSAnimator( 2677): tileView is null night
08-19 14:14:38.440 E/QSAnimator( 2677): tileView is null quietmode
08-19 14:14:38.440 E/QSAnimator( 2677): tileView is null batterysaver
08-19 14:14:38.440 E/QSAnimator( 2677): tileView is null custom(com.miui.securitycenter/com.miui.superpower.notification.SuperPowerTileService)
08-19 14:14:38.440 E/QSAnimator( 2677): tileView is null custom(com.milink.service/com.milink.ui.service.MiLinkTileService)
08-19 14:14:38.440 E/QSAnimator( 2677): tileView is null custom(com.miui.mishare.connectivity/.tile.MiShareTileService)
08-19 14:14:38.440 E/QSAnimator( 2677): tileView is null freeformhang
08-19 14:14:38.440 E/QSAnimator( 2677): tileView is null custom(com.miui.screenrecorder/.service.QuickService)
08-19 14:14:38.440 E/QSAnimator( 2677): tileView is null vibrate
08-19 14:14:38.440 E/QSAnimator( 2677): tileView is null hotspot
08-19 14:14:38.440 E/QSAnimator( 2677): tileView is null nfc
08-19 14:14:38.440 E/QSAnimator( 2677): tileView is null edit
08-19 14:14:38.750 I/cmd     (22574): oneway function results will be dropped but finished with status OK and parcel size 4
08-19 14:14:39.103 W/Thread-21( 6397): type=1400 audit(0.0:1635010): avc: denied { read } for name="devices" dev="proc" ino=4026532038 scontext=u:r:untrusted_app_27:s0:c512,c768 tcontext=u:object_r:proc:s0 tclass=file permissive=0 app=com.tmri.app.main
08-19 14:14:39.214 I/cmd     (22586): oneway function results will be dropped but finished with status OK and parcel size 4
08-19 14:14:39.779 I/cmd     (22604): oneway function results will be dropped but finished with status OK and parcel size 4
08-19 14:14:40.111 I/cmd     (22610): oneway function results will be dropped but finished with status OK and parcel size 4
08-19 14:14:40.123 W/Thread-21( 6397): type=1400 audit(0.0:1635011): avc: denied { read } for name="devices" dev="proc" ino=4026532038 scontext=u:r:untrusted_app_27:s0:c512,c768 tcontext=u:object_r:proc:s0 tclass=file permissive=0 app=com.tmri.app.main
08-19 14:14:40.424 I/MiuiNetworkPolicy( 1783): bandwidth: 0 KB/s, Max bandwidth: 4964 KB/s
08-19 14:14:40.703 I/cmd     (22626): oneway function results will be dropped but finished with status OK and parcel size 4
08-19 14:14:41.124 I/cmd     (22641): oneway function results will be dropped but finished with status OK and parcel size 4
08-19 14:14:41.127 W/Thread-21( 6397): type=1400 audit(0.0:1635012): avc: denied { read } for name="devices" dev="proc" ino=4026532038 scontext=u:r:untrusted_app_27:s0:c512,c768 tcontext=u:object_r:proc:s0 tclass=file permissive=0 app=com.tmri.app.main
08-19 14:14:41.451 I/cmd     (22645): oneway function results will be dropped but finished with status OK and parcel size 4
08-19 14:14:41.499 E/QSAnimator( 2677): tileView is null custom(com.android.settings/.development.qstile.DevelopmentTiles$WirelessDebugging)
08-19 14:14:41.499 E/QSAnimator( 2677): tileView is null flashlight
08-19 14:14:41.499 E/QSAnimator( 2677): tileView is null mute
08-19 14:14:41.499 E/QSAnimator( 2677): tileView is null screenshot
08-19 14:14:41.500 E/QSAnimator( 2677): tileView is null airplane
08-19 14:14:41.500 E/QSAnimator( 2677): tileView is null screenlock
08-19 14:14:41.500 E/QSAnimator( 2677): tileView is null gps
08-19 14:14:41.500 E/QSAnimator( 2677): tileView is null rotation
08-19 14:14:41.500 E/QSAnimator( 2677): tileView is null scanner
08-19 14:14:41.500 E/QSAnimator( 2677): tileView is null papermode
08-19 14:14:41.500 E/QSAnimator( 2677): tileView is null night
08-19 14:14:41.500 E/QSAnimator( 2677): tileView is null quietmode
08-19 14:14:41.500 E/QSAnimator( 2677): tileView is null batterysaver
08-19 14:14:41.500 E/QSAnimator( 2677): tileView is null custom(com.miui.securitycenter/com.miui.superpower.notification.SuperPowerTileService)
08-19 14:14:41.500 E/QSAnimator( 2677): tileView is null custom(com.milink.service/com.milink.ui.service.MiLinkTileService)
08-19 14:14:41.500 E/QSAnimator( 2677): tileView is null custom(com.miui.mishare.connectivity/.tile.MiShareTileService)
08-19 14:14:41.500 E/QSAnimator( 2677): tileView is null freeformhang
08-19 14:14:41.500 E/QSAnimator( 2677): tileView is null custom(com.miui.screenrecorder/.service.QuickService)
08-19 14:14:41.500 E/QSAnimator( 2677): tileView is null vibrate
08-19 14:14:41.500 E/QSAnimator( 2677): tileView is null hotspot
08-19 14:14:41.500 E/QSAnimator( 2677): tileView is null nfc
08-19 14:14:41.500 E/QSAnimator( 2677): tileView is null edit
08-19 14:14:41.560 I/cmd     (22649): oneway function results will be dropped but finished with status OK and parcel size 4
08-19 14:14:42.127 W/Thread-21( 6397): type=1400 audit(0.0:1635013): avc: denied { read } for name="devices" dev="proc" ino=4026532038 scontext=u:r:untrusted_app_27:s0:c512,c768 tcontext=u:object_r:proc:s0 tclass=file permissive=0 app=com.tmri.app.main
08-19 14:14:42.332 D/NetworkSpeedTracker( 2989): receive actionandroid.intent.action.BATTERY_CHANGED
08-19 14:14:42.332 D/NetworkSpeedTracker( 2989): onReceive ACTION_BATTERY_CHANGED mBatteryLevel = 68;mIsCharging =true
08-19 14:14:42.333 D/KeyguardUpdateMonitor( 2677): received broadcast android.intent.action.BATTERY_CHANGED
08-19 14:14:42.333 D/BatteryController( 2677): onReceive: Intent = Intent { act=android.intent.action.BATTERY_CHANGED flg=0x60000010 (has extras) } action = android.intent.action.BATTERY_CHANGED
08-19 14:14:42.334 I/BatteryInfoReceiver( 4989): ACTION_BATTERY_CHANGED
08-19 14:14:42.335 D/UploadVoiceJobService( 3982): needUploadVoice timeSinceLastUpload = 2317971
08-19 14:14:42.337 D/PowerCheckerService( 5940): onBatteryChanged, mBatteryLevel = 68, status = 2, level = 68, plug = 1, scale = 100
08-19 14:14:42.340 D/DeviceStatisticsService( 2921): chargerType=1 batteryLevel=68 totalBatteryCapacity=4240100
08-19 14:14:42.340 D/DeviceInfoHidlClient( 2921): getPowerInfoSupportStatus()=1
08-19 14:14:42.340 D/DeviceInfoHidlClient( 2921): isRadioOn()=true
08-19 14:14:42.340 I/DeviceInfoHidlClient( 2921): isPowerInfoNeverSent=false batteryLevel=68 batteryLevelIndex=2 chargingMode=1 totalCapacity=4240100 powerSaveMode=false
08-19 14:14:43.135 W/Thread-21( 6397): type=1400 audit(0.0:1635014): avc: denied { read } for name="devices" dev="proc" ino=4026532038 scontext=u:r:untrusted_app_27:s0:c512,c768 tcontext=u:object_r:proc:s0 tclass=file permissive=0 app=com.tmri.app.main
08-19 14:14:43.223 I/cmd     (22697): oneway function results will be dropped but finished with status OK and parcel size 4
08-19 14:14:43.345 I/cmd     (22701): oneway function results will be dropped but finished with status OK and parcel size 4
08-19 14:14:43.429 I/MiuiNetworkPolicy( 1783): bandwidth: 0 KB/s, Max bandwidth: 4964 KB/s
08-19 14:14:43.679 I/cmd     (22705): oneway function results will be dropped but finished with status OK and parcel size 4
08-19 14:14:44.141 I/mars::stn(21911): [longlink_connect_monitor.cc, OnHeartbeatAlarmReceived, 474]:longlink_progress on_heartbeat_alarm, time: 8711021, is_noop_timeout:false
08-19 14:14:44.173 I/mars::stn(21911): [longlink_connect_monitor.cc, OnHeartbeatAlarmSet, 470]:longlink_progress on_heartbeat_set, time: 8711053, time interval:330000
08-19 14:14:44.175 W/Thread-21( 6397): type=1400 audit(0.0:1635015): avc: denied { read } for name="devices" dev="proc" ino=4026532038 scontext=u:r:untrusted_app_27:s0:c512,c768 tcontext=u:object_r:proc:s0 tclass=file permissive=0 app=com.tmri.app.main
08-19 14:14:44.185 I/mars::stn(21911): [longlink_connect_monitor.cc, OnHeartbeatAlarmSet, 470]:longlink_progress on_heartbeat_set, time: 8711065, time interval:330000
08-19 14:14:44.269 W/tencent.mm:pus(21911): Reducing the number of considered missed Gc histogram windows from 171 to 100
08-19 14:14:44.686 I/cmd     (22737): oneway function results will be dropped but finished with status OK and parcel size 4
08-19 14:14:45.019 I/cmd     (22741): oneway function results will be dropped but finished with status OK and parcel size 4
08-19 14:14:45.142 I/cmd     (22748): oneway function results will be dropped but finished with status OK and parcel size 4
08-19 14:14:45.183 W/Thread-21( 6397): type=1400 audit(0.0:1635016): avc: denied { read } for name="devices" dev="proc" ino=4026532038 scontext=u:r:untrusted_app_27:s0:c512,c768 tcontext=u:object_r:proc:s0 tclass=file permissive=0 app=com.tmri.app.main
08-19 14:14:45.474 I/cmd     (22756): oneway function results will be dropped but finished with status OK and parcel size 4
08-19 14:14:45.938 I/cmd     (22764): oneway function results will be dropped but finished with status OK and parcel size 4
08-19 14:14:46.048 I/cmd     (22769): oneway function results will be dropped but finished with status OK and parcel size 4
08-19 14:14:46.187 W/Thread-21( 6397): type=1400 audit(0.0:1635017): avc: denied { read } for name="devices" dev="proc" ino=4026532038 scontext=u:r:untrusted_app_27:s0:c512,c768 tcontext=u:object_r:proc:s0 tclass=file permissive=0 app=com.tmri.app.main
08-19 14:14:46.385 I/cmd     (22780): oneway function results will be dropped but finished with status OK and parcel size 4
08-19 14:14:46.433 I/MiuiNetworkPolicy( 1783): bandwidth: 0 KB/s, Max bandwidth: 4964 KB/s
08-19 14:14:46.510 I/cmd     (22784): oneway function results will be dropped but finished with status OK and parcel size 4
08-19 14:14:46.834 I/cmd     (22792): oneway function results will be dropped but finished with status OK and parcel size 4
08-19 14:14:46.957 I/cmd     (22797): oneway function results will be dropped but finished with status OK and parcel size 4
08-19 14:14:47.247 W/Thread-21( 6397): type=1400 audit(0.0:1635018): avc: denied { read } for name="devices" dev="proc" ino=4026532038 scontext=u:r:untrusted_app_27:s0:c512,c768 tcontext=u:object_r:proc:s0 tclass=file permissive=0 app=com.tmri.app.main
08-19 14:14:47.273 I/cmd     (22804): oneway function results will be dropped but finished with status OK and parcel size 4
08-19 14:14:47.394 I/cmd     (22808): oneway function results will be dropped but finished with status OK and parcel size 4
08-19 14:14:47.568 E/QSAnimator( 2677): tileView is null custom(com.android.settings/.development.qstile.DevelopmentTiles$WirelessDebugging)
08-19 14:14:47.568 E/QSAnimator( 2677): tileView is null flashlight
08-19 14:14:47.568 E/QSAnimator( 2677): tileView is null mute
08-19 14:14:47.568 E/QSAnimator( 2677): tileView is null screenshot
08-19 14:14:47.568 E/QSAnimator( 2677): tileView is null airplane
08-19 14:14:47.568 E/QSAnimator( 2677): tileView is null screenlock
08-19 14:14:47.568 E/QSAnimator( 2677): tileView is null gps
08-19 14:14:47.568 E/QSAnimator( 2677): tileView is null rotation
08-19 14:14:47.568 E/QSAnimator( 2677): tileView is null scanner
08-19 14:14:47.568 E/QSAnimator( 2677): tileView is null papermode
08-19 14:14:47.568 E/QSAnimator( 2677): tileView is null night
08-19 14:14:47.568 E/QSAnimator( 2677): tileView is null quietmode
08-19 14:14:47.568 E/QSAnimator( 2677): tileView is null batterysaver
08-19 14:14:47.568 E/QSAnimator( 2677): tileView is null custom(com.miui.securitycenter/com.miui.superpower.notification.SuperPowerTileService)
08-19 14:14:47.568 E/QSAnimator( 2677): tileView is null custom(com.milink.service/com.milink.ui.service.MiLinkTileService)
08-19 14:14:47.568 E/QSAnimator( 2677): tileView is null custom(com.miui.mishare.connectivity/.tile.MiShareTileService)
08-19 14:14:47.568 E/QSAnimator( 2677): tileView is null freeformhang
08-19 14:14:47.568 E/QSAnimator( 2677): tileView is null custom(com.miui.screenrecorder/.service.QuickService)
08-19 14:14:47.568 E/QSAnimator( 2677): tileView is null vibrate
08-19 14:14:47.568 E/QSAnimator( 2677): tileView is null hotspot
08-19 14:14:47.568 E/QSAnimator( 2677): tileView is null nfc
08-19 14:14:47.568 E/QSAnimator( 2677): tileView is null edit
08-19 14:14:48.159 I/cmd     (22824): oneway function results will be dropped but finished with status OK and parcel size 4
08-19 14:14:48.259 W/Thread-21( 6397): type=1400 audit(0.0:1635019): avc: denied { read } for name="devices" dev="proc" ino=4026532038 scontext=u:r:untrusted_app_27:s0:c512,c768 tcontext=u:object_r:proc:s0 tclass=file permissive=0 app=com.tmri.app.main
08-19 14:14:48.273 I/cmd     (22834): oneway function results will be dropped but finished with status OK and parcel size 4
08-19 14:14:48.590 I/cmd     (22839): oneway function results will be dropped but finished with status OK and parcel size 4
08-19 14:14:48.893 E/AggregateListener( 4836): notification text&title is null, key = 0|com.tencent.mtt|83|null|10252
08-19 14:14:49.030 I/cmd     (22852): oneway function results will be dropped but finished with status OK and parcel size 4
08-19 14:14:49.103 D/IMReply:Notif( 3982): onNotificationPosted before sbn = 83
08-19 14:14:49.109 V/onNotificationPostedCallBack( 4989): flags=610
08-19 14:14:49.110 D/InterruptionStateProvider( 2677): No bubble up: not allowed to bubble: 0|com.tencent.mtt|83|null|10252
08-19 14:14:49.111 D/InterruptionStateProvider( 2677): No heads up: unimportant notification: 0|com.tencent.mtt|83|null|10252
08-19 14:14:49.115 W/AsyncLayoutInflater( 2677): Failed to inflate resource in the background! Retrying on the UI thread
08-19 14:14:49.115 W/AsyncLayoutInflater( 2677): android.view.InflateException: Binary XML file line #33 in com.android.systemui:layout/status_bar_notification_row: Animators may only be run on Looper threads
08-19 14:14:49.115 W/AsyncLayoutInflater( 2677): Caused by: android.util.AndroidRuntimeException: Animators may only be run on Looper threads
08-19 14:14:49.115 W/AsyncLayoutInflater( 2677): 	at android.animation.AnimatorSet.start(AnimatorSet.java:705)
08-19 14:14:49.115 W/AsyncLayoutInflater( 2677): 	at android.animation.AnimatorSet.start(AnimatorSet.java:684)
08-19 14:14:49.115 W/AsyncLayoutInflater( 2677): 	at android.animation.StateListAnimator.start(StateListAnimator.java:188)
08-19 14:14:49.115 W/AsyncLayoutInflater( 2677): 	at android.animation.StateListAnimator.setState(StateListAnimator.java:181)
08-19 14:14:49.115 W/AsyncLayoutInflater( 2677): 	at android.view.View.drawableStateChanged(View.java:23521)
08-19 14:14:49.115 W/AsyncLayoutInflater( 2677): 	at android.widget.TextView.drawableStateChanged(TextView.java:5853)
08-19 14:14:49.115 W/AsyncLayoutInflater( 2677): 	at android.view.View.originalRefreshDrawableState(View.java:23594)
08-19 14:14:49.115 W/AsyncLayoutInflater( 2677): 	at android.view.View$14.refreshDrawableState(View.java:30912)
08-19 14:14:49.115 W/AsyncLayoutInflater( 2677): 	at com.miui.internal.variable.v21.Android_View_View_class.callOriginalRefreshDrawableState(Android_View_View_class.java:61)
08-19 14:14:49.115 W/AsyncLayoutInflater( 2677): 	at com.miui.internal.variable.v16.Android_View_View_class_common.handleRefreshDrawableState(Android_View_View_class_common.java:90)
08-19 14:14:49.115 W/AsyncLayoutInflater( 2677): 	at com.miui.internal.variable.v21.Android_View_View_class.access$000(Android_View_View_class.java:22)
08-19 14:14:49.115 W/AsyncLayoutInflater( 2677): 	at com.miui.internal.variable.v21.Android_View_View_class$1.refreshDrawableState(Android_View_View_class.java:88)
08-19 14:14:49.115 W/AsyncLayoutInflater( 2677): 	at android.view.View.refreshDrawableState(View.java:23585)
08-19 14:14:49.115 W/AsyncLayoutInflater( 2677): 	at com.miui.internal.util.TaggingDrawableHelper.tagView(TaggingDrawableHelper.java:203)
08-19 14:14:49.115 W/AsyncLayoutInflater( 2677): 	at com.miui.internal.util.TaggingDrawableHelper.tagChildSequenceState(TaggingDrawableHelper.java:59)
08-19 14:14:49.115 W/AsyncLayoutInflater( 2677): 	at com.miui.internal.variable.v16.Android_View_ViewGroup_class.handleAddInArray(Android_View_ViewGroup_class.java:96)
08-19 14:14:49.115 W/AsyncLayoutInflater( 2677): 	at com.miui.internal.variable.v21.Android_View_ViewGroup_class.access$000(Android_View_ViewGroup_class.java:23)
08-19 14:14:49.115 W/AsyncLayoutInflater( 2677): 	at com.miui.internal.variable.v21.Android_View_ViewGroup_class$1.addInArray(Android_View_ViewGroup_class.java:171)
08-19 14:14:49.115 W/AsyncLayoutInflater( 2677): 	at android.view.ViewGroup.addInArray(ViewGroup.java:5380)
08-19 14:14:49.115 W/AsyncLayoutInflater( 2677): 	at android.view.ViewGroup.addViewInner(ViewGroup.java:5295)
08-19 14:14:49.115 W/AsyncLayoutInflater( 2677): 	at android.view.ViewGroup.addView(ViewGroup.java:5102)
08-19 14:14:49.115 W/AsyncLayoutInflater( 2677): 	at android.view.ViewGroup.addView(ViewGroup.java:5071)
08-19 14:14:49.115 W/AsyncLayoutInflater( 2677): 	at android.view.LayoutInflater.rInflate(LayoutInflater.java:1129)
08-19 14:14:49.115 W/AsyncLayoutInflater( 2677): 	at android.view.LayoutInflater.rInflateChildren(LayoutInflater.java:1086)
08-19 14:14:49.115 W/AsyncLayoutInflater( 2677): 	at android.view.LayoutInflater.inflate(LayoutInflater.java:684)
08-19 14:14:49.115 W/AsyncLayoutInflater( 2677): 	at android.view.LayoutInflater.inflate(LayoutInflater.java:536)
08-19 14:14:49.115 W/AsyncLayoutInflater( 2677): 	at androidx.asynclayoutinflater.view.AsyncLayoutInflater$InflateThread.runInner(AsyncLayoutInflater.java:189)
08-19 14:14:49.115 W/AsyncLayoutInflater( 2677): 	at androidx.asynclayoutinflater.view.AsyncLayoutInflater$InflateThread.run(AsyncLayoutInflater.java:203)
08-19 14:14:49.116 V/n       ( 4989): ret=1
08-19 14:14:49.116 V/onNotificationPostedCallBack( 4989): 2flags=610
08-19 14:14:49.124 D/IMReply:Notif( 3982): onNotificationPosted onNotificationRemoved sbn = 83
08-19 14:14:49.146 D/NotifBadge( 2677): update app badge num: com.tencent.mtt/,num=0,isAllowed=true,userId=0
08-19 14:14:49.147 W/ActivityManager( 1783): Sending non-protected broadcast android.intent.action.APPLICATION_MESSAGE_UPDATE from system 2677:com.android.systemui/1000 pkg com.android.systemui. Callers=
08-19 14:14:49.149 I/cmd     (22856): oneway function results will be dropped but finished with status OK and parcel size 4
08-19 14:14:49.150 I/Launcher.ApplicationsMessage( 3002): onReceive true
08-19 14:14:49.150 I/Launcher.ApplicationsMessage( 3002): update com.tencent.mtt/ to null
08-19 14:14:49.271 W/Thread-21( 6397): type=1400 audit(0.0:1635020): avc: denied { read } for name="devices" dev="proc" ino=4026532038 scontext=u:r:untrusted_app_27:s0:c512,c768 tcontext=u:object_r:proc:s0 tclass=file permissive=0 app=com.tmri.app.main
08-19 14:14:49.436 I/MiuiNetworkPolicy( 1783): bandwidth: 0 KB/s, Max bandwidth: 4964 KB/s
08-19 14:14:49.473 I/cmd     (22863): oneway function results will be dropped but finished with status OK and parcel size 4
08-19 14:14:49.599 I/cmd     (22867): oneway function results will be dropped but finished with status OK and parcel size 4
08-19 14:14:49.921 I/cmd     (22875): oneway function results will be dropped but finished with status OK and parcel size 4
08-19 14:14:50.044 I/cmd     (22879): oneway function results will be dropped but finished with status OK and parcel size 4
08-19 14:14:50.114 D/NotifBadge( 2677): update app badge num: com.tencent.mtt/,num=0,isAllowed=true,userId=0
08-19 14:14:50.116 W/ActivityManager( 1783): Sending non-protected broadcast android.intent.action.APPLICATION_MESSAGE_UPDATE from system 2677:com.android.systemui/1000 pkg com.android.systemui. Callers=
08-19 14:14:50.118 I/Launcher.ApplicationsMessage( 3002): onReceive true
08-19 14:14:50.118 I/Launcher.ApplicationsMessage( 3002): update com.tencent.mtt/ to null
08-19 14:14:50.307 W/Thread-21( 6397): type=1400 audit(0.0:1635021): avc: denied { read } for name="devices" dev="proc" ino=4026532038 scontext=u:r:untrusted_app_27:s0:c512,c768 tcontext=u:object_r:proc:s0 tclass=file permissive=0 app=com.tmri.app.main
08-19 14:14:50.370 I/cmd     (22885): oneway function results will be dropped but finished with status OK and parcel size 4
08-19 14:14:50.519 D/NetworkSpeedTracker( 2989): receive actionandroid.intent.action.BATTERY_CHANGED
08-19 14:14:50.519 D/NetworkSpeedTracker( 2989): onReceive ACTION_BATTERY_CHANGED mBatteryLevel = 68;mIsCharging =true
08-19 14:14:50.521 I/BatteryInfoReceiver( 4989): ACTION_BATTERY_CHANGED
08-19 14:14:50.522 D/UploadVoiceJobService( 3982): needUploadVoice timeSinceLastUpload = 2326158
08-19 14:14:50.523 D/PowerCheckerService( 5940): onBatteryChanged, mBatteryLevel = 68, status = 2, level = 68, plug = 1, scale = 100
08-19 14:14:50.523 D/DeviceStatisticsService( 2921): chargerType=1 batteryLevel=68 totalBatteryCapacity=4244100
08-19 14:14:50.523 D/DeviceInfoHidlClient( 2921): getPowerInfoSupportStatus()=1
08-19 14:14:50.523 D/DeviceInfoHidlClient( 2921): isRadioOn()=true
08-19 14:14:50.523 I/DeviceInfoHidlClient( 2921): isPowerInfoNeverSent=false batteryLevel=68 batteryLevelIndex=2 chargingMode=1 totalCapacity=4244100 powerSaveMode=false
08-19 14:14:50.524 D/KeyguardUpdateMonitor( 2677): received broadcast android.intent.action.BATTERY_CHANGED
08-19 14:14:50.524 D/BatteryController( 2677): onReceive: Intent = Intent { act=android.intent.action.BATTERY_CHANGED flg=0x60000010 (has extras) } action = android.intent.action.BATTERY_CHANGED
08-19 14:14:50.590 E/QSAnimator( 2677): tileView is null custom(com.android.settings/.development.qstile.DevelopmentTiles$WirelessDebugging)
08-19 14:14:50.590 E/QSAnimator( 2677): tileView is null flashlight
08-19 14:14:50.590 E/QSAnimator( 2677): tileView is null mute
08-19 14:14:50.590 E/QSAnimator( 2677): tileView is null screenshot
08-19 14:14:50.590 E/QSAnimator( 2677): tileView is null airplane
08-19 14:14:50.590 E/QSAnimator( 2677): tileView is null screenlock
08-19 14:14:50.590 E/QSAnimator( 2677): tileView is null gps
08-19 14:14:50.590 E/QSAnimator( 2677): tileView is null rotation
08-19 14:14:50.590 E/QSAnimator( 2677): tileView is null scanner
08-19 14:14:50.590 E/QSAnimator( 2677): tileView is null papermode
08-19 14:14:50.590 E/QSAnimator( 2677): tileView is null night
08-19 14:14:50.590 E/QSAnimator( 2677): tileView is null quietmode
08-19 14:14:50.590 E/QSAnimator( 2677): tileView is null batterysaver
08-19 14:14:50.591 E/QSAnimator( 2677): tileView is null custom(com.miui.securitycenter/com.miui.superpower.notification.SuperPowerTileService)
08-19 14:14:50.591 E/QSAnimator( 2677): tileView is null custom(com.milink.service/com.milink.ui.service.MiLinkTileService)
08-19 14:14:50.591 E/QSAnimator( 2677): tileView is null custom(com.miui.mishare.connectivity/.tile.MiShareTileService)
08-19 14:14:50.591 E/QSAnimator( 2677): tileView is null freeformhang
08-19 14:14:50.591 E/QSAnimator( 2677): tileView is null custom(com.miui.screenrecorder/.service.QuickService)
08-19 14:14:50.591 E/QSAnimator( 2677): tileView is null vibrate
08-19 14:14:50.591 E/QSAnimator( 2677): tileView is null hotspot
08-19 14:14:50.591 E/QSAnimator( 2677): tileView is null nfc
08-19 14:14:50.591 E/QSAnimator( 2677): tileView is null edit
08-19 14:14:51.313 I/cmd     (22913): oneway function results will be dropped but finished with status OK and parcel size 4
08-19 14:14:51.323 W/Thread-21( 6397): type=1400 audit(0.0:1635022): avc: denied { read } for name="devices" dev="proc" ino=4026532038 scontext=u:r:untrusted_app_27:s0:c512,c768 tcontext=u:object_r:proc:s0 tclass=file permissive=0 app=com.tmri.app.main
08-19 14:14:51.642 D/KeyguardUpdateMonitor( 2677): received broadcast android.intent.action.BATTERY_CHANGED
08-19 14:14:51.642 D/NetworkSpeedTracker( 2989): receive actionandroid.intent.action.BATTERY_CHANGED
08-19 14:14:51.642 D/NetworkSpeedTracker( 2989): onReceive ACTION_BATTERY_CHANGED mBatteryLevel = 68;mIsCharging =true
08-19 14:14:51.642 D/BatteryController( 2677): onReceive: Intent = Intent { act=android.intent.action.BATTERY_CHANGED flg=0x60000010 (has extras) } action = android.intent.action.BATTERY_CHANGED
08-19 14:14:51.644 I/BatteryInfoReceiver( 4989): ACTION_BATTERY_CHANGED
08-19 14:14:51.645 D/PowerCheckerService( 5940): onBatteryChanged, mBatteryLevel = 68, status = 2, level = 68, plug = 1, scale = 100
08-19 14:14:51.645 D/UploadVoiceJobService( 3982): needUploadVoice timeSinceLastUpload = 2327281
08-19 14:14:51.648 D/DeviceStatisticsService( 2921): chargerType=1 batteryLevel=68 totalBatteryCapacity=4245000
08-19 14:14:51.648 D/DeviceInfoHidlClient( 2921): getPowerInfoSupportStatus()=1
08-19 14:14:51.648 D/DeviceInfoHidlClient( 2921): isRadioOn()=true
08-19 14:14:51.648 I/DeviceInfoHidlClient( 2921): isPowerInfoNeverSent=false batteryLevel=68 batteryLevelIndex=2 chargingMode=1 totalCapacity=4245000 powerSaveMode=false
08-19 14:14:51.970 D/MiuiNetworkPolicy( 1783): updateLimit mLimitEnabled=true,enabled=false,mNetworkPriorityMode=1
08-19 14:14:52.201 I/cmd     (22936): oneway function results will be dropped but finished with status OK and parcel size 4
08-19 14:14:52.351 W/Thread-21( 6397): type=1400 audit(0.0:1635023): avc: denied { read } for name="devices" dev="proc" ino=4026532038 scontext=u:r:untrusted_app_27:s0:c512,c768 tcontext=u:object_r:proc:s0 tclass=file permissive=0 app=com.tmri.app.main
08-19 14:14:52.438 I/MiuiNetworkPolicy( 1783): bandwidth: 0 KB/s, Max bandwidth: 4964 KB/s
08-19 14:14:52.684 I/cmd     (22951): oneway function results will be dropped but finished with status OK and parcel size 4
08-19 14:14:52.802 I/cmd     (22955): oneway function results will be dropped but finished with status OK and parcel size 4
08-19 14:14:53.267 I/cmd     (22963): oneway function results will be dropped but finished with status OK and parcel size 4
08-19 14:14:53.391 W/Thread-21( 6397): type=1400 audit(0.0:1635024): avc: denied { read } for name="devices" dev="proc" ino=4026532038 scontext=u:r:untrusted_app_27:s0:c512,c768 tcontext=u:object_r:proc:s0 tclass=file permissive=0 app=com.tmri.app.main
08-19 14:14:53.601 I/cmd     (22972): oneway function results will be dropped but finished with status OK and parcel size 4
08-19 14:14:54.051 I/cmd     (22985): oneway function results will be dropped but finished with status OK and parcel size 4
08-19 14:14:54.158 I/cmd     (22991): oneway function results will be dropped but finished with status OK and parcel size 4
08-19 14:14:54.195 D/CompatibilityInfo( 1783): mCompatibilityFlags - 0
08-19 14:14:54.195 D/CompatibilityInfo( 1783): applicationDensity - 440
08-19 14:14:54.195 D/CompatibilityInfo( 1783): applicationScale - 1.0
08-19 14:14:54.399 W/Thread-21( 6397): type=1400 audit(0.0:1635025): avc: denied { read } for name="devices" dev="proc" ino=4026532038 scontext=u:r:untrusted_app_27:s0:c512,c768 tcontext=u:object_r:proc:s0 tclass=file permissive=0 app=com.tmri.app.main
08-19 14:14:54.483 I/cmd     (22996): oneway function results will be dropped but finished with status OK and parcel size 4
08-19 14:14:54.610 I/cmd     (23000): oneway function results will be dropped but finished with status OK and parcel size 4
08-19 14:14:54.944 I/cmd     (23014): oneway function results will be dropped but finished with status OK and parcel size 4
08-19 14:14:55.058 I/cmd     (23019): oneway function results will be dropped but finished with status OK and parcel size 4
08-19 14:14:55.092 D/CompatibilityInfo( 1783): mCompatibilityFlags - 0
08-19 14:14:55.092 D/CompatibilityInfo( 1783): applicationDensity - 440
08-19 14:14:55.092 D/CompatibilityInfo( 1783): applicationScale - 1.0
08-19 14:14:55.097 I/PowerKeeperBackgroundService( 5940): onStartCommand()
08-19 14:14:55.098 I/PowerKeeperService( 5940): onAlarm
08-19 14:14:55.148 D/CompatibilityInfo( 1783): mCompatibilityFlags - 0
08-19 14:14:55.148 D/CompatibilityInfo( 1783): applicationDensity - 440
08-19 14:14:55.148 D/CompatibilityInfo( 1783): applicationScale - 1.0
08-19 14:14:55.154 I/NetworkScheduler.Stats( 3549): Task com.google.android.gms/com.google.android.gms.auth.account.be.legacy.AuthCronService started execution. cause:4 exec_start_elapsed_seconds: 8722 [CONTEXT service_id=218 ]
08-19 14:14:55.158 I/NetworkScheduler.Stats( 3549): Task com.google.android.gms/com.google.android.gms.auth.account.be.legacy.AuthCronService finished executing. cause:4 result: 1 elapsed_millis: 22 uptime_millis: 22 exec_start_elapsed_seconds: 8722 [CONTEXT service_id=218 ]
08-19 14:14:55.441 I/MiuiNetworkPolicy( 1783): bandwidth: 0 KB/s, Max bandwidth: 4964 KB/s
08-19 14:14:55.439 W/Thread-21( 6397): type=1400 audit(0.0:1635026): avc: denied { read } for name="devices" dev="proc" ino=4026532038 scontext=u:r:untrusted_app_27:s0:c512,c768 tcontext=u:object_r:proc:s0 tclass=file permissive=0 app=com.tmri.app.main
08-19 14:14:55.894 I/mi_thermald( 1323): generic_set_level: set generic device battery to 0
08-19 14:14:55.938 I/cmd     (23043): oneway function results will be dropped but finished with status OK and parcel size 4
08-19 14:14:55.942 I/mi_thermald( 1323): generic_set_level: set generic device backlight-clone to 0
08-19 14:14:55.943 I/qdlights(  933): thermal dimming: success to open /sys/class/backlight/panel0-backlight/brightness_clone
08-19 14:14:55.943 I/qdlights(  933): thermal dimming: thermal_lv[8191] thermal_cur_bl = [783]
