08-19 14:15:49.148 W/AsyncLayoutInflater( 2677): 	at android.animation.AnimatorSet.start(AnimatorSet.java:705)
08-19 14:15:49.148 W/AsyncLayoutInflater( 2677): 	at android.animation.AnimatorSet.start(AnimatorSet.java:684)
08-19 14:15:49.148 W/AsyncLayoutInflater( 2677): 	at android.animation.StateListAnimator.start(StateListAnimator.java:188)
08-19 14:15:49.148 W/AsyncLayoutInflater( 2677): 	at android.animation.StateListAnimator.setState(StateListAnimator.java:181)
08-19 14:15:49.148 W/AsyncLayoutInflater( 2677): 	at android.view.View.drawableStateChanged(View.java:23521)
08-19 14:15:49.148 W/AsyncLayoutInflater( 2677): 	at android.widget.TextView.drawableStateChanged(TextView.java:5853)
08-19 14:15:49.148 W/AsyncLayoutInflater( 2677): 	at android.view.View.originalRefreshDrawableState(View.java:23594)
08-19 14:15:49.148 W/AsyncLayoutInflater( 2677): 	at android.view.View$14.refreshDrawableState(View.java:30912)
08-19 14:15:49.148 W/AsyncLayoutInflater( 2677): 	at com.miui.internal.variable.v21.Android_View_View_class.callOriginalRefreshDrawableState(Android_View_View_class.java:61)
08-19 14:15:49.148 W/AsyncLayoutInflater( 2677): 	at com.miui.internal.variable.v16.Android_View_View_class_common.handleRefreshDrawableState(Android_View_View_class_common.java:90)
08-19 14:15:49.148 W/AsyncLayoutInflater( 2677): 	at com.miui.internal.variable.v21.Android_View_View_class.access$000(Android_View_View_class.java:22)
08-19 14:15:49.148 W/AsyncLayoutInflater( 2677): 	at com.miui.internal.variable.v21.Android_View_View_class$1.refreshDrawableState(Android_View_View_class.java:88)
08-19 14:15:49.148 W/AsyncLayoutInflater( 2677): 	at android.view.View.refreshDrawableState(View.java:23585)
08-19 14:15:49.148 W/AsyncLayoutInflater( 2677): 	at com.miui.internal.util.TaggingDrawableHelper.tagView(TaggingDrawableHelper.java:203)
08-19 14:15:49.148 W/AsyncLayoutInflater( 2677): 	at com.miui.internal.util.TaggingDrawableHelper.tagChildSequenceState(TaggingDrawableHelper.java:59)
08-19 14:15:49.148 W/AsyncLayoutInflater( 2677): 	at com.miui.internal.variable.v16.Android_View_ViewGroup_class.handleAddInArray(Android_View_ViewGroup_class.java:96)
08-19 14:15:49.148 W/AsyncLayoutInflater( 2677): 	at com.miui.internal.variable.v21.Android_View_ViewGroup_class.access$000(Android_View_ViewGroup_class.java:23)
08-19 14:15:49.148 W/AsyncLayoutInflater( 2677): 	at com.miui.internal.variable.v21.Android_View_ViewGroup_class$1.addInArray(Android_View_ViewGroup_class.java:171)
08-19 14:15:49.148 W/AsyncLayoutInflater( 2677): 	at android.view.ViewGroup.addInArray(ViewGroup.java:5380)
08-19 14:15:49.148 W/AsyncLayoutInflater( 2677): 	at android.view.ViewGroup.addViewInner(ViewGroup.java:5295)
08-19 14:15:49.148 W/AsyncLayoutInflater( 2677): 	at android.view.ViewGroup.addView(ViewGroup.java:5102)
08-19 14:15:49.148 W/AsyncLayoutInflater( 2677): 	at android.view.ViewGroup.addView(ViewGroup.java:5071)
08-19 14:15:49.148 W/AsyncLayoutInflater( 2677): 	at android.view.LayoutInflater.rInflate(LayoutInflater.java:1129)
08-19 14:15:49.148 W/AsyncLayoutInflater( 2677): 	at android.view.LayoutInflater.rInflateChildren(LayoutInflater.java:1086)
08-19 14:15:49.148 W/AsyncLayoutInflater( 2677): 	at android.view.LayoutInflater.inflate(LayoutInflater.java:684)
08-19 14:15:49.148 W/AsyncLayoutInflater( 2677): 	at android.view.LayoutInflater.inflate(LayoutInflater.java:536)
08-19 14:15:49.148 W/AsyncLayoutInflater( 2677): 	at androidx.asynclayoutinflater.view.AsyncLayoutInflater$InflateThread.runInner(AsyncLayoutInflater.java:189)
08-19 14:15:49.148 W/AsyncLayoutInflater( 2677): 	at androidx.asynclayoutinflater.view.AsyncLayoutInflater$InflateThread.run(AsyncLayoutInflater.java:203)
08-19 14:15:49.179 D/NotifBadge( 2677): update app badge num: com.tencent.mtt/,num=0,isAllowed=true,userId=0
08-19 14:15:49.180 W/ActivityManager( 1783): Sending non-protected broadcast android.intent.action.APPLICATION_MESSAGE_UPDATE from system 2677:com.android.systemui/1000 pkg com.android.systemui. Callers=
08-19 14:15:49.181 I/Launcher.ApplicationsMessage( 3002): onReceive true
08-19 14:15:49.181 I/Launcher.ApplicationsMessage( 3002): update com.tencent.mtt/ to null
08-19 14:15:49.447 I/cmd     (24616): oneway function results will be dropped but finished with status OK and parcel size 4
08-19 14:15:49.501 I/MiuiNetworkPolicy( 1783): bandwidth: 0 KB/s, Max bandwidth: 4964 KB/s
08-19 14:15:49.771 I/cmd     (24621): oneway function results will be dropped but finished with status OK and parcel size 4
08-19 14:15:49.971 W/Thread-21( 6397): type=1400 audit(0.0:1635239): avc: denied { read } for name="devices" dev="proc" ino=4026532038 scontext=u:r:untrusted_app_27:s0:c512,c768 tcontext=u:object_r:proc:s0 tclass=file permissive=0 app=com.tmri.app.main
08-19 14:15:50.150 D/NotifBadge( 2677): update app badge num: com.tencent.mtt/,num=0,isAllowed=true,userId=0
08-19 14:15:50.151 W/ActivityManager( 1783): Sending non-protected broadcast android.intent.action.APPLICATION_MESSAGE_UPDATE from system 2677:com.android.systemui/1000 pkg com.android.systemui. Callers=
08-19 14:15:50.152 I/Launcher.ApplicationsMessage( 3002): onReceive true
08-19 14:15:50.152 I/Launcher.ApplicationsMessage( 3002): update com.tencent.mtt/ to null
08-19 14:15:50.794 I/cmd     (24670): oneway function results will be dropped but finished with status OK and parcel size 4
08-19 14:15:50.987 W/Thread-21( 6397): type=1400 audit(0.0:1635240): avc: denied { read } for name="devices" dev="proc" ino=4026532038 scontext=u:r:untrusted_app_27:s0:c512,c768 tcontext=u:object_r:proc:s0 tclass=file permissive=0 app=com.tmri.app.main
08-19 14:15:51.129 I/cmd     (24687): oneway function results will be dropped but finished with status OK and parcel size 4
08-19 14:15:51.629 E/QSAnimator( 2677): tileView is null custom(com.android.settings/.development.qstile.DevelopmentTiles$WirelessDebugging)
08-19 14:15:51.629 E/QSAnimator( 2677): tileView is null flashlight
08-19 14:15:51.629 E/QSAnimator( 2677): tileView is null mute
08-19 14:15:51.629 E/QSAnimator( 2677): tileView is null screenshot
08-19 14:15:51.629 E/QSAnimator( 2677): tileView is null airplane
08-19 14:15:51.629 E/QSAnimator( 2677): tileView is null screenlock
08-19 14:15:51.629 E/QSAnimator( 2677): tileView is null gps
08-19 14:15:51.629 E/QSAnimator( 2677): tileView is null rotation
08-19 14:15:51.629 E/QSAnimator( 2677): tileView is null scanner
08-19 14:15:51.629 E/QSAnimator( 2677): tileView is null papermode
08-19 14:15:51.629 E/QSAnimator( 2677): tileView is null night
08-19 14:15:51.629 E/QSAnimator( 2677): tileView is null quietmode
08-19 14:15:51.629 E/QSAnimator( 2677): tileView is null batterysaver
08-19 14:15:51.629 E/QSAnimator( 2677): tileView is null custom(com.miui.securitycenter/com.miui.superpower.notification.SuperPowerTileService)
08-19 14:15:51.629 E/QSAnimator( 2677): tileView is null custom(com.milink.service/com.milink.ui.service.MiLinkTileService)
08-19 14:15:51.629 E/QSAnimator( 2677): tileView is null custom(com.miui.mishare.connectivity/.tile.MiShareTileService)
08-19 14:15:51.629 E/QSAnimator( 2677): tileView is null freeformhang
08-19 14:15:51.629 E/QSAnimator( 2677): tileView is null custom(com.miui.screenrecorder/.service.QuickService)
08-19 14:15:51.629 E/QSAnimator( 2677): tileView is null vibrate
08-19 14:15:51.629 E/QSAnimator( 2677): tileView is null hotspot
08-19 14:15:51.629 E/QSAnimator( 2677): tileView is null nfc
08-19 14:15:51.629 E/QSAnimator( 2677): tileView is null edit
08-19 14:15:52.027 W/Thread-21( 6397): type=1400 audit(0.0:1635241): avc: denied { read } for name="devices" dev="proc" ino=4026532038 scontext=u:r:untrusted_app_27:s0:c512,c768 tcontext=u:object_r:proc:s0 tclass=file permissive=0 app=com.tmri.app.main
08-19 14:15:52.055 I/cmd     (24736): oneway function results will be dropped but finished with status OK and parcel size 4
08-19 14:15:52.180 I/cmd     (24745): oneway function results will be dropped but finished with status OK and parcel size 4
08-19 14:15:52.505 I/MiuiNetworkPolicy( 1783): bandwidth: 0 KB/s, Max bandwidth: 4964 KB/s
08-19 14:15:52.513 I/cmd     (24754): oneway function results will be dropped but finished with status OK and parcel size 4
08-19 14:15:52.640 I/cmd     (24758): oneway function results will be dropped but finished with status OK and parcel size 4
08-19 14:15:53.072 I/cmd     (24770): oneway function results will be dropped but finished with status OK and parcel size 4
08-19 14:15:53.071 W/Thread-21( 6397): type=1400 audit(0.0:1635242): avc: denied { read } for name="devices" dev="proc" ino=4026532038 scontext=u:r:untrusted_app_27:s0:c512,c768 tcontext=u:object_r:proc:s0 tclass=file permissive=0 app=com.tmri.app.main
08-19 14:15:53.333 D/MiuiNetworkPolicy( 1783): updateLimit mLimitEnabled=false,enabled=true,mNetworkPriorityMode=1
08-19 14:15:53.535 I/cmd     (24781): oneway function results will be dropped but finished with status OK and parcel size 4
08-19 14:15:53.633 D/NetworkSpeedTracker( 2989): receive actionandroid.intent.action.BATTERY_CHANGED
08-19 14:15:53.633 D/KeyguardUpdateMonitor( 2677): received broadcast android.intent.action.BATTERY_CHANGED
08-19 14:15:53.633 D/NetworkSpeedTracker( 2989): onReceive ACTION_BATTERY_CHANGED mBatteryLevel = 69;mIsCharging =true
08-19 14:15:53.633 D/BatteryController( 2677): onReceive: Intent = Intent { act=android.intent.action.BATTERY_CHANGED flg=0x60000010 (has extras) } action = android.intent.action.BATTERY_CHANGED
08-19 14:15:53.635 I/BatteryInfoReceiver( 4989): ACTION_BATTERY_CHANGED
08-19 14:15:53.637 D/PowerCheckerService( 5940): onBatteryChanged, mBatteryLevel = 69, status = 2, level = 69, plug = 1, scale = 100
08-19 14:15:53.638 D/UploadVoiceJobService( 3982): needUploadVoice timeSinceLastUpload = 2389274
08-19 14:15:53.638 D/DeviceStatisticsService( 2921): chargerType=1 batteryLevel=69 totalBatteryCapacity=4213500
08-19 14:15:53.638 D/DeviceInfoHidlClient( 2921): getPowerInfoSupportStatus()=1
08-19 14:15:53.638 D/DeviceInfoHidlClient( 2921): isRadioOn()=true
08-19 14:15:53.638 I/DeviceInfoHidlClient( 2921): isPowerInfoNeverSent=false batteryLevel=69 batteryLevelIndex=2 chargingMode=1 totalCapacity=4213500 powerSaveMode=false
08-19 14:15:54.079 W/Thread-21( 6397): type=1400 audit(0.0:1635243): avc: denied { read } for name="devices" dev="proc" ino=4026532038 scontext=u:r:untrusted_app_27:s0:c512,c768 tcontext=u:object_r:proc:s0 tclass=file permissive=0 app=com.tmri.app.main
08-19 14:15:54.306 I/cmd     (24801): oneway function results will be dropped but finished with status OK and parcel size 4
08-19 14:15:54.421 I/cmd     (24809): oneway function results will be dropped but finished with status OK and parcel size 4
08-19 14:15:54.873 I/cmd     (24817): oneway function results will be dropped but finished with status OK and parcel size 4
08-19 14:15:55.095 W/Thread-21( 6397): type=1400 audit(0.0:1635244): avc: denied { read } for name="devices" dev="proc" ino=4026532038 scontext=u:r:untrusted_app_27:s0:c512,c768 tcontext=u:object_r:proc:s0 tclass=file permissive=0 app=com.tmri.app.main
08-19 14:15:55.232 D/CompatibilityInfo( 1783): mCompatibilityFlags - 0
08-19 14:15:55.232 D/CompatibilityInfo( 1783): applicationDensity - 440
08-19 14:15:55.232 D/CompatibilityInfo( 1783): applicationScale - 1.0
08-19 14:15:55.269 D/CompatibilityInfo( 1783): mCompatibilityFlags - 0
08-19 14:15:55.269 D/CompatibilityInfo( 1783): applicationDensity - 440
08-19 14:15:55.269 D/CompatibilityInfo( 1783): applicationScale - 1.0
08-19 14:15:55.275 I/NetworkScheduler.Stats( 3549): Task com.google.android.gms/com.google.android.gms.auth.account.be.legacy.AuthCronService started execution. cause:4 exec_start_elapsed_seconds: 8782 [CONTEXT service_id=218 ]
08-19 14:15:55.279 I/NetworkScheduler.Stats( 3549): Task com.google.android.gms/com.google.android.gms.auth.account.be.legacy.AuthCronService finished executing. cause:4 result: 1 elapsed_millis: 18 uptime_millis: 18 exec_start_elapsed_seconds: 8782 [CONTEXT service_id=218 ]
08-19 14:15:55.509 I/MiuiNetworkPolicy( 1783): bandwidth: 0 KB/s, Max bandwidth: 4964 KB/s
08-19 14:15:55.643 I/cmd     (24836): oneway function results will be dropped but finished with status OK and parcel size 4
08-19 14:15:55.769 I/cmd     (24840): oneway function results will be dropped but finished with status OK and parcel size 4
08-19 14:15:56.065 D/KeyguardUpdateMonitor( 2677): received broadcast android.intent.action.BATTERY_CHANGED
08-19 14:15:56.065 D/BatteryController( 2677): onReceive: Intent = Intent { act=android.intent.action.BATTERY_CHANGED flg=0x60000010 (has extras) } action = android.intent.action.BATTERY_CHANGED
08-19 14:15:56.066 D/NetworkSpeedTracker( 2989): receive actionandroid.intent.action.BATTERY_CHANGED
08-19 14:15:56.066 D/NetworkSpeedTracker( 2989): onReceive ACTION_BATTERY_CHANGED mBatteryLevel = 69;mIsCharging =true
08-19 14:15:56.067 I/BatteryInfoReceiver( 4989): ACTION_BATTERY_CHANGED
08-19 14:15:56.070 D/PowerCheckerService( 5940): onBatteryChanged, mBatteryLevel = 69, status = 2, level = 69, plug = 1, scale = 100
08-19 14:15:56.070 D/DeviceStatisticsService( 2921): chargerType=1 batteryLevel=69 totalBatteryCapacity=4214500
08-19 14:15:56.070 D/DeviceInfoHidlClient( 2921): getPowerInfoSupportStatus()=1
08-19 14:15:56.070 D/DeviceInfoHidlClient( 2921): isRadioOn()=true
08-19 14:15:56.070 I/DeviceInfoHidlClient( 2921): isPowerInfoNeverSent=false batteryLevel=69 batteryLevelIndex=2 chargingMode=1 totalCapacity=4214500 powerSaveMode=false
08-19 14:15:56.071 D/UploadVoiceJobService( 3982): needUploadVoice timeSinceLastUpload = 2391707
08-19 14:15:56.091 I/cmd     (24848): oneway function results will be dropped but finished with status OK and parcel size 4
08-19 14:15:56.099 W/Thread-21( 6397): type=1400 audit(0.0:1635245): avc: denied { read } for name="devices" dev="proc" ino=4026532038 scontext=u:r:untrusted_app_27:s0:c512,c768 tcontext=u:object_r:proc:s0 tclass=file permissive=0 app=com.tmri.app.main
08-19 14:15:56.214 I/cmd     (24852): oneway function results will be dropped but finished with status OK and parcel size 4
08-19 14:15:56.535 I/cmd     (24868): oneway function results will be dropped but finished with status OK and parcel size 4
08-19 14:15:56.537 E/CamX    (  918): [ERROR][NCS    ] camxncsservice.cpp:594 EnqueueJob() Can not enqueue jobs when thread is stopped
08-19 14:15:56.658 I/cmd     (24874): oneway function results will be dropped but finished with status OK and parcel size 4
08-19 14:15:56.937 E/CamX    (  918): [ERROR][NCS    ] camxncsservice.cpp:594 EnqueueJob() Can not enqueue jobs when thread is stopped
08-19 14:15:57.111 W/Thread-21( 6397): type=1400 audit(0.0:1635246): avc: denied { read } for name="devices" dev="proc" ino=4026532038 scontext=u:r:untrusted_app_27:s0:c512,c768 tcontext=u:object_r:proc:s0 tclass=file permissive=0 app=com.tmri.app.main
08-19 14:15:57.119 I/cmd     (24882): oneway function results will be dropped but finished with status OK and parcel size 4
08-19 14:15:57.695 W/ThreadPoolForeg(27040): type=1400 audit(0.0:1635247): avc: denied { write } for name="traced_producer" dev="tmpfs" ino=20309 scontext=u:r:platform_app:s0:c512,c768 tcontext=u:object_r:traced_producer_socket:s0 tclass=sock_file permissive=0 app=com.android.browser
08-19 14:15:57.732 E/QSAnimator( 2677): tileView is null custom(com.android.settings/.development.qstile.DevelopmentTiles$WirelessDebugging)
08-19 14:15:57.733 E/QSAnimator( 2677): tileView is null flashlight
08-19 14:15:57.733 E/QSAnimator( 2677): tileView is null mute
08-19 14:15:57.733 E/QSAnimator( 2677): tileView is null screenshot
08-19 14:15:57.733 E/QSAnimator( 2677): tileView is null airplane
08-19 14:15:57.733 E/QSAnimator( 2677): tileView is null screenlock
08-19 14:15:57.733 E/QSAnimator( 2677): tileView is null gps
08-19 14:15:57.733 E/QSAnimator( 2677): tileView is null rotation
08-19 14:15:57.733 E/QSAnimator( 2677): tileView is null scanner
08-19 14:15:57.733 E/QSAnimator( 2677): tileView is null papermode
08-19 14:15:57.733 E/QSAnimator( 2677): tileView is null night
08-19 14:15:57.733 E/QSAnimator( 2677): tileView is null quietmode
08-19 14:15:57.733 E/QSAnimator( 2677): tileView is null batterysaver
08-19 14:15:57.733 E/QSAnimator( 2677): tileView is null custom(com.miui.securitycenter/com.miui.superpower.notification.SuperPowerTileService)
08-19 14:15:57.733 E/QSAnimator( 2677): tileView is null custom(com.milink.service/com.milink.ui.service.MiLinkTileService)
08-19 14:15:57.733 E/QSAnimator( 2677): tileView is null custom(com.miui.mishare.connectivity/.tile.MiShareTileService)
08-19 14:15:57.733 E/QSAnimator( 2677): tileView is null freeformhang
08-19 14:15:57.733 E/QSAnimator( 2677): tileView is null custom(com.miui.screenrecorder/.service.QuickService)
08-19 14:15:57.733 E/QSAnimator( 2677): tileView is null vibrate
08-19 14:15:57.733 E/QSAnimator( 2677): tileView is null hotspot
08-19 14:15:57.733 E/QSAnimator( 2677): tileView is null nfc
08-19 14:15:57.733 E/QSAnimator( 2677): tileView is null edit
08-19 14:15:58.131 W/Thread-21( 6397): type=1400 audit(0.0:1635248): avc: denied { read } for name="devices" dev="proc" ino=4026532038 scontext=u:r:untrusted_app_27:s0:c512,c768 tcontext=u:object_r:proc:s0 tclass=file permissive=0 app=com.tmri.app.main
08-19 14:15:58.513 I/MiuiNetworkPolicy( 1783): bandwidth: 0 KB/s, Max bandwidth: 4964 KB/s
08-19 14:15:58.527 I/cmd     (24921): oneway function results will be dropped but finished with status OK and parcel size 4
08-19 14:15:59.135 W/Thread-21( 6397): type=1400 audit(0.0:1635249): avc: denied { read } for name="devices" dev="proc" ino=4026532038 scontext=u:r:untrusted_app_27:s0:c512,c768 tcontext=u:object_r:proc:s0 tclass=file permissive=0 app=com.tmri.app.main
08-19 14:15:59.411 I/cmd     (24942): oneway function results will be dropped but finished with status OK and parcel size 4
08-19 14:15:59.850 I/cmd     (24957): oneway function results will be dropped but finished with status OK and parcel size 4
08-19 14:16:00.027 D/KeyguardUpdateMonitor( 2677): received broadcast android.intent.action.TIME_TICK
08-19 14:16:00.034 D/KeyguardUpdateMonitor( 2677): handleTimeUpdate
08-19 14:16:00.054 E/QSAnimator( 2677): tileView is null custom(com.android.settings/.development.qstile.DevelopmentTiles$WirelessDebugging)
08-19 14:16:00.054 E/QSAnimator( 2677): tileView is null flashlight
08-19 14:16:00.054 E/QSAnimator( 2677): tileView is null mute
08-19 14:16:00.054 E/QSAnimator( 2677): tileView is null screenshot
08-19 14:16:00.054 E/QSAnimator( 2677): tileView is null airplane
08-19 14:16:00.054 E/QSAnimator( 2677): tileView is null screenlock
08-19 14:16:00.054 E/QSAnimator( 2677): tileView is null gps
08-19 14:16:00.054 E/QSAnimator( 2677): tileView is null rotation
08-19 14:16:00.054 E/QSAnimator( 2677): tileView is null scanner
08-19 14:16:00.054 E/QSAnimator( 2677): tileView is null papermode
08-19 14:16:00.054 E/QSAnimator( 2677): tileView is null night
08-19 14:16:00.054 E/QSAnimator( 2677): tileView is null quietmode
08-19 14:16:00.054 E/QSAnimator( 2677): tileView is null batterysaver
08-19 14:16:00.054 E/QSAnimator( 2677): tileView is null custom(com.miui.securitycenter/com.miui.superpower.notification.SuperPowerTileService)
08-19 14:16:00.054 E/QSAnimator( 2677): tileView is null custom(com.milink.service/com.milink.ui.service.MiLinkTileService)
08-19 14:16:00.054 E/QSAnimator( 2677): tileView is null custom(com.miui.mishare.connectivity/.tile.MiShareTileService)
08-19 14:16:00.054 E/QSAnimator( 2677): tileView is null freeformhang
08-19 14:16:00.054 E/QSAnimator( 2677): tileView is null custom(com.miui.screenrecorder/.service.QuickService)
08-19 14:16:00.054 E/QSAnimator( 2677): tileView is null vibrate
08-19 14:16:00.054 E/QSAnimator( 2677): tileView is null hotspot
08-19 14:16:00.054 E/QSAnimator( 2677): tileView is null nfc
08-19 14:16:00.054 E/QSAnimator( 2677): tileView is null edit
08-19 14:16:00.155 W/Thread-21( 6397): type=1400 audit(0.0:1635250): avc: denied { read } for name="devices" dev="proc" ino=4026532038 scontext=u:r:untrusted_app_27:s0:c512,c768 tcontext=u:object_r:proc:s0 tclass=file permissive=0 app=com.tmri.app.main
08-19 14:16:00.743 E/QSAnimator( 2677): tileView is null custom(com.android.settings/.development.qstile.DevelopmentTiles$WirelessDebugging)
08-19 14:16:00.743 E/QSAnimator( 2677): tileView is null flashlight
08-19 14:16:00.743 E/QSAnimator( 2677): tileView is null mute
08-19 14:16:00.743 E/QSAnimator( 2677): tileView is null screenshot
08-19 14:16:00.743 E/QSAnimator( 2677): tileView is null airplane
08-19 14:16:00.743 E/QSAnimator( 2677): tileView is null screenlock
08-19 14:16:00.743 E/QSAnimator( 2677): tileView is null gps
08-19 14:16:00.743 E/QSAnimator( 2677): tileView is null rotation
08-19 14:16:00.743 E/QSAnimator( 2677): tileView is null scanner
08-19 14:16:00.743 E/QSAnimator( 2677): tileView is null papermode
08-19 14:16:00.743 E/QSAnimator( 2677): tileView is null night
08-19 14:16:00.743 E/QSAnimator( 2677): tileView is null quietmode
08-19 14:16:00.743 E/QSAnimator( 2677): tileView is null batterysaver
08-19 14:16:00.743 E/QSAnimator( 2677): tileView is null custom(com.miui.securitycenter/com.miui.superpower.notification.SuperPowerTileService)
08-19 14:16:00.743 E/QSAnimator( 2677): tileView is null custom(com.milink.service/com.milink.ui.service.MiLinkTileService)
08-19 14:16:00.743 E/QSAnimator( 2677): tileView is null custom(com.miui.mishare.connectivity/.tile.MiShareTileService)
08-19 14:16:00.743 E/QSAnimator( 2677): tileView is null freeformhang
08-19 14:16:00.743 E/QSAnimator( 2677): tileView is null custom(com.miui.screenrecorder/.service.QuickService)
08-19 14:16:00.743 E/QSAnimator( 2677): tileView is null vibrate
08-19 14:16:00.743 E/QSAnimator( 2677): tileView is null hotspot
08-19 14:16:00.743 E/QSAnimator( 2677): tileView is null nfc
08-19 14:16:00.743 E/QSAnimator( 2677): tileView is null edit
08-19 14:16:00.863 I/cmd     (24984): oneway function results will be dropped but finished with status OK and parcel size 4
08-19 14:16:01.195 W/Thread-21( 6397): type=1400 audit(0.0:1635251): avc: denied { read } for name="devices" dev="proc" ino=4026532038 scontext=u:r:untrusted_app_27:s0:c512,c768 tcontext=u:object_r:proc:s0 tclass=file permissive=0 app=com.tmri.app.main
08-19 14:16:01.296 I/cmd     (25000): oneway function results will be dropped but finished with status OK and parcel size 4
08-19 14:16:01.517 I/MiuiNetworkPolicy( 1783): bandwidth: 0 KB/s, Max bandwidth: 4964 KB/s
08-19 14:16:01.625 I/cmd     (25004): oneway function results will be dropped but finished with status OK and parcel size 4
08-19 14:16:02.195 W/Thread-21( 6397): type=1400 audit(0.0:1635252): avc: denied { read } for name="devices" dev="proc" ino=4026532038 scontext=u:r:untrusted_app_27:s0:c512,c768 tcontext=u:object_r:proc:s0 tclass=file permissive=0 app=com.tmri.app.main
08-19 14:16:02.994 I/cmd     (25042): oneway function results will be dropped but finished with status OK and parcel size 4
08-19 14:16:03.106 I/cmd     (25046): oneway function results will be dropped but finished with status OK and parcel size 4
08-19 14:16:03.199 W/Thread-21( 6397): type=1400 audit(0.0:1635253): avc: denied { read } for name="devices" dev="proc" ino=4026532038 scontext=u:r:untrusted_app_27:s0:c512,c768 tcontext=u:object_r:proc:s0 tclass=file permissive=0 app=com.tmri.app.main
08-19 14:16:03.423 I/cmd     (25054): oneway function results will be dropped but finished with status OK and parcel size 4
08-19 14:16:03.825 E/QSAnimator( 2677): tileView is null custom(com.android.settings/.development.qstile.DevelopmentTiles$WirelessDebugging)
08-19 14:16:03.825 E/QSAnimator( 2677): tileView is null flashlight
08-19 14:16:03.825 E/QSAnimator( 2677): tileView is null mute
08-19 14:16:03.825 E/QSAnimator( 2677): tileView is null screenshot
08-19 14:16:03.825 E/QSAnimator( 2677): tileView is null airplane
08-19 14:16:03.825 E/QSAnimator( 2677): tileView is null screenlock
08-19 14:16:03.825 E/QSAnimator( 2677): tileView is null gps
08-19 14:16:03.825 E/QSAnimator( 2677): tileView is null rotation
08-19 14:16:03.825 E/QSAnimator( 2677): tileView is null scanner
08-19 14:16:03.825 E/QSAnimator( 2677): tileView is null papermode
08-19 14:16:03.825 E/QSAnimator( 2677): tileView is null night
08-19 14:16:03.825 E/QSAnimator( 2677): tileView is null quietmode
08-19 14:16:03.825 E/QSAnimator( 2677): tileView is null batterysaver
08-19 14:16:03.825 E/QSAnimator( 2677): tileView is null custom(com.miui.securitycenter/com.miui.superpower.notification.SuperPowerTileService)
08-19 14:16:03.826 E/QSAnimator( 2677): tileView is null custom(com.milink.service/com.milink.ui.service.MiLinkTileService)
08-19 14:16:03.826 E/QSAnimator( 2677): tileView is null custom(com.miui.mishare.connectivity/.tile.MiShareTileService)
08-19 14:16:03.826 E/QSAnimator( 2677): tileView is null freeformhang
08-19 14:16:03.826 E/QSAnimator( 2677): tileView is null custom(com.miui.screenrecorder/.service.QuickService)
08-19 14:16:03.826 E/QSAnimator( 2677): tileView is null vibrate
08-19 14:16:03.826 E/QSAnimator( 2677): tileView is null hotspot
08-19 14:16:03.826 E/QSAnimator( 2677): tileView is null nfc
08-19 14:16:03.826 E/QSAnimator( 2677): tileView is null edit
08-19 14:16:03.977 I/cmd     (25069): oneway function results will be dropped but finished with status OK and parcel size 4
08-19 14:16:04.215 W/Thread-21( 6397): type=1400 audit(0.0:1635254): avc: denied { read } for name="devices" dev="proc" ino=4026532038 scontext=u:r:untrusted_app_27:s0:c512,c768 tcontext=u:object_r:proc:s0 tclass=file permissive=0 app=com.tmri.app.main
08-19 14:16:04.250 D/NetworkSpeedTracker( 2989): receive actionandroid.intent.action.BATTERY_CHANGED
08-19 14:16:04.250 D/NetworkSpeedTracker( 2989): onReceive ACTION_BATTERY_CHANGED mBatteryLevel = 69;mIsCharging =true
08-19 14:16:04.252 D/KeyguardUpdateMonitor( 2677): received broadcast android.intent.action.BATTERY_CHANGED
08-19 14:16:04.252 D/BatteryController( 2677): onReceive: Intent = Intent { act=android.intent.action.BATTERY_CHANGED flg=0x60000010 (has extras) } action = android.intent.action.BATTERY_CHANGED
08-19 14:16:04.254 I/BatteryInfoReceiver( 4989): ACTION_BATTERY_CHANGED
08-19 14:16:04.254 D/UploadVoiceJobService( 3982): needUploadVoice timeSinceLastUpload = 2399890
08-19 14:16:04.255 D/PowerCheckerService( 5940): onBatteryChanged, mBatteryLevel = 69, status = 2, level = 69, plug = 1, scale = 100
08-19 14:16:04.262 D/DeviceStatisticsService( 2921): chargerType=1 batteryLevel=69 totalBatteryCapacity=4218400
08-19 14:16:04.263 D/DeviceInfoHidlClient( 2921): getPowerInfoSupportStatus()=1
08-19 14:16:04.263 D/DeviceInfoHidlClient( 2921): isRadioOn()=true
08-19 14:16:04.263 I/DeviceInfoHidlClient( 2921): isPowerInfoNeverSent=false batteryLevel=69 batteryLevelIndex=2 chargingMode=1 totalCapacity=4218400 powerSaveMode=false
08-19 14:16:04.322 I/cmd     (25077): oneway function results will be dropped but finished with status OK and parcel size 4
08-19 14:16:04.444 I/cmd     (25081): oneway function results will be dropped but finished with status OK and parcel size 4
08-19 14:16:04.522 I/MiuiNetworkPolicy( 1783): bandwidth: 0 KB/s, Max bandwidth: 4964 KB/s
08-19 14:16:05.219 I/cmd     (25100): oneway function results will be dropped but finished with status OK and parcel size 4
08-19 14:16:05.223 W/Thread-21( 6397): type=1400 audit(0.0:1635255): avc: denied { read } for name="devices" dev="proc" ino=4026532038 scontext=u:r:untrusted_app_27:s0:c512,c768 tcontext=u:object_r:proc:s0 tclass=file permissive=0 app=com.tmri.app.main
08-19 14:16:05.343 I/cmd     (25104): oneway function results will be dropped but finished with status OK and parcel size 4
08-19 14:16:05.493 D/NetworkController.MobileSignalController(1)( 2677): notifyListeners mConfig.alwaysShowNetworkTypeIcon=false  getNetworkType:20/NR voiceNetType=20/NR showDataIcon=false mConfig.alwaysShowDataRatIcon=false icons.mDataType=2131232013 mConfig.showVolteIcon=false isVolteSwitchOn=false volteIcon=0 mConfig.showVowifiIcon=false
08-19 14:16:05.494 D/NetworkController.MobileSignalController(1)( 2677): notifyListeners mConfig.alwaysShowNetworkTypeIcon=false  getNetworkType:20/NR voiceNetType=20/NR showDataIcon=false mConfig.alwaysShowDataRatIcon=false icons.mDataType=2131232013 mConfig.showVolteIcon=false isVolteSwitchOn=false volteIcon=0 mConfig.showVowifiIcon=false
08-19 14:16:05.587 D/MiuiPhoneStatusBarPolicy( 2677): updateBluetooth: action = null
08-19 14:16:05.587 D/MiuiPhoneStatusBarPolicy( 2677): updateBluetooth: BluetoothFlowState = 0
08-19 14:16:06.263 W/Thread-21( 6397): type=1400 audit(0.0:1635256): avc: denied { read } for name="devices" dev="proc" ino=4026532038 scontext=u:r:untrusted_app_27:s0:c512,c768 tcontext=u:object_r:proc:s0 tclass=file permissive=0 app=com.tmri.app.main
08-19 14:16:06.275 I/cmd     (25130): oneway function results will be dropped but finished with status OK and parcel size 4
08-19 14:16:06.838 E/QSAnimator( 2677): tileView is null custom(com.android.settings/.development.qstile.DevelopmentTiles$WirelessDebugging)
08-19 14:16:06.839 E/QSAnimator( 2677): tileView is null flashlight
08-19 14:16:06.839 E/QSAnimator( 2677): tileView is null mute
08-19 14:16:06.839 E/QSAnimator( 2677): tileView is null screenshot
08-19 14:16:06.839 E/QSAnimator( 2677): tileView is null airplane
08-19 14:16:06.839 E/QSAnimator( 2677): tileView is null screenlock
08-19 14:16:06.839 E/QSAnimator( 2677): tileView is null gps
08-19 14:16:06.839 E/QSAnimator( 2677): tileView is null rotation
08-19 14:16:06.839 E/QSAnimator( 2677): tileView is null scanner
08-19 14:16:06.839 E/QSAnimator( 2677): tileView is null papermode
08-19 14:16:06.839 E/QSAnimator( 2677): tileView is null night
08-19 14:16:06.839 E/QSAnimator( 2677): tileView is null quietmode
08-19 14:16:06.839 E/QSAnimator( 2677): tileView is null batterysaver
08-19 14:16:06.839 E/QSAnimator( 2677): tileView is null custom(com.miui.securitycenter/com.miui.superpower.notification.SuperPowerTileService)
08-19 14:16:06.839 E/QSAnimator( 2677): tileView is null custom(com.milink.service/com.milink.ui.service.MiLinkTileService)
08-19 14:16:06.839 E/QSAnimator( 2677): tileView is null custom(com.miui.mishare.connectivity/.tile.MiShareTileService)
08-19 14:16:06.839 E/QSAnimator( 2677): tileView is null freeformhang
08-19 14:16:06.839 E/QSAnimator( 2677): tileView is null custom(com.miui.screenrecorder/.service.QuickService)
08-19 14:16:06.839 E/QSAnimator( 2677): tileView is null vibrate
08-19 14:16:06.839 E/QSAnimator( 2677): tileView is null hotspot
08-19 14:16:06.839 E/QSAnimator( 2677): tileView is null nfc
08-19 14:16:06.839 E/QSAnimator( 2677): tileView is null edit
08-19 14:16:07.077 I/cmd     (25155): oneway function results will be dropped but finished with status OK and parcel size 4
08-19 14:16:07.182 I/cmd     (25159): oneway function results will be dropped but finished with status OK and parcel size 4
08-19 14:16:07.303 W/Thread-21( 6397): type=1400 audit(0.0:1635257): avc: denied { read } for name="devices" dev="proc" ino=4026532038 scontext=u:r:untrusted_app_27:s0:c512,c768 tcontext=u:object_r:proc:s0 tclass=file permissive=0 app=com.tmri.app.main
08-19 14:16:07.524 I/MiuiNetworkPolicy( 1783): bandwidth: 0 KB/s, Max bandwidth: 4964 KB/s
08-19 14:16:07.615 I/cmd     (25169): oneway function results will be dropped but finished with status OK and parcel size 4
08-19 14:16:08.343 W/Thread-21( 6397): type=1400 audit(0.0:1635258): avc: denied { read } for name="devices" dev="proc" ino=4026532038 scontext=u:r:untrusted_app_27:s0:c512,c768 tcontext=u:object_r:proc:s0 tclass=file permissive=0 app=com.tmri.app.main
08-19 14:16:08.994 I/cmd     (25205): oneway function results will be dropped but finished with status OK and parcel size 4
08-19 14:16:09.379 W/Thread-21( 6397): type=1400 audit(0.0:1635259): avc: denied { read } for name="devices" dev="proc" ino=4026532038 scontext=u:r:untrusted_app_27:s0:c512,c768 tcontext=u:object_r:proc:s0 tclass=file permissive=0 app=com.tmri.app.main
08-19 14:16:09.778 I/cmd     (25224): oneway function results will be dropped but finished with status OK and parcel size 4
08-19 14:16:10.387 W/Thread-21( 6397): type=1400 audit(0.0:1635260): avc: denied { read } for name="devices" dev="proc" ino=4026532038 scontext=u:r:untrusted_app_27:s0:c512,c768 tcontext=u:object_r:proc:s0 tclass=file permissive=0 app=com.tmri.app.main
08-19 14:16:10.529 I/MiuiNetworkPolicy( 1783): bandwidth: 0 KB/s, Max bandwidth: 4964 KB/s
08-19 14:16:10.674 I/cmd     (25243): oneway function results will be dropped but finished with status OK and parcel size 4
08-19 14:16:10.782 I/cmd     (25247): oneway function results will be dropped but finished with status OK and parcel size 4
08-19 14:16:11.271 I/cmd     (25255): oneway function results will be dropped but finished with status OK and parcel size 4
08-19 14:16:11.427 W/Thread-21( 6397): type=1400 audit(0.0:1635261): avc: denied { read } for name="devices" dev="proc" ino=4026532038 scontext=u:r:untrusted_app_27:s0:c512,c768 tcontext=u:object_r:proc:s0 tclass=file permissive=0 app=com.tmri.app.main
08-19 14:16:11.600 E/AggregateListener( 4836): notification text&title is null, key = 0|com.tencent.mtt|83|null|10252
08-19 14:16:11.807 V/onNotificationPostedCallBack( 4989): flags=610
08-19 14:16:11.808 D/IMReply:Notif( 3982): onNotificationPosted before sbn = 83
08-19 14:16:11.809 V/n       ( 4989): ret=1
08-19 14:16:11.809 V/onNotificationPostedCallBack( 4989): 2flags=610
08-19 14:16:11.813 D/IMReply:Notif( 3982): onNotificationPosted onNotificationRemoved sbn = 83
08-19 14:16:11.815 D/InterruptionStateProvider( 2677): No bubble up: not allowed to bubble: 0|com.tencent.mtt|83|null|10252
08-19 14:16:11.815 D/InterruptionStateProvider( 2677): No heads up: unimportant notification: 0|com.tencent.mtt|83|null|10252
08-19 14:16:11.819 W/AsyncLayoutInflater( 2677): Failed to inflate resource in the background! Retrying on the UI thread
08-19 14:16:11.819 W/AsyncLayoutInflater( 2677): android.view.InflateException: Binary XML file line #33 in com.android.systemui:layout/status_bar_notification_row: Animators may only be run on Looper threads
08-19 14:16:11.819 W/AsyncLayoutInflater( 2677): Caused by: android.util.AndroidRuntimeException: Animators may only be run on Looper threads
08-19 14:16:11.819 W/AsyncLayoutInflater( 2677): 	at android.animation.AnimatorSet.start(AnimatorSet.java:705)
08-19 14:16:11.819 W/AsyncLayoutInflater( 2677): 	at android.animation.AnimatorSet.start(AnimatorSet.java:684)
08-19 14:16:11.819 W/AsyncLayoutInflater( 2677): 	at android.animation.StateListAnimator.start(StateListAnimator.java:188)
08-19 14:16:11.819 W/AsyncLayoutInflater( 2677): 	at android.animation.StateListAnimator.setState(StateListAnimator.java:181)
08-19 14:16:11.819 W/AsyncLayoutInflater( 2677): 	at android.view.View.drawableStateChanged(View.java:23521)
08-19 14:16:11.819 W/AsyncLayoutInflater( 2677): 	at android.widget.TextView.drawableStateChanged(TextView.java:5853)
08-19 14:16:11.819 W/AsyncLayoutInflater( 2677): 	at android.view.View.originalRefreshDrawableState(View.java:23594)
08-19 14:16:11.819 W/AsyncLayoutInflater( 2677): 	at android.view.View$14.refreshDrawableState(View.java:30912)
08-19 14:16:11.819 W/AsyncLayoutInflater( 2677): 	at com.miui.internal.variable.v21.Android_View_View_class.callOriginalRefreshDrawableState(Android_View_View_class.java:61)
08-19 14:16:11.819 W/AsyncLayoutInflater( 2677): 	at com.miui.internal.variable.v16.Android_View_View_class_common.handleRefreshDrawableState(Android_View_View_class_common.java:90)
08-19 14:16:11.819 W/AsyncLayoutInflater( 2677): 	at com.miui.internal.variable.v21.Android_View_View_class.access$000(Android_View_View_class.java:22)
08-19 14:16:11.819 W/AsyncLayoutInflater( 2677): 	at com.miui.internal.variable.v21.Android_View_View_class$1.refreshDrawableState(Android_View_View_class.java:88)
08-19 14:16:11.819 W/AsyncLayoutInflater( 2677): 	at android.view.View.refreshDrawableState(View.java:23585)
08-19 14:16:11.819 W/AsyncLayoutInflater( 2677): 	at com.miui.internal.util.TaggingDrawableHelper.tagView(TaggingDrawableHelper.java:203)
08-19 14:16:11.819 W/AsyncLayoutInflater( 2677): 	at com.miui.internal.util.TaggingDrawableHelper.tagChildSequenceState(TaggingDrawableHelper.java:59)
08-19 14:16:11.819 W/AsyncLayoutInflater( 2677): 	at com.miui.internal.variable.v16.Android_View_ViewGroup_class.handleAddInArray(Android_View_ViewGroup_class.java:96)
08-19 14:16:11.819 W/AsyncLayoutInflater( 2677): 	at com.miui.internal.variable.v21.Android_View_ViewGroup_class.access$000(Android_View_ViewGroup_class.java:23)
08-19 14:16:11.819 W/AsyncLayoutInflater( 2677): 	at com.miui.internal.variable.v21.Android_View_ViewGroup_class$1.addInArray(Android_View_ViewGroup_class.java:171)
08-19 14:16:11.819 W/AsyncLayoutInflater( 2677): 	at android.view.ViewGroup.addInArray(ViewGroup.java:5380)
08-19 14:16:11.819 W/AsyncLayoutInflater( 2677): 	at android.view.ViewGroup.addViewInner(ViewGroup.java:5295)
08-19 14:16:11.819 W/AsyncLayoutInflater( 2677): 	at android.view.ViewGroup.addView(ViewGroup.java:5102)
08-19 14:16:11.819 W/AsyncLayoutInflater( 2677): 	at android.view.ViewGroup.addView(ViewGroup.java:5071)
08-19 14:16:11.819 W/AsyncLayoutInflater( 2677): 	at android.view.LayoutInflater.rInflate(LayoutInflater.java:1129)
08-19 14:16:11.819 W/AsyncLayoutInflater( 2677): 	at android.view.LayoutInflater.rInflateChildren(LayoutInflater.java:1086)
08-19 14:16:11.819 W/AsyncLayoutInflater( 2677): 	at android.view.LayoutInflater.inflate(LayoutInflater.java:684)
08-19 14:16:11.819 W/AsyncLayoutInflater( 2677): 	at android.view.LayoutInflater.inflate(LayoutInflater.java:536)
08-19 14:16:11.819 W/AsyncLayoutInflater( 2677): 	at androidx.asynclayoutinflater.view.AsyncLayoutInflater$InflateThread.runInner(AsyncLayoutInflater.java:189)
08-19 14:16:11.819 W/AsyncLayoutInflater( 2677): 	at androidx.asynclayoutinflater.view.AsyncLayoutInflater$InflateThread.run(AsyncLayoutInflater.java:203)
08-19 14:16:11.852 D/NotifBadge( 2677): update app badge num: com.tencent.mtt/,num=0,isAllowed=true,userId=0
08-19 14:16:11.852 W/ActivityManager( 1783): Sending non-protected broadcast android.intent.action.APPLICATION_MESSAGE_UPDATE from system 2677:com.android.systemui/1000 pkg com.android.systemui. Callers=
08-19 14:16:11.853 I/Launcher.ApplicationsMessage( 3002): onReceive true
08-19 14:16:11.853 I/Launcher.ApplicationsMessage( 3002): update com.tencent.mtt/ to null
08-19 14:16:11.942 I/LOGSDK_CmdFetchPlugin(19947): handleFetchResult, onResult, resultCode: 200, resultMsg: {"code":200,"msg":null,"data":{"guid":"a638c20c7b28739d4624618a83f1f501bbd13f6688693810608da40cc2fd885a","cmdList":[]}}

08-19 14:16:11.943 I/LOGSDK_PollRequest(19947): isResultValid, response.data.cmdList is empty
08-19 14:16:12.133 I/cmd     (25282): oneway function results will be dropped but finished with status OK and parcel size 4
08-19 14:16:12.431 W/Thread-21( 6397): type=1400 audit(0.0:1635262): avc: denied { read } for name="devices" dev="proc" ino=4026532038 scontext=u:r:untrusted_app_27:s0:c512,c768 tcontext=u:object_r:proc:s0 tclass=file permissive=0 app=com.tmri.app.main
08-19 14:16:12.443 D/KeyguardUpdateMonitor( 2677): received broadcast android.intent.action.BATTERY_CHANGED
08-19 14:16:12.443 D/NetworkSpeedTracker( 2989): receive actionandroid.intent.action.BATTERY_CHANGED
08-19 14:16:12.443 D/NetworkSpeedTracker( 2989): onReceive ACTION_BATTERY_CHANGED mBatteryLevel = 69;mIsCharging =true
08-19 14:16:12.443 D/BatteryController( 2677): onReceive: Intent = Intent { act=android.intent.action.BATTERY_CHANGED flg=0x60000010 (has extras) } action = android.intent.action.BATTERY_CHANGED
08-19 14:16:12.446 I/BatteryInfoReceiver( 4989): ACTION_BATTERY_CHANGED
08-19 14:16:12.447 D/UploadVoiceJobService( 3982): needUploadVoice timeSinceLastUpload = 2408083
08-19 14:16:12.448 D/PowerCheckerService( 5940): onBatteryChanged, mBatteryLevel = 69, status = 2, level = 69, plug = 1, scale = 100
08-19 14:16:12.451 D/DeviceStatisticsService( 2921): chargerType=1 batteryLevel=69 totalBatteryCapacity=4222300
08-19 14:16:12.452 D/DeviceInfoHidlClient( 2921): getPowerInfoSupportStatus()=1
08-19 14:16:12.452 D/DeviceInfoHidlClient( 2921): isRadioOn()=true
08-19 14:16:12.452 I/DeviceInfoHidlClient( 2921): isPowerInfoNeverSent=false batteryLevel=69 batteryLevelIndex=2 chargingMode=1 totalCapacity=4222300 powerSaveMode=false
08-19 14:16:12.454 I/cmd     (25289): oneway function results will be dropped but finished with status OK and parcel size 4
08-19 14:16:12.572 I/cmd     (25293): oneway function results will be dropped but finished with status OK and parcel size 4
08-19 14:16:12.766 I/WifiService( 1783): startScan uid=10252
08-19 14:16:12.767 E/WifiService( 1783): Permission violation - startScan not allowed for uid=10252, packageName=com.tencent.mtt, reason=java.lang.SecurityException: UID 10252 has no location permission
08-19 14:16:12.820 D/NotifBadge( 2677): update app badge num: com.tencent.mtt/,num=0,isAllowed=true,userId=0
08-19 14:16:12.821 W/ActivityManager( 1783): Sending non-protected broadcast android.intent.action.APPLICATION_MESSAGE_UPDATE from system 2677:com.android.systemui/1000 pkg com.android.systemui. Callers=
08-19 14:16:12.822 I/Launcher.ApplicationsMessage( 3002): onReceive true
08-19 14:16:12.823 I/Launcher.ApplicationsMessage( 3002): update com.tencent.mtt/ to null
08-19 14:16:12.913 E/QSAnimator( 2677): tileView is null custom(com.android.settings/.development.qstile.DevelopmentTiles$WirelessDebugging)
08-19 14:16:12.913 E/QSAnimator( 2677): tileView is null flashlight
08-19 14:16:12.913 E/QSAnimator( 2677): tileView is null mute
08-19 14:16:12.913 E/QSAnimator( 2677): tileView is null screenshot
08-19 14:16:12.913 E/QSAnimator( 2677): tileView is null airplane
08-19 14:16:12.913 E/QSAnimator( 2677): tileView is null screenlock
08-19 14:16:12.913 E/QSAnimator( 2677): tileView is null gps
08-19 14:16:12.913 E/QSAnimator( 2677): tileView is null rotation
08-19 14:16:12.913 E/QSAnimator( 2677): tileView is null scanner
08-19 14:16:12.913 E/QSAnimator( 2677): tileView is null papermode
08-19 14:16:12.913 E/QSAnimator( 2677): tileView is null night
08-19 14:16:12.913 E/QSAnimator( 2677): tileView is null quietmode
08-19 14:16:12.913 E/QSAnimator( 2677): tileView is null batterysaver
08-19 14:16:12.913 E/QSAnimator( 2677): tileView is null custom(com.miui.securitycenter/com.miui.superpower.notification.SuperPowerTileService)
08-19 14:16:12.913 E/QSAnimator( 2677): tileView is null custom(com.milink.service/com.milink.ui.service.MiLinkTileService)
08-19 14:16:12.913 E/QSAnimator( 2677): tileView is null custom(com.miui.mishare.connectivity/.tile.MiShareTileService)
08-19 14:16:12.913 E/QSAnimator( 2677): tileView is null freeformhang
08-19 14:16:12.913 E/QSAnimator( 2677): tileView is null custom(com.miui.screenrecorder/.service.QuickService)
08-19 14:16:12.913 E/QSAnimator( 2677): tileView is null vibrate
08-19 14:16:12.913 E/QSAnimator( 2677): tileView is null hotspot
08-19 14:16:12.913 E/QSAnimator( 2677): tileView is null nfc
08-19 14:16:12.913 E/QSAnimator( 2677): tileView is null edit
08-19 14:16:13.331 I/cmd     (25309): oneway function results will be dropped but finished with status OK and parcel size 4
08-19 14:16:13.451 W/Thread-21( 6397): type=1400 audit(0.0:1635263): avc: denied { read } for name="devices" dev="proc" ino=4026532038 scontext=u:r:untrusted_app_27:s0:c512,c768 tcontext=u:object_r:proc:s0 tclass=file permissive=0 app=com.tmri.app.main
08-19 14:16:13.534 I/MiuiNetworkPolicy( 1783): bandwidth: 0 KB/s, Max bandwidth: 4964 KB/s
08-19 14:16:13.762 I/cmd     (25324): oneway function results will be dropped but finished with status OK and parcel size 4
08-19 14:16:13.872 I/cmd     (25328): oneway function results will be dropped but finished with status OK and parcel size 4
08-19 14:16:14.194 I/cmd     (25336): oneway function results will be dropped but finished with status OK and parcel size 4
08-19 14:16:14.337 I/cmd     (25340): oneway function results will be dropped but finished with status OK and parcel size 4
08-19 14:16:14.459 W/Thread-21( 6397): type=1400 audit(0.0:1635264): avc: denied { read } for name="devices" dev="proc" ino=4026532038 scontext=u:r:untrusted_app_27:s0:c512,c768 tcontext=u:object_r:proc:s0 tclass=file permissive=0 app=com.tmri.app.main
08-19 14:16:14.689 I/cmd     (25350): oneway function results will be dropped but finished with status OK and parcel size 4
08-19 14:16:14.815 I/cmd     (25354): oneway function results will be dropped but finished with status OK and parcel size 4
08-19 14:16:15.483 W/Thread-21( 6397): type=1400 audit(0.0:1635265): avc: denied { read } for name="devices" dev="proc" ino=4026532038 scontext=u:r:untrusted_app_27:s0:c512,c768 tcontext=u:object_r:proc:s0 tclass=file permissive=0 app=com.tmri.app.main
08-19 14:16:15.590 I/cmd     (25373): oneway function results will be dropped but finished with status OK and parcel size 4
08-19 14:16:15.969 E/QSAnimator( 2677): tileView is null custom(com.android.settings/.development.qstile.DevelopmentTiles$WirelessDebugging)
08-19 14:16:15.969 E/QSAnimator( 2677): tileView is null flashlight
08-19 14:16:15.969 E/QSAnimator( 2677): tileView is null mute
08-19 14:16:15.969 E/QSAnimator( 2677): tileView is null screenshot
08-19 14:16:15.969 E/QSAnimator( 2677): tileView is null airplane
08-19 14:16:15.969 E/QSAnimator( 2677): tileView is null screenlock
08-19 14:16:15.969 E/QSAnimator( 2677): tileView is null gps
08-19 14:16:15.969 E/QSAnimator( 2677): tileView is null rotation
08-19 14:16:15.969 E/QSAnimator( 2677): tileView is null scanner
08-19 14:16:15.969 E/QSAnimator( 2677): tileView is null papermode
08-19 14:16:15.969 E/QSAnimator( 2677): tileView is null night
08-19 14:16:15.969 E/QSAnimator( 2677): tileView is null quietmode
08-19 14:16:15.969 E/QSAnimator( 2677): tileView is null batterysaver
08-19 14:16:15.969 E/QSAnimator( 2677): tileView is null custom(com.miui.securitycenter/com.miui.superpower.notification.SuperPowerTileService)
08-19 14:16:15.969 E/QSAnimator( 2677): tileView is null custom(com.milink.service/com.milink.ui.service.MiLinkTileService)
08-19 14:16:15.969 E/QSAnimator( 2677): tileView is null custom(com.miui.mishare.connectivity/.tile.MiShareTileService)
08-19 14:16:15.969 E/QSAnimator( 2677): tileView is null freeformhang
08-19 14:16:15.970 E/QSAnimator( 2677): tileView is null custom(com.miui.screenrecorder/.service.QuickService)
08-19 14:16:15.970 E/QSAnimator( 2677): tileView is null vibrate
08-19 14:16:15.970 E/QSAnimator( 2677): tileView is null hotspot
08-19 14:16:15.970 E/QSAnimator( 2677): tileView is null nfc
08-19 14:16:15.970 E/QSAnimator( 2677): tileView is null edit
08-19 14:16:16.010 I/cmd     (25385): oneway function results will be dropped but finished with status OK and parcel size 4
08-19 14:16:16.537 I/MiuiNetworkPolicy( 1783): bandwidth: 0 KB/s, Max bandwidth: 4964 KB/s
08-19 14:16:16.735 W/Thread-21( 6397): type=1400 audit(0.0:1635266): avc: denied { read } for name="devices" dev="proc" ino=4026532038 scontext=u:r:untrusted_app_27:s0:c512,c768 tcontext=u:object_r:proc:s0 tclass=file permissive=0 app=com.tmri.app.main
08-19 14:16:17.735 W/Thread-21( 6397): type=1400 audit(0.0:1635267): avc: denied { read } for name="devices" dev="proc" ino=4026532038 scontext=u:r:untrusted_app_27:s0:c512,c768 tcontext=u:object_r:proc:s0 tclass=file permissive=0 app=com.tmri.app.main
08-19 14:16:18.340 D/MiuiNetworkPolicy( 1783): updateLimit mLimitEnabled=true,enabled=false,mNetworkPriorityMode=1
08-19 14:16:18.706 I/cmd     (25463): oneway function results will be dropped but finished with status OK and parcel size 4
08-19 14:16:18.739 W/Thread-21( 6397): type=1400 audit(0.0:1635268): avc: denied { read } for name="devices" dev="proc" ino=4026532038 scontext=u:r:untrusted_app_27:s0:c512,c768 tcontext=u:object_r:proc:s0 tclass=file permissive=0 app=com.tmri.app.main
08-19 14:16:18.817 I/cmd     (25470): oneway function results will be dropped but finished with status OK and parcel size 4
08-19 14:16:19.050 E/QSAnimator( 2677): tileView is null custom(com.android.settings/.development.qstile.DevelopmentTiles$WirelessDebugging)
08-19 14:16:19.050 E/QSAnimator( 2677): tileView is null flashlight
08-19 14:16:19.050 E/QSAnimator( 2677): tileView is null mute
08-19 14:16:19.050 E/QSAnimator( 2677): tileView is null screenshot
08-19 14:16:19.050 E/QSAnimator( 2677): tileView is null airplane
08-19 14:16:19.050 E/QSAnimator( 2677): tileView is null screenlock
08-19 14:16:19.050 E/QSAnimator( 2677): tileView is null gps
08-19 14:16:19.050 E/QSAnimator( 2677): tileView is null rotation
08-19 14:16:19.050 E/QSAnimator( 2677): tileView is null scanner
08-19 14:16:19.050 E/QSAnimator( 2677): tileView is null papermode
08-19 14:16:19.050 E/QSAnimator( 2677): tileView is null night
08-19 14:16:19.050 E/QSAnimator( 2677): tileView is null quietmode
08-19 14:16:19.050 E/QSAnimator( 2677): tileView is null batterysaver
08-19 14:16:19.050 E/QSAnimator( 2677): tileView is null custom(com.miui.securitycenter/com.miui.superpower.notification.SuperPowerTileService)
08-19 14:16:19.050 E/QSAnimator( 2677): tileView is null custom(com.milink.service/com.milink.ui.service.MiLinkTileService)
08-19 14:16:19.050 E/QSAnimator( 2677): tileView is null custom(com.miui.mishare.connectivity/.tile.MiShareTileService)
08-19 14:16:19.050 E/QSAnimator( 2677): tileView is null freeformhang
08-19 14:16:19.050 E/QSAnimator( 2677): tileView is null custom(com.miui.screenrecorder/.service.QuickService)
08-19 14:16:19.050 E/QSAnimator( 2677): tileView is null vibrate
08-19 14:16:19.050 E/QSAnimator( 2677): tileView is null hotspot
08-19 14:16:19.050 E/QSAnimator( 2677): tileView is null nfc
08-19 14:16:19.050 E/QSAnimator( 2677): tileView is null edit
