08-19 14:15:11.778 D/IMReply:Notif( 3982): onNotificationPosted onNotificationRemoved sbn = 83
08-19 14:15:11.809 D/NotifBadge( 2677): update app badge num: com.tencent.mtt/,num=0,isAllowed=true,userId=0
08-19 14:15:11.810 W/ActivityManager( 1783): Sending non-protected broadcast android.intent.action.APPLICATION_MESSAGE_UPDATE from system 2677:com.android.systemui/1000 pkg com.android.systemui. Callers=
08-19 14:15:11.811 I/Launcher.ApplicationsMessage( 3002): onReceive true
08-19 14:15:11.811 I/Launcher.ApplicationsMessage( 3002): update com.tencent.mtt/ to null
08-19 14:15:11.931 W/Thread-21( 6397): type=1400 audit(0.0:1635183): avc: denied { read } for name="devices" dev="proc" ino=4026532038 scontext=u:r:untrusted_app_27:s0:c512,c768 tcontext=u:object_r:proc:s0 tclass=file permissive=0 app=com.tmri.app.main
08-19 14:15:12.190 I/cmd     (23485): oneway function results will be dropped but finished with status OK and parcel size 4
08-19 14:15:12.772 D/NotifBadge( 2677): update app badge num: com.tencent.mtt/,num=0,isAllowed=true,userId=0
08-19 14:15:12.774 W/ActivityManager( 1783): Sending non-protected broadcast android.intent.action.APPLICATION_MESSAGE_UPDATE from system 2677:com.android.systemui/1000 pkg com.android.systemui. Callers=
08-19 14:15:12.777 I/Launcher.ApplicationsMessage( 3002): onReceive true
08-19 14:15:12.777 I/Launcher.ApplicationsMessage( 3002): update com.tencent.mtt/ to null
08-19 14:15:12.971 W/Thread-21( 6397): type=1400 audit(0.0:1635184): avc: denied { read } for name="devices" dev="proc" ino=4026532038 scontext=u:r:untrusted_app_27:s0:c512,c768 tcontext=u:object_r:proc:s0 tclass=file permissive=0 app=com.tmri.app.main
08-19 14:15:12.978 I/cmd     (23504): oneway function results will be dropped but finished with status OK and parcel size 4
08-19 14:15:13.425 I/cmd     (23512): oneway function results will be dropped but finished with status OK and parcel size 4
08-19 14:15:13.461 I/MiuiNetworkPolicy( 1783): bandwidth: 0 KB/s, Max bandwidth: 4964 KB/s
08-19 14:15:13.533 I/cmd     (23520): oneway function results will be dropped but finished with status OK and parcel size 4
08-19 14:15:13.983 W/Thread-21( 6397): type=1400 audit(0.0:1635185): avc: denied { read } for name="devices" dev="proc" ino=4026532038 scontext=u:r:untrusted_app_27:s0:c512,c768 tcontext=u:object_r:proc:s0 tclass=file permissive=0 app=com.tmri.app.main
08-19 14:15:14.290 I/cmd     (23542): oneway function results will be dropped but finished with status OK and parcel size 4
08-19 14:15:14.417 I/cmd     (23546): oneway function results will be dropped but finished with status OK and parcel size 4
08-19 14:15:14.734 I/cmd     (23550): oneway function results will be dropped but finished with status OK and parcel size 4
08-19 14:15:14.991 W/Thread-21( 6397): type=1400 audit(0.0:1635186): avc: denied { read } for name="devices" dev="proc" ino=4026532038 scontext=u:r:untrusted_app_27:s0:c512,c768 tcontext=u:object_r:proc:s0 tclass=file permissive=0 app=com.tmri.app.main
08-19 14:15:15.100 D/KeyguardUpdateMonitor( 2677): received broadcast android.intent.action.BATTERY_CHANGED
08-19 14:15:15.100 D/BatteryController( 2677): onReceive: Intent = Intent { act=android.intent.action.BATTERY_CHANGED flg=0x60000010 (has extras) } action = android.intent.action.BATTERY_CHANGED
08-19 14:15:15.101 D/NetworkSpeedTracker( 2989): receive actionandroid.intent.action.BATTERY_CHANGED
08-19 14:15:15.101 D/NetworkSpeedTracker( 2989): onReceive ACTION_BATTERY_CHANGED mBatteryLevel = 69;mIsCharging =true
08-19 14:15:15.103 I/BatteryInfoReceiver( 4989): ACTION_BATTERY_CHANGED
08-19 14:15:15.104 D/PowerCheckerService( 5940): onBatteryChanged, mBatteryLevel = 69, status = 2, level = 69, plug = 1, scale = 100
08-19 14:15:15.104 D/DeviceStatisticsService( 2921): chargerType=1 batteryLevel=69 totalBatteryCapacity=4194700
08-19 14:15:15.104 D/DeviceInfoHidlClient( 2921): getPowerInfoSupportStatus()=1
08-19 14:15:15.104 D/DeviceInfoHidlClient( 2921): isRadioOn()=true
08-19 14:15:15.104 I/DeviceInfoHidlClient( 2921): isPowerInfoNeverSent=false batteryLevel=69 batteryLevelIndex=2 chargingMode=1 totalCapacity=4194700 powerSaveMode=false
08-19 14:15:15.105 D/UploadVoiceJobService( 3982): needUploadVoice timeSinceLastUpload = 2350741
08-19 14:15:15.177 I/cmd     (23565): oneway function results will be dropped but finished with status OK and parcel size 4
08-19 14:15:15.479 I/cmd     (23570): oneway function results will be dropped but finished with status OK and parcel size 4
08-19 14:15:15.815 I/cmd     (23578): oneway function results will be dropped but finished with status OK and parcel size 4
08-19 14:15:16.003 W/Thread-21( 6397): type=1400 audit(0.0:1635187): avc: denied { read } for name="devices" dev="proc" ino=4026532038 scontext=u:r:untrusted_app_27:s0:c512,c768 tcontext=u:object_r:proc:s0 tclass=file permissive=0 app=com.tmri.app.main
08-19 14:15:16.257 I/cmd     (23590): oneway function results will be dropped but finished with status OK and parcel size 4
08-19 14:15:16.367 W/ls      (23600): type=1400 audit(0.0:1635188): avc: denied { getattr } for path="/init.exaid.hardware.rc" dev="dm-5" ino=28 scontext=u:r:shell:s0 tcontext=u:object_r:rootfs:s0 tclass=file permissive=0
08-19 14:15:16.371 W/ls      (23600): type=1400 audit(0.0:1635189): avc: denied { getattr } for path="/init.miui.cust.rc" dev="dm-5" ino=29 scontext=u:r:shell:s0 tcontext=u:object_r:rootfs:s0 tclass=file permissive=0
08-19 14:15:16.371 W/ls      (23600): type=1400 audit(0.0:1635190): avc: denied { getattr } for path="/init.miui.rc" dev="dm-5" ino=35 scontext=u:r:shell:s0 tcontext=u:object_r:rootfs:s0 tclass=file permissive=0
08-19 14:15:16.371 W/ls      (23600): type=1400 audit(0.0:1635191): avc: denied { getattr } for path="/init.miui.post_boot.sh" dev="dm-5" ino=33 scontext=u:r:shell:s0 tcontext=u:object_r:rootfs:s0 tclass=file permissive=0
08-19 14:15:16.465 I/MiuiNetworkPolicy( 1783): bandwidth: 0 KB/s, Max bandwidth: 4964 KB/s
08-19 14:15:16.823 I/cmd     (23607): oneway function results will be dropped but finished with status OK and parcel size 4
08-19 14:15:17.019 W/Thread-21( 6397): type=1400 audit(0.0:1635205): avc: denied { read } for name="devices" dev="proc" ino=4026532038 scontext=u:r:untrusted_app_27:s0:c512,c768 tcontext=u:object_r:proc:s0 tclass=file permissive=0 app=com.tmri.app.main
08-19 14:15:17.606 I/cmd     (23628): oneway function results will be dropped but finished with status OK and parcel size 4
08-19 14:15:17.720 I/cmd     (23636): oneway function results will be dropped but finished with status OK and parcel size 4
08-19 14:15:18.047 W/Thread-21( 6397): type=1400 audit(0.0:1635206): avc: denied { read } for name="devices" dev="proc" ino=4026532038 scontext=u:r:untrusted_app_27:s0:c512,c768 tcontext=u:object_r:proc:s0 tclass=file permissive=0 app=com.tmri.app.main
08-19 14:15:18.528 I/cmd     (23655): oneway function results will be dropped but finished with status OK and parcel size 4
08-19 14:15:19.059 W/Thread-21( 6397): type=1400 audit(0.0:1635207): avc: denied { read } for name="devices" dev="proc" ino=4026532038 scontext=u:r:untrusted_app_27:s0:c512,c768 tcontext=u:object_r:proc:s0 tclass=file permissive=0 app=com.tmri.app.main
08-19 14:15:19.101 I/cmd     (23670): oneway function results will be dropped but finished with status OK and parcel size 4
08-19 14:15:19.176 W/ActivityManager( 1783): Stopping service due to app idle: u0a278 -1h44m17s813ms com.tencent.qqlive/com.tencent.tpns.mqttchannel.services.MqttService
08-19 14:15:19.178 I/MiuiNetworkPolicy( 1783): updateUidState uid = 10278, uidState = 10
08-19 14:15:19.442 I/cmd     (23691): oneway function results will be dropped but finished with status OK and parcel size 4
08-19 14:15:19.467 I/MiuiNetworkPolicy( 1783): bandwidth: 0 KB/s, Max bandwidth: 4964 KB/s
08-19 14:15:19.567 I/cmd     (23697): oneway function results will be dropped but finished with status OK and parcel size 4
08-19 14:15:19.994 I/MiuiNetworkPolicy( 1783): updateUidState uid = 10278, uidState = 16
08-19 14:15:20.037 I/cmd     (23710): oneway function results will be dropped but finished with status OK and parcel size 4
08-19 14:15:20.115 W/Thread-21( 6397): type=1400 audit(0.0:1635208): avc: denied { read } for name="devices" dev="proc" ino=4026532038 scontext=u:r:untrusted_app_27:s0:c512,c768 tcontext=u:object_r:proc:s0 tclass=file permissive=0 app=com.tmri.app.main
08-19 14:15:20.370 I/cmd     (23717): oneway function results will be dropped but finished with status OK and parcel size 4
08-19 14:15:20.615 D/NetworkManagement( 1783): wlan0 <====> 1
08-19 14:15:20.615 I/MiuiNetworkPolicy( 1783): label wlan0, uid -1, active false, tsNanos 8747493306701
08-19 14:15:20.616 D/MiuiNetworkPolicy( 1783): updateLimit mLimitEnabled=true,enabled=false,mNetworkPriorityMode=1
08-19 14:15:20.702 D/NetworkSpeedTracker( 2989): receive actionandroid.intent.action.BATTERY_CHANGED
08-19 14:15:20.702 D/NetworkSpeedTracker( 2989): onReceive ACTION_BATTERY_CHANGED mBatteryLevel = 69;mIsCharging =true
08-19 14:15:20.705 D/KeyguardUpdateMonitor( 2677): received broadcast android.intent.action.BATTERY_CHANGED
08-19 14:15:20.705 D/BatteryController( 2677): onReceive: Intent = Intent { act=android.intent.action.BATTERY_CHANGED flg=0x60000010 (has extras) } action = android.intent.action.BATTERY_CHANGED
08-19 14:15:20.705 I/android_os_HwBinder( 1783): HwBinder: Starting thread pool for getting: vendor.xiaomi.hardware.micharge@1.0::IMiCharge/default
08-19 14:15:20.705 I/BatteryInfoReceiver( 4989): ACTION_BATTERY_CHANGED
08-19 14:15:20.705 E/vendor.xiaomi.hardware.micharge@1.0-service(  969): Failed to open node /sys/class/power_supply/wireless/reverse_chg_mode
08-19 14:15:20.705 I/vendor.xiaomi.hardware.micharge@1.0-service(  969): ReadFilePathValue path = /sys/class/power_supply/wireless/reverse_chg_mode value = 
08-19 14:15:20.706 I/android_os_HwBinder( 1783): HwBinder: Starting thread pool for getting: vendor.xiaomi.hardware.micharge@1.0::IMiCharge/default
08-19 14:15:20.707 D/UploadVoiceJobService( 3982): needUploadVoice timeSinceLastUpload = 2356343
08-19 14:15:20.707 I/vendor.xiaomi.hardware.micharge@1.0-service(  969): ReadFilePathValue path = /sys/class/power_supply/bms/fastcharge_mode value = 0
08-19 14:15:20.708 D/DeviceStatisticsService( 2921): chargerType=1 batteryLevel=69 totalBatteryCapacity=4197600
08-19 14:15:20.708 D/DeviceInfoHidlClient( 2921): getPowerInfoSupportStatus()=1
08-19 14:15:20.708 D/DeviceInfoHidlClient( 2921): isRadioOn()=true
08-19 14:15:20.708 I/DeviceInfoHidlClient( 2921): isPowerInfoNeverSent=false batteryLevel=69 batteryLevelIndex=2 chargingMode=1 totalCapacity=4197600 powerSaveMode=false
08-19 14:15:20.709 D/PowerCheckerService( 5940): onBatteryChanged, mBatteryLevel = 69, status = 2, level = 69, plug = 1, scale = 100
08-19 14:15:20.767 W/xiaomi.metoknl( 4699): Reducing the number of considered missed Gc histogram windows from 169 to 100
08-19 14:15:20.818 I/cmd     (23732): oneway function results will be dropped but finished with status OK and parcel size 4
08-19 14:15:21.123 W/Thread-21( 6397): type=1400 audit(0.0:1635209): avc: denied { read } for name="devices" dev="proc" ino=4026532038 scontext=u:r:untrusted_app_27:s0:c512,c768 tcontext=u:object_r:proc:s0 tclass=file permissive=0 app=com.tmri.app.main
08-19 14:15:21.273 I/cmd     (23743): oneway function results will be dropped but finished with status OK and parcel size 4
08-19 14:15:21.393 I/cmd     (23763): oneway function results will be dropped but finished with status OK and parcel size 4
08-19 14:15:21.747 I/cmd     (23770): oneway function results will be dropped but finished with status OK and parcel size 4
08-19 14:15:21.869 I/cmd     (23774): oneway function results will be dropped but finished with status OK and parcel size 4
08-19 14:15:22.139 W/Thread-21( 6397): type=1400 audit(0.0:1635210): avc: denied { read } for name="devices" dev="proc" ino=4026532038 scontext=u:r:untrusted_app_27:s0:c512,c768 tcontext=u:object_r:proc:s0 tclass=file permissive=0 app=com.tmri.app.main
08-19 14:15:22.320 I/cmd     (23788): oneway function results will be dropped but finished with status OK and parcel size 4
08-19 14:15:22.470 I/MiuiNetworkPolicy( 1783): bandwidth: 0 KB/s, Max bandwidth: 4964 KB/s
08-19 14:15:22.642 I/cmd     (23793): oneway function results will be dropped but finished with status OK and parcel size 4
08-19 14:15:23.087 I/cmd     (23805): oneway function results will be dropped but finished with status OK and parcel size 4
08-19 14:15:23.147 W/Thread-21( 6397): type=1400 audit(0.0:1635211): avc: denied { read } for name="devices" dev="proc" ino=4026532038 scontext=u:r:untrusted_app_27:s0:c512,c768 tcontext=u:object_r:proc:s0 tclass=file permissive=0 app=com.tmri.app.main
08-19 14:15:23.233 I/cmd     (23809): oneway function results will be dropped but finished with status OK and parcel size 4
08-19 14:15:23.294 D/NetworkSpeedTracker( 2989): receive actionandroid.intent.action.BATTERY_CHANGED
08-19 14:15:23.295 D/NetworkSpeedTracker( 2989): onReceive ACTION_BATTERY_CHANGED mBatteryLevel = 69;mIsCharging =true
08-19 14:15:23.298 D/PowerCheckerService( 5940): onBatteryChanged, mBatteryLevel = 69, status = 2, level = 69, plug = 1, scale = 100
08-19 14:15:23.299 I/BatteryInfoReceiver( 4989): ACTION_BATTERY_CHANGED
08-19 14:15:23.301 D/KeyguardUpdateMonitor( 2677): received broadcast android.intent.action.BATTERY_CHANGED
08-19 14:15:23.301 D/BatteryController( 2677): onReceive: Intent = Intent { act=android.intent.action.BATTERY_CHANGED flg=0x60000010 (has extras) } action = android.intent.action.BATTERY_CHANGED
08-19 14:15:23.301 D/UploadVoiceJobService( 3982): needUploadVoice timeSinceLastUpload = 2358937
08-19 14:15:23.302 D/DeviceStatisticsService( 2921): chargerType=1 batteryLevel=69 totalBatteryCapacity=4198600
08-19 14:15:23.302 D/DeviceInfoHidlClient( 2921): getPowerInfoSupportStatus()=1
08-19 14:15:23.302 D/DeviceInfoHidlClient( 2921): isRadioOn()=true
08-19 14:15:23.303 I/DeviceInfoHidlClient( 2921): isPowerInfoNeverSent=false batteryLevel=69 batteryLevelIndex=2 chargingMode=1 totalCapacity=4198600 powerSaveMode=false
08-19 14:15:23.322 D/NetworkManagement( 1783): wlan0 <====> 1
08-19 14:15:23.322 I/MiuiNetworkPolicy( 1783): label wlan0, uid 10165, active true, tsNanos 8750201386856
08-19 14:15:23.322 D/MiuiNetworkPolicy( 1783): updateLimit mLimitEnabled=false,enabled=true,mNetworkPriorityMode=1
08-19 14:15:24.144 E/QSAnimator( 2677): tileView is null custom(com.android.settings/.development.qstile.DevelopmentTiles$WirelessDebugging)
08-19 14:15:24.144 E/QSAnimator( 2677): tileView is null flashlight
08-19 14:15:24.144 E/QSAnimator( 2677): tileView is null mute
08-19 14:15:24.144 E/QSAnimator( 2677): tileView is null screenshot
08-19 14:15:24.144 E/QSAnimator( 2677): tileView is null airplane
08-19 14:15:24.144 E/QSAnimator( 2677): tileView is null screenlock
08-19 14:15:24.144 E/QSAnimator( 2677): tileView is null gps
08-19 14:15:24.144 E/QSAnimator( 2677): tileView is null rotation
08-19 14:15:24.144 E/QSAnimator( 2677): tileView is null scanner
08-19 14:15:24.144 E/QSAnimator( 2677): tileView is null papermode
08-19 14:15:24.144 E/QSAnimator( 2677): tileView is null night
08-19 14:15:24.144 E/QSAnimator( 2677): tileView is null quietmode
08-19 14:15:24.144 E/QSAnimator( 2677): tileView is null batterysaver
08-19 14:15:24.144 E/QSAnimator( 2677): tileView is null custom(com.miui.securitycenter/com.miui.superpower.notification.SuperPowerTileService)
08-19 14:15:24.144 E/QSAnimator( 2677): tileView is null custom(com.milink.service/com.milink.ui.service.MiLinkTileService)
08-19 14:15:24.144 E/QSAnimator( 2677): tileView is null custom(com.miui.mishare.connectivity/.tile.MiShareTileService)
08-19 14:15:24.144 E/QSAnimator( 2677): tileView is null freeformhang
08-19 14:15:24.144 E/QSAnimator( 2677): tileView is null custom(com.miui.screenrecorder/.service.QuickService)
08-19 14:15:24.144 E/QSAnimator( 2677): tileView is null vibrate
08-19 14:15:24.144 E/QSAnimator( 2677): tileView is null hotspot
08-19 14:15:24.144 E/QSAnimator( 2677): tileView is null nfc
08-19 14:15:24.144 E/QSAnimator( 2677): tileView is null edit
08-19 14:15:24.156 I/cmd     (23834): oneway function results will be dropped but finished with status OK and parcel size 4
08-19 14:15:24.155 W/Thread-21( 6397): type=1400 audit(0.0:1635212): avc: denied { read } for name="devices" dev="proc" ino=4026532038 scontext=u:r:untrusted_app_27:s0:c512,c768 tcontext=u:object_r:proc:s0 tclass=file permissive=0 app=com.tmri.app.main
08-19 14:15:24.244 I/MiuiNetworkPolicy( 1783): updateUidState uid = 10278, uidState = 6
08-19 14:15:24.249 I/MiuiNetworkPolicy( 1783): updateUidState uid = 10278, uidState = 16
08-19 14:15:24.475 I/cmd     (23845): oneway function results will be dropped but finished with status OK and parcel size 4
08-19 14:15:24.616 I/cmd     (23851): oneway function results will be dropped but finished with status OK and parcel size 4
08-19 14:15:25.161 D/CompatibilityInfo( 1783): mCompatibilityFlags - 0
08-19 14:15:25.161 D/CompatibilityInfo( 1783): applicationDensity - 440
08-19 14:15:25.161 D/CompatibilityInfo( 1783): applicationScale - 1.0
08-19 14:15:25.195 W/Thread-21( 6397): type=1400 audit(0.0:1635213): avc: denied { read } for name="devices" dev="proc" ino=4026532038 scontext=u:r:untrusted_app_27:s0:c512,c768 tcontext=u:object_r:proc:s0 tclass=file permissive=0 app=com.tmri.app.main
08-19 14:15:25.224 D/CompatibilityInfo( 1783): mCompatibilityFlags - 0
08-19 14:15:25.224 D/CompatibilityInfo( 1783): applicationDensity - 440
08-19 14:15:25.224 D/CompatibilityInfo( 1783): applicationScale - 1.0
08-19 14:15:25.228 I/NetworkScheduler.Stats( 3549): Task com.google.android.gms/com.google.android.gms.auth.account.be.legacy.AuthCronService started execution. cause:4 exec_start_elapsed_seconds: 8752 [CONTEXT service_id=218 ]
08-19 14:15:25.231 I/NetworkScheduler.Stats( 3549): Task com.google.android.gms/com.google.android.gms.auth.account.be.legacy.AuthCronService finished executing. cause:4 result: 1 elapsed_millis: 24 uptime_millis: 24 exec_start_elapsed_seconds: 8752 [CONTEXT service_id=218 ]
08-19 14:15:25.378 I/cmd     (23867): oneway function results will be dropped but finished with status OK and parcel size 4
08-19 14:15:25.472 I/MiuiNetworkPolicy( 1783): bandwidth: 0 KB/s, Max bandwidth: 4964 KB/s
08-19 14:15:25.500 I/cmd     (23871): oneway function results will be dropped but finished with status OK and parcel size 4
08-19 14:15:25.810 I/cmd     (23883): oneway function results will be dropped but finished with status OK and parcel size 4
08-19 14:15:25.927 I/cmd     (23887): oneway function results will be dropped but finished with status OK and parcel size 4
08-19 14:15:26.235 W/Thread-21( 6397): type=1400 audit(0.0:1635214): avc: denied { read } for name="devices" dev="proc" ino=4026532038 scontext=u:r:untrusted_app_27:s0:c512,c768 tcontext=u:object_r:proc:s0 tclass=file permissive=0 app=com.tmri.app.main
08-19 14:15:26.720 I/cmd     (23906): oneway function results will be dropped but finished with status OK and parcel size 4
08-19 14:15:26.850 I/cmd     (23916): oneway function results will be dropped but finished with status OK and parcel size 4
08-19 14:15:27.179 I/cmd     (23924): oneway function results will be dropped but finished with status OK and parcel size 4
08-19 14:15:27.239 W/Thread-21( 6397): type=1400 audit(0.0:1635215): avc: denied { read } for name="devices" dev="proc" ino=4026532038 scontext=u:r:untrusted_app_27:s0:c512,c768 tcontext=u:object_r:proc:s0 tclass=file permissive=0 app=com.tmri.app.main
08-19 14:15:27.664 I/cmd     (23935): oneway function results will be dropped but finished with status OK and parcel size 4
08-19 14:15:27.675 W/ThreadPoolForeg(27040): type=1400 audit(0.0:1635216): avc: denied { write } for name="traced_producer" dev="tmpfs" ino=20309 scontext=u:r:platform_app:s0:c512,c768 tcontext=u:object_r:traced_producer_socket:s0 tclass=sock_file permissive=0 app=com.android.browser
08-19 14:15:27.787 I/cmd     (23940): oneway function results will be dropped but finished with status OK and parcel size 4
08-19 14:15:28.114 I/cmd     (23948): oneway function results will be dropped but finished with status OK and parcel size 4
08-19 14:15:28.279 W/Thread-21( 6397): type=1400 audit(0.0:1635217): avc: denied { read } for name="devices" dev="proc" ino=4026532038 scontext=u:r:untrusted_app_27:s0:c512,c768 tcontext=u:object_r:proc:s0 tclass=file permissive=0 app=com.tmri.app.main
08-19 14:15:28.477 I/MiuiNetworkPolicy( 1783): bandwidth: 0 KB/s, Max bandwidth: 4964 KB/s
08-19 14:15:28.594 I/cmd     (23960): oneway function results will be dropped but finished with status OK and parcel size 4
08-19 14:15:28.718 I/cmd     (23964): oneway function results will be dropped but finished with status OK and parcel size 4
08-19 14:15:29.058 I/cmd     (23971): oneway function results will be dropped but finished with status OK and parcel size 4
08-19 14:15:29.319 W/Thread-21( 6397): type=1400 audit(0.0:1635218): avc: denied { read } for name="devices" dev="proc" ino=4026532038 scontext=u:r:untrusted_app_27:s0:c512,c768 tcontext=u:object_r:proc:s0 tclass=file permissive=0 app=com.tmri.app.main
08-19 14:15:29.952 I/cmd     (23994): oneway function results will be dropped but finished with status OK and parcel size 4
08-19 14:15:30.061 I/cmd     (24002): oneway function results will be dropped but finished with status OK and parcel size 4
08-19 14:15:30.245 E/QSAnimator( 2677): tileView is null custom(com.android.settings/.development.qstile.DevelopmentTiles$WirelessDebugging)
08-19 14:15:30.246 E/QSAnimator( 2677): tileView is null flashlight
08-19 14:15:30.246 E/QSAnimator( 2677): tileView is null mute
08-19 14:15:30.246 E/QSAnimator( 2677): tileView is null screenshot
08-19 14:15:30.246 E/QSAnimator( 2677): tileView is null airplane
08-19 14:15:30.246 E/QSAnimator( 2677): tileView is null screenlock
08-19 14:15:30.246 E/QSAnimator( 2677): tileView is null gps
08-19 14:15:30.246 E/QSAnimator( 2677): tileView is null rotation
08-19 14:15:30.246 E/QSAnimator( 2677): tileView is null scanner
08-19 14:15:30.246 E/QSAnimator( 2677): tileView is null papermode
08-19 14:15:30.246 E/QSAnimator( 2677): tileView is null night
08-19 14:15:30.246 E/QSAnimator( 2677): tileView is null quietmode
08-19 14:15:30.246 E/QSAnimator( 2677): tileView is null batterysaver
08-19 14:15:30.246 E/QSAnimator( 2677): tileView is null custom(com.miui.securitycenter/com.miui.superpower.notification.SuperPowerTileService)
08-19 14:15:30.246 E/QSAnimator( 2677): tileView is null custom(com.milink.service/com.milink.ui.service.MiLinkTileService)
08-19 14:15:30.246 E/QSAnimator( 2677): tileView is null custom(com.miui.mishare.connectivity/.tile.MiShareTileService)
08-19 14:15:30.246 E/QSAnimator( 2677): tileView is null freeformhang
08-19 14:15:30.246 E/QSAnimator( 2677): tileView is null custom(com.miui.screenrecorder/.service.QuickService)
08-19 14:15:30.246 E/QSAnimator( 2677): tileView is null vibrate
08-19 14:15:30.246 E/QSAnimator( 2677): tileView is null hotspot
08-19 14:15:30.246 E/QSAnimator( 2677): tileView is null nfc
08-19 14:15:30.246 E/QSAnimator( 2677): tileView is null edit
08-19 14:15:30.339 W/Thread-21( 6397): type=1400 audit(0.0:1635219): avc: denied { read } for name="devices" dev="proc" ino=4026532038 scontext=u:r:untrusted_app_27:s0:c512,c768 tcontext=u:object_r:proc:s0 tclass=file permissive=0 app=com.tmri.app.main
08-19 14:15:30.386 I/cmd     (24006): oneway function results will be dropped but finished with status OK and parcel size 4
08-19 14:15:30.498 I/cmd     (24010): oneway function results will be dropped but finished with status OK and parcel size 4
08-19 14:15:30.961 I/cmd     (24025): oneway function results will be dropped but finished with status OK and parcel size 4
08-19 14:15:31.298 I/cmd     (24029): oneway function results will be dropped but finished with status OK and parcel size 4
08-19 14:15:31.379 W/Thread-21( 6397): type=1400 audit(0.0:1635220): avc: denied { read } for name="devices" dev="proc" ino=4026532038 scontext=u:r:untrusted_app_27:s0:c512,c768 tcontext=u:object_r:proc:s0 tclass=file permissive=0 app=com.tmri.app.main
08-19 14:15:31.481 I/MiuiNetworkPolicy( 1783): bandwidth: 0 KB/s, Max bandwidth: 4964 KB/s
08-19 14:15:31.486 D/KeyguardUpdateMonitor( 2677): received broadcast android.intent.action.BATTERY_CHANGED
08-19 14:15:31.487 D/BatteryController( 2677): onReceive: Intent = Intent { act=android.intent.action.BATTERY_CHANGED flg=0x60000010 (has extras) } action = android.intent.action.BATTERY_CHANGED
08-19 14:15:31.486 D/NetworkSpeedTracker( 2989): receive actionandroid.intent.action.BATTERY_CHANGED
08-19 14:15:31.487 D/NetworkSpeedTracker( 2989): onReceive ACTION_BATTERY_CHANGED mBatteryLevel = 69;mIsCharging =true
08-19 14:15:31.488 I/BatteryInfoReceiver( 4989): ACTION_BATTERY_CHANGED
08-19 14:15:31.489 D/PowerCheckerService( 5940): onBatteryChanged, mBatteryLevel = 69, status = 2, level = 69, plug = 1, scale = 100
08-19 14:15:31.493 D/UploadVoiceJobService( 3982): needUploadVoice timeSinceLastUpload = 2367129
08-19 14:15:31.498 D/DeviceStatisticsService( 2921): chargerType=1 batteryLevel=69 totalBatteryCapacity=4202400
08-19 14:15:31.498 D/DeviceInfoHidlClient( 2921): getPowerInfoSupportStatus()=1
08-19 14:15:31.498 D/DeviceInfoHidlClient( 2921): isRadioOn()=true
08-19 14:15:31.498 I/DeviceInfoHidlClient( 2921): isPowerInfoNeverSent=false batteryLevel=69 batteryLevelIndex=2 chargingMode=1 totalCapacity=4202400 powerSaveMode=false
08-19 14:15:31.736 I/cmd     (24041): oneway function results will be dropped but finished with status OK and parcel size 4
08-19 14:15:32.160 I/cmd     (24056): oneway function results will be dropped but finished with status OK and parcel size 4
08-19 14:15:32.287 I/cmd     (24060): oneway function results will be dropped but finished with status OK and parcel size 4
08-19 14:15:32.411 W/Thread-21( 6397): type=1400 audit(0.0:1635221): avc: denied { read } for name="devices" dev="proc" ino=4026532038 scontext=u:r:untrusted_app_27:s0:c512,c768 tcontext=u:object_r:proc:s0 tclass=file permissive=0 app=com.tmri.app.main
08-19 14:15:33.231 I/cmd     (24084): oneway function results will be dropped but finished with status OK and parcel size 4
08-19 14:15:33.419 W/Thread-21( 6397): type=1400 audit(0.0:1635222): avc: denied { read } for name="devices" dev="proc" ino=4026532038 scontext=u:r:untrusted_app_27:s0:c512,c768 tcontext=u:object_r:proc:s0 tclass=file permissive=0 app=com.tmri.app.main
08-19 14:15:33.715 D/IdProviderImpl( 4656): getOAID
08-19 14:15:33.723 D/IdProviderImpl( 4656): getOAID
08-19 14:15:33.727 W/pool-9-thread-1( 4656): type=1400 audit(0.0:1635223): avc: denied { read } for name="u:object_r:sno_prop:s0" dev="tmpfs" ino=16451 scontext=u:r:platform_app:s0:c512,c768 tcontext=u:object_r:sno_prop:s0 tclass=file permissive=0 app=com.miui.analytics
08-19 14:15:33.731 E/libc    ( 4656): Access denied finding property "ro.ril.oem.psno"
08-19 14:15:33.744 D/IdProviderImpl( 4656): getOAID
08-19 14:15:33.745 D/IdProviderImpl( 4656): getVAID
08-19 14:15:33.746 D/IdProviderImpl( 4656): getUDID
08-19 14:15:34.000 I/cmd     (24102): oneway function results will be dropped but finished with status OK and parcel size 4
08-19 14:15:34.129 I/cmd     (24131): oneway function results will be dropped but finished with status OK and parcel size 4
08-19 14:15:34.423 W/Thread-21( 6397): type=1400 audit(0.0:1635224): avc: denied { read } for name="devices" dev="proc" ino=4026532038 scontext=u:r:untrusted_app_27:s0:c512,c768 tcontext=u:object_r:proc:s0 tclass=file permissive=0 app=com.tmri.app.main
08-19 14:15:34.485 I/MiuiNetworkPolicy( 1783): bandwidth: 0 KB/s, Max bandwidth: 4964 KB/s
08-19 14:15:35.423 W/Thread-21( 6397): type=1400 audit(0.0:1635225): avc: denied { read } for name="devices" dev="proc" ino=4026532038 scontext=u:r:untrusted_app_27:s0:c512,c768 tcontext=u:object_r:proc:s0 tclass=file permissive=0 app=com.tmri.app.main
08-19 14:15:35.519 I/cmd     (24169): oneway function results will be dropped but finished with status OK and parcel size 4
08-19 14:15:35.968 I/cmd     (24181): oneway function results will be dropped but finished with status OK and parcel size 4
08-19 14:15:36.120 D/[QAD][[Splash]QAdSplashMonitorReport](19947): dp3ReportWorker run.
08-19 14:15:36.349 E/QSAnimator( 2677): tileView is null custom(com.android.settings/.development.qstile.DevelopmentTiles$WirelessDebugging)
08-19 14:15:36.349 E/QSAnimator( 2677): tileView is null flashlight
08-19 14:15:36.349 E/QSAnimator( 2677): tileView is null mute
08-19 14:15:36.349 E/QSAnimator( 2677): tileView is null screenshot
08-19 14:15:36.349 E/QSAnimator( 2677): tileView is null airplane
08-19 14:15:36.349 E/QSAnimator( 2677): tileView is null screenlock
08-19 14:15:36.349 E/QSAnimator( 2677): tileView is null gps
08-19 14:15:36.350 E/QSAnimator( 2677): tileView is null rotation
08-19 14:15:36.350 E/QSAnimator( 2677): tileView is null scanner
08-19 14:15:36.350 E/QSAnimator( 2677): tileView is null papermode
08-19 14:15:36.350 E/QSAnimator( 2677): tileView is null night
08-19 14:15:36.350 E/QSAnimator( 2677): tileView is null quietmode
08-19 14:15:36.350 E/QSAnimator( 2677): tileView is null batterysaver
08-19 14:15:36.350 E/QSAnimator( 2677): tileView is null custom(com.miui.securitycenter/com.miui.superpower.notification.SuperPowerTileService)
08-19 14:15:36.350 E/QSAnimator( 2677): tileView is null custom(com.milink.service/com.milink.ui.service.MiLinkTileService)
08-19 14:15:36.350 E/QSAnimator( 2677): tileView is null custom(com.miui.mishare.connectivity/.tile.MiShareTileService)
08-19 14:15:36.350 E/QSAnimator( 2677): tileView is null freeformhang
08-19 14:15:36.350 E/QSAnimator( 2677): tileView is null custom(com.miui.screenrecorder/.service.QuickService)
08-19 14:15:36.350 E/QSAnimator( 2677): tileView is null vibrate
08-19 14:15:36.350 E/QSAnimator( 2677): tileView is null hotspot
08-19 14:15:36.350 E/QSAnimator( 2677): tileView is null nfc
08-19 14:15:36.350 E/QSAnimator( 2677): tileView is null edit
08-19 14:15:36.418 I/cmd     (24192): oneway function results will be dropped but finished with status OK and parcel size 4
08-19 14:15:36.427 W/Thread-21( 6397): type=1400 audit(0.0:1635226): avc: denied { read } for name="devices" dev="proc" ino=4026532038 scontext=u:r:untrusted_app_27:s0:c512,c768 tcontext=u:object_r:proc:s0 tclass=file permissive=0 app=com.tmri.app.main
08-19 14:15:36.769 I/cmd     (24200): oneway function results will be dropped but finished with status OK and parcel size 4
08-19 14:15:37.204 I/cmd     (24210): oneway function results will be dropped but finished with status OK and parcel size 4
08-19 14:15:37.327 I/cmd     (24219): oneway function results will be dropped but finished with status OK and parcel size 4
08-19 14:15:37.463 W/Thread-21( 6397): type=1400 audit(0.0:1635227): avc: denied { read } for name="devices" dev="proc" ino=4026532038 scontext=u:r:untrusted_app_27:s0:c512,c768 tcontext=u:object_r:proc:s0 tclass=file permissive=0 app=com.tmri.app.main
08-19 14:15:37.488 I/MiuiNetworkPolicy( 1783): bandwidth: 0 KB/s, Max bandwidth: 4964 KB/s
08-19 14:15:37.663 I/cmd     (24223): oneway function results will be dropped but finished with status OK and parcel size 4
08-19 14:15:37.792 I/cmd     (24229): oneway function results will be dropped but finished with status OK and parcel size 4
08-19 14:15:38.126 I/cmd     (24237): oneway function results will be dropped but finished with status OK and parcel size 4
08-19 14:15:38.487 W/Thread-21( 6397): type=1400 audit(0.0:1635228): avc: denied { read } for name="devices" dev="proc" ino=4026532038 scontext=u:r:untrusted_app_27:s0:c512,c768 tcontext=u:object_r:proc:s0 tclass=file permissive=0 app=com.tmri.app.main
08-19 14:15:39.057 I/cmd     (24262): oneway function results will be dropped but finished with status OK and parcel size 4
08-19 14:15:39.486 I/cmd     (24290): oneway function results will be dropped but finished with status OK and parcel size 4
08-19 14:15:39.531 W/Thread-21( 6397): type=1400 audit(0.0:1635229): avc: denied { read } for name="devices" dev="proc" ino=4026532038 scontext=u:r:untrusted_app_27:s0:c512,c768 tcontext=u:object_r:proc:s0 tclass=file permissive=0 app=com.tmri.app.main
08-19 14:15:39.602 I/cmd     (24295): oneway function results will be dropped but finished with status OK and parcel size 4
08-19 14:15:39.668 D/NetworkSpeedTracker( 2989): receive actionandroid.intent.action.BATTERY_CHANGED
08-19 14:15:39.668 D/NetworkSpeedTracker( 2989): onReceive ACTION_BATTERY_CHANGED mBatteryLevel = 69;mIsCharging =true
08-19 14:15:39.673 I/BatteryInfoReceiver( 4989): ACTION_BATTERY_CHANGED
08-19 14:15:39.673 D/UploadVoiceJobService( 3982): needUploadVoice timeSinceLastUpload = 2375309
08-19 14:15:39.674 D/PowerCheckerService( 5940): onBatteryChanged, mBatteryLevel = 69, status = 2, level = 69, plug = 1, scale = 100
08-19 14:15:39.675 D/DeviceStatisticsService( 2921): chargerType=1 batteryLevel=69 totalBatteryCapacity=4206800
08-19 14:15:39.675 D/DeviceInfoHidlClient( 2921): getPowerInfoSupportStatus()=1
08-19 14:15:39.675 D/DeviceInfoHidlClient( 2921): isRadioOn()=true
08-19 14:15:39.675 I/DeviceInfoHidlClient( 2921): isPowerInfoNeverSent=false batteryLevel=69 batteryLevelIndex=2 chargingMode=1 totalCapacity=4206800 powerSaveMode=false
08-19 14:15:39.676 D/KeyguardUpdateMonitor( 2677): received broadcast android.intent.action.BATTERY_CHANGED
08-19 14:15:39.676 D/BatteryController( 2677): onReceive: Intent = Intent { act=android.intent.action.BATTERY_CHANGED flg=0x60000010 (has extras) } action = android.intent.action.BATTERY_CHANGED
08-19 14:15:40.044 I/cmd     (24306): oneway function results will be dropped but finished with status OK and parcel size 4
08-19 14:15:40.492 I/MiuiNetworkPolicy( 1783): bandwidth: 0 KB/s, Max bandwidth: 4964 KB/s
08-19 14:15:40.496 I/cmd     (24322): oneway function results will be dropped but finished with status OK and parcel size 4
08-19 14:15:40.559 W/Thread-21( 6397): type=1400 audit(0.0:1635230): avc: denied { read } for name="devices" dev="proc" ino=4026532038 scontext=u:r:untrusted_app_27:s0:c512,c768 tcontext=u:object_r:proc:s0 tclass=file permissive=0 app=com.tmri.app.main
08-19 14:15:40.930 I/cmd     (24336): oneway function results will be dropped but finished with status OK and parcel size 4
08-19 14:15:41.264 I/cmd     (24346): oneway function results will be dropped but finished with status OK and parcel size 4
08-19 14:15:41.559 W/Thread-21( 6397): type=1400 audit(0.0:1635231): avc: denied { read } for name="devices" dev="proc" ino=4026532038 scontext=u:r:untrusted_app_27:s0:c512,c768 tcontext=u:object_r:proc:s0 tclass=file permissive=0 app=com.tmri.app.main
08-19 14:15:41.728 I/cmd     (24364): oneway function results will be dropped but finished with status OK and parcel size 4
08-19 14:15:42.497 E/QSAnimator( 2677): tileView is null custom(com.android.settings/.development.qstile.DevelopmentTiles$WirelessDebugging)
08-19 14:15:42.497 E/QSAnimator( 2677): tileView is null flashlight
08-19 14:15:42.497 E/QSAnimator( 2677): tileView is null mute
08-19 14:15:42.497 E/QSAnimator( 2677): tileView is null screenshot
08-19 14:15:42.497 E/QSAnimator( 2677): tileView is null airplane
08-19 14:15:42.497 E/QSAnimator( 2677): tileView is null screenlock
08-19 14:15:42.497 E/QSAnimator( 2677): tileView is null gps
08-19 14:15:42.497 E/QSAnimator( 2677): tileView is null rotation
08-19 14:15:42.497 E/QSAnimator( 2677): tileView is null scanner
08-19 14:15:42.497 E/QSAnimator( 2677): tileView is null papermode
08-19 14:15:42.497 E/QSAnimator( 2677): tileView is null night
08-19 14:15:42.497 E/QSAnimator( 2677): tileView is null quietmode
08-19 14:15:42.497 E/QSAnimator( 2677): tileView is null batterysaver
08-19 14:15:42.497 E/QSAnimator( 2677): tileView is null custom(com.miui.securitycenter/com.miui.superpower.notification.SuperPowerTileService)
08-19 14:15:42.497 E/QSAnimator( 2677): tileView is null custom(com.milink.service/com.milink.ui.service.MiLinkTileService)
08-19 14:15:42.497 E/QSAnimator( 2677): tileView is null custom(com.miui.mishare.connectivity/.tile.MiShareTileService)
08-19 14:15:42.497 E/QSAnimator( 2677): tileView is null freeformhang
08-19 14:15:42.497 E/QSAnimator( 2677): tileView is null custom(com.miui.screenrecorder/.service.QuickService)
08-19 14:15:42.497 E/QSAnimator( 2677): tileView is null vibrate
08-19 14:15:42.497 E/QSAnimator( 2677): tileView is null hotspot
08-19 14:15:42.497 E/QSAnimator( 2677): tileView is null nfc
08-19 14:15:42.497 E/QSAnimator( 2677): tileView is null edit
08-19 14:15:42.579 W/Thread-21( 6397): type=1400 audit(0.0:1635232): avc: denied { read } for name="devices" dev="proc" ino=4026532038 scontext=u:r:untrusted_app_27:s0:c512,c768 tcontext=u:object_r:proc:s0 tclass=file permissive=0 app=com.tmri.app.main
08-19 14:15:43.058 I/cmd     (24407): oneway function results will be dropped but finished with status OK and parcel size 4
08-19 14:15:43.182 I/cmd     (24411): oneway function results will be dropped but finished with status OK and parcel size 4
08-19 14:15:43.496 I/MiuiNetworkPolicy( 1783): bandwidth: 0 KB/s, Max bandwidth: 4964 KB/s
08-19 14:15:43.843 W/Thread-21( 6397): type=1400 audit(0.0:1635233): avc: denied { read } for name="devices" dev="proc" ino=4026532038 scontext=u:r:untrusted_app_27:s0:c512,c768 tcontext=u:object_r:proc:s0 tclass=file permissive=0 app=com.tmri.app.main
08-19 14:15:43.961 I/cmd     (24446): oneway function results will be dropped but finished with status OK and parcel size 4
08-19 14:15:44.088 I/cmd     (24458): oneway function results will be dropped but finished with status OK and parcel size 4
08-19 14:15:44.863 W/Thread-21( 6397): type=1400 audit(0.0:1635234): avc: denied { read } for name="devices" dev="proc" ino=4026532038 scontext=u:r:untrusted_app_27:s0:c512,c768 tcontext=u:object_r:proc:s0 tclass=file permissive=0 app=com.tmri.app.main
08-19 14:15:44.971 I/cmd     (24491): oneway function results will be dropped but finished with status OK and parcel size 4
08-19 14:15:45.420 I/cmd     (24503): oneway function results will be dropped but finished with status OK and parcel size 4
08-19 14:15:45.554 E/QSAnimator( 2677): tileView is null custom(com.android.settings/.development.qstile.DevelopmentTiles$WirelessDebugging)
08-19 14:15:45.555 E/QSAnimator( 2677): tileView is null flashlight
08-19 14:15:45.555 E/QSAnimator( 2677): tileView is null mute
08-19 14:15:45.555 E/QSAnimator( 2677): tileView is null screenshot
08-19 14:15:45.555 E/QSAnimator( 2677): tileView is null airplane
08-19 14:15:45.555 E/QSAnimator( 2677): tileView is null screenlock
08-19 14:15:45.555 E/QSAnimator( 2677): tileView is null gps
08-19 14:15:45.555 E/QSAnimator( 2677): tileView is null rotation
08-19 14:15:45.555 E/QSAnimator( 2677): tileView is null scanner
08-19 14:15:45.555 E/QSAnimator( 2677): tileView is null papermode
08-19 14:15:45.555 E/QSAnimator( 2677): tileView is null night
08-19 14:15:45.555 E/QSAnimator( 2677): tileView is null quietmode
08-19 14:15:45.555 E/QSAnimator( 2677): tileView is null batterysaver
08-19 14:15:45.555 E/QSAnimator( 2677): tileView is null custom(com.miui.securitycenter/com.miui.superpower.notification.SuperPowerTileService)
08-19 14:15:45.555 E/QSAnimator( 2677): tileView is null custom(com.milink.service/com.milink.ui.service.MiLinkTileService)
08-19 14:15:45.555 E/QSAnimator( 2677): tileView is null custom(com.miui.mishare.connectivity/.tile.MiShareTileService)
08-19 14:15:45.555 E/QSAnimator( 2677): tileView is null freeformhang
08-19 14:15:45.555 E/QSAnimator( 2677): tileView is null custom(com.miui.screenrecorder/.service.QuickService)
08-19 14:15:45.555 E/QSAnimator( 2677): tileView is null vibrate
08-19 14:15:45.555 E/QSAnimator( 2677): tileView is null hotspot
08-19 14:15:45.555 E/QSAnimator( 2677): tileView is null nfc
08-19 14:15:45.555 E/QSAnimator( 2677): tileView is null edit
08-19 14:15:45.891 W/Thread-21( 6397): type=1400 audit(0.0:1635235): avc: denied { read } for name="devices" dev="proc" ino=4026532038 scontext=u:r:untrusted_app_27:s0:c512,c768 tcontext=u:object_r:proc:s0 tclass=file permissive=0 app=com.tmri.app.main
08-19 14:15:46.204 I/cmd     (24522): oneway function results will be dropped but finished with status OK and parcel size 4
08-19 14:15:46.359 D/MIUIInput( 1783): [MotionEvent] publisher action=0x4, 8674933, channel 'f5b9c2a LauncherOverlayWindow:com.miui.newhome (server)'
08-19 14:15:46.359 D/MIUIInput( 1783): [MotionEvent] publisher action=0x4, 8674933, channel 'bba92e9 LauncherOverlayWindow:com.miui.personalassistant (server)'
08-19 14:15:46.359 D/MIUIInput( 1783): [MotionEvent] publisher action=0x0, 8674933, channel 'e42bb1b com.miui.home/com.miui.home.launcher.Launcher (server)'
08-19 14:15:46.360 D/MIUIInput( 1783): [MotionEvent] publisher action=0x0, 8674933, channel 'f2c8d9c com.miui.miwallpaper.wallpaperservice.MiuiKeyguardPictorialWallpaper (server)'
08-19 14:15:46.360 D/MIUIInput( 1783): [MotionEvent] publisher action=0x0, 8674933, channel '42f0531 com.miui.miwallpaper.wallpaperservice.ImageWallpaper (server)'
08-19 14:15:46.361 D/EventBus( 3002): No subscribers registered for event class com.miui.home.launcher.common.messages.EndSpringAnimatorMessage
08-19 14:15:46.362 D/EventBus( 3002): No subscribers registered for event class org.greenrobot.eventbus.NoSubscriberEvent
08-19 14:15:46.363 D/Launcher.Feed( 3002): touchState : 0 scrolling : false normalEditing : false WidgetThumbnailViewShowing : false UninstallDialogShowing : false isMinusScreenShowing: false
08-19 14:15:46.364 D/Launcher.StatusBarController( 3002): try intercept touch, isProxySurvive=true
08-19 14:15:46.365 D/Launcher.Workspace( 3002): Workspace touch down
08-19 14:15:46.365 D/ScreenView_Workspace( 3002): onIntercept:0.0
08-19 14:15:46.365 D/ScreenView_Workspace( 3002): not intercept
08-19 14:15:46.480 D/MIUIInput( 1783): [MotionEvent] publisher action=0x1, 8675055, channel 'e42bb1b com.miui.home/com.miui.home.launcher.Launcher (server)'
08-19 14:15:46.481 D/MIUIInput( 1783): [MotionEvent] publisher action=0x1, 8675055, channel 'f2c8d9c com.miui.miwallpaper.wallpaperservice.MiuiKeyguardPictorialWallpaper (server)'
08-19 14:15:46.481 D/MIUIInput( 1783): [MotionEvent] publisher action=0x1, 8675055, channel '42f0531 com.miui.miwallpaper.wallpaperservice.ImageWallpaper (server)'
08-19 14:15:46.482 D/Launcher_dispatchTouchEvent( 3002): [motionEvent action:(rawX,rawY)]  15:46.362[0(1074.0,462.0)] 15:46.380[2(1074.0,462.0)] 15:46.482[1(1074.0,462.0)] 
08-19 14:15:46.482 D/Launcher_Scrollto( 3002): [(rawX,rawY)|scrollX]  
08-19 14:15:46.483 D/Launcher.Workspace( 3002): Workspace touch up or cancel
08-19 14:15:46.483 I/RenderThread( 3002): RenderThread resumed
08-19 14:15:46.483 I/RenderThread( 3002): All controllers paused.
08-19 14:15:46.483 I/RenderThread( 3002): RenderThread paused, waiting for signal
08-19 14:15:46.484 D/ScreenView_Workspace( 3002): oninterceput up
08-19 14:15:46.499 I/MiuiNetworkPolicy( 1783): bandwidth: 0 KB/s, Max bandwidth: 4964 KB/s
08-19 14:15:46.674 I/cmd     (24534): oneway function results will be dropped but finished with status OK and parcel size 4
08-19 14:15:46.923 W/Thread-21( 6397): type=1400 audit(0.0:1635236): avc: denied { read } for name="devices" dev="proc" ino=4026532038 scontext=u:r:untrusted_app_27:s0:c512,c768 tcontext=u:object_r:proc:s0 tclass=file permissive=0 app=com.tmri.app.main
08-19 14:15:47.121 I/cmd     (24547): oneway function results will be dropped but finished with status OK and parcel size 4
08-19 14:15:47.231 I/cmd     (24555): oneway function results will be dropped but finished with status OK and parcel size 4
08-19 14:15:47.586 I/cmd     (24559): oneway function results will be dropped but finished with status OK and parcel size 4
08-19 14:15:47.710 I/cmd     (24563): oneway function results will be dropped but finished with status OK and parcel size 4
08-19 14:15:47.868 D/NetworkSpeedTracker( 2989): receive actionandroid.intent.action.BATTERY_CHANGED
08-19 14:15:47.868 D/NetworkSpeedTracker( 2989): onReceive ACTION_BATTERY_CHANGED mBatteryLevel = 69;mIsCharging =true
08-19 14:15:47.870 I/BatteryInfoReceiver( 4989): ACTION_BATTERY_CHANGED
08-19 14:15:47.872 D/DeviceStatisticsService( 2921): chargerType=1 batteryLevel=69 totalBatteryCapacity=4210600
08-19 14:15:47.872 D/DeviceInfoHidlClient( 2921): getPowerInfoSupportStatus()=1
08-19 14:15:47.872 D/DeviceInfoHidlClient( 2921): isRadioOn()=true
08-19 14:15:47.872 I/DeviceInfoHidlClient( 2921): isPowerInfoNeverSent=false batteryLevel=69 batteryLevelIndex=2 chargingMode=1 totalCapacity=4210600 powerSaveMode=false
08-19 14:15:47.872 D/UploadVoiceJobService( 3982): needUploadVoice timeSinceLastUpload = 2383508
08-19 14:15:47.872 D/PowerCheckerService( 5940): onBatteryChanged, mBatteryLevel = 69, status = 2, level = 69, plug = 1, scale = 100
08-19 14:15:47.875 D/KeyguardUpdateMonitor( 2677): received broadcast android.intent.action.BATTERY_CHANGED
08-19 14:15:47.875 D/BatteryController( 2677): onReceive: Intent = Intent { act=android.intent.action.BATTERY_CHANGED flg=0x60000010 (has extras) } action = android.intent.action.BATTERY_CHANGED
08-19 14:15:47.927 W/Thread-21( 6397): type=1400 audit(0.0:1635237): avc: denied { read } for name="devices" dev="proc" ino=4026532038 scontext=u:r:untrusted_app_27:s0:c512,c768 tcontext=u:object_r:proc:s0 tclass=file permissive=0 app=com.tmri.app.main
08-19 14:15:48.037 I/cmd     (24576): oneway function results will be dropped but finished with status OK and parcel size 4
08-19 14:15:48.325 D/MiuiNetworkPolicy( 1783): updateLimit mLimitEnabled=true,enabled=false,mNetworkPriorityMode=1
08-19 14:15:48.482 I/cmd     (24584): oneway function results will be dropped but finished with status OK and parcel size 4
08-19 14:15:48.573 E/QSAnimator( 2677): tileView is null custom(com.android.settings/.development.qstile.DevelopmentTiles$WirelessDebugging)
08-19 14:15:48.573 E/QSAnimator( 2677): tileView is null flashlight
08-19 14:15:48.573 E/QSAnimator( 2677): tileView is null mute
08-19 14:15:48.573 E/QSAnimator( 2677): tileView is null screenshot
08-19 14:15:48.573 E/QSAnimator( 2677): tileView is null airplane
08-19 14:15:48.573 E/QSAnimator( 2677): tileView is null screenlock
08-19 14:15:48.573 E/QSAnimator( 2677): tileView is null gps
08-19 14:15:48.573 E/QSAnimator( 2677): tileView is null rotation
08-19 14:15:48.573 E/QSAnimator( 2677): tileView is null scanner
08-19 14:15:48.573 E/QSAnimator( 2677): tileView is null papermode
08-19 14:15:48.573 E/QSAnimator( 2677): tileView is null night
08-19 14:15:48.573 E/QSAnimator( 2677): tileView is null quietmode
08-19 14:15:48.573 E/QSAnimator( 2677): tileView is null batterysaver
08-19 14:15:48.573 E/QSAnimator( 2677): tileView is null custom(com.miui.securitycenter/com.miui.superpower.notification.SuperPowerTileService)
08-19 14:15:48.573 E/QSAnimator( 2677): tileView is null custom(com.milink.service/com.milink.ui.service.MiLinkTileService)
08-19 14:15:48.573 E/QSAnimator( 2677): tileView is null custom(com.miui.mishare.connectivity/.tile.MiShareTileService)
08-19 14:15:48.573 E/QSAnimator( 2677): tileView is null freeformhang
08-19 14:15:48.573 E/QSAnimator( 2677): tileView is null custom(com.miui.screenrecorder/.service.QuickService)
08-19 14:15:48.573 E/QSAnimator( 2677): tileView is null vibrate
08-19 14:15:48.573 E/QSAnimator( 2677): tileView is null hotspot
08-19 14:15:48.573 E/QSAnimator( 2677): tileView is null nfc
08-19 14:15:48.573 E/QSAnimator( 2677): tileView is null edit
08-19 14:15:48.589 I/cmd     (24588): oneway function results will be dropped but finished with status OK and parcel size 4
08-19 14:15:48.929 E/libc    ( 3938): Access denied finding property "net.dns1"
08-19 14:15:48.929 E/libc    ( 3938): Access denied finding property "net.dns1"
08-19 14:15:48.929 E/AggregateListener( 4836): notification text&title is null, key = 0|com.tencent.mtt|83|null|10252
08-19 14:15:48.930 E/libc    ( 3938): Access denied finding property "net.dns1"
08-19 14:15:48.930 I/chatty  ( 3938): uid=10252(com.tencent.mtt) TP-Network-2 identical 1 line
08-19 14:15:48.930 E/libc    ( 3938): Access denied finding property "net.dns1"
08-19 14:15:48.967 W/Thread-21( 6397): type=1400 audit(0.0:1635238): avc: denied { read } for name="devices" dev="proc" ino=4026532038 scontext=u:r:untrusted_app_27:s0:c512,c768 tcontext=u:object_r:proc:s0 tclass=file permissive=0 app=com.tmri.app.main
08-19 14:15:49.014 E/libc    ( 3938): Access denied finding property "net.dns1"
08-19 14:15:49.025 E/libc    ( 3938): Access denied finding property "net.dns1"
08-19 14:15:49.025 E/libc    ( 3938): Access denied finding property "net.dns1"
08-19 14:15:49.136 V/onNotificationPostedCallBack( 4989): flags=610
08-19 14:15:49.136 D/IMReply:Notif( 3982): onNotificationPosted before sbn = 83
08-19 14:15:49.136 V/n       ( 4989): ret=1
08-19 14:15:49.137 V/onNotificationPostedCallBack( 4989): 2flags=610
08-19 14:15:49.144 D/InterruptionStateProvider( 2677): No bubble up: not allowed to bubble: 0|com.tencent.mtt|83|null|10252
08-19 14:15:49.144 D/InterruptionStateProvider( 2677): No heads up: unimportant notification: 0|com.tencent.mtt|83|null|10252
08-19 14:15:49.145 D/IMReply:Notif( 3982): onNotificationPosted onNotificationRemoved sbn = 83
08-19 14:15:49.148 W/AsyncLayoutInflater( 2677): Failed to inflate resource in the background! Retrying on the UI thread
08-19 14:15:49.148 W/AsyncLayoutInflater( 2677): android.view.InflateException: Binary XML file line #33 in com.android.systemui:layout/status_bar_notification_row: Animators may only be run on Looper threads
08-19 14:15:49.148 W/AsyncLayoutInflater( 2677): Caused by: android.util.AndroidRuntimeException: Animators may only be run on Looper threads
