08-19 14:18:24.770 I/PASettingIPC( 4602): serviceKey : screen_duration
08-19 14:18:24.771 I/PASettingIPC( 4602): context : com.miui.personalassistant
08-19 14:18:24.771 I/PASettingIPC( 4602): serviceKey : sleep
08-19 14:18:24.771 I/PASettingIPC( 4602): context : com.miui.personalassistant
08-19 14:18:24.771 I/PASettingIPC( 4602): serviceKey : help_sleep
08-19 14:18:24.772 I/PASettingIPC( 4602): getServiceSettingStatus: failed, online = -1, serviceStatus = -1
08-19 14:18:24.772 I/PASettingIPC( 4602): context : com.miui.personalassistant
08-19 14:18:24.772 I/PASettingIPC( 4602): serviceKey : surrounding
08-19 14:18:24.774 I/PASettingIPC( 4602): getServiceSettingStatus: failed, online = -1, serviceStatus = -1
08-19 14:18:24.774 I/PASettingIPC( 4602): context : com.miui.personalassistant
08-19 14:18:24.774 I/PASettingIPC( 4602): serviceKey : red_envelope
08-19 14:18:24.775 I/PASettingIPC( 4602): context : com.miui.personalassistant
08-19 14:18:24.775 I/PASettingIPC( 4602): serviceKey : china_proper
08-19 14:18:24.776 I/PASettingIPC( 4602): context : com.miui.personalassistant
08-19 14:18:24.776 I/PASettingIPC( 4602): serviceKey : five_bless
08-19 14:18:24.777 I/PASettingIPC( 4602): context : com.miui.personalassistant
08-19 14:18:24.777 I/PASettingIPC( 4602): serviceKey : covid_19
08-19 14:18:24.778 I/AssistantProvider( 4602): cloud sync : card status, type = 0, count = 22
08-19 14:18:24.779 E/RecordProvider( 4602): filterDirtyDelIfNeeded: Package com.miui.personalassistant does not belong to 10138
08-19 14:18:24.779 I/AssistantProvider( 4602): cloud sync : favorite data, type = 0, count = 1
08-19 14:18:24.780 I/AssistantProvider( 4602): cloud sync : shopping data, type = 0, count = 0
08-19 14:18:24.781 D/SyncInfoProviderBase(30709): count 23
08-19 14:18:24.782 D/SyncInfoProviderBase(30709): queryCountByProjection, uri: content://personal_assistant/unsynced
08-19 14:18:24.782 I/AssistantProvider( 4602): queryCloudSync: uri content://personal_assistant/cloudservice, selection cdirty, selectionArg 1
08-19 14:18:24.783 I/AssistantProvider( 4602): cloud sync : card status, type = 1, count = 0
08-19 14:18:24.783 I/AssistantProvider( 4602): cloud sync : favorite data, type = 1, count = 0
08-19 14:18:24.784 I/AssistantProvider( 4602): cloud sync : shopping data, type = 1, count = 0
08-19 14:18:24.785 D/SyncInfoProviderBase(30709): count 0
08-19 14:18:24.786 I/[personal_assistant,30709]:SyncLog[personal_assistant](30786): After Sync: SyncDataInfo[personal_assistant]  {synced count:23, unsynced count:0, unsynced secret count:-1, unsynced wifi only count:0}
08-19 14:18:24.787 I/[personal_assistant,30709]:SyncLog[personal_assistant](30786): Success:{authority:personal_assistant, start:2021-08-19 14:18:24, end:2021-08-19 14:18:24, delta:0, error:}
08-19 14:18:24.787 D/SyncStatUtil(30709): performSyncTimeStat: 
08-19 14:18:24.788 D/OpenApiStatProvider(28441): insert: 
08-19 14:18:24.791 D/StatHelper(28441): com.miui.cloudservice.stat.l::a@SourceFile:26, thread:2036--eventName=category_single_sync_result_key_sync_success_time_consume, eventGroup=category_single_sync_result, params={"time_consume":758,"time_start":14,"time_end":14}
08-19 14:18:24.793 D/SyncStatUtil(30709): performSyncResultStat: 
08-19 14:18:24.794 D/OpenApiStatProvider(28441): insert: 
08-19 14:18:24.796 D/StatHelper(28441): com.miui.cloudservice.stat.l::a@SourceFile:26, thread:2036--eventName=category_single_sync_result_key_single_sync_auto, eventGroup=category_single_sync_result, params={"param_authority":"personal_assistant","param_is_successful":"value_positive","param_ignore_wifi_settings":"value_negative","param_ignore_battery_low":"value_negative","param_unsynced_count_before_sync":0,"param_unsynced_count_after_sync":0}
08-19 14:18:24.798 D/SyncStatUtil(30709): performSyncPhoneState: 
08-19 14:18:24.798 D/OpenApiStatProvider(28441): insert: 
08-19 14:18:24.802 D/StatHelper(28441): com.miui.cloudservice.stat.l::a@SourceFile:26, thread:2036--eventName=category_single_sync_end_phone_state_key_single_sync_auto, eventGroup=category_single_sync_end_phone_state, params={"param_storage_low":"value_negative","param_screen_on":"value_positive","param_wifi":"value_positive","param_battery_low":"value_negative","param_battery_charging":"value_positive"}
08-19 14:18:24.803 D/SyncUtils(30709): recordSyncResultSuccess
08-19 14:18:24.803 D/SyncContentUtils(30709): recordSyncResult: authority: personal_assistant, code: 0
08-19 14:18:24.803 D/MiCloudProvider(28441): update sync result
08-19 14:18:24.828 E/NotifCollection( 2677): No notification to remove with key 0|com.xiaomi.simactivate.service|1001|null|10140
08-19 14:18:24.833 I/cmd     (30858): oneway function results will be dropped but finished with status OK and parcel size 4
08-19 14:18:24.845 I/MiuiNetworkPolicy( 1783): updateUidState uid = 10140, uidState = 10
08-19 14:18:24.845 I/CloudServiceObserver( 4602): sync status: false
08-19 14:18:24.845 I/Util    ( 4602): sendUpdateScreenBroadcast context=com.miui.personalassistant.PAApplication@7ea43eb
08-19 14:18:24.848 I/MiuiNetworkPolicyTrafficLimit( 1783): updateWhiteListUidForMobileTraffic uid=10140,add=false
08-19 14:18:24.848 I/MiuiNetworkPolicy( 1783): updateUidState uid = 10140, uidState = 19
08-19 14:18:24.848 D/MiuiNetworkPolicyTrafficLimit( 1783): updateWhiteListUidForMobileTraffic rst=true
08-19 14:18:24.849 D/IMReply:Notif( 3982): onNotificationPosted onNotificationRemoved sbn = 1001
08-19 14:18:24.849 I/AssistHolderController( 4602): onReceive onMinusUpdateReceive Intent { act=miui.intent.action.MINUS_SCREEN_UPDATE flg=0x10 (has extras) }
08-19 14:18:24.850 I/CloudServiceObserver( 1281): sync status: false
08-19 14:18:24.850 I/Util    ( 1281): sendUpdateScreenBroadcast context=com.miui.personalassistant.PAApplication@4dd1a19
08-19 14:18:24.852 I/AssistHolderController( 4602): onReceive onMinusUpdateReceive Intent { act=miui.intent.action.MINUS_SCREEN_UPDATE flg=0x10 (has extras) }
08-19 14:18:24.852 I/AssistHolderController( 4602): onMinusUpdateReceive Intent { act=miui.intent.action.MINUS_SCREEN_UPDATE flg=0x10 (has extras) }
08-19 14:18:24.853 I/AssistHolderController( 4602): isFromSetting
08-19 14:18:24.853 I/AssistHolderController( 4602): onMinusUpdateReceive Intent { act=miui.intent.action.MINUS_SCREEN_UPDATE flg=0x10 (has extras) }
08-19 14:18:24.853 I/AssistHolderController( 4602): isFromSetting
08-19 14:18:24.856 V/CloudServerSyncAdapterBase(30709): getPhoneInfo: ticket=micloud.yBz8/4CE/Tmy1NhTLHEuKvKErJeh1LcJ6cuJnkHqoqwj+rUCDrSRDDYdNwBdGH3AbkoiX+USgqkDe7mzOWcoGHyMTICWHlJu01sIx2q6Waf6MJpM8ATY1EMu2KunO??? number=15871309???
08-19 14:18:24.856 D/CloudServerSyncAdapterBase(30709): getPhoneInfo: for sim 1
08-19 14:18:24.859 D/CompatibilityInfo( 1783): mCompatibilityFlags - 0
08-19 14:18:24.859 D/CompatibilityInfo( 1783): applicationDensity - 440
08-19 14:18:24.859 D/CompatibilityInfo( 1783): applicationScale - 1.0
08-19 14:18:24.863 I/MiuiNetworkPolicy( 1783): updateUidState uid = 10140, uidState = 8
08-19 14:18:24.865 I/MiuiNetworkPolicy( 1783): updateUidState uid = 10140, uidState = 4
08-19 14:18:24.867 I/MiuiNetworkPolicyTrafficLimit( 1783): updateWhiteListUidForMobileTraffic uid=10140,add=true
08-19 14:18:24.868 D/MiuiNetworkPolicyTrafficLimit( 1783): updateWhiteListUidForMobileTraffic rst=true
08-19 14:18:24.877 E/CloudServerSyncAdapterBase(30709): getPhoneInfo: SIM not inserted or not activated for sim:1
08-19 14:18:24.877 I/MiuiNetworkPolicy( 1783): updateUidState uid = 10140, uidState = 10
08-19 14:18:24.878 I/MiuiNetworkPolicyTrafficLimit( 1783): updateWhiteListUidForMobileTraffic uid=10140,add=false
08-19 14:18:24.878 D/MiuiNetworkPolicyTrafficLimit( 1783): updateWhiteListUidForMobileTraffic rst=true
08-19 14:18:24.878 D/com.miui.micloudsync.mms.MmsSmsSyncAdapter(30709): SourceFile(161): MmsSms sync started
08-19 14:18:24.878 D/CloudServiceSync.MiStatHelper(30709): initMiStatInterface()
08-19 14:18:24.879 D/MI_STAT (30709): initialize com.miui.micloudsync, 2882303761517877010, com.miui.micloudsync, false
08-19 14:18:24.879 I/MiuiNetworkPolicy( 1783): updateUidState uid = 10140, uidState = 19
08-19 14:18:24.879 D/com.miui.micloudsync.mms.SimCardSyncer(30709): SourceFile(89): Current ticket doesn't match saved ticket, or saved bind id is invalid.
08-19 14:18:24.886 V/CloudTelephonyManager(30709): phone type: 1
08-19 14:18:24.892 I/Micloud (30709): com.xiaomi.micloudsdk.request.utils.CloudRelocationUtils::updateRequestHost@SourceFile:317, thread:2116--Original URL: http://smsapi.micloud.xiaomi.net/mic/sms/v3/user/setting/bind. 
08-19 14:18:24.893 I/Micloud (30709): com.xiaomi.micloudsdk.request.utils.CloudRelocationUtils::updateRequestHost@SourceFile:322, thread:2116--New URL: http://smsapi.micloud.xiaomi.net. 
08-19 14:18:24.893 I/Micloud (30709): com.xiaomi.micloudsdk.request.utils.CloudRelocationUtils::updateRequestHost@SourceFile:329, thread:2116--Final URL: http://smsapi.micloud.xiaomi.net/mic/sms/v3/user/setting/bind. 
08-19 14:18:24.899 I/MiuiNetworkPolicy( 1783): updateUidState uid = 10170, uidState = 8
08-19 14:18:24.899 I/RemoteMethodInvoker(30709): RemoteMethodInvoker connects remote service .XiaomiAccountService
08-19 14:18:24.904 I/MiuiNetworkPolicy( 1783): updateUidState uid = 10170, uidState = 15
08-19 14:18:24.928 I/[com.miui.browser,27040]:BrowserSyncAdapter(30786): onPerformMiCloudSync finish
08-19 14:18:24.928 D/MiCloudSyncAdapterBase(27040): onPerformSync: No error found. ---Success---
08-19 14:18:24.928 D/SyncInfoProviderBase(27040): queryCount, uri: content://com.miui.browser/bookmarks
08-19 14:18:24.930 D/SyncInfoProviderBase(27040): queryCount, uri: content://com.miui.browser/historysync
08-19 14:18:24.932 D/SyncInfoProviderBase(27040): queryCount, uri: content://com.miui.browser/bookmarks
08-19 14:18:24.933 D/SyncInfoProviderBase(27040): queryCount, uri: content://com.miui.browser/historysync
08-19 14:18:24.935 I/[com.miui.browser,27040]:SyncLog[com.miui.browser](30786): After Sync: SyncDataInfo[com.miui.browser]  {synced count:58, unsynced count:0, unsynced secret count:-1, unsynced wifi only count:0}
08-19 14:18:24.936 D/SyncStatUtil(27040): performSyncTimeStat: 
08-19 14:18:24.936 I/[com.miui.browser,27040]:SyncLog[com.miui.browser](30786): Success:{authority:com.miui.browser, start:2021-08-19 14:18:24, end:2021-08-19 14:18:24, delta:0, error:}
08-19 14:18:24.938 D/OpenApiStatProvider(28441): insert: 
08-19 14:18:24.939 D/StatHelper(28441): com.miui.cloudservice.stat.l::a@SourceFile:26, thread:2036--eventName=category_single_sync_result_key_sync_success_time_consume, eventGroup=category_single_sync_result, params={"time_consume":929,"time_start":14,"time_end":14}
08-19 14:18:24.940 D/SyncStatUtil(27040): performSyncResultStat: 
08-19 14:18:24.941 D/OpenApiStatProvider(28441): insert: 
08-19 14:18:24.942 D/StatHelper(28441): com.miui.cloudservice.stat.l::a@SourceFile:26, thread:2036--eventName=category_single_sync_result_key_single_sync_auto, eventGroup=category_single_sync_result, params={"param_authority":"com.miui.browser","param_is_successful":"value_positive","param_ignore_wifi_settings":"value_negative","param_ignore_battery_low":"value_negative","param_unsynced_count_before_sync":6,"param_unsynced_count_after_sync":0}
08-19 14:18:24.943 D/SyncStatUtil(27040): performSyncPhoneState: 
08-19 14:18:24.943 D/OpenApiStatProvider(28441): insert: 
08-19 14:18:24.946 D/StatHelper(28441): com.miui.cloudservice.stat.l::a@SourceFile:26, thread:2036--eventName=category_single_sync_end_phone_state_key_single_sync_auto, eventGroup=category_single_sync_end_phone_state, params={"param_storage_low":"value_negative","param_screen_on":"value_positive","param_wifi":"value_positive","param_battery_low":"value_negative","param_battery_charging":"value_positive"}
08-19 14:18:24.947 D/SyncUtils(27040): recordSyncResultSuccess
08-19 14:18:24.947 D/SyncContentUtils(27040): recordSyncResult: authority: com.miui.browser, code: 0
08-19 14:18:24.948 D/MiCloudProvider(28441): update sync result
08-19 14:18:24.964 I/CloudServiceObserver( 1281): sync status: false
08-19 14:18:24.968 I/CloudServiceObserver( 4602): sync status: false
08-19 14:18:24.969 I/MiuiNetworkPolicy( 1783): updateUidState uid = 10113, uidState = 10
08-19 14:18:24.969 I/MiuiNetworkPolicy( 1783): updateUidState uid = 99024, uidState = 10
08-19 14:18:24.969 I/MiuiNetworkPolicy( 1783): updateUidState uid = 10113, uidState = 16
08-19 14:18:24.969 I/MiuiNetworkPolicy( 1783): updateUidState uid = 99024, uidState = 17
08-19 14:18:25.036 I/CloudServiceObserver( 4602): sync status: false
08-19 14:18:25.036 I/CloudServiceObserver( 1281): sync status: false
08-19 14:18:25.039 D/CompatibilityInfo( 1783): mCompatibilityFlags - 0
08-19 14:18:25.039 D/CompatibilityInfo( 1783): applicationDensity - 440
08-19 14:18:25.039 D/CompatibilityInfo( 1783): applicationScale - 1.0
08-19 14:18:25.044 I/MiuiNetworkPolicy( 1783): updateUidState uid = 10113, uidState = 10
08-19 14:18:25.044 I/MiuiNetworkPolicy( 1783): updateUidState uid = 99024, uidState = 10
08-19 14:18:25.047 D/MiCloudSyncAdapterBase(27040): check_sync_error_refactor
08-19 14:18:25.047 D/MiCloudSyncAdapterBase(27040): onPerformSync: ---sync start---
08-19 14:18:25.047 D/MiCloudSyncAdapterBase(27040): authority: com.miui.browser, extras: Bundle[{sync_tag_type=micloud.browser.tab.sync, sync_from=2}]
08-19 14:18:25.047 D/SyncStatUtil(27040): performSyncPhoneState: 
08-19 14:18:25.048 D/OpenApiStatProvider(28441): insert: 
08-19 14:18:25.049 I/MiuiNetworkPolicy( 1783): updateUidState uid = 10113, uidState = 16
08-19 14:18:25.051 D/StatHelper(28441): com.miui.cloudservice.stat.l::a@SourceFile:26, thread:2036--eventName=category_single_sync_start_phone_state_key_single_sync_auto, eventGroup=category_single_sync_start_phone_state, params={"param_storage_low":"value_negative","param_screen_on":"value_positive","param_wifi":"value_positive","param_battery_low":"value_negative","param_battery_charging":"value_positive"}
08-19 14:18:25.052 I/SyncLogSender(27040): Create sync log sender: file.
08-19 14:18:25.054 I/[com.miui.browser,27040]:SyncLog[com.miui.browser](30786): Start Sync:{authority:com.miui.browser, start:2021-08-19 14:18:25, extras:{micloud_force=false,force=false,ignore_backoff=false,upload=false}}
08-19 14:18:25.054 D/SyncInfoProviderBase(27040): queryCount, uri: content://com.miui.browser/bookmarks
08-19 14:18:25.057 D/SyncInfoProviderBase(27040): queryCount, uri: content://com.miui.browser/historysync
08-19 14:18:25.059 D/SyncInfoProviderBase(27040): queryCount, uri: content://com.miui.browser/bookmarks
08-19 14:18:25.060 D/SyncInfoProviderBase(27040): queryCount, uri: content://com.miui.browser/historysync
08-19 14:18:25.063 I/[com.miui.browser,27040]:SyncLog[com.miui.browser](30786): Before Sync: SyncDataInfo[com.miui.browser]  {synced count:58, unsynced count:0, unsynced secret count:-1, unsynced wifi only count:0}
08-19 14:18:25.064 D/MiCloudResolver(27040): isSyncPausing: authority: com.miui.browser
08-19 14:18:25.065 D/MiCloudResolver(27040): getResumeTime: authority: com.miui.browser
08-19 14:18:25.065 D/SyncContentUtils(27040): isPauseExceptAuthority: authority: com.miui.browser
08-19 14:18:25.073 D/IMReply:Notif( 3982): onNotificationPosted before sbn = 1001
08-19 14:18:25.075 D/IMReply:Notif( 3982): onNotificationPosted onNotificationRemoved sbn = 1001
08-19 14:18:25.076 D/MiCloudProvider(28441): query sync pause except
08-19 14:18:25.077 E/NotifCollection( 2677): No notification to remove with key 0|com.xiaomi.simactivate.service|1001|null|10140
08-19 14:18:25.077 I/Micloud (30709): com.xiaomi.micloudsdk.request.utils.CloudRelocationUtils::updateRequestHost@SourceFile:317, thread:2116--Original URL: http://smsapi.micloud.xiaomi.net/mic/sms/v3/user/setting/bind. 
08-19 14:18:25.078 E/SyncContentUtils(27040): isPauseExceptAuthority: error cursor is null or query fail, cursor is null?no
08-19 14:18:25.078 I/Micloud (30709): com.xiaomi.micloudsdk.request.utils.CloudRelocationUtils::updateRequestHost@SourceFile:322, thread:2116--New URL: http://smsapi.micloud.xiaomi.net. 
08-19 14:18:25.078 D/SyncContentUtils(27040): loadResumeTime: authority: com.miui.browser
08-19 14:18:25.078 I/Micloud (30709): com.xiaomi.micloudsdk.request.utils.CloudRelocationUtils::updateRequestHost@SourceFile:329, thread:2116--Final URL: http://smsapi.micloud.xiaomi.net/mic/sms/v3/user/setting/bind. 
08-19 14:18:25.079 D/MiCloudProvider(28441): query sync pause
08-19 14:18:25.082 E/SyncContentUtils(27040): loadResumeTime: error cursor is null or query fail
08-19 14:18:25.086 I/MiuiNetworkPolicy( 1783): updateUidState uid = 10266, uidState = 19
08-19 14:18:25.086 I/MiuiNetworkPolicy( 1783): updateUidState uid = 99024, uidState = 17
08-19 14:18:25.087 D/SyncContentUtils(27040): loadResumeTime: authority: _all
08-19 14:18:25.088 I/MiuiNetworkPolicy( 1783): updateUidState uid = 10170, uidState = 8
08-19 14:18:25.089 D/MiCloudProvider(28441): query sync pause
08-19 14:18:25.092 I/RemoteMethodInvoker(30709): RemoteMethodInvoker connects remote service .XiaomiAccountService
08-19 14:18:25.092 E/SyncContentUtils(27040): loadResumeTime: error cursor is null or query fail
08-19 14:18:25.093 V/MiCloudSyncAdapterBase(27040): onPerformSync: getting auth token. authority: com.miui.browser
08-19 14:18:25.097 I/[com.miui.browser,27040]:BrowserSyncAdapter(30786): -->onPerformMiCloudSync(): extras=Bundle[{sync_tag_type=micloud.browser.tab.sync, sync_from=2}], sync tag type=micloud.browser.tab.sync, sync from =2, is browser on = true, thread=SyncAdapterThread-3
08-19 14:18:25.099 I/MiuiNetworkPolicy( 1783): updateUidState uid = 10170, uidState = 15
08-19 14:18:25.132 I/RemoteMethodInvoker(27040): RemoteMethodInvoker connects remote service .XiaomiAccountService
08-19 14:18:25.166 I/cmd     (30876): oneway function results will be dropped but finished with status OK and parcel size 4
08-19 14:18:25.200 W/android.browse(27040): Reducing the number of considered missed Gc histogram windows from 116 to 100
08-19 14:18:25.201 W/System  (27040): A resource failed to call close. 
08-19 14:18:25.202 W/System  (27040): A resource failed to call close. 
08-19 14:18:25.224 V/CloudTelephonyManager(30709): phone type: 1
08-19 14:18:25.229 V/CloudTelephonyManager(30709): phone type: 1
08-19 14:18:25.233 D/TelephonyProvider( 2989): Using old permission behavior for telephony provider compat
08-19 14:18:25.239 I/[com.miui.browser,27040]:BrowserSyncAdapter(30786): onPerformMiCloudSync finish
08-19 14:18:25.239 D/MiCloudSyncAdapterBase(27040): onPerformSync: No error found. ---Success---
08-19 14:18:25.240 D/SyncInfoProviderBase(27040): queryCount, uri: content://com.miui.browser/bookmarks
08-19 14:18:25.242 D/SyncInfoProviderBase(27040): queryCount, uri: content://com.miui.browser/historysync
08-19 14:18:25.246 D/SyncInfoProviderBase(27040): queryCount, uri: content://com.miui.browser/bookmarks
08-19 14:18:25.248 D/SyncInfoProviderBase(27040): queryCount, uri: content://com.miui.browser/historysync
08-19 14:18:25.249 V/com.miui.micloudsync.mms.SmsSyncer(30709): SourceFile(152): Start uploading...
08-19 14:18:25.250 I/[com.miui.browser,27040]:SyncLog[com.miui.browser](30786): After Sync: SyncDataInfo[com.miui.browser]  {synced count:58, unsynced count:0, unsynced secret count:-1, unsynced wifi only count:0}
08-19 14:18:25.253 I/[com.miui.browser,27040]:SyncLog[com.miui.browser](30786): Success:{authority:com.miui.browser, start:2021-08-19 14:18:25, end:2021-08-19 14:18:25, delta:0, error:}
08-19 14:18:25.253 D/SyncStatUtil(27040): performSyncTimeStat: 
08-19 14:18:25.254 D/OpenApiStatProvider(28441): insert: 
08-19 14:18:25.256 V/MmsSmsUtils( 2989): checkPrivateMsgWhiteList time is 1
08-19 14:18:25.256 D/StatHelper(28441): com.miui.cloudservice.stat.l::a@SourceFile:26, thread:2036--eventName=category_single_sync_result_key_sync_success_time_consume, eventGroup=category_single_sync_result, params={"time_consume":204,"time_start":14,"time_end":14}
08-19 14:18:25.257 D/SyncStatUtil(27040): performSyncResultStat: 
08-19 14:18:25.259 D/OpenApiStatProvider(28441): insert: 
08-19 14:18:25.260 D/StatHelper(28441): com.miui.cloudservice.stat.l::a@SourceFile:26, thread:2036--eventName=category_single_sync_result_key_single_sync_auto, eventGroup=category_single_sync_result, params={"param_authority":"com.miui.browser","param_is_successful":"value_positive","param_ignore_wifi_settings":"value_negative","param_ignore_battery_low":"value_negative","param_unsynced_count_before_sync":0,"param_unsynced_count_after_sync":0}
08-19 14:18:25.262 D/SyncStatUtil(27040): performSyncPhoneState: 
08-19 14:18:25.262 V/MmsSmsUtils( 2989): checkPrivateMsgWhiteList time is 0
08-19 14:18:25.262 D/OpenApiStatProvider(28441): insert: 
08-19 14:18:25.264 V/com.miui.micloudsync.mms.SmsSyncer(30709): SourceFile(214): Got 3 dirty messages from database
08-19 14:18:25.264 V/com.miui.micloudsync.mms.SmsSyncer(30709): SourceFile(224): Making json data for dirty messages...
08-19 14:18:25.265 D/StatHelper(28441): com.miui.cloudservice.stat.l::a@SourceFile:26, thread:2036--eventName=category_single_sync_end_phone_state_key_single_sync_auto, eventGroup=category_single_sync_end_phone_state, params={"param_storage_low":"value_negative","param_screen_on":"value_positive","param_wifi":"value_positive","param_battery_low":"value_negative","param_battery_charging":"value_positive"}
08-19 14:18:25.266 D/SyncUtils(27040): recordSyncResultSuccess
08-19 14:18:25.266 D/SyncContentUtils(27040): recordSyncResult: authority: com.miui.browser, code: 0
08-19 14:18:25.268 D/MiCloudProvider(28441): update sync result
08-19 14:18:25.272 I/cmd     (30881): oneway function results will be dropped but finished with status OK and parcel size 4
08-19 14:18:25.274 V/com.miui.micloudsync.mms.SmsSyncer(30709): SourceFile(282): Uploadable message 3. Mark as syncing.
08-19 14:18:24.639 I/chatty  ( 1783): uid=1000(system) Binder:1783_3 identical 4 lines
08-19 14:18:25.069 W/NotificationHistory( 1783): Attempted to add notif for locked/gone/disabled user 0
08-19 14:18:25.282 I/ActivityManager( 1783): Killing 28262:com.miui.packageinstaller/u0a74 (adj 935): empty #25
08-19 14:18:25.283 I/MiuiNetworkPolicy( 1783): updateUidState uid = 10113, uidState = 10
08-19 14:18:25.283 I/MiuiNetworkPolicy( 1783): updateUidState uid = 99024, uidState = 10
08-19 14:18:25.283 I/CloudServiceObserver( 1281): sync status: false
08-19 14:18:25.284 I/ANDR-PERF-LM(  952): LMPerfGlue: perfmodule_submit_request() 132: perfmodule_submit_request()
08-19 14:18:25.284 I/ANDR-PERF-LM(  952): Core: getInstance() 84: LM getInstance
08-19 14:18:25.284 I/ANDR-PERF-LM(  952): WQ: push() 59: LMTriggerQ push() size=0
08-19 14:18:25.284 I/ANDR-PERF-LM(  952): WQ: push() 61: LMTriggerQ push() done size=1
08-19 14:18:25.284 I/ANDR-PERF-LM(  952): WQ: pop() 42: LMTriggerQ pop() done size=0
08-19 14:18:25.284 I/ANDR-PERF-LM(  952): Core: lmMain() 373: Waiting on trigger Queue
08-19 14:18:25.284 I/ANDR-PERF-LM(  952): WQ: pop() 31: LMTriggerQ pop() size=0
08-19 14:18:25.286 I/MiuiNetworkPolicy( 1783): updateUidState uid = 10113, uidState = 16
08-19 14:18:25.286 I/MiuiNetworkPolicy( 1783): updateUidState uid = 99024, uidState = 17
08-19 14:18:25.290 I/CloudServiceObserver( 4602): sync status: false
08-19 14:18:25.304 V/com.miui.micloudsync.mms.SmsSyncer(30709): SourceFile(282): Uploadable message 2. Mark as syncing.
08-19 14:18:25.316 V/com.miui.micloudsync.mms.SmsSyncer(30709): SourceFile(282): Uploadable message 1. Mark as syncing.
08-19 14:18:25.317 D/BatchModeHelper( 2989): Thread 104 entering batch level 1
08-19 14:18:25.317 D/BatchModeHelper( 2989): Thread 104 entered batch level 1
08-19 14:18:25.319 D/BatchModeHelper( 2989): Thread 104 exiting batch level 1
08-19 14:18:25.319 D/BatchModeHelper( 2989): Thread 104 exited batch level 1
08-19 14:18:25.321 V/com.miui.micloudsync.mms.MmsSmsUtils(30709): SourceFile(57): Uploading dirty messages by http://smsapi.micloud.xiaomi.net/mic/sms/v3/user/full/batch
08-19 14:18:25.325 I/Micloud (30709): com.xiaomi.micloudsdk.request.utils.CloudRelocationUtils::updateRequestHost@SourceFile:317, thread:2116--Original URL: http://smsapi.micloud.xiaomi.net/mic/sms/v3/user/full/batch. 
08-19 14:18:25.326 I/Micloud (30709): com.xiaomi.micloudsdk.request.utils.CloudRelocationUtils::updateRequestHost@SourceFile:322, thread:2116--New URL: http://smsapi.micloud.xiaomi.net. 
08-19 14:18:25.326 I/Micloud (30709): com.xiaomi.micloudsdk.request.utils.CloudRelocationUtils::updateRequestHost@SourceFile:329, thread:2116--Final URL: http://smsapi.micloud.xiaomi.net/mic/sms/v3/user/full/batch. 
08-19 14:18:25.332 I/TetheringManager(30786): registerTetheringEventCallback:com.miui.cloudservice
08-19 14:18:25.341 I/ANDR-PERF-LM(  952): LMPerfGlue: perfmodule_submit_request() 132: perfmodule_submit_request()
08-19 14:18:25.341 I/ANDR-PERF-LM(  952): Core: getInstance() 84: LM getInstance
08-19 14:18:25.341 I/ANDR-PERF-LM(  952): WQ: push() 59: LMTriggerQ push() size=0
08-19 14:18:25.341 I/ANDR-PERF-LM(  952): WQ: push() 61: LMTriggerQ push() done size=1
08-19 14:18:25.341 I/ANDR-PERF-LM(  952): WQ: pop() 42: LMTriggerQ pop() done size=0
08-19 14:18:25.341 I/ANDR-PERF-LM(  952): Core: lmMain() 373: Waiting on trigger Queue
08-19 14:18:25.341 I/ANDR-PERF-LM(  952): WQ: pop() 31: LMTriggerQ pop() size=0
08-19 14:18:25.341 I/libprocessgroup( 1783): Successfully killed process cgroup uid 10074 pid 28262 in 57ms
08-19 14:18:25.341 I/Zygote  (  782): Process 28262 exited due to signal 9 (Killed)
08-19 14:18:25.343 I/com.xiaomi.xms( 4754): oneway function results will be dropped but finished with status UNKNOWN_TRANSACTION and parcel size 0
08-19 14:18:25.347 W/ActivityManager( 1783): setHasOverlayUi called on unknown pid: 28262
08-19 14:18:25.350 I/MiuiNetworkPolicy( 1783): removeUidState uid = 10074
08-19 14:18:25.350 I/MiuiNetworkPolicy( 1783): updateUidState uid = 10170, uidState = 8
08-19 14:18:25.352 I/RemoteMethodInvoker(30709): RemoteMethodInvoker connects remote service .XiaomiAccountService
08-19 14:18:25.355 I/MiuiNetworkPolicy( 1783): updateUidState uid = 10170, uidState = 15
08-19 14:18:25.359 W/Thread-21( 6397): type=1400 audit(0.0:1642956): avc: denied { read } for name="devices" dev="proc" ino=4026532038 scontext=u:r:untrusted_app_27:s0:c512,c768 tcontext=u:object_r:proc:s0 tclass=file permissive=0 app=com.tmri.app.main
08-19 14:18:25.396 W/SQLiteLog(30786): (28) double-quoted string literal: "mistat_basic"
08-19 14:18:25.505 W/ActivityManager( 1783): Unable to start service Intent { act=com.autonavi.minimap.intent.action.COCKROACH flg=0x4 (has extras) } U=0: not found
08-19 14:18:25.507 D/CompatibilityInfo( 1783): mCompatibilityFlags - 0
08-19 14:18:25.508 D/CompatibilityInfo( 1783): applicationDensity - 440
08-19 14:18:25.508 D/CompatibilityInfo( 1783): applicationScale - 1.0
08-19 14:18:25.546 D/CompatibilityInfo( 1783): mCompatibilityFlags - 0
08-19 14:18:25.546 D/CompatibilityInfo( 1783): applicationDensity - 440
08-19 14:18:25.546 D/CompatibilityInfo( 1783): applicationScale - 1.0
08-19 14:18:25.550 I/NetworkScheduler.Stats( 3549): Task com.google.android.gms/com.google.android.gms.auth.account.be.legacy.AuthCronService started execution. cause:4 exec_start_elapsed_seconds: 8932 [CONTEXT service_id=218 ]
08-19 14:18:25.551 I/NetworkScheduler.Stats( 3549): Task com.google.android.gms/com.google.android.gms.auth.account.be.legacy.AuthCronService finished executing. cause:4 result: 1 elapsed_millis: 17 uptime_millis: 17 exec_start_elapsed_seconds: 8932 [CONTEXT service_id=218 ]
08-19 14:18:25.559 V/com.miui.micloudsync.mms.SmsSyncer(30709): SourceFile(249): Parsing server update for uploaded messages...
08-19 14:18:25.560 V/com.miui.micloudsync.mms.SmsSyncer(30709): SourceFile(552): result=ok code=0 description=成功
08-19 14:18:25.560 V/com.miui.micloudsync.mms.SmsSyncer(30709): SourceFile(563): Integrating 3 messages...
08-19 14:18:25.560 V/com.miui.micloudsync.mms.SmsSyncer(30709): SourceFile(577): item id=3 result=ok code=0 description=成功
08-19 14:18:25.561 V/com.miui.micloudsync.mms.SmsSyncer(30709): SourceFile(577): item id=2 result=ok code=0 description=成功
08-19 14:18:25.561 V/com.miui.micloudsync.mms.SmsSyncer(30709): SourceFile(577): item id=1 result=ok code=0 description=成功
08-19 14:18:25.563 D/BatchModeHelper( 2989): Thread 140 entering batch level 1
08-19 14:18:25.563 D/BatchModeHelper( 2989): Thread 140 entered batch level 1
08-19 14:18:25.567 D/BatchModeHelper( 2989): Thread 140 exiting batch level 1
08-19 14:18:25.567 I/MmsSmsDatabaseHelper( 2989): Deleted 0 obsolete threads
08-19 14:18:25.568 I/MmsSmsDatabaseHelper( 2989): Deleted 0 obsolete threads
08-19 14:18:25.573 D/BatchModeHelper( 2989): Thread 140 exited batch level 1
08-19 14:18:25.574 V/com.miui.micloudsync.mms.SmsSyncer(30709): SourceFile(665): 3 updated, 0 deleted and 0 skipped.
08-19 14:18:25.576 V/MmsSmsUtils( 2989): checkPrivateMsgWhiteList time is 0
08-19 14:18:25.579 V/com.miui.micloudsync.mms.SmsSyncer(30709): SourceFile(214): Got 0 dirty messages from database
08-19 14:18:25.579 V/com.miui.micloudsync.mms.SmsSyncer(30709): SourceFile(219): No more dirty messages. Normal exit.
08-19 14:18:25.581 V/com.miui.micloudsync.mms.MmsSyncer(30709): SourceFile(184): Start uploading...
08-19 14:18:25.583 V/com.miui.micloudsync.mms.MmsSyncer(30709): SourceFile(215): Wifi-only check: upload all
08-19 14:18:25.585 V/MmsSmsUtils( 2989): checkPrivateMsgWhiteList time is 0
08-19 14:18:25.588 V/MmsSmsUtils( 2989): checkPrivateMsgWhiteList time is 0
08-19 14:18:25.590 V/com.miui.micloudsync.mms.MmsSyncer(30709): SourceFile(258): Got 0 dirty messages from database
08-19 14:18:25.591 V/com.miui.micloudsync.mms.MmsSyncer(30709): SourceFile(263): No more dirty messages. Normal exit.
08-19 14:18:25.592 V/com.miui.micloudsync.mms.RmsSyncer(30709): SourceFile(133): Start rms uploading...
08-19 14:18:25.595 V/com.miui.micloudsync.mms.RmsSyncer(30709): SourceFile(159): Wifi-only check: upload all
08-19 14:18:25.596 V/MmsSmsUtils( 2989): checkPrivateMsgWhiteList time is 0
08-19 14:18:25.598 V/com.miui.micloudsync.mms.RmsSyncer(30709): SourceFile(181): Got 0 dirty rms-messages from database
08-19 14:18:25.599 V/com.miui.micloudsync.mms.RmsSyncer(30709): SourceFile(184): No more dirty rms-messages. Normal exit.
08-19 14:18:25.599 D/com.miui.micloudsync.mms.MmsSmsSyncManager(30709): SourceFile(211): MmsSms: Start downloading...
08-19 14:18:25.607 I/Micloud (30709): com.xiaomi.micloudsdk.request.utils.CloudRelocationUtils::updateRequestHost@SourceFile:317, thread:2116--Original URL: http://smsapi.micloud.xiaomi.net/mic/sms/v3.1/user/bindId/15748681953183040/full. 
08-19 14:18:25.608 I/Micloud (30709): com.xiaomi.micloudsdk.request.utils.CloudRelocationUtils::updateRequestHost@SourceFile:322, thread:2116--New URL: http://smsapi.micloud.xiaomi.net. 
08-19 14:18:25.609 I/Micloud (30709): com.xiaomi.micloudsdk.request.utils.CloudRelocationUtils::updateRequestHost@SourceFile:329, thread:2116--Final URL: http://smsapi.micloud.xiaomi.net/mic/sms/v3.1/user/bindId/15748681953183040/full. 
08-19 14:18:25.615 I/RemoteMethodInvoker(30709): RemoteMethodInvoker connects remote service .XiaomiAccountService
08-19 14:18:25.615 I/MiuiNetworkPolicy( 1783): updateUidState uid = 10170, uidState = 8
08-19 14:18:25.620 I/MiuiNetworkPolicy( 1783): updateUidState uid = 10170, uidState = 15
08-19 14:18:25.654 I/MiuiNetworkPolicy( 1783): bandwidth: 9 KB/s, Max bandwidth: 4964 KB/s
08-19 14:18:25.735 W/Thread-110(26994): type=1400 audit(0.0:1642957): avc: granted { open } for path="/dev/ashmem" dev="tmpfs" ino=1135 scontext=u:r:untrusted_app_27:s0:c32,c257,c512,c768 tcontext=u:object_r:ashmem_device:s0 tclass=chr_file app=com.vmos.app
08-19 14:18:26.379 W/Thread-21( 6397): type=1400 audit(0.0:1642958): avc: denied { read } for name="devices" dev="proc" ino=4026532038 scontext=u:r:untrusted_app_27:s0:c512,c768 tcontext=u:object_r:proc:s0 tclass=file permissive=0 app=com.tmri.app.main
08-19 14:18:26.422 I/cmd     (30916): oneway function results will be dropped but finished with status OK and parcel size 4
08-19 14:18:26.435 D/BatchModeHelper( 2989): Thread 141 entering batch level 1
08-19 14:18:26.435 D/BatchModeHelper( 2989): Thread 141 entered batch level 1
08-19 14:18:26.435 D/BatchModeHelper( 2989): Thread 141 exiting batch level 1
08-19 14:18:26.435 D/BatchModeHelper( 2989): Thread 141 exited batch level 1
08-19 14:18:26.436 V/com.miui.micloudsync.mms.MmsSmsUtils(30709): SourceFile(287): {}
08-19 14:18:26.437 D/BatchModeHelper( 2989): Thread 141 entering batch level 1
08-19 14:18:26.437 D/BatchModeHelper( 2989): Thread 141 entered batch level 1
08-19 14:18:26.437 D/BatchModeHelper( 2989): Thread 141 exiting batch level 1
08-19 14:18:26.437 D/BatchModeHelper( 2989): Thread 141 exited batch level 1
08-19 14:18:26.438 V/com.miui.micloudsync.mms.MmsSmsUtils(30709): SourceFile(287): {}
08-19 14:18:26.438 D/BatchModeHelper( 2989): Thread 141 entering batch level 1
08-19 14:18:26.439 D/BatchModeHelper( 2989): Thread 141 entered batch level 1
08-19 14:18:26.439 D/BatchModeHelper( 2989): Thread 141 exiting batch level 1
08-19 14:18:26.439 D/BatchModeHelper( 2989): Thread 141 exited batch level 1
08-19 14:18:26.439 V/com.miui.micloudsync.mms.MmsSmsUtils(30709): SourceFile(287): {}
08-19 14:18:26.445 V/com.miui.micloudsync.mms.MmsSmsSyncManager(30709): SourceFile(388): Synced SimCard 1 from marker: 0 to 1
08-19 14:18:26.452 I/Micloud (30709): com.xiaomi.micloudsdk.request.utils.CloudRelocationUtils::updateRequestHost@SourceFile:317, thread:2116--Original URL: http://smsapi.micloud.xiaomi.net/mic/sms/v3.1/user/bindId/15748681953183040/full. 
08-19 14:18:26.454 I/Micloud (30709): com.xiaomi.micloudsdk.request.utils.CloudRelocationUtils::updateRequestHost@SourceFile:322, thread:2116--New URL: http://smsapi.micloud.xiaomi.net. 
08-19 14:18:26.454 I/Micloud (30709): com.xiaomi.micloudsdk.request.utils.CloudRelocationUtils::updateRequestHost@SourceFile:329, thread:2116--Final URL: http://smsapi.micloud.xiaomi.net/mic/sms/v3.1/user/bindId/15748681953183040/full. 
08-19 14:18:26.464 I/RemoteMethodInvoker(30709): RemoteMethodInvoker connects remote service .XiaomiAccountService
08-19 14:18:26.464 I/MiuiNetworkPolicy( 1783): updateUidState uid = 10170, uidState = 8
08-19 14:18:26.471 I/MiuiNetworkPolicy( 1783): updateUidState uid = 10170, uidState = 15
08-19 14:18:26.601 D/BatchModeHelper( 2989): Thread 141 entering batch level 1
08-19 14:18:26.601 D/BatchModeHelper( 2989): Thread 141 entered batch level 1
08-19 14:18:26.601 D/BatchModeHelper( 2989): Thread 141 exiting batch level 1
08-19 14:18:26.602 D/BatchModeHelper( 2989): Thread 141 exited batch level 1
08-19 14:18:26.602 V/com.miui.micloudsync.mms.MmsSmsUtils(30709): SourceFile(287): {}
08-19 14:18:26.603 D/BatchModeHelper( 2989): Thread 141 entering batch level 1
08-19 14:18:26.603 D/BatchModeHelper( 2989): Thread 141 entered batch level 1
08-19 14:18:26.603 D/BatchModeHelper( 2989): Thread 141 exiting batch level 1
08-19 14:18:26.603 D/BatchModeHelper( 2989): Thread 141 exited batch level 1
08-19 14:18:26.604 V/com.miui.micloudsync.mms.MmsSmsUtils(30709): SourceFile(287): {}
08-19 14:18:26.605 D/BatchModeHelper( 2989): Thread 141 entering batch level 1
08-19 14:18:26.605 D/BatchModeHelper( 2989): Thread 141 entered batch level 1
08-19 14:18:26.605 D/BatchModeHelper( 2989): Thread 141 exiting batch level 1
08-19 14:18:26.605 D/BatchModeHelper( 2989): Thread 141 exited batch level 1
08-19 14:18:26.606 V/com.miui.micloudsync.mms.MmsSmsUtils(30709): SourceFile(287): {}
08-19 14:18:26.613 V/com.miui.micloudsync.mms.MmsSmsSyncManager(30709): SourceFile(388): Synced SimCard 1 from marker: 1 to 141873000166787586
08-19 14:18:26.618 D/BatchModeHelper( 2989): Thread 140 entering batch level 1
08-19 14:18:26.618 D/BatchModeHelper( 2989): Thread 140 entered batch level 1
08-19 14:18:26.620 D/BatchModeHelper( 2989): Thread 140 exiting batch level 1
08-19 14:18:26.620 D/BatchModeHelper( 2989): Thread 140 exited batch level 1
08-19 14:18:26.622 D/BatchModeHelper( 2989): Thread 140 entering batch level 1
08-19 14:18:26.622 D/BatchModeHelper( 2989): Thread 140 entered batch level 1
08-19 14:18:26.623 D/BatchModeHelper( 2989): Thread 140 exiting batch level 1
08-19 14:18:26.623 D/BatchModeHelper( 2989): Thread 140 exited batch level 1
08-19 14:18:26.625 D/BatchModeHelper( 2989): Thread 140 entering batch level 1
08-19 14:18:26.625 D/BatchModeHelper( 2989): Thread 140 entered batch level 1
08-19 14:18:26.627 V/RmsProvider( 2989): deleteMessage: count = 0
08-19 14:18:26.627 D/BatchModeHelper( 2989): Thread 140 exiting batch level 1
08-19 14:18:26.627 D/BatchModeHelper( 2989): Thread 140 exited batch level 1
08-19 14:18:26.635 I/Micloud (30709): com.xiaomi.micloudsdk.request.utils.CloudRelocationUtils::updateRequestHost@SourceFile:317, thread:2116--Original URL: http://smsapi.micloud.xiaomi.net/mic/sms/v3.1/user/bindId/16245409721352384/full. 
08-19 14:18:26.635 I/Micloud (30709): com.xiaomi.micloudsdk.request.utils.CloudRelocationUtils::updateRequestHost@SourceFile:322, thread:2116--New URL: http://smsapi.micloud.xiaomi.net. 
08-19 14:18:26.636 I/Micloud (30709): com.xiaomi.micloudsdk.request.utils.CloudRelocationUtils::updateRequestHost@SourceFile:329, thread:2116--Final URL: http://smsapi.micloud.xiaomi.net/mic/sms/v3.1/user/bindId/16245409721352384/full. 
08-19 14:18:26.646 I/RemoteMethodInvoker(30709): RemoteMethodInvoker connects remote service .XiaomiAccountService
08-19 14:18:26.647 I/MiuiNetworkPolicy( 1783): updateUidState uid = 10170, uidState = 8
08-19 14:18:26.653 I/MiuiNetworkPolicy( 1783): updateUidState uid = 10170, uidState = 15
08-19 14:18:26.802 D/BatchModeHelper( 2989): Thread 140 entering batch level 1
08-19 14:18:26.802 D/BatchModeHelper( 2989): Thread 140 entered batch level 1
08-19 14:18:26.802 D/BatchModeHelper( 2989): Thread 140 exiting batch level 1
08-19 14:18:26.802 D/BatchModeHelper( 2989): Thread 140 exited batch level 1
08-19 14:18:26.803 V/com.miui.micloudsync.mms.MmsSmsUtils(30709): SourceFile(287): {}
08-19 14:18:26.803 D/BatchModeHelper( 2989): Thread 140 entering batch level 1
08-19 14:18:26.804 D/BatchModeHelper( 2989): Thread 140 entered batch level 1
08-19 14:18:26.804 D/BatchModeHelper( 2989): Thread 140 exiting batch level 1
08-19 14:18:26.804 D/BatchModeHelper( 2989): Thread 140 exited batch level 1
08-19 14:18:26.804 V/com.miui.micloudsync.mms.MmsSmsUtils(30709): SourceFile(287): {}
08-19 14:18:26.805 D/BatchModeHelper( 2989): Thread 140 entering batch level 1
08-19 14:18:26.805 D/BatchModeHelper( 2989): Thread 140 entered batch level 1
08-19 14:18:26.805 D/BatchModeHelper( 2989): Thread 140 exiting batch level 1
08-19 14:18:26.805 D/BatchModeHelper( 2989): Thread 140 exited batch level 1
08-19 14:18:26.805 V/com.miui.micloudsync.mms.MmsSmsUtils(30709): SourceFile(287): {}
08-19 14:18:26.810 V/com.miui.micloudsync.mms.MmsSmsSyncManager(30709): SourceFile(388): Synced SimCard 2 from marker: 0 to 54574448153530626
08-19 14:18:26.815 D/BatchModeHelper( 2989): Thread 141 entering batch level 1
08-19 14:18:26.815 D/BatchModeHelper( 2989): Thread 141 entered batch level 1
08-19 14:18:26.817 D/BatchModeHelper( 2989): Thread 141 exiting batch level 1
08-19 14:18:26.817 D/BatchModeHelper( 2989): Thread 141 exited batch level 1
08-19 14:18:26.818 D/BatchModeHelper( 2989): Thread 141 entering batch level 1
08-19 14:18:26.818 D/BatchModeHelper( 2989): Thread 141 entered batch level 1
08-19 14:18:26.819 D/BatchModeHelper( 2989): Thread 141 exiting batch level 1
08-19 14:18:26.819 D/BatchModeHelper( 2989): Thread 141 exited batch level 1
08-19 14:18:26.820 D/BatchModeHelper( 2989): Thread 141 entering batch level 1
08-19 14:18:26.820 D/BatchModeHelper( 2989): Thread 141 entered batch level 1
08-19 14:18:26.822 V/RmsProvider( 2989): deleteMessage: count = 0
08-19 14:18:26.822 D/BatchModeHelper( 2989): Thread 141 exiting batch level 1
08-19 14:18:26.822 D/BatchModeHelper( 2989): Thread 141 exited batch level 1
08-19 14:18:26.823 D/com.miui.micloudsync.mms.MmsSmsSyncManager(30709): SourceFile(413): MmsSms: download() takes over 1224 ms.
08-19 14:18:26.828 V/MmsSmsUtils( 2989): checkPrivateMsgWhiteList time is 0
08-19 14:18:26.835 V/com.miui.micloudsync.mms.RmsSyncer(30709): SourceFile(843): start downloadRcsAttachment ...
08-19 14:18:26.836 V/MmsSmsUtils( 2989): checkPrivateMsgWhiteList time is 0
08-19 14:18:26.842 V/com.miui.micloudsync.mms.RmsSyncer(30709): SourceFile(896): end downloadRcsAttachment
08-19 14:18:26.842 D/com.miui.micloudsync.mms.MmsSmsSyncAdapter(30709): SourceFile(167): MmsSms sync finished, takes over 1964 ms, result=true
08-19 14:18:26.842 D/MiCloudSyncAdapterBase(30709): onPerformSync: No error found. ---Success---
08-19 14:18:26.843 D/SyncInfoProviderBase(30709): queryCountByProjection, uri: content://sms?privacy_flag=2
08-19 14:18:26.846 V/MmsSmsUtils( 2989): checkPrivateMsgWhiteList time is 0
08-19 14:18:26.850 D/SyncInfoProviderBase(30709): count 2
08-19 14:18:26.851 D/SyncInfoProviderBase(30709): queryCountByProjection, uri: content://mms?privacy_flag=2
08-19 14:18:26.854 V/MmsSmsUtils( 2989): checkPrivateMsgWhiteList time is 0
08-19 14:18:26.857 D/SyncInfoProviderBase(30709): count 0
08-19 14:18:26.858 D/SyncInfoProviderBase(30709): queryCountByProjection, uri: content://rms/rms_log?privacy_flag=2
08-19 14:18:26.859 V/MmsSmsUtils( 2989): checkPrivateMsgWhiteList time is 0
08-19 14:18:26.862 D/SyncInfoProviderBase(30709): count 0
08-19 14:18:26.869 D/SyncInfoProviderBase(30709): queryCountByProjection, uri: content://sms?privacy_flag=2
08-19 14:18:26.871 V/MmsSmsUtils( 2989): checkPrivateMsgWhiteList time is 0
08-19 14:18:26.874 D/SyncInfoProviderBase(30709): count 0
08-19 14:18:26.877 D/SyncInfoProviderBase(30709): queryCountByProjection, uri: content://mms?privacy_flag=2
08-19 14:18:26.880 V/MmsSmsUtils( 2989): checkPrivateMsgWhiteList time is 0
08-19 14:18:26.883 D/SyncInfoProviderBase(30709): count 0
08-19 14:18:26.886 D/SyncInfoProviderBase(30709): queryCountByProjection, uri: content://rms/rms_log?privacy_flag=2
08-19 14:18:26.887 V/MmsSmsUtils( 2989): checkPrivateMsgWhiteList time is 0
08-19 14:18:26.890 D/SyncInfoProviderBase(30709): count 0
08-19 14:18:26.896 D/SyncInfoProviderBase(30709): queryCountByProjection, uri: content://sms?privacy_flag=2
08-19 14:18:26.899 V/MmsSmsUtils( 2989): checkPrivateMsgWhiteList time is 0
08-19 14:18:26.902 D/SyncInfoProviderBase(30709): count 0
08-19 14:18:26.905 D/SyncInfoProviderBase(30709): queryCountByProjection, uri: content://mms?privacy_flag=2
08-19 14:18:26.907 V/MmsSmsUtils( 2989): checkPrivateMsgWhiteList time is 0
08-19 14:18:26.910 D/SyncInfoProviderBase(30709): count 0
08-19 14:18:26.912 D/SyncInfoProviderBase(30709): queryCountByProjection, uri: content://rms/rms_log?privacy_flag=2
08-19 14:18:26.913 V/MmsSmsUtils( 2989): checkPrivateMsgWhiteList time is 0
08-19 14:18:26.916 D/SyncInfoProviderBase(30709): count 0
08-19 14:18:26.919 D/SyncInfoProviderBase(30709): queryCountByProjection, uri: content://mms?privacy_flag=2
08-19 14:18:26.921 V/MmsSmsUtils( 2989): checkPrivateMsgWhiteList time is 1
08-19 14:18:26.923 D/SyncInfoProviderBase(30709): count 0
08-19 14:18:26.924 D/SyncInfoProviderBase(30709): queryCountByProjection, uri: content://rms/rms_log?privacy_flag=2
08-19 14:18:26.926 V/MmsSmsUtils( 2989): checkPrivateMsgWhiteList time is 1
08-19 14:18:26.929 D/SyncInfoProviderBase(30709): count 0
08-19 14:18:26.931 I/[sms,30709]:SyncLog[sms](30786): After Sync: SyncDataInfo[sms]  {synced count:2, unsynced count:0, unsynced secret count:-1, unsynced wifi only count:0}
08-19 14:18:26.932 I/[sms,30709]:SyncLog[sms](30786): Success:{authority:sms, start:2021-08-19 14:18:24, end:2021-08-19 14:18:26, delta:2, error:}
08-19 14:18:26.932 D/SyncStatUtil(30709): performSyncTimeStat: 
08-19 14:18:26.935 D/OpenApiStatProvider(28441): insert: 
08-19 14:18:26.937 D/StatHelper(28441): com.miui.cloudservice.stat.l::a@SourceFile:26, thread:2071--eventName=category_single_sync_result_key_sync_success_time_consume, eventGroup=category_single_sync_result, params={"time_consume":2904,"time_start":14,"time_end":14}
08-19 14:18:26.937 D/SyncStatUtil(30709): performSyncResultStat: 
08-19 14:18:26.938 D/OpenApiStatProvider(28441): insert: 
08-19 14:18:26.940 D/StatHelper(28441): com.miui.cloudservice.stat.l::a@SourceFile:26, thread:2035--eventName=category_single_sync_result_key_single_sync_auto, eventGroup=category_single_sync_result, params={"param_authority":"sms","param_is_successful":"value_positive","param_ignore_wifi_settings":"value_negative","param_ignore_battery_low":"value_negative","param_unsynced_count_before_sync":2,"param_unsynced_count_after_sync":0}
08-19 14:18:26.942 D/SyncStatUtil(30709): performSyncPhoneState: 
08-19 14:18:26.943 D/OpenApiStatProvider(28441): insert: 
08-19 14:18:26.945 I/cmd     (30932): oneway function results will be dropped but finished with status OK and parcel size 4
08-19 14:18:26.947 D/StatHelper(28441): com.miui.cloudservice.stat.l::a@SourceFile:26, thread:2035--eventName=category_single_sync_end_phone_state_key_single_sync_auto, eventGroup=category_single_sync_end_phone_state, params={"param_storage_low":"value_negative","param_screen_on":"value_positive","param_wifi":"value_positive","param_battery_low":"value_negative","param_battery_charging":"value_positive"}
08-19 14:18:26.948 D/SyncUtils(30709): recordSyncResultSuccess
08-19 14:18:26.948 D/SyncContentUtils(30709): recordSyncResult: authority: sms, code: 0
08-19 14:18:26.949 D/MiCloudProvider(28441): update sync result
08-19 14:18:26.970 I/MiuiNetworkPolicy( 1783): updateUidState uid = 10138, uidState = 10
08-19 14:18:26.976 I/CloudServiceObserver( 1281): sync status: false
08-19 14:18:26.980 I/CloudServiceObserver( 4602): sync status: false
08-19 14:18:27.260 I/cmd     (30940): oneway function results will be dropped but finished with status OK and parcel size 4
08-19 14:18:27.365 I/cmd     (30945): oneway function results will be dropped but finished with status OK and parcel size 4
08-19 14:18:27.395 W/Thread-21( 6397): type=1400 audit(0.0:1642959): avc: denied { read } for name="devices" dev="proc" ino=4026532038 scontext=u:r:untrusted_app_27:s0:c512,c768 tcontext=u:object_r:proc:s0 tclass=file permissive=0 app=com.tmri.app.main
08-19 14:18:27.712 I/cmd     (30953): oneway function results will be dropped but finished with status OK and parcel size 4
08-19 14:18:27.873 I/ActivityManager( 1783): Killing 29270:com.milink.service/u0a157 (adj 985): empty #25
08-19 14:18:27.876 I/ANDR-PERF-LM(  952): LMPerfGlue: perfmodule_submit_request() 132: perfmodule_submit_request()
08-19 14:18:27.876 I/ANDR-PERF-LM(  952): Core: getInstance() 84: LM getInstance
08-19 14:18:27.876 I/ANDR-PERF-LM(  952): WQ: push() 59: LMTriggerQ push() size=0
08-19 14:18:27.876 I/ANDR-PERF-LM(  952): WQ: push() 61: LMTriggerQ push() done size=1
08-19 14:18:27.877 I/ANDR-PERF-LM(  952): WQ: pop() 42: LMTriggerQ pop() done size=0
08-19 14:18:27.877 I/ANDR-PERF-LM(  952): Core: lmMain() 373: Waiting on trigger Queue
08-19 14:18:27.877 I/ANDR-PERF-LM(  952): WQ: pop() 31: LMTriggerQ pop() size=0
08-19 14:18:27.879 I/MiuiNetworkPolicy( 1783): updateUidState uid = 10138, uidState = 15
08-19 14:18:27.891 W/ThreadPoolForeg(27040): type=1400 audit(0.0:1642960): avc: denied { write } for name="traced_producer" dev="tmpfs" ino=20309 scontext=u:r:platform_app:s0:c512,c768 tcontext=u:object_r:traced_producer_socket:s0 tclass=sock_file permissive=0 app=com.android.browser
08-19 14:18:27.898 I/Zygote  (  782): Process 29270 exited due to signal 9 (Killed)
08-19 14:18:27.898 I/ANDR-PERF-LM(  952): LMPerfGlue: perfmodule_submit_request() 132: perfmodule_submit_request()
08-19 14:18:27.898 I/ANDR-PERF-LM(  952): Core: getInstance() 84: LM getInstance
08-19 14:18:27.898 I/ANDR-PERF-LM(  952): WQ: push() 59: LMTriggerQ push() size=0
08-19 14:18:27.898 I/ANDR-PERF-LM(  952): WQ: push() 61: LMTriggerQ push() done size=1
08-19 14:18:27.898 I/ANDR-PERF-LM(  952): WQ: pop() 42: LMTriggerQ pop() done size=0
08-19 14:18:27.898 I/ANDR-PERF-LM(  952): Core: lmMain() 373: Waiting on trigger Queue
08-19 14:18:27.898 I/ANDR-PERF-LM(  952): WQ: pop() 31: LMTriggerQ pop() size=0
08-19 14:18:27.900 I/com.xiaomi.xms( 4754): oneway function results will be dropped but finished with status UNKNOWN_TRANSACTION and parcel size 0
08-19 14:18:27.901 I/libprocessgroup( 1783): Successfully killed process cgroup uid 10157 pid 29270 in 26ms
08-19 14:18:27.903 I/MiuiNetworkPolicy( 1783): removeUidState uid = 10157
08-19 14:18:28.154 I/cmd     (30961): oneway function results will be dropped but finished with status OK and parcel size 4
08-19 14:18:28.253 I/cmd     (30969): oneway function results will be dropped but finished with status OK and parcel size 4
08-19 14:18:28.655 I/MiuiNetworkPolicy( 1783): bandwidth: 0 KB/s, Max bandwidth: 4964 KB/s
08-19 14:18:28.671 W/Thread-21( 6397): type=1400 audit(0.0:1642961): avc: denied { read } for name="devices" dev="proc" ino=4026532038 scontext=u:r:untrusted_app_27:s0:c512,c768 tcontext=u:object_r:proc:s0 tclass=file permissive=0 app=com.tmri.app.main
08-19 14:18:28.712 I/cmd     (30980): oneway function results will be dropped but finished with status OK and parcel size 4
08-19 14:18:28.981 I/icloudsync:syn(30709): WaitForGcToComplete blocked CollectorTransition on ProfileSaver for 5.672ms
08-19 14:18:29.005 I/m.miui.weather(30717): Waiting for a blocking GC ProfileSaver
08-19 14:18:29.016 I/m.miui.weather(30717): WaitForGcToComplete blocked ProfileSaver on RunEmptyCheckpoint for 10.492ms
08-19 14:18:29.122 I/cmd     (30992): oneway function results will be dropped but finished with status OK and parcel size 4
08-19 14:18:29.255 E/WifiStateMachine(26994): WifiStateMachine CMD_START_SCAN source -2 txSuccessRate=-0.00 rxSuccessRate=-0.00 targetRoamBSSID=any RSSI=-45
