08-19 14:16:58.705 V/EmulatedCamera_Factory(26922): getCameraInfo: id = 0
08-19 14:16:58.705 V/EmulatedCamera_BaseCamera(26922): getCameraInfo
08-19 14:16:58.708 D/BubbleTextView(27363): reapplyItemInfo
08-19 14:16:58.708 D/BubbleTextView(27363): applyFromApplicationInfo
08-19 14:16:58.708 D/BubbleTextView(27363): applyIconAndLabel
08-19 14:16:58.708 D/testIcon(27363): FastBitmapDrawable :176---176
08-19 14:16:58.708 D/icon    (27363): mDeviceProfile.iconSizePx:176  mDeviceProfile.iconSizePx:176
08-19 14:16:58.708 D/testIcon(27363): applyIconAndLabel info.isDisabled():false
08-19 14:16:58.708 D/BubbleTextView(27363): setIcon
08-19 14:16:58.708 D/icon    (27363): icon:Rect(0, 0 - 176, 176)
08-19 14:16:58.708 D/icon    (27363): width:176  height176
08-19 14:16:58.708 D/BubbleTextView(27363): applyCompoundDrawables
08-19 14:16:58.708 E/BootBroadcastReceiver(26994): system reboot success
08-19 14:16:58.709 W/ContextImpl(26994): Calling a method in the system process without a qualified user: android.app.ContextImpl.startService:1711 android.content.ContextWrapper.startService:516 android.content.ContextWrapper.startService:516 com.vmos.vmosservice.fileshare.HandleShareFileService.start:85 com.vmos.vmosservice.service.BootBroadcastReceiver.onReceive:33 
08-19 14:16:58.710 D/BubbleTextView(27363): verifyHighRes
08-19 14:16:58.710 W/ContextImpl(26994): Calling a method in the system process without a qualified user: android.app.ContextImpl.startService:1711 android.content.ContextWrapper.startService:516 android.content.ContextWrapper.startService:516 com.vmos.vmosservice.appuseagereport.ReportAppStateService.start:72 com.vmos.vmosservice.service.BootBroadcastReceiver.onReceive:34 
08-19 14:16:58.710 D/BootBroadcastReceiver(26994): Action = com.vmos.romex.ACTION_PRE_BOOT
08-19 14:16:58.712 V/EmulatedCamera_Factory(26922): getCameraInfo: id = 1
08-19 14:16:58.712 V/EmulatedCamera_BaseCamera(26922): getCameraInfo
08-19 14:16:58.714 D/Launcher.Model(27363): getNonNullIcon entry.icon: android.graphics.Bitmap@25961b91
08-19 14:16:58.714 D/BubbleTextView(27363): reapplyItemInfo
08-19 14:16:58.714 D/BubbleTextView(27363): applyFromApplicationInfo
08-19 14:16:58.714 D/BubbleTextView(27363): applyIconAndLabel
08-19 14:16:58.714 E/DBLogUtil(26994): bw:java.io.BufferedWriter@c0b561b   data:launcher_success  br:java.io.BufferedReader@8f213b8
08-19 14:16:58.714 D/testIcon(27363): FastBitmapDrawable :176---176
08-19 14:16:58.714 D/icon    (27363): mDeviceProfile.iconSizePx:176  mDeviceProfile.iconSizePx:176
08-19 14:16:58.714 D/testIcon(27363): applyIconAndLabel info.isDisabled():false
08-19 14:16:58.714 D/BubbleTextView(27363): setIcon
08-19 14:16:58.715 V/EmulatedCamera_Factory(26922): getCameraInfo: id = 1
08-19 14:16:58.715 V/EmulatedCamera_BaseCamera(26922): getCameraInfo
08-19 14:16:58.716 D/WifiScanningService(26994): SCAN_AVAILABLE : 3
08-19 14:16:58.716 D/icon    (27363): icon:Rect(0, 0 - 176, 176)
08-19 14:16:58.716 D/RttService(26994): SCAN_AVAILABLE : 3
08-19 14:16:58.716 D/icon    (27363): width:176  height176
08-19 14:16:58.716 D/WifiScanningService(26994): DefaultState got{ when=-1ms what=160006 target=com.android.internal.util.StateMachine$SmHandler }
08-19 14:16:58.716 D/RttService(26994): DefaultState got{ when=0 what=160512 target=com.android.internal.util.StateMachine$SmHandler }
08-19 14:16:58.716 I/WifiNative-HAL(26994): startHal
08-19 14:16:58.716 D/BubbleTextView(27363): applyCompoundDrawables
08-19 14:16:58.717 D/BubbleTextView(27363): verifyHighRes
08-19 14:16:58.718 E/WifiScanningService(26994): could not start HAL
08-19 14:16:58.721 D/Launcher.Model(27363): getNonNullIcon entry.icon: android.graphics.Bitmap@20761af6
08-19 14:16:58.723 D/BubbleTextView(27363): reapplyItemInfo
08-19 14:16:58.723 I/Choreographer(26994): Skipped 58 frames!  The application may be doing too much work on its main thread.
08-19 14:16:58.723 D/BubbleTextView(27363): applyFromApplicationInfo
08-19 14:16:58.723 D/BubbleTextView(27363): applyIconAndLabel
08-19 14:16:58.723 D/testIcon(27363): FastBitmapDrawable :176---176
08-19 14:16:58.723 D/icon    (27363): mDeviceProfile.iconSizePx:176  mDeviceProfile.iconSizePx:176
08-19 14:16:58.723 D/testIcon(27363): applyIconAndLabel info.isDisabled():false
08-19 14:16:58.723 D/BubbleTextView(27363): setIcon
08-19 14:16:58.723 D/icon    (27363): icon:Rect(0, 0 - 176, 176)
08-19 14:16:58.724 D/icon    (27363): width:176  height176
08-19 14:16:58.724 D/BubbleTextView(27363): applyCompoundDrawables
08-19 14:16:58.724 D/BubbleTextView(27363): verifyHighRes
08-19 14:16:58.727 D/Launcher.Model(27363): getNonNullIcon entry.icon: android.graphics.Bitmap@1ec49ef7
08-19 14:16:58.730 I/Telephony(27331): TtyManager: updateUiTtyMode -1 -> 0
08-19 14:16:58.731 I/OMX-VDEC-1080P( 1377): set_frame_rate: the current time is 141658
08-19 14:16:58.732 I/OMX-VDEC-1080P( 1377): set_frame_rate: the current time is 141658
08-19 14:16:58.732 D/BubbleTextView(27363): reapplyItemInfo
08-19 14:16:58.732 D/BubbleTextView(27363): applyFromApplicationInfo
08-19 14:16:58.732 D/BubbleTextView(27363): applyIconAndLabel
08-19 14:16:58.732 D/Launcher.Model(27363): getNonNullIcon entry.icon: android.graphics.Bitmap@2c312164
08-19 14:16:58.732 D/testIcon(27363): FastBitmapDrawable :176---176
08-19 14:16:58.732 D/icon    (27363): mDeviceProfile.iconSizePx:176  mDeviceProfile.iconSizePx:176
08-19 14:16:58.732 D/testIcon(27363): applyIconAndLabel info.isDisabled():false
08-19 14:16:58.732 D/BubbleTextView(27363): setIcon
08-19 14:16:58.732 D/icon    (27363): icon:Rect(0, 0 - 176, 176)
08-19 14:16:58.733 D/icon    (27363): width:176  height176
08-19 14:16:58.733 D/BubbleTextView(27363): applyCompoundDrawables
08-19 14:16:58.733 D/BubbleTextView(27363): verifyHighRes
08-19 14:16:58.736 E/HandleShareFileService(26994): 没有分享文件配置信息
08-19 14:16:58.736 I/ReportAppStateService(26994): checkConfig: 
08-19 14:16:58.736 E/TAG     (26994): getParam type=Long
08-19 14:16:58.738 E/ball_location(26302): updateFImagelayout params.x=540 params.y=589
08-19 14:16:58.738 E/WindowService(26302): updateFImagelayout  visable 显示悬浮球
08-19 14:16:58.738 W/Settings(26302): Setting android_id has moved from android.provider.Settings.System to android.provider.Settings.Secure, returning read-only value.
08-19 14:16:58.738 W/Settings(26302): Setting android_id has moved from android.provider.Settings.System to android.provider.Settings.Secure, returning read-only value.
08-19 14:16:58.739 E/ball_location(26302): showImageFloatBallVisibleEvent
08-19 14:16:58.739 E/SocketServerManager(26302): getData action == 2  ReceiverListener:com.vmos.app.utils.ListenSocketOnWindowService$4@b263699
08-19 14:16:58.739 E/s_filter(26302): onReceiver registerReceiver socketBean:{"action":2,"action_id":1629353818739,"method":1}  receiverAction:com.vmos.app.utils.ListenSocketOnWindowService$4@b263699
08-19 14:16:58.739 E/s_output(26302): ThreadOutputSteam sendAction
08-19 14:16:58.739 E/s_output(26302): ThreadOutputSteam run start
08-19 14:16:58.739 E/s_output(26302): ThreadOutputSteam run writer end
08-19 14:16:58.740 E/SocketServerManager(26302): sendData serverBean: {"action":508,"action_id":0,"data":false,"method":0}
08-19 14:16:58.740 E/SocketServerManager(26302): socketServerConnect != null 
08-19 14:16:58.740 E/s_output(26302): ThreadOutputSteam sendAction
08-19 14:16:58.740 E/c_input (26994): ThreadInputSteam str:ThreadInputSteam read{"action":2,"action_id":1629353818739,"method":1} readS:{"action":2,"action_id":1629353818739,"method":1}
08-19 14:16:58.740 E/WindowService(26302): 启动成功
08-19 14:16:58.740 E/ball_location(26302): updateFImagelayout params.x=540 params.y=589
08-19 14:16:58.740 E/WindowService(26302): updateFImagelayout  visable 显示悬浮球
08-19 14:16:58.740 E/s_output(26302): ThreadOutputSteam run start
08-19 14:16:58.740 E/s_output(26302): ThreadOutputSteam run writer end
08-19 14:16:58.741 E/ball_location(26302): showImageFloatBallVisibleEvent
08-19 14:16:58.741 E/SocketServerManager(26302): getData action == 2  ReceiverListener:com.vmos.app.utils.ListenSocketOnWindowService$4@e59a16a
08-19 14:16:58.741 E/s_filter(26302): onReceiver registerReceiver socketBean:{"action":2,"action_id":1629353818741,"method":1}  receiverAction:com.vmos.app.utils.ListenSocketOnWindowService$4@e59a16a
08-19 14:16:58.741 E/s_output(26302): ThreadOutputSteam sendAction
08-19 14:16:58.741 D/GotKiCry(26302): ScreenUtils.getRealHeight() = 2400
08-19 14:16:58.741 D/GotKiCry(26302): ScreenUtils.getScreenWidth() = 1080
08-19 14:16:58.741 E/s_output(26302): ThreadOutputSteam run start
08-19 14:16:58.741 E/s_output(26302): ThreadOutputSteam run writer end
08-19 14:16:58.743 E/c_filter(26994): onReceiver KEY:2
08-19 14:16:58.743 E/c_filter(26994): onReceiver receiverActions:{2=com.vmos.vmosservice.RegisterActionManager$3@3d720e93}
08-19 14:16:58.743 E/c_filter(26994): onReceiver  type:class java.lang.String
08-19 14:16:58.745 D/BubbleTextView(27363): reapplyItemInfo
08-19 14:16:58.745 D/BubbleTextView(27363): applyFromApplicationInfo
08-19 14:16:58.745 D/BubbleTextView(27363): applyIconAndLabel
08-19 14:16:58.745 D/testIcon(27363): FastBitmapDrawable :176---176
08-19 14:16:58.745 D/icon    (27363): mDeviceProfile.iconSizePx:176  mDeviceProfile.iconSizePx:176
08-19 14:16:58.745 D/testIcon(27363): applyIconAndLabel info.isDisabled():false
08-19 14:16:58.745 D/BubbleTextView(27363): setIcon
08-19 14:16:58.745 D/icon    (27363): icon:Rect(0, 0 - 176, 176)
08-19 14:16:58.745 D/icon    (27363): width:176  height176
08-19 14:16:58.745 D/BubbleTextView(27363): applyCompoundDrawables
08-19 14:16:58.745 D/BubbleTextView(27363): verifyHighRes
08-19 14:16:58.757 E/s_input (26302): ThreadInputSteam str:ThreadInputSteam read{"action":10002,"action_id":1629353818656,"method":1} readS:{"action":10002,"action_id":1629353818656,"method":1}
08-19 14:16:58.758 E/c_output(26994): ThreadOutputSteam run writer end
08-19 14:16:58.758 E/c_output(26994): ThreadOutputSteam run start
08-19 14:16:58.758 E/s_filter(26302): onReceiver KEY:10002
08-19 14:16:58.758 E/s_filter(26302): onReceiver receiverActions:null
08-19 14:16:58.807 I/OMX-VDEC-1080P( 1377): set_frame_rate: the current time is 141658
08-19 14:16:58.811 D/OpenGLRenderer(27244): Use EGL_SWAP_BEHAVIOR_PRESERVED: true
08-19 14:16:58.831 D/GraphicBuffer(27244): linker libui hostGraphicBuffer-------------------
08-19 14:16:58.832 D/GraphicBuffer(27244): linker libui Buffer->createGraphicBuffer be4f004d
08-19 14:16:58.832 D/GraphicBuffer(27244): linker libui Buffer->createGraphicBufferRequestorName c154f129
08-19 14:16:58.832 D/GraphicBuffer(27244): linker libui Buffer->createGraphicBufferExistingHandle 0
08-19 14:16:58.832 D/GraphicBuffer(27244): linker libui Buffer->createGraphicBufferExistingANativeWindowBuffer 0
08-19 14:16:58.832 D/GraphicBuffer(27244): linker libui Buffer->initCheck be4f05e7
08-19 14:16:58.832 D/GraphicBuffer(27244): linker libui Buffer->getWidth 0
08-19 14:16:58.832 D/GraphicBuffer(27244): linker libui Buffer->getHeight 0
08-19 14:16:58.832 D/GraphicBuffer(27244): linker libui Buffer->getStride 0
08-19 14:16:58.832 D/GraphicBuffer(27244): linker libui Buffer->getUsage 0
08-19 14:16:58.832 D/GraphicBuffer(27244): linker libui Buffer->getPixelFormat 0
08-19 14:16:58.832 D/GraphicBuffer(27244): linker libui Buffer->getBounds 0
08-19 14:16:58.832 D/GraphicBuffer(27244): linker libui Buffer->getId c154f525
08-19 14:16:58.832 D/GraphicBuffer(27244): linker libui Buffer->lock be4f073d
08-19 14:16:58.832 D/GraphicBuffer(27244): linker libui Buffer->lockWithRect be4f0785
08-19 14:16:58.832 D/GraphicBuffer(27244): linker libui Buffer->lockYCbCr be4f07f9
08-19 14:16:58.832 D/GraphicBuffer(27244): linker libui Buffer->lockYCbCrWithRect be4f0839
08-19 14:16:58.832 D/GraphicBuffer(27244): linker libui Buffer->unlock be4f08a9
08-19 14:16:58.832 D/GraphicBuffer(27244): linker libui Buffer->lockAsync be4f08b1
08-19 14:16:58.832 D/GraphicBuffer(27244): linker libui Buffer->lockAsyncWithRect be4f0909
08-19 14:16:58.832 D/GraphicBuffer(27244): linker libui Buffer->lockAsyncYCbCr be4f09e1
08-19 14:16:58.832 D/GraphicBuffer(27244): linker libui Buffer->lockAsyncYCbCrWithRect be4f0a25
08-19 14:16:58.832 D/GraphicBuffer(27244): linker libui Buffer->unlockAsync be4f0a95
08-19 14:16:58.832 D/GraphicBuffer(27244): linker libui Buffer->getNativeBuffer be4f05f1
08-19 14:16:58.832 D/GraphicBuffer(27244): linker libui Buffer->getFlattenedSize be4f0aa5
08-19 14:16:58.832 D/GraphicBuffer(27244): linker libui Buffer->getFdCount be4f0acd
08-19 14:16:58.832 D/GraphicBuffer(27244): linker libui Buffer->flatten be4f0ad9
08-19 14:16:58.832 D/GraphicBuffer(27244): linker libui Buffer->unflatten be4f0bdd
08-19 14:16:58.832 D/GraphicBuffer(27244): linker libui Buffer->deleteGraphicBuffer 0
08-19 14:16:58.832 D/GraphicBuffer(27244): linker libui Buffer->initSize c154f015
08-19 14:16:58.832 D/GraphicBuffer(27244): linker libui Buffer->mapperget c154f125
08-19 14:16:58.832 D/GraphicBuffer(27244): linker libui Buffer->free_handle be4f0571
08-19 14:16:58.832 D/GraphicBuffer(27244): linker libui Buffer->initWithSize c154f015
08-19 14:16:58.832 D/GraphicBuffer(27244): linker libui Buffer->newRefBase bd62bc5d
08-19 14:16:58.832 D/GraphicBuffer(27244): linker libui Buffer->releaseRefBase bd62bc89
08-19 14:16:58.832 D/GraphicBuffer(27244): linker libui Buffer->incStrong bd62b97b
08-19 14:16:58.832 D/GraphicBuffer(27244): linker libui Buffer->decStrong bd62b9cd
08-19 14:16:58.832 D/GraphicBufferMapper(27244): linker libui hostMapper-------------------
08-19 14:16:58.832 D/GraphicBufferMapper(27244): linker libui Mapper->get 0xbe4f2231
08-19 14:16:58.832 D/GraphicBufferMapper(27244): linker libui Mapper->createMapper 0x0
08-19 14:16:58.832 D/GraphicBufferMapper(27244): linker libui Mapper->registerBuffer 0x0
08-19 14:16:58.832 D/GraphicBufferMapper(27244): linker libui Mapper->unregisterBuffer 0x0
08-19 14:16:58.832 D/GraphicBufferMapper(27244): linker libui Mapper->lock 0xbe4f25e5
08-19 14:16:58.832 D/GraphicBufferMapper(27244): linker libui Mapper->lockYCbCr 0xbe4f26b9
08-19 14:16:58.832 D/GraphicBufferMapper(27244): linker libui Mapper->unlock 0xbe4f2765
08-19 14:16:58.832 D/GraphicBufferMapper(27244): linker libui Mapper->lockAsync 0xbe4f2651
08-19 14:16:58.832 D/GraphicBufferMapper(27244): linker libui Mapper->lockAsyncYCbCr 0xbe4f2711
08-19 14:16:58.832 D/GraphicBufferMapper(27244): linker libui Mapper->unlockAsync 0xbe4f27b1
08-19 14:16:58.841 E/c_input (26994): ThreadInputSteam str:ThreadInputSteam read{"action":508,"action_id":0,"data":false,"method":0} readS:{"action":508,"action_id":0,"data":false,"method":0}
08-19 14:16:58.842 D/bind    (27363): bindItems  item:通讯录   forceAnimateIcons:falsei:0
08-19 14:16:58.843 D/BubbleTextView(27363): applyFromShortcutInfo1
08-19 14:16:58.843 D/BubbleTextView(27363): applyFromShortcutInfo2
08-19 14:16:58.843 D/shortInfo(27363): getIcon info.title:通讯录-android.graphics.Bitmap@afde826
08-19 14:16:58.843 D/BubbleTextView(27363): applyIconAndLabel
08-19 14:16:58.843 D/testIcon(27363): FastBitmapDrawable :176---176
08-19 14:16:58.843 D/icon    (27363): mDeviceProfile.iconSizePx:176  mDeviceProfile.iconSizePx:176
08-19 14:16:58.843 D/testIcon(27363): applyIconAndLabel info.isDisabled():false
08-19 14:16:58.844 D/BubbleTextView(27363): setIcon
08-19 14:16:58.844 D/icon    (27363): icon:Rect(0, 0 - 176, 176)
08-19 14:16:58.844 D/icon    (27363): width:176  height176
08-19 14:16:58.844 D/BubbleTextView(27363): applyCompoundDrawables
08-19 14:16:58.844 D/BubbleTextView(27363): onAttachedToWindow
08-19 14:16:58.844 D/bind    (27363): bindItems  item:电话   forceAnimateIcons:falsei:1
08-19 14:16:58.844 D/BubbleTextView(27363): applyFromShortcutInfo1
08-19 14:16:58.845 D/BubbleTextView(27363): applyFromShortcutInfo2
08-19 14:16:58.845 D/shortInfo(27363): getIcon info.title:电话-android.graphics.Bitmap@3e3b9c67
08-19 14:16:58.845 D/BubbleTextView(27363): applyIconAndLabel
08-19 14:16:58.845 D/testIcon(27363): FastBitmapDrawable :176---176
08-19 14:16:58.845 D/icon    (27363): mDeviceProfile.iconSizePx:176  mDeviceProfile.iconSizePx:176
08-19 14:16:58.845 D/testIcon(27363): applyIconAndLabel info.isDisabled():false
08-19 14:16:58.845 D/BubbleTextView(27363): setIcon
08-19 14:16:58.846 D/icon    (27363): icon:Rect(0, 0 - 176, 176)
08-19 14:16:58.846 D/icon    (27363): width:176  height176
08-19 14:16:58.846 D/BubbleTextView(27363): applyCompoundDrawables
08-19 14:16:58.846 D/BubbleTextView(27363): onAttachedToWindow
08-19 14:16:58.846 D/bind    (27363): bindItems  item:设置   forceAnimateIcons:falsei:2
08-19 14:16:58.847 D/BubbleTextView(27363): applyFromShortcutInfo1
08-19 14:16:58.847 D/BubbleTextView(27363): applyFromShortcutInfo2
08-19 14:16:58.847 I/OMX-VDEC-1080P( 1377): set_frame_rate: the current time is 141658
08-19 14:16:58.848 D/shortInfo(27363): getIcon info.title:设置-android.graphics.Bitmap@7dfd5fe
08-19 14:16:58.848 D/BubbleTextView(27363): applyIconAndLabel
08-19 14:16:58.848 D/testIcon(27363): FastBitmapDrawable :176---176
08-19 14:16:58.848 D/icon    (27363): mDeviceProfile.iconSizePx:176  mDeviceProfile.iconSizePx:176
08-19 14:16:58.848 D/testIcon(27363): applyIconAndLabel info.isDisabled():false
08-19 14:16:58.848 D/BubbleTextView(27363): setIcon
08-19 14:16:58.848 D/icon    (27363): icon:Rect(0, 0 - 176, 176)
08-19 14:16:58.848 D/icon    (27363): width:176  height176
08-19 14:16:58.848 D/BubbleTextView(27363): applyCompoundDrawables
08-19 14:16:58.848 D/BubbleTextView(27363): onAttachedToWindow
08-19 14:16:58.848 D/bind    (27363): bindItems  item:相机   forceAnimateIcons:falsei:3
08-19 14:16:58.847 W/pool-1-thread-4(26994): type=1400 audit(0.0:1641508): avc: granted { open } for path="/dev/ashmem" dev="tmpfs" ino=1135 scontext=u:r:untrusted_app_27:s0:c32,c257,c512,c768 tcontext=u:object_r:ashmem_device:s0 tclass=chr_file app=com.vmos.app
08-19 14:16:58.849 D/BubbleTextView(27363): applyFromShortcutInfo1
08-19 14:16:58.849 D/BubbleTextView(27363): applyFromShortcutInfo2
08-19 14:16:58.849 D/shortInfo(27363): getIcon info.title:相机-android.graphics.Bitmap@df5b15f
08-19 14:16:58.849 D/BubbleTextView(27363): applyIconAndLabel
08-19 14:16:58.849 D/testIcon(27363): FastBitmapDrawable :176---176
08-19 14:16:58.849 D/icon    (27363): mDeviceProfile.iconSizePx:176  mDeviceProfile.iconSizePx:176
08-19 14:16:58.849 D/testIcon(27363): applyIconAndLabel info.isDisabled():false
08-19 14:16:58.849 D/BubbleTextView(27363): setIcon
08-19 14:16:58.849 D/icon    (27363): icon:Rect(0, 0 - 176, 176)
08-19 14:16:58.849 D/icon    (27363): width:176  height176
08-19 14:16:58.849 D/BubbleTextView(27363): applyCompoundDrawables
08-19 14:16:58.849 D/BubbleTextView(27363): onAttachedToWindow
08-19 14:16:58.849 D/bind    (27363): bindItems  item:下载   forceAnimateIcons:falsei:4
08-19 14:16:58.849 D/BubbleTextView(27363): applyFromShortcutInfo1
08-19 14:16:58.849 D/BubbleTextView(27363): applyFromShortcutInfo2
08-19 14:16:58.849 D/shortInfo(27363): getIcon info.title:下载-android.graphics.Bitmap@1c21a7ac
08-19 14:16:58.849 D/BubbleTextView(27363): applyIconAndLabel
08-19 14:16:58.850 D/testIcon(27363): FastBitmapDrawable :176---176
08-19 14:16:58.850 D/icon    (27363): mDeviceProfile.iconSizePx:176  mDeviceProfile.iconSizePx:176
08-19 14:16:58.850 D/testIcon(27363): applyIconAndLabel info.isDisabled():false
08-19 14:16:58.850 D/BubbleTextView(27363): setIcon
08-19 14:16:58.850 D/icon    (27363): icon:Rect(0, 0 - 176, 176)
08-19 14:16:58.850 D/icon    (27363): width:176  height176
08-19 14:16:58.850 D/BubbleTextView(27363): applyCompoundDrawables
08-19 14:16:58.850 D/BubbleTextView(27363): onAttachedToWindow
08-19 14:16:58.850 D/bind    (27363): bindItems  item:意见反馈   forceAnimateIcons:falsei:5
08-19 14:16:58.850 D/BubbleTextView(27363): applyFromShortcutInfo1
08-19 14:16:58.850 D/BubbleTextView(27363): applyFromShortcutInfo2
08-19 14:16:58.850 D/shortInfo(27363): getIcon info.title:意见反馈-android.graphics.Bitmap@1672fc75
08-19 14:16:58.850 D/BubbleTextView(27363): applyIconAndLabel
08-19 14:16:58.850 D/testIcon(27363): FastBitmapDrawable :176---176
08-19 14:16:58.850 D/icon    (27363): mDeviceProfile.iconSizePx:176  mDeviceProfile.iconSizePx:176
08-19 14:16:58.850 D/testIcon(27363): applyIconAndLabel info.isDisabled():false
08-19 14:16:58.850 D/BubbleTextView(27363): setIcon
08-19 14:16:58.850 D/icon    (27363): icon:Rect(0, 0 - 176, 176)
08-19 14:16:58.851 D/icon    (27363): width:176  height176
08-19 14:16:58.851 D/BubbleTextView(27363): applyCompoundDrawables
08-19 14:16:58.851 D/BubbleTextView(27363): onAttachedToWindow
08-19 14:16:58.851 D/bind    (27363): animateIcons:false
08-19 14:16:58.851 D/PagedView(27363): PagedView.onMeasure(): 1080, 2400
08-19 14:16:58.851 D/PagedView(27363): PagedView.scaledSize: 6480, 6480
08-19 14:16:58.851 D/PagedView(27363): PagedView.parentSize: 4536, 4536
08-19 14:16:58.851 D/PagedView(27363): PagedView.horizontalPadding: 44
08-19 14:16:58.851 D/PagedView(27363): PagedView.verticalPadding: 418
08-19 14:16:58.851 D/BubbleTextView(27363): onMeasure
08-19 14:16:58.852 I/chatty  (27363): uid=10288(com.vmos.app) com.android.launcher3 identical 3 lines
08-19 14:16:58.852 D/BubbleTextView(27363): onMeasure
08-19 14:16:58.847 W/pool-1-thread-4(26994): type=1400 audit(0.0:1641509): avc: granted { open } for path="/dev/ashmem" dev="tmpfs" ino=1135 scontext=u:r:untrusted_app_27:s0:c32,c257,c512,c768 tcontext=u:object_r:ashmem_device:s0 tclass=chr_file app=com.vmos.app
08-19 14:16:58.854 D/BubbleTextView(27363): onMeasure
08-19 14:16:58.855 D/PagedView(27363): PagedView.onLayout()
08-19 14:16:58.855 D/PagedView(27363): 	layout-child0: 2722, 2073
08-19 14:16:58.855 D/PagedView(27363): 	layout-child1: 3781, 2073
08-19 14:16:58.855 D/BubbleTextView(27363): setFrame  left:0   top:0  right:207  bottom:396
08-19 14:16:58.855 D/BubbleTextView(27363): setFrame  left:207   top:0  right:414  bottom:396
08-19 14:16:58.855 D/BubbleTextView(27363): setFrame  left:414   top:0  right:621  bottom:396
08-19 14:16:58.855 D/BubbleTextView(27363): setFrame  left:621   top:0  right:828  bottom:396
08-19 14:16:58.855 D/BubbleTextView(27363): setFrame  left:828   top:0  right:1035  bottom:396
08-19 14:16:58.855 D/BubbleTextView(27363): setFrame  left:0   top:396  right:207  bottom:792
08-19 14:16:58.856 D/Atlas   (27244): Validating map...
08-19 14:16:58.847 W/RxCachedThreadS(26994): type=1400 audit(0.0:1641510): avc: granted { open } for path="/dev/ashmem" dev="tmpfs" ino=1135 scontext=u:r:untrusted_app_27:s0:c32,c257,c512,c768 tcontext=u:object_r:ashmem_device:s0 tclass=chr_file app=com.vmos.app
08-19 14:16:58.857 D/bind    (27363): bindItems  item:超级用户   forceAnimateIcons:falsei:6
08-19 14:16:58.858 E/s_input (26302): ThreadInputSteam str:ThreadInputSteam read{"action":10004,"action_id":1629353818657,"method":1} readS:{"action":10004,"action_id":1629353818657,"method":1}
08-19 14:16:58.859 D/BubbleTextView(27363): applyFromShortcutInfo1
08-19 14:16:58.859 D/BubbleTextView(27363): applyFromShortcutInfo2
08-19 14:16:58.859 E/s_filter(26302): onReceiver KEY:10004
08-19 14:16:58.859 E/s_filter(26302): onReceiver receiverActions:null
08-19 14:16:58.859 E/c_output(26994): ThreadOutputSteam run writer end
08-19 14:16:58.859 D/shortInfo(27363): getIcon info.title:超级用户-android.graphics.Bitmap@3cd79298
08-19 14:16:58.859 D/BubbleTextView(27363): applyIconAndLabel
08-19 14:16:58.859 D/testIcon(27363): FastBitmapDrawable :176---176
08-19 14:16:58.860 D/icon    (27363): mDeviceProfile.iconSizePx:176  mDeviceProfile.iconSizePx:176
08-19 14:16:58.860 D/testIcon(27363): applyIconAndLabel info.isDisabled():false
08-19 14:16:58.860 D/BubbleTextView(27363): setIcon
08-19 14:16:58.860 D/icon    (27363): icon:Rect(0, 0 - 176, 176)
08-19 14:16:58.860 D/icon    (27363): width:176  height176
08-19 14:16:58.860 D/BubbleTextView(27363): applyCompoundDrawables
08-19 14:16:58.860 D/BubbleTextView(27363): onAttachedToWindow
08-19 14:16:58.860 D/bind    (27363): bindItems  item:备份与恢复   forceAnimateIcons:falsei:7
08-19 14:16:58.860 D/BubbleTextView(27363): applyFromShortcutInfo1
08-19 14:16:58.860 D/BubbleTextView(27363): applyFromShortcutInfo2
08-19 14:16:58.860 D/shortInfo(27363): getIcon info.title:备份与恢复-android.graphics.Bitmap@f5f540a
08-19 14:16:58.860 D/BubbleTextView(27363): applyIconAndLabel
08-19 14:16:58.860 D/testIcon(27363): FastBitmapDrawable :176---176
08-19 14:16:58.860 D/icon    (27363): mDeviceProfile.iconSizePx:176  mDeviceProfile.iconSizePx:176
08-19 14:16:58.860 D/testIcon(27363): applyIconAndLabel info.isDisabled():false
08-19 14:16:58.860 D/BubbleTextView(27363): setIcon
08-19 14:16:58.851 W/pool-1-thread-4(26994): type=1400 audit(0.0:1641511): avc: granted { open } for path="/dev/ashmem" dev="tmpfs" ino=1135 scontext=u:r:untrusted_app_27:s0:c32,c257,c512,c768 tcontext=u:object_r:ashmem_device:s0 tclass=chr_file app=com.vmos.app
08-19 14:16:58.860 D/icon    (27363): icon:Rect(0, 0 - 176, 176)
08-19 14:16:58.860 D/icon    (27363): width:176  height176
08-19 14:16:58.860 D/BubbleTextView(27363): applyCompoundDrawables
08-19 14:16:58.861 D/BubbleTextView(27363): onAttachedToWindow
08-19 14:16:58.861 D/bind    (27363): bindItems  item:提示   forceAnimateIcons:falsei:8
08-19 14:16:58.861 D/BubbleTextView(27363): applyFromShortcutInfo1
08-19 14:16:58.861 D/BubbleTextView(27363): applyFromShortcutInfo2
08-19 14:16:58.861 D/shortInfo(27363): getIcon info.title:提示-android.graphics.Bitmap@20ee047b
08-19 14:16:58.861 D/BubbleTextView(27363): applyIconAndLabel
08-19 14:16:58.861 D/testIcon(27363): FastBitmapDrawable :176---176
08-19 14:16:58.861 D/icon    (27363): mDeviceProfile.iconSizePx:176  mDeviceProfile.iconSizePx:176
08-19 14:16:58.861 D/testIcon(27363): applyIconAndLabel info.isDisabled():false
08-19 14:16:58.861 D/BubbleTextView(27363): setIcon
08-19 14:16:58.861 D/icon    (27363): icon:Rect(0, 0 - 176, 176)
08-19 14:16:58.861 D/icon    (27363): width:176  height176
08-19 14:16:58.861 D/BubbleTextView(27363): applyCompoundDrawables
08-19 14:16:58.861 D/BubbleTextView(27363): onAttachedToWindow
08-19 14:16:58.861 D/bind    (27363): bindItems  item:Xposed Installer   forceAnimateIcons:falsei:9
08-19 14:16:58.855 W/RxCachedThreadS(26994): type=1400 audit(0.0:1641512): avc: granted { open } for path="/dev/ashmem" dev="tmpfs" ino=1135 scontext=u:r:untrusted_app_27:s0:c32,c257,c512,c768 tcontext=u:object_r:ashmem_device:s0 tclass=chr_file app=com.vmos.app
08-19 14:16:58.862 D/BubbleTextView(27363): applyFromShortcutInfo1
08-19 14:16:58.862 D/BubbleTextView(27363): applyFromShortcutInfo2
08-19 14:16:58.862 D/shortInfo(27363): getIcon info.title:Xposed Installer-android.graphics.Bitmap@1003eaf1
08-19 14:16:58.862 D/BubbleTextView(27363): applyIconAndLabel
08-19 14:16:58.862 D/testIcon(27363): FastBitmapDrawable :176---176
08-19 14:16:58.862 D/icon    (27363): mDeviceProfile.iconSizePx:176  mDeviceProfile.iconSizePx:176
08-19 14:16:58.862 D/testIcon(27363): applyIconAndLabel info.isDisabled():false
08-19 14:16:58.862 D/BubbleTextView(27363): setIcon
08-19 14:16:58.862 D/icon    (27363): icon:Rect(0, 0 - 176, 176)
08-19 14:16:58.862 D/icon    (27363): width:176  height176
08-19 14:16:58.862 D/BubbleTextView(27363): applyCompoundDrawables
08-19 14:16:58.863 D/BubbleTextView(27363): onAttachedToWindow
08-19 14:16:58.863 D/bind    (27363): bindItems  item:Fake Location   forceAnimateIcons:falsei:10
08-19 14:16:58.863 D/BubbleTextView(27363): applyFromShortcutInfo1
08-19 14:16:58.863 D/BubbleTextView(27363): applyFromShortcutInfo2
08-19 14:16:58.864 D/shortInfo(27363): getIcon info.title:Fake Location-android.graphics.Bitmap@f4e6d57
08-19 14:16:58.864 D/BubbleTextView(27363): applyIconAndLabel
08-19 14:16:58.864 D/testIcon(27363): FastBitmapDrawable :176---176
08-19 14:16:58.864 D/icon    (27363): mDeviceProfile.iconSizePx:176  mDeviceProfile.iconSizePx:176
08-19 14:16:58.864 D/testIcon(27363): applyIconAndLabel info.isDisabled():false
08-19 14:16:58.864 D/BubbleTextView(27363): setIcon
08-19 14:16:58.864 D/icon    (27363): icon:Rect(0, 0 - 176, 176)
08-19 14:16:58.864 D/icon    (27363): width:176  height176
08-19 14:16:58.864 D/BubbleTextView(27363): applyCompoundDrawables
08-19 14:16:58.865 D/BubbleTextView(27363): onAttachedToWindow
08-19 14:16:58.865 D/bind    (27363): animateIcons:false
08-19 14:16:58.865 D/PagedView(27363): PagedView.onMeasure(): 1080, 2400
08-19 14:16:58.865 D/PagedView(27363): PagedView.scaledSize: 6480, 6480
08-19 14:16:58.865 D/PagedView(27363): PagedView.parentSize: 4536, 4536
08-19 14:16:58.865 D/PagedView(27363): PagedView.horizontalPadding: 44
08-19 14:16:58.865 D/PagedView(27363): PagedView.verticalPadding: 418
08-19 14:16:58.865 D/BubbleTextView(27363): onMeasure
08-19 14:16:58.865 I/chatty  (27363): uid=10288(com.vmos.app) com.android.launcher3 identical 2 lines
08-19 14:16:58.866 D/BubbleTextView(27363): onMeasure
08-19 14:16:58.866 D/PhoneStatusBar(27244): disable: < EXPAND* icons alerts system_info BACK* HOME* RECENT* clock SEARCH* >
08-19 14:16:58.866 D/BubbleTextView(27363): onMeasure
08-19 14:16:58.866 D/PagedView(27363): PagedView.onLayout()
08-19 14:16:58.866 D/PagedView(27363): 	layout-child0: 2722, 2073
08-19 14:16:58.866 D/PagedView(27363): 	layout-child1: 3781, 2073
08-19 14:16:58.866 D/BubbleTextView(27363): setFrame  left:0   top:0  right:207  bottom:396
08-19 14:16:58.866 D/BubbleTextView(27363): setFrame  left:207   top:0  right:414  bottom:396
08-19 14:16:58.866 D/BubbleTextView(27363): setFrame  left:414   top:0  right:621  bottom:396
08-19 14:16:58.866 D/BubbleTextView(27363): setFrame  left:621   top:0  right:828  bottom:396
08-19 14:16:58.866 D/BubbleTextView(27363): setFrame  left:828   top:0  right:1035  bottom:396
08-19 14:16:58.866 D/BubbleTextView(27363): setFrame  left:0   top:396  right:207  bottom:792
08-19 14:16:58.866 D/BubbleTextView(27363): setFrame  left:207   top:396  right:414  bottom:792
08-19 14:16:58.866 D/BubbleTextView(27363): setFrame  left:414   top:396  right:621  bottom:792
08-19 14:16:58.866 D/BubbleTextView(27363): setFrame  left:621   top:396  right:828  bottom:792
08-19 14:16:58.866 D/BubbleTextView(27363): setFrame  left:828   top:396  right:1035  bottom:792
08-19 14:16:58.867 D/BubbleTextView(27363): setFrame  left:0   top:792  right:207  bottom:1188
08-19 14:16:58.879 D/tag     (27363): TaskMulti operation.getParams():RequestParam
08-19 14:16:58.879 D/Launcher.Model(27363): bound workspace in 384ms
08-19 14:16:58.880 D/tag     (27363): doInBackground operation: com.android.launcher3.net.operation.HttpClientOperation@d05563d   params:[Lcom.android.launcher3.net.bean.RequestParam;@1bba7e32
08-19 14:16:58.880 D/tag     (27363): onBackgroundTask  url:api/recommend/apkListWithTags
08-19 14:16:58.887 I/OMX-VDEC-1080P( 1377): set_frame_rate: the current time is 141658
08-19 14:16:58.888 I/OMX-VDEC-1080P( 1377): set_frame_rate: the current time is 141658
08-19 14:16:58.889 D/tag     (27363): req_log url :http://service.vmos.cn/api/recommend/apkListWithTags?v=100139&u=a081d5df63da479d&auth_ver=2&n=1629353818889&s=22dabc978bda081e104caa2d7ec631b8&c=xiaomi&rv=100156&k=eb759cd6d8e975ec29b999b743123721
08-19 14:16:58.892 D/tag     (27363): req_log StringEntity s:RequestParam{actionUrl='api/recommend/apkListWithTags', actionType=com.android.launcher3.net.bean.BaseResp<com.android.launcher3.net.bean.resp.RespPreload>, baseReq={"pageNum":0,"pageSize":0}}
08-19 14:16:58.902 D/network_req(27363): http://service.vmos.cn/api/recommend/apkListWithTags?v=100139&u=a081d5df63da479d&auth_ver=2&n=1629353818889&s=22dabc978bda081e104caa2d7ec631b8&c=xiaomi&rv=100156&k=eb759cd6d8e975ec29b999b743123721 POST http/1.1
08-19 14:16:58.902 D/network_req(27363): timestamp: 1629353818901
08-19 14:16:58.902 D/network_req(27363): thread: 73324844
08-19 14:16:58.902 D/network_req(27363): Content-Type: application/json;charset=utf-8
08-19 14:16:58.902 D/network_req(27363): Content-Length: 88
08-19 14:16:58.902 D/network_req(27363): androidApi: 1.1.39
08-19 14:16:58.902 D/network_req(27363): Access-Token: 
08-19 14:16:58.902 D/network_req(27363): User-ID: a081d5df63da479d
08-19 14:16:58.902 D/network_req(27363): Content-Type: application/json; charset=utf-8
08-19 14:16:58.902 D/network_req(27363): requestBody: {"msg":"whhZ0EYQXuvu3VSAPDBEd/55kAbZrj6WONcRoe2FF3o\u003d\n","createTime":1629353818892}
08-19 14:16:58.902 D/network_req(27363): http://service.vmos.cn/api/recommend/apkListWithTags?v=100139&u=a081d5df63da479d&auth_ver=2&n=1629353818889&s=22dabc978bda081e104caa2d7ec631b8&c=xiaomi&rv=100156&k=eb759cd6d8e975ec29b999b743123721?msg=whhZ0EYQXuvu3VSAPDBEd/55kAbZrj6WONcRoe2FF3o=
08-19 14:16:58.902 D/network_req(27363): &createTime=1629353818892
08-19 14:16:58.902 D/network_req(27363): REQUEST END (88-byte body)
08-19 14:16:58.902 D/network_req(27363):  
08-19 14:16:58.946 E/c_input (26994): ThreadInputSteam str:ThreadInputSteam read{"action":2,"action_id":1629353818741,"method":1} readS:{"action":2,"action_id":1629353818741,"method":1}
08-19 14:16:58.954 E/TAG     (26994): getParam type=Long
08-19 14:16:58.955 I/FusedLocation(26994): engine started (com.android.location.fused)
08-19 14:16:58.955 E/onNext  (26994): onNext: 系统异常
08-19 14:16:58.955 E/onNext  (26994): onNext: OK
08-19 14:16:58.956 I/ReportAppState(26994): success: postAppUsageTime 0 OK
08-19 14:16:58.958 D/BluetoothAdapter(27244): 644602431: getState() :  mService = null. Returning STATE_OFF
08-19 14:16:58.958 D/BluetoothAdapter(27244): 644602431: getState() :  mService = null. Returning STATE_OFF
08-19 14:16:58.960 E/onNext  (26994): onNext: OK
08-19 14:16:58.960 I/ReportAppState(26994): success: postAppUsageTime 0 OK
08-19 14:16:58.962 E/onNext  (26994): onNext: OK
08-19 14:16:58.962 I/ReportAppState(26994): success: postAppUsageTime 0 OK
08-19 14:16:58.967 I/OMX-VDEC-1080P( 1377): set_frame_rate: the current time is 141658
08-19 14:16:58.980 D/NuPlayerDriver( 1354): reset(0xf122e000) at state 5
08-19 14:16:58.980 I/cmd     (27683): oneway function results will be dropped but finished with status OK and parcel size 4
08-19 14:16:58.981 I/PowerCheckerService( 5940): uid:10288change to inactive
08-19 14:16:58.981 D/AudioTrack( 1354):  pause(sessionID=1849)
08-19 14:16:58.981 D/AudioTrack( 1354): pause(140): prior state:STATE_ACTIVE
08-19 14:16:58.981 I/AppActiveChecker( 5940): uid:10288change to inactive
08-19 14:16:58.982 E/AudioFlinger(  996): open /proc/1354/cmdline error
08-19 14:16:58.982 I/AudioFlinger(  996): setAppName(), name=[], active=[0]
08-19 14:16:58.982 V/EffectMiSound(  902): MiSound_command() start, cmdCode=24
08-19 14:16:58.982 V/EffectMiSound(  902): MiSound_Command EFFECT_CMD_SET_APP_NAME: stream=3, name=-
08-19 14:16:58.982 I/OMX_VPP ( 1377): send_command In 1 param1 -1
08-19 14:16:58.982 I/OMX_VPP ( 1377): send_command FakeFlush
08-19 14:16:58.982 I/OMX_VPP ( 1377): VppOmxComponent::clearVppFakeBufs size 15
08-19 14:16:58.982 I/OMX_VPP ( 1377): VppEvent 1
08-19 14:16:58.982 I/OMX_VPP ( 1377): FakeFlush e.flush_done.port:0
08-19 14:16:58.982 I/OMX_VPP ( 1377): VppOmxComponent::clearVppFakeBufs size 0
08-19 14:16:58.982 I/OMX_VPP ( 1377): VppEvent 1
08-19 14:16:58.982 I/OMX_VPP ( 1377): FakeFlush e.flush_done.port:1
08-19 14:16:58.983 D/CCodecBuffers( 1354): [c2.android.aac.decoder#254:1D-Output.Impl[N]] Client returned a buffer it does not own according to our record: 0
08-19 14:16:58.983 D/CCodecBuffers( 1354): [c2.android.aac.decoder#254:1D-Output.Impl[N]] Client returned a buffer it does not own according to our record: 1
08-19 14:16:58.983 D/CCodecBuffers( 1354): [c2.android.aac.decoder#254:1D-Output.Impl[N]] Client returned a buffer it does not own according to our record: 2
08-19 14:16:58.983 D/CCodecBuffers( 1354): [c2.android.aac.decoder#254:1D-Output.Impl[N]] Client returned a buffer it does not own according to our record: 3
08-19 14:16:58.983 D/CCodecBuffers( 1354): [c2.android.aac.decoder#254:1D-Output.Impl[N]] Client returned a buffer it does not own according to our record: 4
08-19 14:16:58.983 D/AudioTrack( 1354): stop(sessionID=1849)
08-19 14:16:58.983 D/AudioTrack( 1354): stop(140): prior state:STATE_FLUSHED
08-19 14:16:58.983 D/AudioTrack( 1354): setVolume: left = 0.000000 right = 0.000000
08-19 14:16:58.984 E/AudioFlinger(  996): open /proc/1354/cmdline error
08-19 14:16:58.984 I/AudioFlinger(  996): setAppName(), name=[], active=[1]
08-19 14:16:58.984 V/EffectMiSound(  902): MiSound_command() start, cmdCode=24
08-19 14:16:58.984 V/EffectMiSound(  902): MiSound_Command EFFECT_CMD_SET_APP_NAME: stream=3, name=+
08-19 14:16:58.988 I/hw-BpHwBinder( 1354): onLastStrongRef automatically unlinking death recipients
08-19 14:16:58.989 I/OMX_VPP ( 1377): send_command In 0 param1 2
08-19 14:16:58.991 I/OMX_VPP ( 1377): Flush during executing to idle!
08-19 14:16:58.991 I/OMX_VPP ( 1377): OMX_CommandStateSet FakeFlush
08-19 14:16:58.991 I/OMX_VPP ( 1377): VppOmxComponent::clearVppFakeBufs size 0
08-19 14:16:58.991 I/OMX_VPP ( 1377): VppEvent 1
08-19 14:16:58.991 I/OMX_VPP ( 1377): FakeFlush e.flush_done.port:0
08-19 14:16:58.991 I/OMX_VPP ( 1377): VppOmxComponent::clearVppFakeBufs size 0
08-19 14:16:58.991 I/OMX_VPP ( 1377): VppEvent 1
08-19 14:16:58.991 I/OMX_VPP ( 1377): FakeFlush e.flush_done.port:1
08-19 14:16:58.991 I/OMX_VPP ( 1377): send_command In 0 param1 1
08-19 14:16:58.998 D/PhoneStatusBar(27244): heads up is enabled
08-19 14:16:59.003 E/onNext  (26994): onNext: OK
08-19 14:16:59.003 I/ReportAppState(26994): success: postAppUsageTime 0 OK
08-19 14:16:59.004 E/onNext  (26994): onNext: OK
08-19 14:16:59.004 I/ReportAppState(26994): success: postAppUsageTime 0 OK
08-19 14:16:59.005 E/onNext  (26994): onNext: OK
08-19 14:16:59.005 I/ReportAppState(26994): success: postAppUsageTime 0 OK
08-19 14:16:59.014 I/OMX-VDEC-1080P( 1377): omx_vdec::component_deinit() complete
08-19 14:16:59.015 W/NotificationHistory( 1783): Attempted to add notif for locked/gone/disabled user 0
08-19 14:16:59.016 E/c_output(26994): ThreadOutputSteam sendAction
08-19 14:16:59.016 E/c_output(26994): ThreadOutputSteam run start
08-19 14:16:59.016 E/c_filter(26994): onReceiver KEY:508
08-19 14:16:59.016 E/c_filter(26994): onReceiver receiverActions:{508=com.lebo.socketlisten.LeboLinkUtils$1@623e27e}
08-19 14:16:59.017 E/c_filter(26994): onReceiver  type:class java.lang.Boolean
08-19 14:16:59.017 I/OMX-VDEC-1080P( 1377): Exit OMX vdec Destructor: fd=109
08-19 14:16:59.017 I/OMX_VPP ( 1377): VppTerm
08-19 14:16:59.017 I/OMX_VPP ( 1377): video clip interpolated = 0%,0--94
08-19 14:16:59.017 I/OMX_VPP ( 1377): VppOmxComponent::clearVppFakeBufs size 0
08-19 14:16:59.017 I/OMX_VPP ( 1377): VppOmxComponent::~VppOmxComponent
08-19 14:16:59.017 E/Vmosmirrion(26994): ╔════════════════════════════════════════════════════════════════════
08-19 14:16:59.017 I/OMX_VPP ( 1377): Destructed VppBufferManager
08-19 14:16:59.017 E/Vmosmirrion(26994): ║ Thread: pool-1-thread-4
08-19 14:16:59.017 E/Vmosmirrion(26994): ╟────────────────────────────────────────────────────────────────────
08-19 14:16:59.018 E/Vmosmirrion(26994): ║ LeboLinkUtils$1.receiver  (LeboLinkUtils.java:46)
08-19 14:16:59.018 E/Vmosmirrion(26994): ╟────────────────────────────────────────────────────────────────────
08-19 14:16:59.018 E/Vmosmirrion(26994): ║ 收到投屏状态。。。。。。。。。
08-19 14:16:59.018 E/Vmosmirrion(26994): ╚════════════════════════════════════════════════════════════════════
08-19 14:16:59.018 D/KeyguardUpdateMonitor(27244): handleSimStateChange(subId=-2, slotId=0, state=UNKNOWN)
08-19 14:16:59.018 W/KeyguardUpdateMonitor(27244): invalid subId in handleSimStateChange()
08-19 14:16:59.018 W/ContextImpl(26994): Calling a method in the system process without a qualified user: android.app.ContextImpl.sendBroadcast:1346 android.content.ContextWrapper.sendBroadcast:377 com.lebo.socketlisten.LeboLinkUtils$1.receiver:50 com.common.mysocket.ReceiverActionFilter$1.run:158 android.os.Handler.handleCallback:739 
08-19 14:16:59.018 I/Choreographer(27244): Skipped 86 frames!  The application may be doing too much work on its main thread.
08-19 14:16:59.019 W/vmautolaunch(26994): com.vmos.setting autoLaunchDenied false for via broadcast
08-19 14:16:59.019 E/c_filter(26994): onReceiver KEY:2
08-19 14:16:59.019 E/c_filter(26994): onReceiver receiverActions:{2=com.vmos.vmosservice.RegisterActionManager$3@3d720e93}
08-19 14:16:59.019 E/c_filter(26994): onReceiver  type:class java.lang.String
08-19 14:16:59.020 D/ViewRootImpl(27244): changeCanvasOpacity: opaque=true
08-19 14:16:59.025 D/IMReply:Notif( 3982): onNotificationPosted before sbn = 0
08-19 14:16:59.025 D/SurfaceUtils( 1354): disconnecting from surface 0xf1007808, reason disconnectFromSurface
08-19 14:16:59.026 D/InterruptionStateProvider( 2677): No alerting: filtered notification: 0|android|0|com.android.server.wm.AlertWindowNotification - com.vmos.app|1000
08-19 14:16:59.026 D/InterruptionStateProvider( 2677): No alerting: filtered notification: 0|android|0|com.android.server.wm.AlertWindowNotification - com.vmos.app|1000
08-19 14:16:59.028 W/AsyncLayoutInflater( 2677): Failed to inflate resource in the background! Retrying on the UI thread
08-19 14:16:59.028 W/AsyncLayoutInflater( 2677): android.view.InflateException: Binary XML file line #33 in com.android.systemui:layout/status_bar_notification_row: Animators may only be run on Looper threads
08-19 14:16:59.028 W/AsyncLayoutInflater( 2677): Caused by: android.util.AndroidRuntimeException: Animators may only be run on Looper threads
08-19 14:16:59.028 W/AsyncLayoutInflater( 2677): 	at android.animation.AnimatorSet.start(AnimatorSet.java:705)
08-19 14:16:59.028 W/AsyncLayoutInflater( 2677): 	at android.animation.AnimatorSet.start(AnimatorSet.java:684)
08-19 14:16:59.028 W/AsyncLayoutInflater( 2677): 	at android.animation.StateListAnimator.start(StateListAnimator.java:188)
08-19 14:16:59.028 W/AsyncLayoutInflater( 2677): 	at android.animation.StateListAnimator.setState(StateListAnimator.java:181)
08-19 14:16:59.028 W/AsyncLayoutInflater( 2677): 	at android.view.View.drawableStateChanged(View.java:23521)
08-19 14:16:59.028 W/AsyncLayoutInflater( 2677): 	at android.widget.TextView.drawableStateChanged(TextView.java:5853)
08-19 14:16:59.028 W/AsyncLayoutInflater( 2677): 	at android.view.View.originalRefreshDrawableState(View.java:23594)
08-19 14:16:59.028 W/AsyncLayoutInflater( 2677): 	at android.view.View$14.refreshDrawableState(View.java:30912)
08-19 14:16:59.028 W/AsyncLayoutInflater( 2677): 	at com.miui.internal.variable.v21.Android_View_View_class.callOriginalRefreshDrawableState(Android_View_View_class.java:61)
08-19 14:16:59.028 W/AsyncLayoutInflater( 2677): 	at com.miui.internal.variable.v16.Android_View_View_class_common.handleRefreshDrawableState(Android_View_View_class_common.java:90)
08-19 14:16:59.028 W/AsyncLayoutInflater( 2677): 	at com.miui.internal.variable.v21.Android_View_View_class.access$000(Android_View_View_class.java:22)
08-19 14:16:59.028 W/AsyncLayoutInflater( 2677): 	at com.miui.internal.variable.v21.Android_View_View_class$1.refreshDrawableState(Android_View_View_class.java:88)
08-19 14:16:59.028 W/AsyncLayoutInflater( 2677): 	at android.view.View.refreshDrawableState(View.java:23585)
08-19 14:16:59.028 W/AsyncLayoutInflater( 2677): 	at com.miui.internal.util.TaggingDrawableHelper.tagView(TaggingDrawableHelper.java:203)
08-19 14:16:59.028 W/AsyncLayoutInflater( 2677): 	at com.miui.internal.util.TaggingDrawableHelper.tagChildSequenceState(TaggingDrawableHelper.java:59)
08-19 14:16:59.028 W/AsyncLayoutInflater( 2677): 	at com.miui.internal.variable.v16.Android_View_ViewGroup_class.handleAddInArray(Android_View_ViewGroup_class.java:96)
08-19 14:16:59.028 W/AsyncLayoutInflater( 2677): 	at com.miui.internal.variable.v21.Android_View_ViewGroup_class.access$000(Android_View_ViewGroup_class.java:23)
08-19 14:16:59.028 W/AsyncLayoutInflater( 2677): 	at com.miui.internal.variable.v21.Android_View_ViewGroup_class$1.addInArray(Android_View_ViewGroup_class.java:171)
08-19 14:16:59.028 W/AsyncLayoutInflater( 2677): 	at android.view.ViewGroup.addInArray(ViewGroup.java:5380)
08-19 14:16:59.028 W/AsyncLayoutInflater( 2677): 	at android.view.ViewGroup.addViewInner(ViewGroup.java:5295)
08-19 14:16:59.028 W/AsyncLayoutInflater( 2677): 	at android.view.ViewGroup.addView(ViewGroup.java:5102)
08-19 14:16:59.028 W/AsyncLayoutInflater( 2677): 	at android.view.ViewGroup.addView(ViewGroup.java:5071)
08-19 14:16:59.028 W/AsyncLayoutInflater( 2677): 	at android.view.LayoutInflater.rInflate(LayoutInflater.java:1129)
08-19 14:16:59.028 W/AsyncLayoutInflater( 2677): 	at android.view.LayoutInflater.rInflateChildren(LayoutInflater.java:1086)
08-19 14:16:59.028 W/AsyncLayoutInflater( 2677): 	at android.view.LayoutInflater.inflate(LayoutInflater.java:684)
08-19 14:16:59.028 W/AsyncLayoutInflater( 2677): 	at android.view.LayoutInflater.inflate(LayoutInflater.java:536)
08-19 14:16:59.028 W/AsyncLayoutInflater( 2677): 	at androidx.asynclayoutinflater.view.AsyncLayoutInflater$InflateThread.runInner(AsyncLayoutInflater.java:189)
08-19 14:16:59.028 W/AsyncLayoutInflater( 2677): 	at androidx.asynclayoutinflater.view.AsyncLayoutInflater$InflateThread.run(AsyncLayoutInflater.java:203)
08-19 14:16:59.029 D/SurfaceUtils( 1354): connecting to surface 0xf1007808, reason onShutdown
08-19 14:16:59.030 D/AudioTrack( 1354): ~AudioTrack(sessionID=1849)
08-19 14:16:59.031 D/AudioTrack( 1354): stop(sessionID=1849)
08-19 14:16:59.031 D/AudioTrack( 1354): stop(140): prior state:STATE_ACTIVE
08-19 14:16:59.031 D/AudioTrack( 1354): stop(140): called with 0 frames delivered
08-19 14:16:59.031 E/AudioFlinger(  996): open /proc/1354/cmdline error
08-19 14:16:59.031 I/AudioFlinger(  996): setAppName(), name=[], active=[0]
08-19 14:16:59.031 V/EffectMiSound(  902): MiSound_command() start, cmdCode=24
08-19 14:16:59.031 V/EffectMiSound(  902): MiSound_Command EFFECT_CMD_SET_APP_NAME: stream=3, name=-
08-19 14:16:59.032 E/s_input (26302): ThreadInputSteam str:ThreadInputSteam read{"action":2,"action_id":1629353818739,"data":[{"icon":"iVBORw0KGgoAAAANSUhEUgAAAJUAAACVCAYAAABRorhPAAAABHNCSVQICAgIfAhkiAAAIABJREFU\neJzlnXuQH9dV5z+nf695aEYaaUayZPkR25JlK7Et7IAdA3EC2QTYVLYW0FIkS+Kwi/MAqrZ4BRao\nCbVhK3FeGHa3lCI4JARSUooAzpqQkDiJY+dhOcT4gZ+yrddY78fMaF6/X5/9o3/dv9u37+3u32hm\nNOM9qp+m+95zv/fcc8899/Tt7tvC/2c0OqrBtdfSYJDeCjSqdQa1xeVhyNVN5YqKcFGobBJYrzCA\n0qtKj0BNlSbKNMKUKuPAMYGxMGQM4QUVnpJZ9tX6ON2CmVMvMj02xvToqIQXut1LSXKhBVgsGh3V\n4MZ/T8/4GH09PYyosgXYhnAZymaBSxU2ogwp1FRV0Kistv8m52AdRMdq8iiIoKrSRDiNMgbsBw6K\n8mIr5GkNeCaoMNasM3XPGab37JTWoirhAtHLyKhU7ruPytQUfa0aa6aFyyrKzcCPh8o20EFgAKRB\nqAGkjQKyxpRKM9JNI/Pmx+kioSgzqE6oyNlQeaaiPDALD4SzPM80p2dnmfyVX6EpIibaiqUVb1T3\n3quNuTprWi1GUDYHNW7QkJ9Q5YdVdACN2uj0Pi7PYx67DMbq9lxclxECAorKOYS9onxNYW8TDgbC\nseZZTt1+u0x3q4flRCvWqO69VxvnalwbBNyAcqPAdlW2AusVrWa8jc/7QNagCrxTBsdjcDauqwzQ\nUjiO8gzoE0jwkLR4ZLKfx+94s5xzt35504oyqtFRDXbsoL/Vx/VUuEWU16nq9YgMEdKjdOIiSHdy\nV1ObwZtrTCbP+eMqMKNwSkOekEDuo8m3TszwyIP9jK+k+GtFGNXoqAavejWXSC83oPyoKLcpXAda\nd05VFHS8WuxdeB+nwZQI7OeB21TkUVXuF7hf5ni4p4f9O1eAcS17o7r3mzoyPcdtIrxJlB2hskWE\nflWV+XgfV7633DLABc6J8Jy29AdI8OXmFF/75V+WwyxjWpZGpary2X9kYKCX16iyM1RuATaL0gsE\nikbBd2iXI92hZp69UmTHTjm8ebiuGMyL64rtvLhxVC+qimrItIgcBr6rwufryjd+8Rc5vRyvGJed\nUd11lzY2b+fWIGCnhrxBYZNAQ9tXcaj6g18jzU4v49Xmg1smppofrrb/pLpINWQW4SWQr6N8bvYc\n37zjjuUV0C8ro/r0I9q/+hTvCVu8A7gMtC8xJgTV7LB2Got9XhDP5E5nObi2QS0sblzAajdCe2RN\nK7JfkM9NnuFPf/VX5QTLhJaFUe3apbUNV3OzKH8ShuyIlBwrUjqjFohmvngUt1nO00sUGeGFxS3W\nAxI8pcKvH3iWr4+OyiwXmC6oUe3erZXeYV7ZVN6h8EugayM9tRWWUrKhRNLxiNeDmOcFnbfccCNn\n5NKDG1dFTgUqe0Lhk4O9PHwhrxIvmFHt3q299WFeh/B7KDeFqo2iq6ZUukfR81lDuvC46uERkhjS\nZUyZY2miPAby/lPH+cpv/RbnYOkD+SU3ql17tTZ8mkukwk9JyHsUtgkaFCnfTl+oTi2ayuZ7EeDE\nNXlS+ZYHTk4kiq0s/FxcJER5AXRX2Az+bs0aXti5c2mnxCU1qrvv057VLXYEAbcDbwY2qCJR3BCP\nyo7Lj6lorafQu5T0PvPBTUKdeePGR0ZAnvwR/AbnxxVQkJOK/qMS/LnO8dBSXiEumVHt/oqurld5\nkyrvRLkV6FNVyRgTOD2R04uYPB5vkIK5wLgdY1IHrh2IG8XmY/yCEsoUsBeVTzWb/N93v1uOsgS0\nJEZ1z3063IKfBd6lIddr1OSIEkV2OSrN85yOt9MvJG7H+Ox2Wm236stMd17cbBsEVFWeUtG7qxL8\n1TvfydhiL5guulF98Ys6NNvLHcDbBbaoaiXFYCjNnkZ8MYTNm/ESFi7q6XSznCOtrPfJLZekxQJZ\ncdJ545aSN0TkBdDPNqvB/37v7fISi0iLalRf+pKunaqH/x0N3qqqI0AQ583nvl2mL/IwuvQ+ubiu\n6cWHm5mW1DpfKNz0uV3GgRsCJ5HgbwkZveMOGWORaNGMavdX9eIavE/hF0nWn9pVlrjV4lS21Smu\nkbn8cH0eqoQezPMceV28XlzlrAh/06oFH3rPO2Ufi0CLYlRf+LZeLtP8mYbcptCX3MByNdY4LuzU\n9KDPHfFl4o754KZkLIUbZ6Sv7srgZtqRV1cZXE0gpyDYK/Bf3vUueYYFpgU3qt1f1YvrAbvCFm8A\nrQHuR1Ssc9fUkGLxGKFrxBaMVK8MZe4R+nEN47E8Umap4ELLG4kYigR7Wy1+/r3vlQMsIAXFLOXp\nS1/StTV4n4bcBtSi5zZcnJI2Ho8CnQqxlWyTA9ey3U6WgeuWc764QmRMkKzB+cbvhZA3Wr+paKg3\niITv37VLNxagdUUL5qm++EUdmuvh9xXeAQypMeXFNJ+bsvMpl5kCTJ4Flie5zbIouN3JW9h2GwMU\nlXFUd5+bDn73N39TjrMAtCCe6p57dHi2wR0KbwVdq9ZDQFCu47HS1FEuw1OQn+JZAFxn+mLhUiK/\nC4PKeK8QUdVBhZ/rbYS/8fGPT2xou9nzovM2qt1f0dWtXn6WgLer6kgkuCSCexWtOcc5vFqAq+eJ\nmxw7cNUql1ouKMI1ZSnCVQdGAa7LG2blTctgHK5G2Fmv9r911y7WcZ50XlZ5933aM9TiLQrvU+VV\nirGwqbQv+jrD2OedchcyXcoo8noOrDxckehXCaBWg0Yd6nWoViEQCIJIUaFCGEa/ZhNmZ5XpGWF2\nVmm1onQNc+rqQl5vOwvanuLpAlegpcgzgny4eoK/uWN0/vcK521Uu/Zqbeg0N1WVUeAN5utRnYam\nbw57G9w+KLUMANnpzOUB7HOHx6pUoK8X+vugtxdW9UXnfb3Q2wf1GlQrEZ+076S0WtFvdhampmDy\nHEyeUyYm28eT0W9uzt+O7m7p+NudHKpVpgyugydqojyoIn+oygO//usywzyoOp9CAMOnuUSE21X1\nVlzG2W6tN4bI8FrFHWmpdHUWc+LaWJUKrF0D60dg7VBkTL09UG9EnknEP9aqbY319cGaNdFxGMLM\nDExNw8SkcuIkHDkCx44bxuUR1pns0pM9sBzpTm/owfUYrSB6I6HeHlSCI6r6xHzuE87LqHbv1l6F\nnxLlzUBf3gjMtK5gBBYaRc5xkZsXiTzQJRfDpRfD4Cqo1SNDAiHHlnIpCISeHqWnB1avFtaPwOaN\nsP+g8vwLMD5BdhmghLxF+Zn0ktOdzWPmi9JQ5Y3a5N8++EEOAmdymu6krtW4e7dWgjW8MRC9E+Ea\nDZHMSwltgcu4bzPdZ5S2oRW5fFd9QQAXb4TLNsPIcOSZ8jzS+ZKqMj0Nx47BvheUAwdgdq68vBme\nIj1QrN/SA1lQDXlOJPh9Dfi7bqfBrrX6t1/T67XF/yLkFqS9e4prhMUCmiMjdeAo51OGC9eX5igH\nsO0q2HJlFD9VKkv3bGKrpUyeU55+Bh57DJrxk+Pn66EcbS9jZN41qyxuiPKoavieU+PV73Szx1ZX\n09+uXVrTFu8QuCkUDZzTjykg6TTnCNXMqT8/6wwLO6cSwKuuga1XQW3eEeT8KQhgYJVw3Suhr1f5\n3kPRlaMpY3xs/EmocBEUh35K4LrCEws3UGW7Erytp4fH6WIa7Gqdau2V3KzKL6VeUjC8UYZswR28\nGaMriWuvK7kUHQhs2wLbtkK9JojIok55LorrrNeFq7cK170quqJUx2Cy16ewz7ELpMvEesjFtfHz\ncNGqwC80qvxEV20uy/jpf9L+/gr3a0t3mAKp5zhOKOPKM8bkSEu13zAmb5rA5
08-19 14:16:59.033 W/Zygote  (26926): Got runOnce=true
