08-19 14:16:50.812 I/AudioFlinger(  996): checkForGameParameter_l() set events appname=+com.vmos.app
08-19 14:16:50.812 D/audio_hw_primary(  902): in_set_parameters: enter: kvpairs=appname=+com.vmos.app
08-19 14:16:50.812 D/audio_hw_primary(  902): in_set_parameters:not kara app, return !
08-19 14:16:50.812 E/device_utils(  902): update_device_list: Invalid device: 0
08-19 14:16:50.813 D/audio_hw_primary(  902): adev_create_audio_patch: enter: num sources 1, num_sinks 1, handle 0
08-19 14:16:50.813 D/audio_hw_primary(  902): adev_create_audio_patch: Capture patch from device 80000004 to mix 206
08-19 14:16:50.813 D/audio_hw_primary(  902): update_patch: enter
08-19 14:16:50.813 D/audio_hw_primary(  902): route_input_stream: exit: status(0)
08-19 14:16:50.813 D/audio_hw_primary(  902): adev_create_audio_patch: Added a new patch with handle 26
08-19 14:16:50.813 D/audio_hw_primary(  902): adev_create_audio_patch: exit: num sources 1, num_sinks 1, handle 26
08-19 14:16:50.814 W/TelephonyPermissions( 2989): reportAccessDeniedToReadIdentifiers:com.vmos.app:getIccSerialNumber:1
08-19 14:16:50.814 D/AudioPolicyManagerCustom(  996): startInput: setCaptureState true for sva
08-19 14:16:50.814 I/SoundTriggerModule(Service)( 1783): setExternalCaptureState: mRecognitionAvailable =false active =true
08-19 14:16:50.815 I/SoundTriggerModule(Service)( 1783): setExternalCaptureState: abortActiveRecognitions
08-19 14:16:50.815 I/SoundTriggerMiddlewareLogging( 1783): setCaptureState[this=com.android.server.soundtrigger_middleware.SoundTriggerMiddlewareImpl@255d377, caller=1041/996](true)
08-19 14:16:50.816 D/AudioPolicyManagerCustom(  996): startInput input 206 source = 1 exit
08-19 14:16:50.817 D/AudioService(26302): broadcastRecorderState:com.vmos.app
08-19 14:16:50.817 D/AudioRecord(26302): stop mSessionID=1801
08-19 14:16:50.817 D/AudioRecord(26302): stop(133): mActive:1
08-19 14:16:50.817 I/PowerCheckerService( 5940): uid:10288 change to active
08-19 14:16:50.817 I/AppActiveChecker( 5940): uid:10288 change to active
08-19 14:16:50.817 W/TelephonyPermissions( 2989): reportAccessDeniedToReadIdentifiers:com.vmos.app:getImeiForSlot:1
08-19 14:16:50.817 W/TelephonyPermissions( 2989): reportAccessDeniedToReadIdentifiers:com.vmos.app:getDeviceId:1
08-19 14:16:50.819 E/FMQ     (  902): grantorIdx must be less than 3
08-19 14:16:50.819 E/FMQ     (  902): grantorIdx must be less than 3
08-19 14:16:50.819 W/TelephonyPermissions( 2989): reportAccessDeniedToReadIdentifiers:com.vmos.app:getDeviceId:1
08-19 14:16:50.819 E/FMQ     (  996): grantorIdx must be less than 3
08-19 14:16:50.819 E/FMQ     (  996): grantorIdx must be less than 3
08-19 14:16:50.826 D/audio_hw_primary(  902): start_input_stream: enter: stream(0xed53e280)usecase(23: audio-record)device(80000004)
08-19 14:16:50.827 D/audio_hw_primary(  902): select_devices for use case (audio-record)
08-19 14:16:50.827 D/ultrasound_extn(  902): ultrasound_select_devices_pre ultrasound_enabled:0 usecase(audio-record), devices:-2147483644 in_snd_device(136, handset-mic), out_snd_device(0, )
08-19 14:16:50.827 D/ultrasound_extn(  902): dump_usecase_list: start ======================================
08-19 14:16:50.827 D/ultrasound_extn(  902): dump_usecase_list: enter sensor_activated:0 hw_port_enabled:0 suspended:0
08-19 14:16:50.827 D/ultrasound_extn(  902): dump_usecase_list: select_devices_pre usecase[#0]:(23, audio-record) in_dev:(0, ) out_dv:(0, )
08-19 14:16:50.827 D/ultrasound_extn(  902): dump_usecase_list: end ======================================
08-19 14:16:50.827 I/msm8974_platform(  902): platform_check_and_set_capture_codec_backend_cfg:txbecf: afe: bitwidth 16, samplerate 8000, channel 1 format 1, backend_idx 6 usecase = 23 device (handset-mic)
08-19 14:16:50.827 I/msm8974_platform(  902): platform_check_capture_codec_backend_cfg:txbecf: afe: Codec selected backend: 6 current bit width: 16 and sample rate: 8000, channels 1 format 1
08-19 14:16:50.827 W/msm8974_platform(  902): platform_get_backend_index:napb: Invalid device - 0 
08-19 14:16:50.827 I/msm8974_platform(  902): platform_check_capture_codec_backend_cfg:txbecf: afe: current backend bit_width 16 sample_rate 48000 channels 1, format 0
08-19 14:16:50.827 I/msm8974_platform(  902): platform_check_capture_codec_backend_cfg:txbecf: afe: Codec backend needs to be updated. new bit width: 16 new sample rate: 8000 new channel: 1 new format: 1
08-19 14:16:50.827 I/msm8974_platform(  902): platform_set_codec_backend_cfg:becf: afe: bitwidth 16, samplerate 8000 channels 1 format 1, backend_idx 6 device (handset-mic)
08-19 14:16:50.828 W/SurfaceFlinger( 1001): eEarlyWakeup is deprecated. Use eExplicitEarlyWakeup[Start|End]
08-19 14:16:50.828 W/SurfaceFlinger( 1001): eEarlyWakeup is deprecated. Use eExplicitEarlyWakeup[Start|End]
08-19 14:16:50.830 D/CompatibilityInfo( 1783): mCompatibilityFlags - 0
08-19 14:16:50.830 D/msm8974_platform(  902): platform_set_codec_backend_cfg:becf: afe: TX_CDC_DMA_TX_3 SampleRate set to KHZ_48
08-19 14:16:50.830 D/CompatibilityInfo( 1783): applicationDensity - 440
08-19 14:16:50.830 D/CompatibilityInfo( 1783): applicationScale - 1.0
08-19 14:16:50.832 I/MiuiNetworkPolicy( 1783): updateUidState uid = 10189, uidState = 3
08-19 14:16:50.832 D/msm8974_platform(  902): platform_set_codec_backend_cfg:becf: afe: RX_CDC_DMA_RX_0 SampleRate mixer set to (KHZ_48)48000 sample_rate(local)
08-19 14:16:50.833 D/msm8974_platform(  902): platform_set_codec_backend_cfg:becf: afe: TERT_TDM_RX_0 SampleRate mixer set to (KHZ_96)96000 sample_rate(local)
08-19 14:16:50.833 D/msm8974_platform(  902): platform_get_mixer_control: mixer ctl not obtained
08-19 14:16:50.833 D/msm8974_platform(  902): platform_set_codec_backend_cfg:becf: afe: Display Port RX SampleRate mixer set to (KHZ_48)48000 sample_rate(local)
08-19 14:16:50.833 D/msm8974_platform(  902): platform_set_codec_backend_cfg:becf: afe: Display Port1 RX SampleRate mixer set to (KHZ_48)48000 sample_rate(local)
08-19 14:16:50.834 D/NdkImageReader( 3002): acquireImageLocked: Producer buffer usage: 333, doesn't cover all usage bits AImageReader configured: 100003
08-19 14:16:50.834 I/NetworkScheduler.Stats( 3549): Task com.google.android.gms/com.google.android.gms.auth.account.be.legacy.AuthCronService started execution. cause:5 exec_start_elapsed_seconds: 8837 [CONTEXT service_id=218 ]
08-19 14:16:50.835 D/msm8974_platform(  902): platform_set_codec_backend_cfg:becf: afe: USB_AUDIO_RX SampleRate mixer set to (KHZ_48)48000 sample_rate(local)
08-19 14:16:50.835 D/msm8974_platform(  902): platform_set_codec_backend_cfg:becf: afe: TX_CDC_DMA_TX_3 SampleRate mixer set to (KHZ_48)48000 sample_rate(local)
08-19 14:16:50.835 D/msm8974_platform(  902): platform_set_codec_backend_cfg:becf: afe: USB_AUDIO_TX SampleRate mixer set to (KHZ_48)48000 sample_rate(local)
08-19 14:16:50.835 D/msm8974_platform(  902): platform_get_mixer_control: mixer ctl not obtained
08-19 14:16:50.835 I/NetworkScheduler.Stats( 3549): Task com.google.android.gms/com.google.android.gms.auth.account.be.legacy.AuthCronService finished executing. cause:5 result: 1 elapsed_millis: 11 uptime_millis: 12 exec_start_elapsed_seconds: 8837 [CONTEXT service_id=218 ]
08-19 14:16:50.835 D/msm8974_platform(  902): platform_set_codec_backend_cfg:becf: afe: QUAT_MI2S_TX SampleRate mixer set to (KHZ_48)48000 sample_rate(local)
08-19 14:16:50.836 D/msm8974_platform(  902): platform_get_mixer_control: mixer ctl not obtained
08-19 14:16:50.836 D/audio_hw_primary(  902): check_usecases_capture_codec_backend:becf: force routing 1
08-19 14:16:50.836 D/hardware_info(  902): hw_info_append_hw_type : device_name = handset-mic
08-19 14:16:50.836 D/msm8974_platform(  902): platform_split_snd_device: snd_device(136) num devices(0) new_snd_devices(0)
08-19 14:16:50.836 D/audio_hw_primary(  902): enable_snd_device: snd_device(136: handset-mic)[SND_DEVICE_IN_HANDSET_MIC]
08-19 14:16:50.836 D/msm8974_platform(  902): platform_get_island_cfg_on_device:island cfg status on snd_device = (handset-mic 0)
08-19 14:16:50.836 D/soundtrigger(  902): audio HAL using same device 136 as ST
08-19 14:16:50.836 I/soundtrigger(  902): audio_extn_sound_trigger_update_device_status: device 0x88 of type 1 for Event 1, with Raise=0
08-19 14:16:50.836 D/audio_route(  902): Apply path: handset-mic
08-19 14:16:50.836 E/audio_route(  902): Path: handset-mic, length: 12
08-19 14:16:50.836 E/audio_route(  902):   id=0: ctl=TX_CDC_DMA_TX_3 Channels
08-19 14:16:50.836 E/audio_route(  902):     id=0 value=1
08-19 14:16:50.836 E/audio_route(  902):   id=1: ctl=TX DEC1 MUX
08-19 14:16:50.836 E/audio_route(  902):     id=0 value=1
08-19 14:16:50.836 E/audio_route(  902):   id=2: ctl=TX SMIC MUX1
08-19 14:16:50.836 E/audio_route(  902):     id=0 value=1
08-19 14:16:50.836 E/audio_route(  902):   id=3: ctl=TX_AIF1_CAP Mixer DEC1
08-19 14:16:50.836 E/audio_route(  902):     id=0 value=1
08-19 14:16:50.836 E/audio_route(  902):   id=4: ctl=ADC1_MIXER Switch
08-19 14:16:50.836 E/audio_route(  902):     id=0 value=1
08-19 14:16:50.836 E/audio_route(  902):   id=5: ctl=ADC1 Volume
08-19 14:16:50.836 E/audio_route(  902):     id=0 value=6
08-19 14:16:50.836 E/audio_route(  902):   id=6: ctl=TX DEC0 MUX
08-19 14:16:50.836 E/audio_route(  902):     id=0 value=1
08-19 14:16:50.836 E/audio_route(  902):   id=7: ctl=TX SMIC MUX0
08-19 14:16:50.836 E/audio_route(  902):     id=0 value=4
08-19 14:16:50.836 E/audio_route(  902):   id=8: ctl=ADC4_MIXER Switch
08-19 14:16:50.836 E/audio_route(  902):     id=0 value=1
08-19 14:16:50.836 E/audio_route(  902):   id=9: ctl=TX_AIF1_CAP Mixer DEC0
08-19 14:16:50.836 E/audio_route(  902):     id=0 value=1
08-19 14:16:50.836 E/audio_route(  902):   id=10: ctl=ADC4 MUX
08-19 14:16:50.836 E/audio_route(  902):     id=0 value=0
08-19 14:16:50.836 E/audio_route(  902):   id=11: ctl=ADC4 Volume
08-19 14:16:50.836 E/audio_route(  902):     id=0 value=6
08-19 14:16:50.836 D/audio_route(  902): audio_route_apply_and_update_path name handset-mic
08-19 14:16:50.842 W/SurfaceFlinger( 1001): eEarlyWakeup is deprecated. Use eExplicitEarlyWakeup[Start|End]
08-19 14:16:50.842 W/SurfaceFlinger( 1001): eEarlyWakeup is deprecated. Use eExplicitEarlyWakeup[Start|End]
08-19 14:16:50.844 I/audio_hw_primary(  902): is_sva_concurrent_app: list each app com.vmos.app
08-19 14:16:50.844 D/soundtrigger(  902): audio HAL using same device 136 as ST
08-19 14:16:50.844 D/soundtrigger(  902): audio_extn_sound_trigger_update_stream_status: uc_info->id 23 of type 1 for Event 3, with Raise=0
08-19 14:16:50.844 D/audio_hw_utils(  902): audio_extn_utils_send_app_type_cfg: usecase->in_snd_device handset-mic
08-19 14:16:50.844 D/msm8974_platform(  902): platform_split_snd_device: snd_device(136) num devices(0) new_snd_devices(0)
08-19 14:16:50.844 D/audio_hw_utils(  902): audio_extn_btsco_get_sample_rate:Not a BT SCO device, need not update sampling rate
08-19 14:16:50.844 I/audio_hw_utils(  902): send_app_type_cfg_for_device CAPTURE app_type 69938, acdb_dev_id 4, sample_rate 48000, snd_device_be_idx 194
08-19 14:16:50.845 D/msm8974_platform(  902): platform_split_snd_device: snd_device(136) num devices(1) new_snd_devices(0)
08-19 14:16:50.845 D/audio_hw_utils(  902): audio_extn_btsco_get_sample_rate:Not a BT SCO device, need not update sampling rate
08-19 14:16:50.845 D/ACDB-LOADER(  902): ACDB -> send_audio_cal, acdb_id = 4, path = 1, app id = 0x11132, sample rate = 48000, afe_sample_rate = 48000
08-19 14:16:50.845 D/ACDB-LOADER(  902): ACDB -> send_asm_topology
08-19 14:16:50.845 D/ACDB-LOADER(  902): ACDB -> ACDB_CMD_GET_AUDPROC_STREAM_TOPOLOGY_ID
08-19 14:16:50.845 D/ACDB-LOADER(  902): ACDB -> send_adm_topology
08-19 14:16:50.845 D/ACDB-LOADER(  902): ACDB -> ACDB_CMD_GET_AUDPROC_COMMON_TOPOLOGY_ID
08-19 14:16:50.845 D/ACDB-LOADER(  902): ACDB -> send_audtable
08-19 14:16:50.845 D/ACDB-LOADER(  902): ACDB -> ACDB_CMD_GET_AUDPROC_INSTANCE_COMMON_TABLE_SIZE
08-19 14:16:50.845 D/ACDB-LOADER(  902): ACDB -> ACDB_CMD_GET_AUDPROC_INSTANCE_COMMON_TABLE
08-19 14:16:50.845 D/ACDB-LOADER(  902): ACDB -> AUDIO_SET_AUDPROC_CAL cal_type[11] acdb_id[4] app_type[69938]
08-19 14:16:50.845 D/ACDB-LOADER(  902): ACDB -> ACDB_CMD_GET_PERSISTENT_AUDPROC_INSTANCE_COMMON_TABLE_SIZE
08-19 14:16:50.845 D/android.hardware.audio.service(  902): [Data Manager]-> No data found
08-19 14:16:50.845 D/ACDB-LOADER(  902): Error: ACDB_CMD_GET_PERSISTENT_AUDPROC_INSTANCE_COMMON_TABLE_SIZE returned -18
08-19 14:16:50.845 D/ACDB-LOADER(  902): ACDB -> send_audproc_persist_table -18 
08-19 14:16:50.845 D/ACDB-LOADER(  902): Error: Invalid Audproc persist size = -18
08-19 14:16:50.845 D/ACDB-LOADER(  902): ACDB -> ACDB_CMD_GET_AUDPROC_INSTANCE_STREAM_TABLE_SIZE
08-19 14:16:50.845 D/ACDB-LOADER(  902): ACDB -> send_audstrmtable
08-19 14:16:50.845 D/ACDB-LOADER(  902): ACDB -> ACDB_CMD_GET_AUDPROC_INSTANCE_STREAM_TABLE
08-19 14:16:50.845 D/ACDB-LOADER(  902): ACDB -> audstrm_cal->cal_type.cal_data.cal_size = 20
08-19 14:16:50.845 D/ACDB-LOADER(  902): ACDB -> send_afe_topology
08-19 14:16:50.845 D/ACDB-LOADER(  902): ACDB -> ACDB_CMD_GET_AFE_TOPOLOGY_ID
08-19 14:16:50.845 D/ACDB-LOADER(  902): ACDB -> GET_AFE_TOPOLOGY_ID for adcd_id 4, Topology Id 112fb
08-19 14:16:50.845 D/ACDB-LOADER(  902): ACDB -> send_afe_cal
08-19 14:16:50.845 D/ACDB-LOADER(  902): ACDB -> ACDB_CMD_GET_AFE_INSTANCE_COMMON_TABLE_SIZE
08-19 14:16:50.845 D/android.hardware.audio.service(  902): Failed to fetch the lookup information of the device 00000004 
08-19 14:16:50.845 D/ACDB-LOADER(  902): Error: ACDB_CMD_GET_AFE_INSTANCE_COMMON_TABLE_SIZE Returned = -19
08-19 14:16:50.845 D/ACDB-LOADER(  902): ACDB -> ACDB_CMD_GET_AFE_INSTANCE_COMMON_TABLE
08-19 14:16:50.845 D/android.hardware.audio.service(  902): Failed to fetch the lookup information of the device 00000004 
08-19 14:16:50.845 D/ACDB-LOADER(  902): Error: ACDB AFE returned = -19
08-19 14:16:50.845 D/ACDB-LOADER(  902): ACDB -> AUDIO_SET_AFE_CAL cal_type[17] acdb_id[4]
08-19 14:16:50.845 I/CameraManagerGlobal(26302): Connecting to camera service
08-19 14:16:50.845 D/ACDB-LOADER(  902): ACDB -> send_hw_delay : acdb_id = 4 path = 1
08-19 14:16:50.845 D/ACDB-LOADER(  902): ACDB -> ACDB_AVSYNC_INFO: ACDB_CMD_GET_DEVICE_PROPERTY
08-19 14:16:50.845 D/audio_hw_primary(  902): enable_audio_route: apply mixer and update path: audio-record
08-19 14:16:50.845 D/audio_route(  902): Apply path: audio-record
08-19 14:16:50.845 E/audio_route(  902): Path: audio-record, length: 1
08-19 14:16:50.845 E/audio_route(  902):   id=0: ctl=MultiMedia1 Mixer TX_CDC_DMA_TX_3
08-19 14:16:50.845 E/audio_route(  902):     id=0 value=1
08-19 14:16:50.845 E/audio_route(  902):     id=1 value=1
08-19 14:16:50.845 D/audio_route(  902): audio_route_apply_and_update_path name audio-record
08-19 14:16:50.845 D/ultrasound_extn(  902): ultrasound_select_devices_post: enter: engine_suspended: 0
08-19 14:16:50.845 D/ultrasound_extn(  902): dump_usecase_list: start ======================================
08-19 14:16:50.845 D/ultrasound_extn(  902): dump_usecase_list: enter sensor_activated:0 hw_port_enabled:0 suspended:0
08-19 14:16:50.845 D/ultrasound_extn(  902): dump_usecase_list: select_devices_post usecase[#0]:(23, audio-record) in_dev:(136, handset-mic) out_dv:(0, )
08-19 14:16:50.845 D/ultrasound_extn(  902): dump_usecase_list: TERT_TDM_RX_0 SampleRate		 KHZ_96
08-19 14:16:50.845 D/ultrasound_extn(  902): dump_usecase_list: TERT_TDM_RX_0 Format		 S24_LE
08-19 14:16:50.846 D/ultrasound_extn(  902): dump_usecase_list: TERT_TDM_RX_0 Channels		 Two
08-19 14:16:50.846 D/ultrasound_extn(  902): dump_usecase_list: TERT_TDM_RX_1 SampleRate		 KHZ_96
08-19 14:16:50.846 D/ultrasound_extn(  902): dump_usecase_list: TERT_TDM_RX_1 Format		 S24_LE
08-19 14:16:50.846 D/ultrasound_extn(  902): dump_usecase_list: TERT_TDM_RX_1 Channels		 One
08-19 14:16:50.846 D/ultrasound_extn(  902): dump_usecase_list: end ======================================
08-19 14:16:50.846 D/audio_hw_primary(  902): select_devices: done
08-19 14:16:50.846 I/audio_hw_primary(  902): is_miuicamera_app: list each app com.vmos.app
08-19 14:16:50.848 W/ServiceManager( 1339): Permission failure: android.permission.CAMERA_OPEN_CLOSE_LISTENER from uid=10288 pid=26302
08-19 14:16:50.848 W/CameraManagerGlobal(26302): [soar.cts] ignore the status update of camera: 2
08-19 14:16:50.848 W/CameraManagerGlobal(26302): [soar.cts] ignore the status update of camera: 3
08-19 14:16:50.848 W/CameraManagerGlobal(26302): [soar.cts] ignore the status update of camera: 4
08-19 14:16:50.848 W/CameraManagerGlobal(26302): [soar.cts] ignore the status update of camera: 5
08-19 14:16:50.848 W/CameraManagerGlobal(26302): [soar.cts] ignore the status update of camera: 6
08-19 14:16:50.848 W/CameraManagerGlobal(26302): [soar.cts] ignore the status update of camera: 7
08-19 14:16:50.848 W/CameraManagerGlobal(26302): ignore the torch status update of camera: 2
08-19 14:16:50.848 W/CameraManagerGlobal(26302): ignore the torch status update of camera: 3
08-19 14:16:50.848 W/CameraManagerGlobal(26302): ignore the torch status update of camera: 4
08-19 14:16:50.848 W/CameraManagerGlobal(26302): ignore the torch status update of camera: 5
08-19 14:16:50.848 W/CameraManagerGlobal(26302): ignore the torch status update of camera: 6
08-19 14:16:50.849 I/CameraMetadataJV(26302): setAppNameAndSensorId all [com.ludashi:0,add,8000x6000,33,false]
08-19 14:16:50.849 I/CameraMetadataJV(26302): setAppNameAndSensorId all [com.ludashi:1,add,5184x3880,33,false]
08-19 14:16:50.849 I/CameraMetadataJV(26302): setAppNameAndSensorId all [com.antutu:0,ssize,8000x6000,0,false]
08-19 14:16:50.849 I/CameraMetadataJV(26302): setAppNameAndSensorId all [com.antutu:1,ssize,5184x3880,0,false]
08-19 14:16:50.849 I/CameraMetadataJV(26302): setAppNameAndSensorId all [com.tencent.mobileqq:1,limit,1920x1080,0,false]
08-19 14:16:50.859 W/SurfaceFlinger( 1001): eEarlyWakeup is deprecated. Use eExplicitEarlyWakeup[Start|End]
08-19 14:16:50.861 W/SurfaceFlinger( 1001): eEarlyWakeup is deprecated. Use eExplicitEarlyWakeup[Start|End]
08-19 14:16:50.861 W/SurfaceFlinger( 1001): eEarlyWakeup is deprecated. Use eExplicitEarlyWakeup[Start|End]
08-19 14:16:50.861 W/SurfaceFlinger( 1001): eEarlyWakeup is deprecated. Use eExplicitEarlyWakeup[Start|End]
08-19 14:16:50.865 D/NdkImageReader( 3002): acquireImageLocked: Producer buffer usage: 333, doesn't cover all usage bits AImageReader configured: 100003
08-19 14:16:50.867 W/TelephonyPermissions( 2989): reportAccessDeniedToReadIdentifiers:com.vmos.app:getDeviceId:1
08-19 14:16:50.868 W/TelephonyPermissions( 1783): reportAccessDeniedToReadIdentifiers:com.vmos.app:getSerial:-1
08-19 14:16:50.869 W/TelephonyPermissions( 2989): reportAccessDeniedToReadIdentifiers:com.vmos.app:getSubscriberId:1
08-19 14:16:50.870 W/TelephonyPermissions( 2989): reportAccessDeniedToReadIdentifiers:com.vmos.app:getDeviceId:1
08-19 14:16:50.871 W/TelephonyPermissions( 1783): reportAccessDeniedToReadIdentifiers:com.vmos.app:getSerial:-1
08-19 14:16:50.875 W/SurfaceFlinger( 1001): eEarlyWakeup is deprecated. Use eExplicitEarlyWakeup[Start|End]
08-19 14:16:50.876 W/SurfaceFlinger( 1001): eEarlyWakeup is deprecated. Use eExplicitEarlyWakeup[Start|End]
08-19 14:16:50.884 D/audio_hw_primary(  902): check_and_set_karaok_parameters: is karaok rx device 0, is karaok tx device 0
08-19 14:16:50.884 D/audio_hw_primary(  902): check_and_set_karaok_parameters: is karaok rx device 0, is karaok tx device 0
08-19 14:16:50.884 D/audio_hw_primary(  902): start_input_stream: exit
08-19 14:16:50.892 W/SurfaceFlinger( 1001): eEarlyWakeup is deprecated. Use eExplicitEarlyWakeup[Start|End]
08-19 14:16:50.892 W/SurfaceFlinger( 1001): eEarlyWakeup is deprecated. Use eExplicitEarlyWakeup[Start|End]
08-19 14:16:50.896 D/NdkImageReader( 3002): acquireImageLocked: Producer buffer usage: 333, doesn't cover all usage bits AImageReader configured: 100003
08-19 14:16:50.902 I/hpplay-java(26302): [AsyncTask #2]:HttpRequest:doPost responseCode:200
08-19 14:16:50.902 I/hpplay-java(26302): [AsyncTask #2]:AsyncHttpJob:doInBackground result: HttpResult{resultType=0, result='{"status":200,"data":{"server_time":1629353811198,"expire_time":12,"prot_ver":"3.0","dmr_name":"lebo","scan_time":60,"tid":13723,"uid":"-3647525294672941166","hid":"1B647780CCD54069ECD986EA5690D1F6C","reg_time":1629349172140,"token":"c1fbfb2c11c8b8e71629353811","ip":"119.123.173.176"}}', responseCode=200}
08-19 14:16:50.903 D/CrashReport(26302): checkServerTrusted
08-19 14:16:50.903 D/AudioFlinger(  996): updateWakeLockUids_l AudioIn_CE uids:
08-19 14:16:50.903 I/system_server( 1783): oneway function results will be dropped but finished with status OK and parcel size 4
08-19 14:16:50.903 D/audio_hw_primary(  902): in_standby: enter: stream (0xed53e280) usecase(23: audio-record)
08-19 14:16:50.903 D/CrashReport(26302): checkServerTrusted
08-19 14:16:50.909 W/SurfaceFlinger( 1001): eEarlyWakeup is deprecated. Use eExplicitEarlyWakeup[Start|End]
08-19 14:16:50.910 W/SurfaceFlinger( 1001): eEarlyWakeup is deprecated. Use eExplicitEarlyWakeup[Start|End]
08-19 14:16:50.919 I/audio_hw_primary(  902): is_miuicamera_app: list each app com.vmos.app
08-19 14:16:50.919 D/audio_hw_primary(  902): disable_audio_route: reset and update mixer path: audio-record
08-19 14:16:50.919 V/audio_route(  902): Reset path: audio-record
08-19 14:16:50.919 D/audio_route(  902): audio_route_reset_and_update_path name audio-record
08-19 14:16:50.920 D/soundtrigger(  902): audio HAL using same device 136 as ST
08-19 14:16:50.920 D/soundtrigger(  902): audio_extn_sound_trigger_update_stream_status: uc_info->id 23 of type 1 for Event 2, with Raise=0
08-19 14:16:50.920 D/hardware_info(  902): hw_info_append_hw_type : device_name = handset-mic
08-19 14:16:50.920 D/audio_hw_primary(  902): disable_snd_device: snd_device(136: handset-mic)[SND_DEVICE_IN_HANDSET_MIC]
08-19 14:16:50.920 D/msm8974_platform(  902): platform_split_snd_device: snd_device(136) num devices(0) new_snd_devices(0)
08-19 14:16:50.920 V/audio_route(  902): Reset path: handset-mic
08-19 14:16:50.920 D/audio_route(  902): audio_route_reset_and_update_path name handset-mic
08-19 14:16:50.921 D/soundtrigger(  902): audio HAL using same device 136 as ST
08-19 14:16:50.921 I/soundtrigger(  902): audio_extn_sound_trigger_update_device_status: device 0x88 of type 1 for Event 0, with Raise=0
08-19 14:16:50.921 D/APM_AudioPolicyManager(  996): stopInput() IoHandle 206 uid 10288
08-19 14:16:50.922 D/AppOpsAdapter(11833): using permission notify! 131072 , groundState 0
08-19 14:16:50.922 D/audio_hw_primary(  902): adev_release_audio_patch: Enter() Remove patch with handle 26
08-19 14:16:50.922 D/audio_hw_primary(  902): route_input_stream: exit: status(0)
08-19 14:16:50.922 D/audio_hw_primary(  902): adev_release_audio_patch: exit() Successfully released patch 26
08-19 14:16:50.922 D/APM_AudioPolicyManager(  996): resetInputDevice() releaseAudioPatch returned 0
08-19 14:16:50.922 D/APM_AudioPolicyManager(  996): stopInput: setCaptureState false for sva
08-19 14:16:50.922 I/system_server( 1783): oneway function results will be dropped but finished with status OK and parcel size 4
08-19 14:16:50.923 I/SoundTriggerModule(Service)( 1783): setExternalCaptureState: mRecognitionAvailable =true active =false
08-19 14:16:50.923 I/SoundTriggerMiddlewareLogging( 1783): setCaptureState[this=com.android.server.soundtrigger_middleware.SoundTriggerMiddlewareImpl@255d377, caller=1041/996](false)
08-19 14:16:50.923 I/BehaviorRecord-Monitor( 4989): com.vmos.app , perm: 131072 , active false , current size: 0 , foreground com.vmos.app
08-19 14:16:50.924 D/AudioFlinger(  996): updateWakeLockUids_l AudioIn_CE uids:
08-19 14:16:50.924 I/AudioFlinger(  996): checkForGameParameter_l() set events appname=-com.vmos.app
08-19 14:16:50.924 D/audio_hw_primary(  902): in_set_parameters: enter: kvpairs=appname=-com.vmos.app
08-19 14:16:50.924 D/audio_hw_primary(  902): in_set_parameters:not kara app, return !
08-19 14:16:50.924 I/system_server( 1783): oneway function results will be dropped but finished with status OK and parcel size 4
08-19 14:16:50.924 D/AudioPolicyManagerCustom(  996): stopInput() input 206 [uid=10288]
08-19 14:16:50.924 I/system_server( 1783): oneway function results will be dropped but finished with status OK and parcel size 4
08-19 14:16:50.924 D/AudioService(26302): broadcastRecorderState:com.vmos.app
08-19 14:16:50.924 D/AudioRecord(26302): stop mSessionID=1801
08-19 14:16:50.924 D/AudioRecord(26302): stop(133): mActive:0
08-19 14:16:50.924 D/AudioService(26302): broadcastRecorderState:com.vmos.app
08-19 14:16:50.924 D/AudioRecord(26302): stop mSessionID=1801
08-19 14:16:50.924 D/AudioRecord(26302): stop(133): mActive:0
08-19 14:16:50.924 I/system_server( 1783): oneway function results will be dropped but finished with status OK and parcel size 4
08-19 14:16:50.924 D/AudioRecord(26302): stop mSessionID=1801
08-19 14:16:50.924 D/AudioRecord(26302): stop(133): mActive:0
08-19 14:16:50.924 I/PowerCheckerService( 5940): uid:10288change to inactive
08-19 14:16:50.924 I/AppActiveChecker( 5940): uid:10288change to inactive
08-19 14:16:50.925 D/APM_AudioPolicyManager(  996): releaseInput IoHandle 206 uid 10288
08-19 14:16:50.925 D/APM_AudioPolicyManager(  996): closeInput(206)
08-19 14:16:50.925 W/SurfaceFlinger( 1001): eEarlyWakeup is deprecated. Use eExplicitEarlyWakeup[Start|End]
08-19 14:16:50.925 W/SurfaceFlinger( 1001): eEarlyWakeup is deprecated. Use eExplicitEarlyWakeup[Start|End]
08-19 14:16:50.926 D/AudioFlinger(  996): updateWakeLockUids_l AudioIn_CE uids:
08-19 14:16:50.927 D/APM_AudioPolicyManager(  996): closeInput: setCaptureState false for sva
08-19 14:16:50.927 I/system_server( 1783): oneway function results will be dropped but finished with status OK and parcel size 4
08-19 14:16:50.927 I/SoundTriggerModule(Service)( 1783): setExternalCaptureState: mRecognitionAvailable =true active =false
08-19 14:16:50.927 I/system_server( 1783): oneway function results will be dropped but finished with status OK and parcel size 4
08-19 14:16:50.927 I/system_server( 1783): oneway function results will be dropped but finished with status OK and parcel size 4
08-19 14:16:50.927 I/SoundTriggerMiddlewareLogging( 1783): setCaptureState[this=com.android.server.soundtrigger_middleware.SoundTriggerMiddlewareImpl@255d377, caller=1041/996](false)
08-19 14:16:50.927 D/APM_AudioPolicyManager(  996): releaseInput exit
08-19 14:16:50.928 D/audio_hw_primary(  902): adev_close_input_stream: enter:stream_handle(0xed53e280)
08-19 14:16:50.928 D/audio_hw_primary(  902): io_streams_map_remove: Removed stream with handle 206
08-19 14:16:50.928 D/soundtrigger(  902): audio_extn_sound_trigger_check_ec_ref_enable: EC Reference is disabled
08-19 14:16:50.928 D/sound_trigger_hw(  902): handle_audio_ec_ref_enabled: Enter
08-19 14:16:50.928 W/ServiceManager( 1339): Permission failure: android.permission.SYSTEM_CAMERA from uid=10288 pid=26302
08-19 14:16:50.929 W/ServiceManager( 1339): Permission failure: android.permission.SYSTEM_CAMERA from uid=10288 pid=26302
08-19 14:16:50.929 W/ServiceManager( 1339): Permission failure: android.permission.SYSTEM_CAMERA from uid=10288 pid=26302
08-19 14:16:50.929 W/ServiceManager( 1339): Permission failure: android.permission.SYSTEM_CAMERA from uid=10288 pid=26302
08-19 14:16:50.929 I/chatty  ( 1339): uid=1047(cameraserver) Binder:1339_2 identical 1 line
08-19 14:16:50.929 W/ServiceManager( 1339): Permission failure: android.permission.SYSTEM_CAMERA from uid=10288 pid=26302
08-19 14:16:50.930 E/libc    (26302): Access denied finding property "vendor.camera.hal1.packagelist"
08-19 14:16:50.930 D/NdkImageReader( 3002): acquireImageLocked: Producer buffer usage: 333, doesn't cover all usage bits AImageReader configured: 100003
08-19 14:16:50.930 I/ProcessManager( 1783): freeMemory: 5579784 cameraThreshold: 2621440
08-19 14:16:50.930 D/sound_trigger_hw(  902): handle_audio_ec_ref_enabled: Exit audio ec ref=0
08-19 14:16:50.930 D/soundtrigger(  902): audio_extn_sound_trigger_update_ec_ref_status: update audio echo ref status false
08-19 14:16:50.930 D/audio_hw_primary(  902): in_standby: enter: stream (0xed53e280) usecase(23: audio-record)
08-19 14:16:50.930 D/audio_hw_primary(  902): adev_close_input_stream: exit:stream_handle(0xed53e280)
08-19 14:16:50.930 I/DisplayFrameSetting( 5940): onReceive camera uid=10288 state=1 pkg=com.vmos.app
08-19 14:16:50.931 I/DisplayFrameSetting( 5940): setScreenEffect pkg=com.vmos.app fps=60 cookie=252
08-19 14:16:50.931 V/AF::RecordTrack(  996): ~RecordTrack()
08-19 14:16:50.931 W/ServiceManager( 1339): Permission failure: android.permission.SYSTEM_CAMERA from uid=10288 pid=26302
08-19 14:16:50.931 I/CameraService( 1339): CameraService::connect call (PID -1 "com.vmos.app", camera ID 0) for HAL version default and Camera API version 1
08-19 14:16:50.931 I/Camera2ClientBase( 1339): Camera 0: Opened. Client: com.vmos.app (PID 26302, UID 10288)
08-19 14:16:50.931 D/DisplayFeatureHal(  967): setFeatureEnable: FeatureId=FPS_SWITCH_STATE modeId=60 cookie=252
08-19 14:16:50.931 D/DisplayFeatureHal(  967): current wcg state 0, setting to 0
08-19 14:16:50.931 I/DisplayFeatureHal(  967): preHandleFpsSwitch: Camera app set input_fps[60], current_fps[60], cookie[252], mSmartFpsEnable[0]
08-19 14:16:50.931 I/DisplayFeatureHal(  967): preHandleFpsSwitch: pending fps(60)
08-19 14:16:50.931 I/DisplayFeatureHal(  967): HandleFpsSwitch: pending_fps[60], current_fps[60], doze_pending_fps[0], mSmartFpsEnable[0]
08-19 14:16:50.931 I/DisplayFeatureHal(  967): HandleFpsSwitch: smart[60], settings[60], thermal[0], power[0], video[0], game[0], app[60], last_module[Camera]
08-19 14:16:50.931 E/CameraProviderManager( 1339): setPropHal: setprop clitname key persist.vendor.camera.clientname v com.vmos.app failed
08-19 14:16:50.931 I/ThermalSwitchHandler( 5940): writeThermalId success id=12
08-19 14:16:50.932 I/mi_thermald( 1323): v_algo_init
08-19 14:16:50.932 I/mi_thermald( 1323): generic_set_level: set generic device battery to 0
08-19 14:16:50.932 I/mi_thermald( 1323): generic_set_level: set generic device temp_state to 0
08-19 14:16:50.932 I/mi_thermald( 1323): special_target_modify: set generic device boost_limit to 0
08-19 14:16:50.932 I/mi_thermald( 1323): generic_set_level: set generic device gpu to 0
08-19 14:16:50.932 I/mi_thermald( 1323): generic_set_level: set generic device thermal_hbm_disabled to 0
08-19 14:16:50.932 I/mi_thermald( 1323): generic_set_level: set generic device backlight-clone to 0
08-19 14:16:50.932 W/ActivityManager( 1783): Sending non-protected broadcast action_temp_state_change from system 5940:com.miui.powerkeeper/1000 pkg com.miui.powerkeeper. Callers=
08-19 14:16:50.932 I/mi_thermald( 1323): generic_set_level: set generic device modem_ul to 0
08-19 14:16:50.932 W/ActivityManager( 1783): Sending non-protected broadcast action_temp_state_change from system 5940:com.miui.powerkeeper/1000 pkg com.miui.powerkeeper. Callers=
08-19 14:16:50.932 I/mi_thermald( 1323): generic_set_level: set generic device modem_dl to 0
08-19 14:16:50.933 I/mi_thermald( 1323): parse_thermal_config
08-19 14:16:50.933 I/mi_thermald( 1323): [CAMERA-SS-CPU4]
08-19 14:16:50.933 I/mi_thermald( 1323): algo_type	ss
08-19 14:16:50.933 I/mi_thermald( 1323): sensor	VIRTUAL-SENSOR0
08-19 14:16:50.933 I/mi_thermald( 1323): device	cpu4
08-19 14:16:50.933 I/mi_thermald( 1323): polling	1000
08-19 14:16:50.933 I/mi_thermald( 1323): trig		37000	39000	41000	43000	45000	48000	
08-19 14:16:50.933 I/mi_thermald( 1323): clr		35000	37000	39000	41000	43000	45000	
08-19 14:16:50.933 I/mi_thermald( 1323): target	2246400	1766400	1478400	1286400	1056000	710400	
08-19 14:16:50.933 I/mi_thermald( 1323): 
08-19 14:16:50.933 I/mi_thermald( 1323): [CAMERA-SS-CPU7]
08-19 14:16:50.933 I/mi_thermald( 1323): algo_type	ss
08-19 14:16:50.933 I/mi_thermald( 1323): sensor	VIRTUAL-SENSOR0
08-19 14:16:50.933 I/mi_thermald( 1323): device	cpu7
08-19 14:16:50.933 I/mi_thermald( 1323): polling	1000
08-19 14:16:50.933 I/mi_thermald( 1323): trig		37000	39000	41000	43000	45000	48000	
08-19 14:16:50.934 I/mi_thermald( 1323): clr		35000	37000	39000	41000	43000	45000	
08-19 14:16:50.934 I/mi_thermald( 1323): target	2457600	1862400	1401600	1305600	1075200	844800	
08-19 14:16:50.934 I/mi_thermald( 1323): 
08-19 14:16:50.934 I/mi_thermald( 1323): [CAMERA-MONITOR-BAT]
08-19 14:16:50.934 I/mi_thermald( 1323): algo_type	monitor
08-19 14:16:50.934 I/mi_thermald( 1323): sensor	VIRTUAL-SENSOR0
08-19 14:16:50.934 I/mi_thermald( 1323): device	battery
08-19 14:16:50.934 I/mi_thermald( 1323): polling	2000
08-19 14:16:50.934 I/mi_thermald( 1323): trig		37000	39000	41000	43000	45000	48000	60000	
08-19 14:16:50.934 I/mi_thermald( 1323): clr		35000	37000	39000	41000	43000	45000	48000	
08-19 14:16:50.934 I/mi_thermald( 1323): target	503	503	804	1405	1407	1412	1515	
08-19 14:16:50.934 I/mi_thermald( 1323): 
08-19 14:16:50.934 I/mi_thermald( 1323): [CAMERA-MONITOR-TEMP_STATE]
08-19 14:16:50.934 I/mi_thermald( 1323): algo_type	monitor
08-19 14:16:50.934 I/mi_thermald( 1323): sensor	VIRTUAL-SENSOR0
08-19 14:16:50.934 I/mi_thermald( 1323): device	temp_state
08-19 14:16:50.934 I/mi_thermald( 1323): polling	2000
08-19 14:16:50.934 I/mi_thermald( 1323): trig		45000	48000	52000	
08-19 14:16:50.934 I/mi_thermald( 1323): clr		43000	45000	50000	
08-19 14:16:50.934 I/mi_thermald( 1323): target	10100000	10100004	12400001	
08-19 14:16:50.934 I/mi_thermald( 1323): 
08-19 14:16:50.934 I/mi_thermald( 1323): [CAMERA-MONITOR-CCC]
08-19 14:16:50.935 I/mi_thermald( 1323): algo_type	monitor
08-19 14:16:50.935 I/mi_thermald( 1323): sensor	VIRTUAL-SENSOR0
08-19 14:16:50.935 I/mi_thermald( 1323): device	hotplug_cpu4+hotplug_cpu5+hotplug_cpu6+hotplug_cpu7
08-19 14:16:50.935 I/mi_thermald( 1323): polling	2000
08-19 14:16:50.935 I/mi_thermald( 1323): trig		50000	
08-19 14:16:50.935 I/mi_thermald( 1323): clr		48000	
08-19 14:16:50.935 I/mi_thermald( 1323): target	1+1+1+1	
08-19 14:16:50.935 I/mi_thermald( 1323): 
08-19 14:16:50.935 I/mi_thermald( 1323): [CAMERA-MONITOR-BOOST_LIMIT]
08-19 14:16:50.935 I/mi_thermald( 1323): algo_type	monitor
08-19 14:16:50.935 I/mi_thermald( 1323): sensor	VIRTUAL-SENSOR0
08-19 14:16:50.935 I/mi_thermald( 1323): device	boost_limit
08-19 14:16:50.935 I/mi_thermald( 1323): polling	2000
08-19 14:16:50.935 I/mi_thermald( 1323): trig		55000	
08-19 14:16:50.935 I/mi_thermald( 1323): clr		53000	
08-19 14:16:50.935 I/mi_thermald( 1323): target	1	
08-19 14:16:50.935 I/mi_thermald( 1323): 
08-19 14:16:50.935 I/mi_thermald( 1323): [CAMERA-MONITOR-BCL]
08-19 14:16:50.935 I/mi_thermald( 1323): algo_type	monitor
08-19 14:16:50.935 I/mi_thermald( 1323): sensor	BAT_SOC
08-19 14:16:50.936 I/mi_thermald( 1323): device	cpu4+hotplug_cpu5+hotplug_cpu6
08-19 14:16:50.936 I/mi_thermald( 1323): polling	2000
08-19 14:16:50.936 I/mi_thermald( 1323): trig		5	
08-19 14:16:50.936 I/mi_thermald( 1323): clr		6	
08-19 14:16:50.936 I/mi_thermald( 1323): target	1286400+1+1	
08-19 14:16:50.936 I/mi_thermald( 1323): reverse	1
08-19 14:16:50.936 I/mi_thermald( 1323): 
08-19 14:16:50.936 I/mi_thermald( 1323): [CAMERA-MONITOR-GPU]
08-19 14:16:50.936 I/mi_thermald( 1323): algo_type	monitor
08-19 14:16:50.936 I/mi_thermald( 1323): sensor	VIRTUAL-SENSOR0
08-19 14:16:50.936 I/mi_thermald( 1323): device	gpu
08-19 14:16:50.936 I/mi_thermald( 1323): polling	2000
08-19 14:16:50.936 I/mi_thermald( 1323): trig		41000	43000	45000	
08-19 14:16:50.936 I/mi_thermald( 1323): clr		39000	41000	43000	
08-19 14:16:50.936 I/mi_thermald( 1323): target	0	1	2	
08-19 14:16:50.936 I/mi_thermald( 1323): 
08-19 14:16:50.936 I/mi_thermald( 1323): [CAMERA-MONITOR-HBM]
08-19 14:16:50.937 I/mi_thermald( 1323): algo_type	monitor
08-19 14:16:50.937 I/mi_thermald( 1323): sensor	VIRTUAL-SENSOR0
08-19 14:16:50.937 I/mi_thermald( 1323): device	thermal_hbm_disabled
08-19 14:16:50.937 I/mi_thermald( 1323): polling	2000
08-19 14:16:50.937 I/mi_thermald( 1323): trig		40000	
08-19 14:16:50.937 I/mi_thermald( 1323): clr		38000	
08-19 14:16:50.937 I/mi_thermald( 1323): target	1	
08-19 14:16:50.937 I/mi_thermald( 1323): 
08-19 14:16:50.937 I/mi_thermald( 1323): [CAMERA-MONITOR-BACKLIGHT]
08-19 14:16:50.937 I/mi_thermald( 1323): algo_type	monitor
08-19 14:16:50.937 I/mi_thermald( 1323): sensor	VIRTUAL-SENSOR0
08-19 14:16:50.937 I/CameraService( 1339): onTorchStatusChangedLocked: Torch status changed for cameraId=0, newStatus=0
08-19 14:16:50.937 I/mi_thermald( 1323): device	backlight-clone
08-19 14:16:50.937 I/mi_thermald( 1323): polling	2000
08-19 14:16:50.937 I/mi_thermald( 1323): trig		37000	39000	42000	45000	47000	49000	
08-19 14:16:50.937 I/mi_thermald( 1323): clr		35000	37000	39000	42000	45000	47000	
08-19 14:16:50.937 I/mi_thermald( 1323): target	2048	4096	4914	6143	7044	7290	
08-19 14:16:50.937 I/mi_thermald( 1323): 
08-19 14:16:50.937 I/mi_thermald( 1323): [CAMERA-MODEM-UL]
08-19 14:16:50.937 I/mi_thermald( 1323): algo_type	monitor
08-19 14:16:50.937 E/CameraManagerGlobal( 4507): Camera 4 is not available. Ignore physical camera status change
08-19 14:16:50.937 E/CameraManagerGlobal(21670): Camera 4 is not available. Ignore physical camera status change
08-19 14:16:50.937 I/mi_thermald( 1323): sensor	VIRTUAL-SENSOR0
08-19 14:16:50.937 E/CameraManagerGlobal( 4507): Camera 5 is not available. Ignore physical camera status change
08-19 14:16:50.937 E/CameraManagerGlobal(21670): Camera 5 is not available. Ignore physical camera status change
08-19 14:16:50.937 I/mi_thermald( 1323): device	modem_ul
08-19 14:16:50.938 I/mi_thermald( 1323): polling	2000
08-19 14:16:50.938 E/CameraManagerGlobal(26302): Camera 4 is not available. Ignore physical camera status change
08-19 14:16:50.938 I/mi_thermald( 1323): trig		48000	
08-19 14:16:50.938 I/mi_thermald( 1323): clr		43000	
08-19 14:16:50.938 E/CameraManagerGlobal(26302): Camera 5 is not available. Ignore physical camera status change
08-19 14:16:50.938 I/mi_thermald( 1323): target	1	
08-19 14:16:50.938 I/mi_thermald( 1323): 
08-19 14:16:50.938 E/CameraManagerGlobal(27841): Camera 4 is not available. Ignore physical camera status change
08-19 14:16:50.938 I/mi_thermald( 1323): [CAMERA-MODEM-DL]
08-19 14:16:50.938 E/CameraManagerGlobal(27841): Camera 5 is not available. Ignore physical camera status change
08-19 14:16:50.938 E/CamX    (  918): [ERROR][HAL    ] camxhal3module.cpp:131 ReserveTorchForCamera() map logicalCameraId 0
08-19 14:16:50.938 I/mi_thermald( 1323): algo_type	monitor
08-19 14:16:50.938 I/mi_thermald( 1323): sensor	VIRTUAL-SENSOR0
08-19 14:16:50.938 I/mi_thermald( 1323): device	modem_dl
08-19 14:16:50.938 I/CameraProviderManager( 1339): Camera device device@3.5/legacy/0 torch status is now NOT_AVAILABLE
08-19 14:16:50.938 I/mi_thermald( 1323): polling	2000
08-19 14:16:50.938 I/CameraService( 1339): onTorchStatusChangedLocked: Torch status changed for cameraId=0, newStatus=0
08-19 14:16:50.938 I/mi_thermald( 1323): trig		48000	
08-19 14:16:50.938 I/CameraProviderManager( 1339): Camera device device@3.5/legacy/1 torch status is now NOT_AVAILABLE
08-19 14:16:50.938 I/mi_thermald( 1323): clr		43000	
08-19 14:16:50.938 I/CameraService( 1339): onTorchStatusChangedLocked: Torch status changed for cameraId=1, newStatus=0
08-19 14:16:50.938 E/CameraService( 1339): onTorchStatusChangedLocked: cannot get torch status of camera 1: No such file or directory (-2)
08-19 14:16:50.938 I/mi_thermald( 1323): target	1	
08-19 14:16:50.938 I/CameraProviderManager( 1339): Camera device device@3.5/legacy/2 torch status is now NOT_AVAILABLE
08-19 14:16:50.938 I/mi_thermald( 1323): 
08-19 14:16:50.938 I/CameraService( 1339): onTorchStatusChangedLocked: Torch status changed for cameraId=2, newStatus=0
08-19 14:16:50.938 I/mi_thermald( 1323): ss_algo_init
08-19 14:16:50.938 I/mi_thermald( 1323): monitor_algo_init
08-19 14:16:50.938 I/CameraProviderManager( 1339): Camera device device@3.5/legacy/3 torch status is now NOT_AVAILABLE
08-19 14:16:50.938 I/CameraService( 1339): onTorchStatusChangedLocked: Torch status changed for cameraId=3, newStatus=0
08-19 14:16:50.938 I/mi_thermald( 1323): v_algo_init
08-19 14:16:50.938 W/CameraManagerGlobal(27841): ignore the torch status update of camera: 2
08-19 14:16:50.938 I/mi_thermald( 1323): change to config file /data/vendor/thermal/config/thermal-camera.conf success
08-19 14:16:50.938 I/CameraProviderManager( 1339): Camera device device@3.5/legacy/4 torch status is now NOT_AVAILABLE
08-19 14:16:50.938 W/CameraManagerGlobal(21670): ignore the torch status update of camera: 2
08-19 14:16:50.938 I/CameraService( 1339): onTorchStatusChangedLocked: Torch status changed for cameraId=4, newStatus=0
08-19 14:16:50.938 W/CameraManagerGlobal( 4507): ignore the torch status update of camera: 2
08-19 14:16:50.938 W/CameraManagerGlobal(21670): ignore the torch status update of camera: 3
08-19 14:16:50.938 W/CameraManagerGlobal( 4507): ignore the torch status update of camera: 3
08-19 14:16:50.938 W/CameraManagerGlobal( 4507): ignore the torch status update of camera: 4
08-19 14:16:50.938 W/CameraManagerGlobal(21670): ignore the torch status update of camera: 4
08-19 14:16:50.938 I/CameraProviderManager( 1339): Camera device device@3.5/legacy/5 torch status is now NOT_AVAILABLE
08-19 14:16:50.938 I/CameraService( 1339): onTorchStatusChangedLocked: Torch status changed for cameraId=5, newStatus=0
08-19 14:16:50.938 I/CameraProviderManager( 1339): Camera device device@3.5/legacy/6 torch status is now NOT_AVAILABLE
08-19 14:16:50.938 W/CameraManagerGlobal(26302): ignore the torch status update of camera: 2
08-19 14:16:50.938 I/CameraService( 1339): onTorchStatusChangedLocked: Torch status changed for cameraId=6, newStatus=0
08-19 14:16:50.938 W/CameraManagerGlobal(21670): ignore the torch status update of camera: 5
08-19 14:16:50.938 W/CameraManagerGlobal(26302): ignore the torch status update of camera: 3
08-19 14:16:50.939 W/CameraManagerGlobal( 4507): ignore the torch status update of camera: 5
08-19 14:16:50.939 W/CameraManagerGlobal(26302): ignore the torch status update of camera: 4
08-19 14:16:50.939 W/CameraManagerGlobal(26302): ignore the torch status update of camera: 5
08-19 14:16:50.939 W/CameraManagerGlobal( 4507): ignore the torch status update of camera: 6
08-19 14:16:50.939 W/CameraManagerGlobal(21670): ignore the torch status update of camera: 6
08-19 14:16:50.939 I/CameraProviderManager( 1339): Camera device device@3.5/legacy/7 torch status is now NOT_AVAILABLE
08-19 14:16:50.939 I/CameraService( 1339): onTorchStatusChangedLocked: Torch status changed for cameraId=7, newStatus=0
08-19 14:16:50.939 E/CameraService( 1339): onTorchStatusChangedLocked: cannot get torch status of camera 7: No such file or directory (-2)
08-19 14:16:50.939 W/CameraManagerGlobal(26302): ignore the torch status update of camera: 6
08-19 14:16:50.939 I/AudioFlinger(  996): setGameParameters keyvalue: cameraFacing=back
08-19 14:16:50.939 W/CameraManagerGlobal(27841): ignore the torch status update of camera: 3
08-19 14:16:50.939 W/CameraManagerGlobal(27841): ignore the torch status update of camera: 4
08-19 14:16:50.939 D/audio_hw_primary(  902): adev_set_parameters: enter: cameraFacing=back
08-19 14:16:50.939 W/CameraManagerGlobal(27841): ignore the torch status update of camera: 5
08-19 14:16:50.939 V/msm8974_platform(  902): platform_set_parameters: enter: cameraFacing=back
08-19 14:16:50.939 D/audio_hw_hfp(  902): hfp_set_parameters: enter
08-19 14:16:50.939 D/audio_hw_hfp(  902): hfp_set_parameters: enter
08-19 14:16:50.939 V/a2dp_offload(  902): end of a2dp setparam
08-19 14:16:50.939 W/CameraManagerGlobal(27841): ignore the torch status update of camera: 6
08-19 14:16:50.939 D/audio_hw_cspl_cal(  902): cirrus_cal_setparameters: enter 0xee803600
08-19 14:16:50.939 D/audio_hw_extn(  902): audio_extn_fm_set_parameters: Enter
08-19 14:16:50.939 D/audio_hw_hfp(  902): hfp_set_parameters: enter
08-19 14:16:50.939 V/a2dp_offload(  902): end of a2dp setparam
08-19 14:16:50.938 D/AppOpsAdapter(11833): using permission notify! 4096 , groundState 0
08-19 14:16:50.939 D/audio_hw_primary(  902): adev_set_parameters: exit with code(0)
08-19 14:16:50.939 I/hwservicemanager(  601): getTransport: Cannot find entry vendor.display.config@1.9::IDisplayConfig/default in either framework or device manifest.
08-19 14:16:50.939 W/VibratorManagementImpl( 1783): onCameraUnavailable with id0
08-19 14:16:50.939 E/CamX    (  918): [ERROR][FORMAT ] camxdisplayconfig.cpp:124 Initialize() IDisplayConfig service is NULL, version 1.9
08-19 14:16:50.941 E/libc    (  918): Access denied finding property "ro.camera.req.fmq.size"
08-19 14:16:50.941 E/FMQ     (  918): grantorIdx must be less than 3
08-19 14:16:50.941 E/libc    (  918): Access denied finding property "ro.camera.res.fmq.size"
08-19 14:16:50.941 W/SurfaceFlinger( 1001): eEarlyWakeup is deprecated. Use eExplicitEarlyWakeup[Start|End]
08-19 14:16:50.942 E/FMQ     (  918): grantorIdx must be less than 3
08-19 14:16:50.942 E/FMQ     ( 1339): grantorIdx must be less than 3
08-19 14:16:50.943 E/FMQ     ( 1339): grantorIdx must be less than 3
08-19 14:16:50.943 W/SurfaceFlinger( 1001): eEarlyWakeup is deprecated. Use eExplicitEarlyWakeup[Start|End]
08-19 14:16:50.944 W/Camera2-Parameters( 1339): initialize: Camera 0: Unknown preview format: 24
08-19 14:16:50.944 W/Camera2-Parameters( 1339): initialize: Camera 0: Unknown preview format: 25
08-19 14:16:50.944 E/Camera2-Parameters( 1339): Error finding static metadata entry 'android.distortionCorrection.availableModes' (1b0001)
08-19 14:16:50.944 I/Camera2-Parameters( 1339): Camera 0: Disabling ZSL mode
08-19 14:16:50.944 I/Camera2-Parameters( 1339): initialize: allowZslMode: 0 slowJpegMode 0
08-19 14:16:50.944 I/BehaviorRecord-Monitor( 4989): com.vmos.app , perm: 4096 , active true , current size: 1 , foreground com.vmos.app
08-19 14:16:50.945 E/CameraService( 1339): setNfcPolling: E
08-19 14:16:50.945 I/cmd     (26473): oneway function results will be dropped but finished with status OK and parcel size 4
08-19 14:16:50.945 E/CameraService( 1339): setNfcPolling: defaultServiceManager 0xeff6a620, nfc status will be 1
08-19 14:16:50.946 I/NfcService( 4103): update polling: true, old: false
08-19 14:16:50.946 E/CameraService( 1339): setNfcPolling: X
08-19 14:16:50.946 D/NfcService( 4103): mDisablePolling=true, mScreenState=8
08-19 14:16:50.946 D/NfcService( 4103): applyRouting enter - false
08-19 14:16:50.946 D/NfcService( 4103): computeDiscoveryParameters() screenState=8
08-19 14:16:50.946 D/NfcService( 4103): computeDiscoveryParameters: mDisablePolling = true
08-19 14:16:50.946 I/libnfc_nci( 4103): [INFO:NativeNfcManager.cpp(3490)] storeLastDiscoveryParams: enter
08-19 14:16:50.946 I/libnfc_nci( 4103): [INFO:NativeNfcManager.cpp(1718)] nfcManager_enableDiscovery: enter; tech_mask = 00
08-19 14:16:50.946 I/libnfc_nci( 4103): [INFO:PowerSwitch.cpp(154)] PowerSwitch::setLevel: level=PS-FULL (1)
08-19 14:16:50.946 I/libnfc_nci( 4103): [INFO:NativeNfcManager.cpp(3216)] startRfDiscovery: is start=0
08-19 14:16:50.946 I/libnfc_nci( 4103): [INFO:NativeNfcTag.cpp(2079)] nativeNfcTag_acquireRfInterfaceMutexLock: try to acquire lock
08-19 14:16:50.946 I/libnfc_nci( 4103): [INFO:NativeNfcTag.cpp(2082)] nativeNfcTag_acquireRfInterfaceMutexLock: sRfInterfaceMutex lock
08-19 14:16:50.946 I/libnfc_nci( 4103): [INFO:nfa_dm_api.cc(894)] NFA_StopRfDiscovery
08-19 14:16:50.946 W/ServiceManager( 1339): Permission failure: android.permission.SYSTEM_CAMERA from uid=10288 pid=26302
08-19 14:16:50.946 I/libnfc_nci( 4103): [INFO:nfa_sys_main.cc(77)] NFA got event 0x010F
08-19 14:16:50.946 I/libnfc_nci( 4103): [INFO:nfa_dm_main.cc(151)] event: NFA_DM_API_STOP_RF_DISCOVERY_EVT (0x0f)
08-19 14:16:50.946 I/libnfc_nci( 4103): [INFO:nfa_dm_act.cc(1388)] nfa_dm_act_stop_rf_discovery
08-19 14:16:50.946 W/ServiceManager( 1339): Permission failure: android.permission.SYSTEM_CAMERA from uid=10288 pid=26302
08-19 14:16:50.946 I/libnfc_nci( 4103): [INFO:nfa_dm_discover.cc(3015)] deactivate_type:0x0
08-19 14:16:50.946 I/libnfc_nci( 4103): [INFO:nfa_dm_discover.cc(2780)] state: DISCOVERY (1), event: DEACTIVATE_CMD(6) disc_flags: 0x2
08-19 14:16:50.946 I/libnfc_nci( 4103): [INFO:nfc_main.cc(1284)] NFC_Deactivate 4 (IDLE) deactivate_type:0
08-19 14:16:50.946 I/libnfc_nci( 4103): [INFO:nfc_ncif.cc(382)] nfc_ncif_send_cmd()
08-19 14:16:50.946 I/libnfc_nci( 4103): [INFO:NfcAdaptation.cc(722)] NfcAdaptation::HalWrite
08-19 14:16:50.946 D/NxpTml  (  944): PN54X - Write requested.....
08-19 14:16:50.946 D/NxpTml  (  944): PN54X - Invoking I2C Write.....
08-19 14:16:50.947 E/NxpTml  (  944): _i2c_write() errno : 5
08-19 14:16:50.947 E/NxpTml  (  944): PN54X - Error in I2C Write.....
08-19 14:16:50.947 D/NxpTml  (  944): PN54X - Posting Fresh Write message.....
08-19 14:16:50.947 D/NxpTml  (  944): PN54X - Tml Writer Thread Running................
08-19 14:16:50.947 E/NxpHal  (  944): write error status = 0x1ff
08-19 14:16:50.947 E/NxpHal  (  944): write_unlocked failed - PN54X Maybe in Standby Mode - Retry
08-19 14:16:50.950 I/DisplayFrameSetting( 5940): onReceive camera uid=10288 state=2 pkg=com.vmos.app
08-19 14:16:50.950 I/DisplayFrameSetting( 5940): setScreenEffect pkg=com.vmos.app fps=60 cookie=244
08-19 14:16:50.950 D/DisplayFeatureHal(  967): setFeatureEnable: FeatureId=FPS_SWITCH_STATE modeId=60 cookie=244
08-19 14:16:50.950 D/DisplayFeatureHal(  967): current wcg state 0, setting to 0
08-19 14:16:50.950 I/DisplayFeatureHal(  967): preHandleFpsSwitch: Default app set input_fps[60], current_fps[60], cookie[244], mSmartFpsEnable[0]
08-19 14:16:50.950 I/DisplayFeatureHal(  967): preHandleFpsSwitch: pending fps(60)
08-19 14:16:50.950 I/DisplayFeatureHal(  967): HandleFpsSwitch: pending_fps[60], current_fps[60], doze_pending_fps[0], mSmartFpsEnable[0]
08-19 14:16:50.950 I/DisplayFeatureHal(  967): HandleFpsSwitch: smart[60], settings[60], thermal[0], power[0], video[0], game[0], app[60], last_module[Default]
