08-19 14:16:55.540 D/audio_hw_cspl_cal(  902): cirrus_cal_setparameters: enter 0xee803600
08-19 14:16:55.540 D/audio_hw_extn(  902): audio_extn_fm_set_parameters: Enter
08-19 14:16:55.540 D/audio_hw_hfp(  902): hfp_set_parameters: enter
08-19 14:16:55.540 V/a2dp_offload(  902): end of a2dp setparam
08-19 14:16:55.540 D/audio_hw_primary(  902): adev_set_parameters: exit with code(0)
08-19 14:16:55.540 I/EffectMiSound(  902): Thread: setParam No.15
08-19 14:16:55.540 I/EffectMiSound(  902): MiSoundsetParameters_request: cal_devid=2;cal_apptype=69936;cal_caltype=0;cal_samplerate=48000;cal_topoid=0x1000a100;cal_moduleid=0x1000a100;cal_paramid=0x1000a101;cal_persist=1;cal_data=AAAAAA;
08-19 14:16:55.540 D/EffectMiSound(  902): clientRequest: write to server 264
08-19 14:16:55.540 W/audio_hw_con(  902): audio_handle_client_sock received client connect 57
08-19 14:16:55.540 D/audio_hw_primary(  902): adev_set_parameters: enter: cal_devid=2;cal_apptype=69936;cal_caltype=0;cal_samplerate=48000;cal_topoid=0x1000a100;cal_moduleid=0x1000a100;cal_paramid=0x1000a101;cal_persist=1;cal_data=AAAAAA;
08-19 14:16:55.540 V/msm8974_platform(  902): platform_set_parameters: enter: cal_persist=1;cal_devid=2;cal_moduleid=0x1000a100;cal_caltype=0;cal_apptype=69936;cal_paramid=0x1000a101;cal_topoid=0x1000a100;cal_samplerate=48000;cal_data=AAAAAA
08-19 14:16:55.540 D/msm8974_platform(  902): Setting audio calibration for snd_device(2) acdb_id(10011)
08-19 14:16:55.540 D/audio_hw_hfp(  902): hfp_set_parameters: enter
08-19 14:16:55.540 D/audio_hw_hfp(  902): hfp_set_parameters: enter
08-19 14:16:55.540 V/a2dp_offload(  902): end of a2dp setparam
08-19 14:16:55.540 D/audio_hw_cspl_cal(  902): cirrus_cal_setparameters: enter 0xee803600
08-19 14:16:55.540 D/audio_hw_extn(  902): audio_extn_fm_set_parameters: Enter
08-19 14:16:55.540 D/audio_hw_hfp(  902): hfp_set_parameters: enter
08-19 14:16:55.540 V/a2dp_offload(  902): end of a2dp setparam
08-19 14:16:55.540 D/audio_hw_primary(  902): adev_set_parameters: exit with code(0)
08-19 14:16:55.540 I/EffectMiSound(  902): Thread: setParam No.16
08-19 14:16:55.540 I/EffectMiSound(  902): MiSoundsetParameters_request: cal_devid=2;cal_apptype=69940;cal_caltype=0;cal_samplerate=48000;cal_topoid=0x1000a100;cal_moduleid=0x1000a100;cal_paramid=0x1000a101;cal_persist=1;cal_data=AAAAAA;
08-19 14:16:55.540 D/EffectMiSound(  902): clientRequest: write to server 264
08-19 14:16:55.540 W/audio_hw_con(  902): audio_handle_client_sock received client connect 57
08-19 14:16:55.540 D/audio_hw_primary(  902): adev_set_parameters: enter: cal_devid=2;cal_apptype=69940;cal_caltype=0;cal_samplerate=48000;cal_topoid=0x1000a100;cal_moduleid=0x1000a100;cal_paramid=0x1000a101;cal_persist=1;cal_data=AAAAAA;
08-19 14:16:55.540 V/msm8974_platform(  902): platform_set_parameters: enter: cal_persist=1;cal_devid=2;cal_moduleid=0x1000a100;cal_caltype=0;cal_apptype=69940;cal_paramid=0x1000a101;cal_topoid=0x1000a100;cal_samplerate=48000;cal_data=AAAAAA
08-19 14:16:55.540 D/msm8974_platform(  902): Setting audio calibration for snd_device(2) acdb_id(10011)
08-19 14:16:55.541 D/audio_hw_hfp(  902): hfp_set_parameters: enter
08-19 14:16:55.541 D/audio_hw_hfp(  902): hfp_set_parameters: enter
08-19 14:16:55.541 V/a2dp_offload(  902): end of a2dp setparam
08-19 14:16:55.541 D/audio_hw_cspl_cal(  902): cirrus_cal_setparameters: enter 0xee803600
08-19 14:16:55.541 D/audio_hw_extn(  902): audio_extn_fm_set_parameters: Enter
08-19 14:16:55.541 D/audio_hw_hfp(  902): hfp_set_parameters: enter
08-19 14:16:55.541 V/a2dp_offload(  902): end of a2dp setparam
08-19 14:16:55.541 D/audio_hw_primary(  902): adev_set_parameters: exit with code(0)
08-19 14:16:55.541 I/EffectMiSound(  902): Thread: setParam No.17
08-19 14:16:55.541 I/EffectMiSound(  902): MiSoundsetParameters_request: cal_devid=2;cal_apptype=69936;cal_caltype=0;cal_samplerate=88200;cal_topoid=0x1000a100;cal_moduleid=0x1000a100;cal_paramid=0x1000a101;cal_persist=1;cal_data=AAAAAA;
08-19 14:16:55.541 D/EffectMiSound(  902): clientRequest: write to server 264
08-19 14:16:55.541 W/audio_hw_con(  902): audio_handle_client_sock received client connect 57
08-19 14:16:55.541 D/audio_hw_primary(  902): adev_set_parameters: enter: cal_devid=2;cal_apptype=69936;cal_caltype=0;cal_samplerate=88200;cal_topoid=0x1000a100;cal_moduleid=0x1000a100;cal_paramid=0x1000a101;cal_persist=1;cal_data=AAAAAA;
08-19 14:16:55.541 V/msm8974_platform(  902): platform_set_parameters: enter: cal_persist=1;cal_devid=2;cal_moduleid=0x1000a100;cal_caltype=0;cal_apptype=69936;cal_paramid=0x1000a101;cal_topoid=0x1000a100;cal_samplerate=88200;cal_data=AAAAAA
08-19 14:16:55.541 D/msm8974_platform(  902): Setting audio calibration for snd_device(2) acdb_id(10011)
08-19 14:16:55.541 D/android.hardware.audio.service(  902): Failed to fetch the lookup information of the device 0000271B 
08-19 14:16:55.541 E/ACDB-LOADER(  902): [acdb_loader_store_set_audio_cal] ACDB settting parameters failed -1
08-19 14:16:55.541 D/audio_hw_hfp(  902): hfp_set_parameters: enter
08-19 14:16:55.541 D/audio_hw_hfp(  902): hfp_set_parameters: enter
08-19 14:16:55.541 V/a2dp_offload(  902): end of a2dp setparam
08-19 14:16:55.541 D/audio_hw_cspl_cal(  902): cirrus_cal_setparameters: enter 0xee803600
08-19 14:16:55.541 D/audio_hw_extn(  902): audio_extn_fm_set_parameters: Enter
08-19 14:16:55.541 D/audio_hw_hfp(  902): hfp_set_parameters: enter
08-19 14:16:55.541 V/a2dp_offload(  902): end of a2dp setparam
08-19 14:16:55.541 D/audio_hw_primary(  902): adev_set_parameters: exit with code(0)
08-19 14:16:55.541 I/EffectMiSound(  902): Thread: setParam No.18
08-19 14:16:55.541 I/EffectMiSound(  902): MiSoundsetParameters_request: cal_devid=2;cal_apptype=69940;cal_caltype=0;cal_samplerate=88200;cal_topoid=0x1000a100;cal_moduleid=0x1000a100;cal_paramid=0x1000a101;cal_persist=1;cal_data=AAAAAA;
08-19 14:16:55.541 D/EffectMiSound(  902): clientRequest: write to server 264
08-19 14:16:55.541 W/audio_hw_con(  902): audio_handle_client_sock received client connect 57
08-19 14:16:55.541 D/audio_hw_primary(  902): adev_set_parameters: enter: cal_devid=2;cal_apptype=69940;cal_caltype=0;cal_samplerate=88200;cal_topoid=0x1000a100;cal_moduleid=0x1000a100;cal_paramid=0x1000a101;cal_persist=1;cal_data=AAAAAA;
08-19 14:16:55.541 V/msm8974_platform(  902): platform_set_parameters: enter: cal_persist=1;cal_devid=2;cal_moduleid=0x1000a100;cal_caltype=0;cal_apptype=69940;cal_paramid=0x1000a101;cal_topoid=0x1000a100;cal_samplerate=88200;cal_data=AAAAAA
08-19 14:16:55.541 D/msm8974_platform(  902): Setting audio calibration for snd_device(2) acdb_id(10011)
08-19 14:16:55.541 D/android.hardware.audio.service(  902): Failed to fetch the lookup information of the device 0000271B 
08-19 14:16:55.541 E/ACDB-LOADER(  902): [acdb_loader_store_set_audio_cal] ACDB settting parameters failed -1
08-19 14:16:55.541 D/audio_hw_hfp(  902): hfp_set_parameters: enter
08-19 14:16:55.541 D/audio_hw_hfp(  902): hfp_set_parameters: enter
08-19 14:16:55.541 V/a2dp_offload(  902): end of a2dp setparam
08-19 14:16:55.541 D/audio_hw_cspl_cal(  902): cirrus_cal_setparameters: enter 0xee803600
08-19 14:16:55.541 D/audio_hw_extn(  902): audio_extn_fm_set_parameters: Enter
08-19 14:16:55.541 D/audio_hw_hfp(  902): hfp_set_parameters: enter
08-19 14:16:55.541 V/a2dp_offload(  902): end of a2dp setparam
08-19 14:16:55.541 D/audio_hw_primary(  902): adev_set_parameters: exit with code(0)
08-19 14:16:55.541 I/EffectMiSound(  902): Thread: setParam No.19
08-19 14:16:55.541 I/EffectMiSound(  902): MiSoundsetParameters_request: cal_devid=2;cal_apptype=69936;cal_caltype=0;cal_samplerate=96000;cal_topoid=0x1000a100;cal_moduleid=0x1000a100;cal_paramid=0x1000a101;cal_persist=1;cal_data=AAAAAA;
08-19 14:16:55.541 D/EffectMiSound(  902): clientRequest: write to server 264
08-19 14:16:55.541 W/audio_hw_con(  902): audio_handle_client_sock received client connect 57
08-19 14:16:55.541 D/audio_hw_primary(  902): adev_set_parameters: enter: cal_devid=2;cal_apptype=69936;cal_caltype=0;cal_samplerate=96000;cal_topoid=0x1000a100;cal_moduleid=0x1000a100;cal_paramid=0x1000a101;cal_persist=1;cal_data=AAAAAA;
08-19 14:16:55.541 V/msm8974_platform(  902): platform_set_parameters: enter: cal_persist=1;cal_devid=2;cal_moduleid=0x1000a100;cal_caltype=0;cal_apptype=69936;cal_paramid=0x1000a101;cal_topoid=0x1000a100;cal_samplerate=96000;cal_data=AAAAAA
08-19 14:16:55.541 D/msm8974_platform(  902): Setting audio calibration for snd_device(2) acdb_id(10011)
08-19 14:16:55.541 D/audio_hw_hfp(  902): hfp_set_parameters: enter
08-19 14:16:55.541 D/audio_hw_hfp(  902): hfp_set_parameters: enter
08-19 14:16:55.541 V/a2dp_offload(  902): end of a2dp setparam
08-19 14:16:55.541 D/audio_hw_cspl_cal(  902): cirrus_cal_setparameters: enter 0xee803600
08-19 14:16:55.541 D/audio_hw_extn(  902): audio_extn_fm_set_parameters: Enter
08-19 14:16:55.541 D/audio_hw_hfp(  902): hfp_set_parameters: enter
08-19 14:16:55.541 V/a2dp_offload(  902): end of a2dp setparam
08-19 14:16:55.541 D/audio_hw_primary(  902): adev_set_parameters: exit with code(0)
08-19 14:16:55.541 I/EffectMiSound(  902): Thread: setParam No.20
08-19 14:16:55.541 I/EffectMiSound(  902): MiSoundsetParameters_request: cal_devid=2;cal_apptype=69940;cal_caltype=0;cal_samplerate=96000;cal_topoid=0x1000a100;cal_moduleid=0x1000a100;cal_paramid=0x1000a101;cal_persist=1;cal_data=AAAAAA;
08-19 14:16:55.541 D/EffectMiSound(  902): clientRequest: write to server 264
08-19 14:16:55.541 W/audio_hw_con(  902): audio_handle_client_sock received client connect 57
08-19 14:16:55.541 D/audio_hw_extn(  902): audio_extn_fm_set_parameters: Enter
08-19 14:16:55.541 V/msm8974_platform(  902): platform_set_parameters: enter: cal_persist=1;cal_devid=2;cal_moduleid=0x1000a100;cal_caltype=0;cal_apptype=69940;cal_paramid=0x1000a101;cal_topoid=0x1000a100;cal_samplerate=192000;cal_data=AAAAAA
08-19 14:16:55.541 D/audio_hw_hfp(  902): hfp_set_parameters: enter
08-19 14:16:55.541 D/audio_hw_hfp(  902): hfp_set_parameters: enter
08-19 14:16:55.541 V/msm8974_platform(  902): platform_set_parameters: enter: cal_persist=1;cal_devid=2;cal_moduleid=0x1000a100;cal_caltype=0;cal_apptype=69940;cal_paramid=0x1000a101;cal_topoid=0x1000a100;cal_samplerate=48000;cal_data=AAAAAA
08-19 14:16:55.572 I/MiuiNetworkPolicy( 1783): bandwidth: 497 KB/s, Max bandwidth: 4964 KB/s
08-19 14:16:55.625 E/BitmapFactory(26302): Unable to decode stream: java.io.FileNotFoundException: /system/media/theme/miui_mod_icons/cn.wps.moffice_eng/2.png: open failed: ENOENT (No such file or directory)
08-19 14:16:55.626 I/cmd     (26882): oneway function results will be dropped but finished with status OK and parcel size 4
08-19 14:16:55.631 W/SQLiteQueryBuilder( 4515): Allowing abusive custom column: like
08-19 14:16:55.631 W/SQLiteQueryBuilder( 4515): Allowing abusive custom column: or
08-19 14:16:55.631 W/SQLiteQueryBuilder( 4515): Allowing abusive custom column: like
08-19 14:16:55.631 W/SQLiteQueryBuilder( 4515): Allowing abusive custom column: or
08-19 14:16:55.631 W/SQLiteQueryBuilder( 4515): Allowing abusive custom column: like
08-19 14:16:55.639 E/com.vmos.app(26302): Invalid ID 0x00000000.
08-19 14:16:55.647 W/System.err(26302): android.content.pm.PackageManager$NameNotFoundException: de.robv.android.xposed
08-19 14:16:55.647 W/System.err(26302): 	at android.app.ApplicationPackageManager.getPackageInfoAsUser(ApplicationPackageManager.java:207)
08-19 14:16:55.647 W/System.err(26302): 	at android.app.ApplicationPackageManager.getPackageInfo(ApplicationPackageManager.java:179)
08-19 14:16:55.647 W/System.err(26302): 	at com.ss.android.socialbase.appdownloader.f.d.f(SecurityUtils.java:210)
08-19 14:16:55.647 W/System.err(26302): 	at com.ss.android.socialbase.appdownloader.f.d.e(SecurityUtils.java:140)
08-19 14:16:55.647 W/System.err(26302): 	at com.ss.android.socialbase.appdownloader.f.d.a(SecurityUtils.java:44)
08-19 14:16:55.647 W/System.err(26302): 	at com.ss.android.downloadlib.g$1.run(TTDownloader.java:109)
08-19 14:16:55.647 W/System.err(26302): 	at java.util.concurrent.Executors$RunnableAdapter.call(Executors.java:462)
08-19 14:16:55.647 W/System.err(26302): 	at java.util.concurrent.FutureTask.run(FutureTask.java:266)
08-19 14:16:55.647 W/System.err(26302): 	at java.util.concurrent.ScheduledThreadPoolExecutor$ScheduledFutureTask.run(ScheduledThreadPoolExecutor.java:301)
08-19 14:16:55.647 W/System.err(26302): 	at java.util.concurrent.ThreadPoolExecutor.runWorker(ThreadPoolExecutor.java:1167)
08-19 14:16:55.647 W/System.err(26302): 	at java.util.concurrent.ThreadPoolExecutor$Worker.run(ThreadPoolExecutor.java:641)
08-19 14:16:55.647 W/System.err(26302): 	at java.lang.Thread.run(Thread.java:923)
08-19 14:16:55.648 W/System.err(26302): android.content.pm.PackageManager$NameNotFoundException: com.topjohnwu.magisk
08-19 14:16:55.648 W/System.err(26302): 	at android.app.ApplicationPackageManager.getPackageInfoAsUser(ApplicationPackageManager.java:207)
08-19 14:16:55.648 W/System.err(26302): 	at android.app.ApplicationPackageManager.getPackageInfo(ApplicationPackageManager.java:179)
08-19 14:16:55.648 W/System.err(26302): 	at com.ss.android.socialbase.appdownloader.f.d.f(SecurityUtils.java:210)
08-19 14:16:55.648 W/System.err(26302): 	at com.ss.android.socialbase.appdownloader.f.d.e(SecurityUtils.java:140)
08-19 14:16:55.648 W/System.err(26302): 	at com.ss.android.socialbase.appdownloader.f.d.a(SecurityUtils.java:44)
08-19 14:16:55.648 W/System.err(26302): 	at com.ss.android.downloadlib.g$1.run(TTDownloader.java:109)
08-19 14:16:55.648 W/System.err(26302): 	at java.util.concurrent.Executors$RunnableAdapter.call(Executors.java:462)
08-19 14:16:55.648 W/System.err(26302): 	at java.util.concurrent.FutureTask.run(FutureTask.java:266)
08-19 14:16:55.649 W/System.err(26302): 	at java.util.concurrent.ScheduledThreadPoolExecutor$ScheduledFutureTask.run(ScheduledThreadPoolExecutor.java:301)
08-19 14:16:55.650 W/System.err(26302): 	at java.util.concurrent.ThreadPoolExecutor.runWorker(ThreadPoolExecutor.java:1167)
08-19 14:16:55.650 W/System.err(26302): 	at java.util.concurrent.ThreadPoolExecutor$Worker.run(ThreadPoolExecutor.java:641)
08-19 14:16:55.650 W/System.err(26302): 	at java.lang.Thread.run(Thread.java:923)
08-19 14:16:55.650 W/System.err(26302): android.content.pm.PackageManager$NameNotFoundException: io.va.exposed
08-19 14:16:55.650 W/System.err(26302): 	at android.app.ApplicationPackageManager.getPackageInfoAsUser(ApplicationPackageManager.java:207)
08-19 14:16:55.650 W/System.err(26302): 	at android.app.ApplicationPackageManager.getPackageInfo(ApplicationPackageManager.java:179)
08-19 14:16:55.650 W/System.err(26302): 	at com.ss.android.socialbase.appdownloader.f.d.f(SecurityUtils.java:210)
08-19 14:16:55.650 W/System.err(26302): 	at com.ss.android.socialbase.appdownloader.f.d.e(SecurityUtils.java:140)
08-19 14:16:55.650 W/System.err(26302): 	at com.ss.android.socialbase.appdownloader.f.d.a(SecurityUtils.java:44)
08-19 14:16:55.650 W/System.err(26302): 	at com.ss.android.downloadlib.g$1.run(TTDownloader.java:109)
08-19 14:16:55.650 W/System.err(26302): 	at java.util.concurrent.Executors$RunnableAdapter.call(Executors.java:462)
08-19 14:16:55.650 W/System.err(26302): 	at java.util.concurrent.FutureTask.run(FutureTask.java:266)
08-19 14:16:55.650 W/System.err(26302): 	at java.util.concurrent.ScheduledThreadPoolExecutor$ScheduledFutureTask.run(ScheduledThreadPoolExecutor.java:301)
08-19 14:16:55.650 W/System.err(26302): 	at java.util.concurrent.ThreadPoolExecutor.runWorker(ThreadPoolExecutor.java:1167)
08-19 14:16:55.650 W/System.err(26302): 	at java.util.concurrent.ThreadPoolExecutor$Worker.run(ThreadPoolExecutor.java:641)
08-19 14:16:55.650 W/System.err(26302): 	at java.lang.Thread.run(Thread.java:923)
08-19 14:16:55.651 W/System.err(26302): android.content.pm.PackageManager$NameNotFoundException: com.wind.cotter
08-19 14:16:55.651 W/System.err(26302): 	at android.app.ApplicationPackageManager.getPackageInfoAsUser(ApplicationPackageManager.java:207)
08-19 14:16:55.651 W/System.err(26302): 	at android.app.ApplicationPackageManager.getPackageInfo(ApplicationPackageManager.java:179)
08-19 14:16:55.651 W/System.err(26302): 	at com.ss.android.socialbase.appdownloader.f.d.f(SecurityUtils.java:210)
08-19 14:16:55.651 W/System.err(26302): 	at com.ss.android.socialbase.appdownloader.f.d.e(SecurityUtils.java:140)
08-19 14:16:55.651 W/System.err(26302): 	at com.ss.android.socialbase.appdownloader.f.d.a(SecurityUtils.java:44)
08-19 14:16:55.651 W/System.err(26302): 	at com.ss.android.downloadlib.g$1.run(TTDownloader.java:109)
08-19 14:16:55.651 W/System.err(26302): 	at java.util.concurrent.Executors$RunnableAdapter.call(Executors.java:462)
08-19 14:16:55.651 W/System.err(26302): 	at java.util.concurrent.FutureTask.run(FutureTask.java:266)
08-19 14:16:55.651 W/System.err(26302): 	at java.util.concurrent.ScheduledThreadPoolExecutor$ScheduledFutureTask.run(ScheduledThreadPoolExecutor.java:301)
08-19 14:16:55.651 W/System.err(26302): 	at java.util.concurrent.ThreadPoolExecutor.runWorker(ThreadPoolExecutor.java:1167)
08-19 14:16:55.651 W/System.err(26302): 	at java.util.concurrent.ThreadPoolExecutor$Worker.run(ThreadPoolExecutor.java:641)
08-19 14:16:55.651 W/System.err(26302): 	at java.lang.Thread.run(Thread.java:923)
08-19 14:16:55.651 W/System.err(26302): android.content.pm.PackageManager$NameNotFoundException: org.meowcat.edxposed.manager
08-19 14:16:55.651 W/System.err(26302): 	at android.app.ApplicationPackageManager.getPackageInfoAsUser(ApplicationPackageManager.java:207)
08-19 14:16:55.651 W/System.err(26302): 	at android.app.ApplicationPackageManager.getPackageInfo(ApplicationPackageManager.java:179)
08-19 14:16:55.651 W/System.err(26302): 	at com.ss.android.socialbase.appdownloader.f.d.f(SecurityUtils.java:210)
08-19 14:16:55.651 W/System.err(26302): 	at com.ss.android.socialbase.appdownloader.f.d.e(SecurityUtils.java:140)
08-19 14:16:55.651 W/System.err(26302): 	at com.ss.android.socialbase.appdownloader.f.d.a(SecurityUtils.java:44)
08-19 14:16:55.651 W/System.err(26302): 	at com.ss.android.downloadlib.g$1.run(TTDownloader.java:109)
08-19 14:16:55.651 W/System.err(26302): 	at java.util.concurrent.Executors$RunnableAdapter.call(Executors.java:462)
08-19 14:16:55.651 W/System.err(26302): 	at java.util.concurrent.FutureTask.run(FutureTask.java:266)
08-19 14:16:55.651 W/System.err(26302): 	at java.util.concurrent.ScheduledThreadPoolExecutor$ScheduledFutureTask.run(ScheduledThreadPoolExecutor.java:301)
08-19 14:16:55.651 W/System.err(26302): 	at java.util.concurrent.ThreadPoolExecutor.runWorker(ThreadPoolExecutor.java:1167)
08-19 14:16:55.651 W/System.err(26302): 	at java.util.concurrent.ThreadPoolExecutor$Worker.run(ThreadPoolExecutor.java:641)
08-19 14:16:55.651 W/System.err(26302): 	at java.lang.Thread.run(Thread.java:923)
08-19 14:16:55.651 W/System.err(26302): android.content.pm.PackageManager$NameNotFoundException: me.weishu.exp
08-19 14:16:55.652 W/System.err(26302): 	at android.app.ApplicationPackageManager.getPackageInfoAsUser(ApplicationPackageManager.java:207)
08-19 14:16:55.652 W/System.err(26302): 	at android.app.ApplicationPackageManager.getPackageInfo(ApplicationPackageManager.java:179)
08-19 14:16:55.652 W/System.err(26302): 	at com.ss.android.socialbase.appdownloader.f.d.f(SecurityUtils.java:210)
08-19 14:16:55.652 W/System.err(26302): 	at com.ss.android.socialbase.appdownloader.f.d.e(SecurityUtils.java:140)
08-19 14:16:55.652 W/System.err(26302): 	at com.ss.android.socialbase.appdownloader.f.d.a(SecurityUtils.java:44)
08-19 14:16:55.652 W/System.err(26302): 	at com.ss.android.downloadlib.g$1.run(TTDownloader.java:109)
08-19 14:16:55.652 W/System.err(26302): 	at java.util.concurrent.Executors$RunnableAdapter.call(Executors.java:462)
08-19 14:16:55.652 W/System.err(26302): 	at java.util.concurrent.FutureTask.run(FutureTask.java:266)
08-19 14:16:55.652 W/System.err(26302): 	at java.util.concurrent.ScheduledThreadPoolExecutor$ScheduledFutureTask.run(ScheduledThreadPoolExecutor.java:301)
08-19 14:16:55.652 W/System.err(26302): 	at java.util.concurrent.ThreadPoolExecutor.runWorker(ThreadPoolExecutor.java:1167)
08-19 14:16:55.652 W/System.err(26302): 	at java.util.concurrent.ThreadPoolExecutor$Worker.run(ThreadPoolExecutor.java:641)
08-19 14:16:55.652 W/System.err(26302): 	at java.lang.Thread.run(Thread.java:923)
08-19 14:16:55.652 W/System.err(26302): android.content.pm.PackageManager$NameNotFoundException: com.saurik.substrate
08-19 14:16:55.652 W/System.err(26302): 	at android.app.ApplicationPackageManager.getPackageInfoAsUser(ApplicationPackageManager.java:207)
08-19 14:16:55.652 W/System.err(26302): 	at android.app.ApplicationPackageManager.getPackageInfo(ApplicationPackageManager.java:179)
08-19 14:16:55.652 W/System.err(26302): 	at com.ss.android.socialbase.appdownloader.f.d.f(SecurityUtils.java:210)
08-19 14:16:55.652 W/System.err(26302): 	at com.ss.android.socialbase.appdownloader.f.d.e(SecurityUtils.java:140)
08-19 14:16:55.652 W/System.err(26302): 	at com.ss.android.socialbase.appdownloader.f.d.a(SecurityUtils.java:44)
08-19 14:16:55.652 W/System.err(26302): 	at com.ss.android.downloadlib.g$1.run(TTDownloader.java:109)
08-19 14:16:55.652 W/System.err(26302): 	at java.util.concurrent.Executors$RunnableAdapter.call(Executors.java:462)
08-19 14:16:55.652 W/System.err(26302): 	at java.util.concurrent.FutureTask.run(FutureTask.java:266)
08-19 14:16:55.652 W/System.err(26302): 	at java.util.concurrent.ScheduledThreadPoolExecutor$ScheduledFutureTask.run(ScheduledThreadPoolExecutor.java:301)
08-19 14:16:55.652 W/System.err(26302): 	at java.util.concurrent.ThreadPoolExecutor.runWorker(ThreadPoolExecutor.java:1167)
08-19 14:16:55.652 W/System.err(26302): 	at java.util.concurrent.ThreadPoolExecutor$Worker.run(ThreadPoolExecutor.java:641)
08-19 14:16:55.652 W/System.err(26302): 	at java.lang.Thread.run(Thread.java:923)
08-19 14:16:55.656 W/BpBinder( 1354): PerfMonitor binderTransact :  time=296ms interface=android.media.IMediaHTTPConnection code=3
08-19 14:16:55.656 W/Settings(26302): Setting android_id has moved from android.provider.Settings.System to android.provider.Settings.Secure, returning read-only value.
08-19 14:16:55.656 W/BpBinder( 1352): PerfMonitor binderTransact :  time=297ms interface=android.media.IDataSource code=2
08-19 14:16:55.669 W/Settings(26302): Setting android_id has moved from android.provider.Settings.System to android.provider.Settings.Secure, returning read-only value.
08-19 14:16:55.669 W/Settings(26302): Setting android_id has moved from android.provider.Settings.System to android.provider.Settings.Secure, returning read-only value.
08-19 14:16:55.670 I/MMParserExtractor( 1352): Created(0xb400007d01068180)
08-19 14:16:55.673 E/MM_OSAL ( 1352): resetPlayback no need to reset
08-19 14:16:55.674 W/BpBinder( 1354): PerfMonitor binderTransact :  time=315ms interface=android.IMediaExtractorService code=1
08-19 14:16:55.673 E/MM_OSAL ( 1352): resetPlayback no need to reset
08-19 14:16:55.675 D/MediaBufferGroup( 1352): creating MemoryDealer
08-19 14:16:55.675 D/MediaBufferGroup( 1352): creating MemoryDealer
08-19 14:16:55.695 I/GenericSource( 1354): start
08-19 14:16:55.695 W/Utils   ( 1354): track of type 'audio/mp4a-latm' does not publish channel mask, channel count 2
08-19 14:16:55.695 I/PowerCheckerService( 5940): uid:10288 change to active
08-19 14:16:55.695 W/AudioPolicyManagerCustom(  996): offload disabled by vendor.audio.av.streaming.offload.enable 0
08-19 14:16:55.695 I/AppActiveChecker( 5940): uid:10288 change to active
08-19 14:16:55.697 W/Utils   ( 1354): track of type 'audio/mp4a-latm' does not publish channel mask, channel count 2
08-19 14:16:55.697 W/AudioPolicyManagerCustom(  996): offload disabled by vendor.audio.av.streaming.offload.enable 0
08-19 14:16:55.698 I/NuPlayer( 1354): NOTE: Pausing Renderer after decoders instantiated..
08-19 14:16:55.699 D/audio_hw_primary(  902): adev_get_parameters:is_hw_dec_session_available
08-19 14:16:55.699 D/soundtrigger(  902): audio_extn_sound_trigger_get_parameters input string<is_hw_dec_session_available=>
08-19 14:16:55.699 D/soundtrigger(  902): extract_sm_handle input string <is_hw_dec_session_available=> param string <is_hw_dec_session_available=>
08-19 14:16:55.699 D/audio_hw_extn(  902): audio_extn_fm_get_parameters: Enter
08-19 14:16:55.699 D/audio_hw_extn(  902): audio_extn_get_parameters: returns 
08-19 14:16:55.699 V/msm8974_platform(  902): platform_get_parameters: exit: returns - 
08-19 14:16:55.699 D/audio_hw_primary(  902): adev_get_parameters: exit: returns - 
08-19 14:16:55.699 I/hash_map_utils(  996): key: 'is_hw_dec_session_available' value: 'audio/mp4a-latm'
08-19 14:16:55.699 E/ACodec  ( 1354): No packages for calling UID
08-19 14:16:55.700 D/CCodec  ( 1354): allocate(c2.android.aac.decoder)
08-19 14:16:55.702 I/CCodec  ( 1354): setting up 'default' as default (vendor) store
08-19 14:16:55.703 I/OMXClient( 1354): IOmx service obtained
08-19 14:16:55.703 I/OMXMaster( 1377): makeComponentInstance(OMX.qcom.video.decoder.avc) in android.hardwar process
08-19 14:16:55.705 E/android.hardware.media.omx@1.0-service( 1377): Service not available yet
08-19 14:16:55.706 I/CCodec  ( 1354): Created component [c2.android.aac.decoder]
08-19 14:16:55.707 D/CCodecConfig( 1354): read media type: audio/mp4a-latm
08-19 14:16:55.709 I/OMX_VPP ( 1377): Constructed VppOmxComponent
08-19 14:16:55.710 D/PlatformConfig( 1377): getInstance: Enter
08-19 14:16:55.710 D/PlatformConfig( 1377): getInt32 Config name: vidc_dec_log_in value: 0
08-19 14:16:55.710 D/PlatformConfig( 1377): getInstance: Enter
08-19 14:16:55.710 D/PlatformConfig( 1377): getInt32 Config name: vidc_dec_log_out value: 0
08-19 14:16:55.710 D/PlatformConfig( 1377): getInstance: Enter
08-19 14:16:55.710 D/PlatformConfig( 1377): getInt32 Config name: vidc_dec_sec_prefetch_size_internal value: 209715200
08-19 14:16:55.710 D/PlatformConfig( 1377): getInstance: Enter
08-19 14:16:55.710 D/PlatformConfig( 1377): getInt32 Config name: vidc_dec_sec_prefetch_size_output value: 13434880
08-19 14:16:55.710 D/PlatformConfig( 1377): getInstance: Enter
08-19 14:16:55.710 D/PlatformConfig( 1377): getInt32 Config name: vidc_perf_control_enable value: 0
08-19 14:16:55.710 D/PlatformConfig( 1377): getInstance: Enter
08-19 14:16:55.710 D/PlatformConfig( 1377): getInt32 Config name: vidc_dec_thumbnail_yuv_output value: 0
08-19 14:16:55.710 D/PlatformConfig( 1377): getInstance: Enter
08-19 14:16:55.710 D/PlatformConfig( 1377): getInt32: Returning default
08-19 14:16:55.710 D/PlatformConfig( 1377): getInstance: Enter
08-19 14:16:55.710 D/PlatformConfig( 1377): getInt32 Config name: vidc_dec_output_rate value: 120
08-19 14:16:55.710 I/OMX-VDEC-1080P( 1377): component_init: OMX.qcom.video.decoder.avc : fd=109
08-19 14:16:55.711 D/ReflectedParamUpdater( 1354): extent() != 1 for single value type: algo.buffers.max-count.values
08-19 14:16:55.711 E/OMX-VDEC-1080P( 1377): Unsupported output color format for c2d (2141391876)
08-19 14:16:55.711 E/OMX-VDEC-1080P( 1377): Setting color format failed
08-19 14:16:55.711 D/ReflectedParamUpdater( 1354): extent() != 1 for single value type: output.subscribed-indices.values
08-19 14:16:55.711 D/ReflectedParamUpdater( 1354): extent() != 1 for single value type: input.buffers.allocator-ids.values
08-19 14:16:55.712 D/ReflectedParamUpdater( 1354): extent() != 1 for single value type: output.buffers.allocator-ids.values
08-19 14:16:55.712 D/ReflectedParamUpdater( 1354): extent() != 1 for single value type: algo.buffers.allocator-ids.values
08-19 14:16:55.712 D/ReflectedParamUpdater( 1354): extent() != 1 for single value type: output.buffers.pool-ids.values
08-19 14:16:55.713 D/ReflectedParamUpdater( 1354): extent() != 1 for single value type: algo.buffers.pool-ids.values
08-19 14:16:55.716 D/PlatformConfig( 1377): getInstance: Enter
08-19 14:16:55.716 D/PlatformConfig( 1377): getInt32: Returning default
08-19 14:16:55.716 D/PlatformConfig( 1377): getInstance: Enter
08-19 14:16:55.716 D/PlatformConfig( 1377): getInt32: Returning default
08-19 14:16:55.716 I/OMX-VDEC-1080P( 1377): omx_vdec::component_init() success : fd=109
08-19 14:16:55.716 I/OMX_VPP ( 1377): FRC is used
08-19 14:16:55.716 I/OMX_VPP ( 1377): AIE is used
08-19 14:16:55.718 E/OMX_VPP ( 1377): unable to find area=vpp/config=frc.bypass.all, returning default=0
08-19 14:16:55.718 I/OMX_VPP ( 1377): component_init: fully completed with decoder(OMX.qcom.video.decoder.avc)
08-19 14:16:55.719 I/CCodecConfig( 1354): query failed after returning 19 values (BAD_INDEX)
08-19 14:16:55.719 D/CCodecConfig( 1354): c2 config diff is Dict {
08-19 14:16:55.719 D/CCodecConfig( 1354):   c2::u32 coded.aac-packaging.value = 0
08-19 14:16:55.719 D/CCodecConfig( 1354):   c2::u32 coded.bitrate.value = 64000
08-19 14:16:55.719 D/CCodecConfig( 1354):   c2::u32 coded.pl.level = 0
08-19 14:16:55.719 D/CCodecConfig( 1354):   c2::u32 coded.pl.profile = 8192
08-19 14:16:55.719 D/CCodecConfig( 1354):   c2::i32 coding.drc.album-mode.value = 0
08-19 14:16:55.719 D/CCodecConfig( 1354):   c2::float coding.drc.attenuation-factor.value = 1
08-19 14:16:55.719 D/CCodecConfig( 1354):   c2::float coding.drc.boost-factor.value = 1
08-19 14:16:55.719 D/CCodecConfig( 1354):   c2::i32 coding.drc.compression-mode.value = 3
08-19 14:16:55.719 D/CCodecConfig( 1354):   c2::i32 coding.drc.effect-type.value = 3
08-19 14:16:55.719 D/CCodecConfig( 1354):   c2::float coding.drc.encoded-level.value = 0.25
08-19 14:16:55.719 D/CCodecConfig( 1354):   c2::float coding.drc.reference-level.value = -16
08-19 14:16:55.719 D/CCodecConfig( 1354):   c2::u32 input.buffers.max-size.value = 8192
08-19 14:16:55.719 D/CCodecConfig( 1354):   c2::u32 input.delay.value = 0
08-19 14:16:55.719 D/CCodecConfig( 1354):   string input.media-type.value = "audio/mp4a-latm"
08-19 14:16:55.719 D/CCodecConfig( 1354):   c2::u32 output.delay.value = 2
08-19 14:16:55.719 D/CCodecConfig( 1354):   c2::float output.drc.output-loudness.value = 0.25
08-19 14:16:55.719 D/CCodecConfig( 1354):   string output.media-type.value = "audio/raw"
08-19 14:16:55.719 D/CCodecConfig( 1354):   c2::u32 raw.channel-count.value = 1
08-19 14:16:55.719 D/CCodecConfig( 1354):   c2::u32 raw.max-channel-count.value = 8
08-19 14:16:55.719 D/CCodecConfig( 1354):   c2::u32 raw.sample-rate.value = 44100
08-19 14:16:55.719 D/CCodecConfig( 1354): }
08-19 14:16:55.720 D/SurfaceUtils( 1354): disconnecting from surface 0xf1007808, reason onConfigure
08-19 14:16:55.720 D/CCodec  ( 1354): [c2.android.aac.decoder] buffers are bound to CCodec for this session
08-19 14:16:55.720 D/CCodecConfig( 1354): no c2 equivalents for durationUs
08-19 14:16:55.720 D/CCodecConfig( 1354): no c2 equivalents for language
08-19 14:16:55.720 D/CCodecConfig( 1354): no c2 equivalents for encoder-delay
08-19 14:16:55.720 D/CCodecConfig( 1354): no c2 equivalents for aac-profile
08-19 14:16:55.720 D/CCodecConfig( 1354): no c2 equivalents for file-format
08-19 14:16:55.720 D/CCodecConfig( 1354): no c2 equivalents for aac-format-adif
08-19 14:16:55.720 D/CCodecConfig( 1354): no c2 equivalents for flags
08-19 14:16:55.720 D/SurfaceUtils( 1354): connecting to surface 0xf1007808, reason connectToSurface
08-19 14:16:55.720 D/CCodecConfig( 1354): config failed => CORRUPTED
08-19 14:16:55.721 D/CCodecConfig( 1354): c2 config diff is   c2::u32 raw.channel-count.value = 2
08-19 14:16:55.721 D/CCodecConfig( 1354):   c2::u32 raw.sample-rate.value = 48000
08-19 14:16:55.721 I/MediaCodec( 1354): [OMX.qcom.video.decoder.avc] setting surface generation to 1386562
08-19 14:16:55.721 D/SurfaceUtils( 1354): disconnecting from surface 0xf1007808, reason connectToSurface(reconnect)
08-19 14:16:55.721 D/SurfaceUtils( 1354): connecting to surface 0xf1007808, reason connectToSurface(reconnect)
08-19 14:16:55.721 E/OMX-VDEC-1080P( 1377): Extension: OMX.google.android.index.storeANWBufferInMetadata not implemented
08-19 14:16:55.721 E/OMX-VDEC-1080P( 1377): Extension: OMX.google.android.index.configureVideoTunnelMode not implemented
08-19 14:16:55.721 E/OMX-VDEC-1080P( 1377): Extension: OMX.google.android.index.useAndroidNativeBuffer is supported
08-19 14:16:55.721 W/Codec2Client( 1354): query -- param skipped: index = 1107298332.
08-19 14:16:55.721 D/CCodec  ( 1354): setup formats input: AMessage(what = 0x00000000) = {
08-19 14:16:55.721 D/CCodec  ( 1354):   int32_t aac-drc-album-mode = 0
08-19 14:16:55.721 D/CCodec  ( 1354):   int32_t aac-drc-boost-level = 127
08-19 14:16:55.721 D/CCodec  ( 1354):   int32_t aac-drc-cut-level = 127
08-19 14:16:55.721 D/CCodec  ( 1354):   int32_t aac-drc-effect-type = 3
08-19 14:16:55.721 D/CCodec  ( 1354):   int32_t aac-drc-heavy-compression = 3
08-19 14:16:55.721 D/CCodec  ( 1354):   int32_t aac-encoded-target-level = -1
08-19 14:16:55.721 D/CCodec  ( 1354):   int32_t aac-max-output-channel_count = 8
08-19 14:16:55.721 D/CCodec  ( 1354):   int32_t aac-target-ref-level = 64
08-19 14:16:55.721 D/CCodec  ( 1354):   int32_t channel-count = 2
08-19 14:16:55.721 D/CCodec  ( 1354):   int32_t level = 0
08-19 14:16:55.721 D/CCodec  ( 1354):   int32_t max-input-size = 65538
08-19 14:16:55.721 D/CCodec  ( 1354):   string mime = "audio/mp4a-latm"
08-19 14:16:55.721 D/CCodec  ( 1354):   int32_t profile = 2
08-19 14:16:55.721 D/CCodec  ( 1354):   int32_t sample-rate = 48000
08-19 14:16:55.721 D/CCodec  ( 1354): } and output: AMessage(what = 0x00000000) = {
08-19 14:16:55.721 D/CCodec  ( 1354):   int32_t aac-drc-album-mode = 0
08-19 14:16:55.721 D/CCodec  ( 1354):   int32_t aac-drc-boost-level = 127
08-19 14:16:55.721 D/CCodec  ( 1354):   int32_t aac-drc-cut-level = 127
08-19 14:16:55.721 D/CCodec  ( 1354):   int32_t aac-drc-effect-type = 3
08-19 14:16:55.721 D/CCodec  ( 1354):   int32_t aac-drc-heavy-compression = 3
08-19 14:16:55.721 D/CCodec  ( 1354):   int32_t aac-drc-output-loudness = -1
08-19 14:16:55.721 D/CCodec  ( 1354):   int32_t aac-encoded-target-level = -1
08-19 14:16:55.721 D/CCodec  ( 1354):   int32_t aac-max-output-channel_count = 8
08-19 14:16:55.721 D/CCodec  ( 1354):   int32_t aac-target-ref-level = 64
08-19 14:16:55.721 D/CCodec  ( 1354):   int32_t channel-count = 2
08-19 14:16:55.721 D/CCodec  ( 1354):   string mime = "audio/raw"
08-19 14:16:55.721 D/CCodec  ( 1354):   int32_t sample-rate = 48000
08-19 14:16:55.721 D/CCodec  ( 1354):   int32_t encoder-delay = 2048
08-19 14:16:55.721 D/CCodec  ( 1354): }
08-19 14:16:55.721 I/MediaCodec( 1354): MediaCodec will operate in async mode
08-19 14:16:55.721 E/OMX-VDEC-1080P( 1377): set_parameter: Error: 0x80001019, setting param 0x7f00005d
08-19 14:16:55.721 E/OMXNodeInstance( 1377): setParameter(0xe8c20204:qcom.decoder.avc, OMX.google.android.index.allocateNativeHandle(0x7f00005d): Output:1 en=0) ERROR: UnsupportedSetting(0x80001019)
08-19 14:16:55.721 E/OMX-VDEC-1080P( 1377): Extension: OMX.google.android.index.storeANWBufferInMetadata not implemented
08-19 14:16:55.721 I/OMX_VPP ( 1377): set meta buffer mode: True
08-19 14:16:55.721 E/OMX-VDEC-1080P( 1377): get_parameter: unknown param 6f600011
08-19 14:16:55.721 E/OMXNodeInstance( 1377): getParameter(0xe8c20204:qcom.decoder.avc, ??(0x6f600011)) ERROR: UnsupportedIndex(0x8000101a)
08-19 14:16:55.721 I/ExtendedACodec( 1354): setupVideoDecoder()
08-19 14:16:55.722 I/OMX_VPP ( 1377): FRAME WIDTH 1280 FRAME HEIGHT 720
08-19 14:16:55.722 I/OMX_VPP ( 1377): get_parameter counts 28 28 
08-19 14:16:55.722 I/OMX_VPP ( 1377): frc valid: true
08-19 14:16:55.722 I/OMX_VPP ( 1377): aie valid: true
08-19 14:16:55.722 I/OMX_VPP ( 1377): vpp setParameter err: out: 0, in: 0
08-19 14:16:55.722 I/OMX_VPP ( 1377): vpp setParameter completed
08-19 14:16:55.722 I/ExtendedACodec( 1354): Decoder will be in frame by frame mode
08-19 14:16:55.722 E/OMX-VDEC-1080P( 1377): Setparameter: unknown param 2130706434
08-19 14:16:55.722 E/OMX-VDEC-1080P( 1377): set_parameter: Error: 0x8000101a, setting param 0x7f000002
08-19 14:16:55.722 E/OMXNodeInstance( 1377): setParameter(0xe8c20204:qcom.decoder.avc, ??(0x7f000002)) ERROR: UnsupportedIndex(0x8000101a)
08-19 14:16:55.722 W/ExtendedACodec( 1354): Failed to set frame packing format on component
08-19 14:16:55.722 W/Codec2Client( 1354): query -- param skipped: index = 1342179345.
08-19 14:16:55.722 W/Codec2Client( 1354): query -- param skipped: index = 2415921170.
08-19 14:16:55.722 W/Codec2Client( 1354): query -- param skipped: index = 1610614798.
08-19 14:16:55.722 I/OMX_VPP ( 1377): set config: set vpp prop fps = 25
08-19 14:16:55.722 I/ACodec  ( 1354): [OMX.qcom.video.decoder.avc] input format is AMessage(what = 0x00000000) = {
08-19 14:16:55.722 I/ACodec  ( 1354):   int32_t adaptive-playback = 1
08-19 14:16:55.722 I/ACodec  ( 1354):   string mime = "video/avc"
08-19 14:16:55.722 I/ACodec  ( 1354):   int32_t width = 720
08-19 14:16:55.722 I/ACodec  ( 1354):   int32_t height = 1280
08-19 14:16:55.722 I/ACodec  ( 1354): }
08-19 14:16:55.722 E/FMQ     ( 1354): grantorIdx must be less than 3
08-19 14:16:55.722 E/FMQ     ( 1354): grantorIdx must be less than 3
08-19 14:16:55.723 D/BufferPoolAccessor2.0( 1354): bufferpool2 0xf1645418 : 9(589842 size) total buffers - 9(589842 size) used buffers - 87/100 (recycle/alloc) - 13/99 (fetch/transfer)
08-19 14:16:55.723 D/CCodecBufferChannel( 1354): [c2.android.aac.decoder#254] Created input block pool with allocatorID 16 => poolID 41 - OK (0)
08-19 14:16:55.723 E/FMQ     ( 1442): grantorIdx must be less than 3
08-19 14:16:55.723 E/FMQ     ( 1442): grantorIdx must be less than 3
08-19 14:16:55.723 D/BufferPoolAccessor2.0( 1442): bufferpool2 0xb40000716b98a428 : 0(0 size) total buffers - 0(0 size) used buffers - 91/97 (recycle/alloc) - 6/97 (fetch/transfer)
08-19 14:16:55.723 I/CCodecBufferChannel( 1354): [c2.android.aac.decoder#254] Created output block pool with allocatorID 16 => poolID 100 - OK
08-19 14:16:55.723 D/BufferPoolAccessor2.0(27841): bufferpool2 0x727e92fc28 : 0(0 size) total buffers - 0(0 size) used buffers - 2/9 (recycle/alloc) - 7/74 (fetch/transfer)
08-19 14:16:55.723 D/CCodecBufferChannel( 1354): [c2.android.aac.decoder#254] Configured output block pool ids 100 => OK
08-19 14:16:55.723 D/CCodecBufferChannel( 1354): [c2.android.aac.decoder#254] start: updating output delay 2
08-19 14:16:55.724 D/BufferPoolAccessor2.0(27841): Destruction - bufferpool2 0x727e92fc28 cached: 0/0M, 0/0% in use; allocs: 9, 22% recycled; transfers: 74, 91% unfetched
08-19 14:16:55.724 I/OMX_VPP ( 1377): FRAME WIDTH 1280 FRAME HEIGHT 720
08-19 14:16:55.724 I/OMX_VPP ( 1377): get_parameter counts 28 28 
08-19 14:16:55.724 I/OMX_VPP ( 1377): FRAME WIDTH 1280 FRAME HEIGHT 720
08-19 14:16:55.724 I/OMX_VPP ( 1377): get_parameter counts 28 28 
08-19 14:16:55.724 E/OMXNodeInstance( 1377): getConfig(0xe8c20204:qcom.decoder.avc, ??(0x7f000062)) ERROR: UnsupportedSetting(0x80001019)
08-19 14:16:55.724 D/BufferPoolAccessor2.0(27841): bufferpool2 0x7283ca8428 : 0(0 size) total buffers - 0(0 size) used buffers - 2/9 (recycle/alloc) - 8/128 (fetch/transfer)
08-19 14:16:55.724 D/BufferPoolAccessor2.0(27841): Destruction - bufferpool2 0x7283ca8428 cached: 0/0M, 0/0% in use; allocs: 9, 22% recycled; transfers: 128, 94% unfetched
08-19 14:16:55.724 I/ACodec  ( 1354): [OMX.qcom.video.decoder.avc] output format is AMessage(what = 0x00000000) = {
08-19 14:16:55.724 I/ACodec  ( 1354):   int32_t color-range = 2
08-19 14:16:55.724 I/ACodec  ( 1354):   int32_t color-standard = 1
08-19 14:16:55.724 I/ACodec  ( 1354):   int32_t color-transfer = 3
08-19 14:16:55.724 I/ACodec  ( 1354):   string mime = "video/raw"
08-19 14:16:55.724 I/ACodec  ( 1354):   int32_t stride = 768
08-19 14:16:55.724 I/ACodec  ( 1354):   int32_t slice-height = 1280
08-19 14:16:55.724 I/ACodec  ( 1354):   int32_t color-format = 2141391878
08-19 14:16:55.724 I/ACodec  ( 1354):   Rect crop(0, 0, 719, 1279)
08-19 14:16:55.724 I/ACodec  ( 1354):   int32_t android._dataspace = 260
08-19 14:16:55.724 I/ACodec  ( 1354):   Buffer hdr-static-info = {
08-19 14:16:55.724 I/ACodec  ( 1354):     00000000:  00 00 00 00 00 00 00 00  00 00 00 00 00 00 00 00  ................
08-19 14:16:55.724 I/ACodec  ( 1354):     00000010:  00 00 00 00 00 00 00 00  00                       .........
08-19 14:16:55.724 I/ACodec  ( 1354):   }
08-19 14:16:55.724 I/ACodec  ( 1354):   int32_t width = 720
08-19 14:16:55.724 I/ACodec  ( 1354):   int32_t height = 1280
08-19 14:16:55.724 I/ACodec  ( 1354): }
08-19 14:16:55.724 D/BufferPoolAccessor2.0(27841): bufferpool2 0x727ea69c28 : 0(0 size) total buffers - 0(0 size) used buffers - 1/9 (recycle/alloc) - 8/134 (fetch/transfer)
08-19 14:16:55.724 E/FMQ     ( 1354): grantorIdx must be less than 3
08-19 14:16:55.724 D/BufferPoolAccessor2.0(27841): Destruction - bufferpool2 0x727ea69c28 cached: 0/0M, 0/0% in use; allocs: 9, 11% recycled; transfers: 134, 94% unfetched
08-19 14:16:55.724 E/FMQ     ( 1442): grantorIdx must be less than 3
08-19 14:16:55.725 D/SimpleC2Component( 1442): Using output block pool with poolID 100 => got 100 - 0
08-19 14:16:55.726 I/MediaCodec( 1354): MediaCodec will operate in async mode
08-19 14:16:55.726 I/OMX_VPP ( 1377): send_command In 0 param1 2
08-19 14:16:55.726 I/C2SoftAacDec( 1442): Reconfiguring decoder: 0->48000 Hz, 0->2 channels
08-19 14:16:55.728 E/FMQ     ( 1442): grantorIdx must be less than 3
08-19 14:16:55.729 E/FMQ     ( 1354): grantorIdx must be less than 3
08-19 14:16:55.730 I/OMX_VPP ( 1377): FRAME WIDTH 1280 FRAME HEIGHT 720
08-19 14:16:55.730 I/OMX_VPP ( 1377): get_parameter counts 28 28 
08-19 14:16:55.730 I/OMX_VPP ( 1377): FRAME WIDTH 1280 FRAME HEIGHT 720
08-19 14:16:55.730 I/OMX_VPP ( 1377): get_parameter counts 28 28 
08-19 14:16:55.730 E/OMX-VDEC-1080P( 1377): Extension: OMX.google.android.index.AndroidNativeBufferConsumerUsage not implemented
08-19 14:16:55.730 D/SurfaceUtils( 1354): set up nativeWindow 0xf1007808 for 720x1280, color 0x7fa30c06, rotation 0, usage 0x20002900
08-19 14:16:55.730 I/OMX_VPP ( 1377): frc valid: true
08-19 14:16:55.730 I/OMX_VPP ( 1377): aie valid: true
08-19 14:16:55.731 I/OMX_VPP ( 1377): RegisterClientBuffer: omxBuf=0xe8a8bb80, id=0, obdIdx=0, invalid=0, omxHdr=0xe877d000, vppBuf=0xe8a8bb90, handle=0xe8db63e8, pool=0
08-19 14:16:55.731 I/OMX_VPP ( 1377): RegisterClientBuffer: omxBuf=0xe8a8be20, id=1, obdIdx=0, invalid=0, omxHdr=0xe877d050, vppBuf=0xe8a8be30, handle=0xe8db63f0, pool=0
08-19 14:16:55.731 I/OMX_VPP ( 1377): RegisterClientBuffer: omxBuf=0xe8a8b5d0, id=2, obdIdx=0, invalid=0, omxHdr=0xe877d0a0, vppBuf=0xe8a8b5e0, handle=0xe8db6400, pool=0
08-19 14:16:55.731 I/OMX_VPP ( 1377): RegisterClientBuffer: omxBuf=0xe8a8c830, id=3, obdIdx=0, invalid=0, omxHdr=0xe877d0f0, vppBuf=0xe8a8c840, handle=0xe8db6408, pool=0
08-19 14:16:55.731 I/OMX_VPP ( 1377): RegisterClientBuffer: omxBuf=0xe8a8cb40, id=4, obdIdx=0, invalid=0, omxHdr=0xe877d140, vppBuf=0xe8a8cb50, handle=0xe8db6410, pool=0
08-19 14:16:55.731 I/OMX_VPP ( 1377): RegisterClientBuffer: omxBuf=0xe8a8cbb0, id=5, obdIdx=0, invalid=0, omxHdr=0xe877d190, vppBuf=0xe8a8cbc0, handle=0xe8db6420, pool=0
08-19 14:16:55.731 I/OMX_VPP ( 1377): RegisterClientBuffer: omxBuf=0xe8a8cc20, id=6, obdIdx=0, invalid=0, omxHdr=0xe877d1e0, vppBuf=0xe8a8cc30, handle=0xe8db6430, pool=0
08-19 14:16:55.731 I/OMX_VPP ( 1377): RegisterClientBuffer: omxBuf=0xe8a88070, id=7, obdIdx=0, invalid=0, omxHdr=0xe877d230, vppBuf=0xe8a88080, handle=0xe8db6438, pool=0
08-19 14:16:55.732 I/OMX_VPP ( 1377): RegisterClientBuffer: omxBuf=0xe8a88770, id=8, obdIdx=0, invalid=0, omxHdr=0xe877d280, vppBuf=0xe8a88780, handle=0xe8db6440, pool=0
08-19 14:16:55.732 I/OMX_VPP ( 1377): RegisterClientBuffer: omxBuf=0xe8a897a0, id=9, obdIdx=0, invalid=0, omxHdr=0xe877d2d0, vppBuf=0xe8a897b0, handle=0xe8db6448, pool=0
08-19 14:16:55.732 I/OMX_VPP ( 1377): RegisterClientBuffer: omxBuf=0xe8a89810, id=10, obdIdx=0, invalid=0, omxHdr=0xe877d320, vppBuf=0xe8a89820, handle=0xe8db6450, pool=0
08-19 14:16:55.732 I/OMX_VPP ( 1377): RegisterClientBuffer: omxBuf=0xe8a898f0, id=11, obdIdx=0, invalid=0, omxHdr=0xe877d370, vppBuf=0xe8a89900, handle=0xe8db6458, pool=0
08-19 14:16:55.732 I/OMX_VPP ( 1377): RegisterClientBuffer: omxBuf=0xe8a89f80, id=12, obdIdx=0, invalid=0, omxHdr=0xe877d3c0, vppBuf=0xe8a89f90, handle=0xe8db6468, pool=0
08-19 14:16:55.732 I/OMX_VPP ( 1377): RegisterClientBuffer: omxBuf=0xe8a8a680, id=13, obdIdx=0, invalid=0, omxHdr=0xe877d410, vppBuf=0xe8a8a690, handle=0xe8db6490, pool=0
08-19 14:16:55.732 I/OMX_VPP ( 1377): RegisterClientBuffer: omxBuf=0xe8a8a8b0, id=14, obdIdx=0, invalid=0, omxHdr=0xe877d460, vppBuf=0xe8a8a8c0, handle=0xe8db6498, pool=0
08-19 14:16:55.732 I/OMX_VPP ( 1377): RegisterClientBuffer: omxBuf=0xe8a8ab50, id=15, obdIdx=0, invalid=0, omxHdr=0xe877d4b0, vppBuf=0xe8a8ab60, handle=0xe8db64a0, pool=0
08-19 14:16:55.732 I/OMX_VPP ( 1377): RegisterClientBuffer: omxBuf=0xe8a8adf0, id=16, obdIdx=0, invalid=0, omxHdr=0xe877d500, vppBuf=0xe8a8ae00, handle=0xe8db64a8, pool=0
08-19 14:16:55.732 I/OMX_VPP ( 1377): RegisterClientBuffer: omxBuf=0xe8a8ae60, id=17, obdIdx=0, invalid=0, omxHdr=0xe877d550, vppBuf=0xe8a8ae70, handle=0xe8db64b0, pool=0
08-19 14:16:55.732 I/OMX_VPP ( 1377): RegisterClientBuffer: omxBuf=0xe8a8aed0, id=18, obdIdx=0, invalid=0, omxHdr=0xe877d5a0, vppBuf=0xe8a8aee0, handle=0xe8db64b8, pool=0
08-19 14:16:55.732 I/OMX_VPP ( 1377): RegisterClientBuffer: omxBuf=0xe8a8af40, id=19, obdIdx=0, invalid=0, omxHdr=0xe877d5f0, vppBuf=0xe8a8af50, handle=0xe8db64c0, pool=0
08-19 14:16:55.732 I/OMX_VPP ( 1377): RegisterClientBuffer: omxBuf=0xe8a8afb0, id=20, obdIdx=0, invalid=0, omxHdr=0xe877d640, vppBuf=0xe8a8afc0, handle=0xe8db64c8, pool=0
08-19 14:16:55.732 I/OMX_VPP ( 1377): RegisterClientBuffer: omxBuf=0xe8a8b090, id=21, obdIdx=0, invalid=0, omxHdr=0xe877d690, vppBuf=0xe8a8b0a0, handle=0xe8db64d0, pool=0
08-19 14:16:55.733 I/OMX_VPP ( 1377): RegisterClientBuffer: omxBuf=0xe8a8b170, id=22, obdIdx=0, invalid=0, omxHdr=0xe877d6e0, vppBuf=0xe8a8b180, handle=0xe8db64d8, pool=0
08-19 14:16:55.733 I/OMX_VPP ( 1377): RegisterClientBuffer: omxBuf=0xe8a8b1e0, id=23, obdIdx=0, invalid=0, omxHdr=0xe877d730, vppBuf=0xe8a8b1f0, handle=0xe8db64e0, pool=0
08-19 14:16:55.733 I/OMX_VPP ( 1377): RegisterClientBuffer: omxBuf=0xe8a8a920, id=24, obdIdx=0, invalid=0, omxHdr=0xe877d780, vppBuf=0xe8a8a930, handle=0xe8db64e8, pool=0
08-19 14:16:55.733 I/OMX_VPP ( 1377): RegisterClientBuffer: omxBuf=0xe8a8b250, id=25, obdIdx=0, invalid=0, omxHdr=0xe877d7d0, vppBuf=0xe8a8b260, handle=0xe8db64f0, pool=0
08-19 14:16:55.733 I/OMX_VPP ( 1377): RegisterClientBuffer: omxBuf=0xe8a8b330, id=26, obdIdx=0, invalid=0, omxHdr=0xe877d820, vppBuf=0xe8a8b340, handle=0xe8db64f8, pool=0
08-19 14:16:55.733 I/OMX_VPP ( 1377): RegisterClientBuffer: omxBuf=0xe8a8b480, id=27, obdIdx=0, invalid=0, omxHdr=0xe877d870, vppBuf=0xe8a8b490, handle=0xe8db6500, pool=0
08-19 14:16:55.733 I/OMX_VPP ( 1377): RegisterClientBuffer: omxBuf=0xe8a8b640, id=28, obdIdx=0, invalid=0, omxHdr=0xe877d8c0, vppBuf=0xe8a8b650, handle=0xe8db6510, pool=0
08-19 14:16:55.733 I/OMX_VPP ( 1377): RegisterClientBuffer: omxBuf=0xe8a8b870, id=29, obdIdx=0, invalid=0, omxHdr=0xe877d910, vppBuf=0xe8a8b880, handle=0xe8db6538, pool=0
08-19 14:16:55.733 I/OMX_VPP ( 1377): RegisterClientBuffer: omxBuf=0xe8a8b8e0, id=30, obdIdx=0, invalid=0, omxHdr=0xe877d960, vppBuf=0xe8a8b8f0, handle=0xe8db6560, pool=0
08-19 14:16:55.733 I/OMX_VPP ( 1377): RegisterClientBuffer: omxBuf=0xe8a8baa0, id=31, obdIdx=0, invalid=0, omxHdr=0xe877d9b0, vppBuf=0xe8a8bab0, handle=0xe8db6568, pool=0
08-19 14:16:55.733 I/OMX_VPP ( 1377): RegisterClientBuffer: omxBuf=0xe8a8bb10, id=32, obdIdx=0, invalid=0, omxHdr=0xe877da00, vppBuf=0xe8a8bb20, handle=0xe8db6570, pool=0
08-19 14:16:55.733 W/ResourceManagerService( 1354): Ignoring request to add new resource entry with value <= 0
08-19 14:16:55.734 I/OMX_VPP ( 1377): send_command In 0 param1 3
08-19 14:16:55.734 D/CCodecConfig( 1354): c2 config diff is   c2::i32 coding.drc.compression-mode.value = 1
08-19 14:16:55.734 D/CCodecBuffers( 1354): [c2.android.aac.decoder#254:Output[N]] popFromStashAndRegister: output format changed to AMessage(what = 0x00000000) = {
08-19 14:16:55.734 D/CCodecBuffers( 1354):   int32_t aac-drc-album-mode = 0
08-19 14:16:55.734 D/CCodecBuffers( 1354):   int32_t aac-drc-boost-level = 127
08-19 14:16:55.734 D/CCodecBuffers( 1354):   int32_t aac-drc-cut-level = 127
08-19 14:16:55.734 D/CCodecBuffers( 1354):   int32_t aac-drc-effect-type = 3
08-19 14:16:55.734 D/CCodecBuffers( 1354):   int32_t aac-drc-heavy-compression = 1
08-19 14:16:55.734 D/CCodecBuffers( 1354):   int32_t aac-drc-output-loudness = -1
08-19 14:16:55.734 D/CCodecBuffers( 1354):   int32_t aac-encoded-target-level = -1
08-19 14:16:55.734 D/CCodecBuffers( 1354):   int32_t aac-max-output-channel_count = 8
08-19 14:16:55.734 D/CCodecBuffers( 1354):   int32_t aac-target-ref-level = 64
08-19 14:16:55.734 D/CCodecBuffers( 1354):   int32_t channel-count = 2
08-19 14:16:55.734 D/CCodecBuffers( 1354):   string mime = "audio/raw"
08-19 14:16:55.734 D/CCodecBuffers( 1354):   int32_t sample-rate = 48000
08-19 14:16:55.734 D/CCodecBuffers( 1354):   int32_t encoder-delay = 2048
08-19 14:16:55.734 D/CCodecBuffers( 1354): }
08-19 14:16:55.734 I/OMX_VPP ( 1377): set config: set vpp prop fps = 25
08-19 14:16:55.735 I/ExtendedNuUtils( 1354): Both src and dst missing for bit-width
08-19 14:16:55.735 I/ExtendedNuUtils( 1354): Overriding durationUs: with 64 bit src value 27541333
08-19 14:16:55.735 I/ExtendedNuUtils( 1354): Both src and dst missing for channel-mask
08-19 14:16:55.735 D/AudioTrack( 1354): set(sessionId=1849)
08-19 14:16:55.735 D/AudioTrack( 1354): set(): streamType 3, sampleRate 48000, format 0x1, channelMask 0x3, frameCount 24960, flags #1, notificationFrames 0, sessionId 1849, transferType 0, uid 10288, pid 26302
08-19 14:16:55.736 D/audio_hw_primary(  902): adev_get_parameters:audio_game_sound_volume_gap_switch
08-19 14:16:55.736 D/soundtrigger(  902): audio_extn_sound_trigger_get_parameters input string<audio_game_sound_volume_gap_switch=>
