08-19 14:16:59.218 D/EffectMiSound(  902): Set speak Enable: 0
08-19 14:16:59.218 D/audio_hw_hfp(  902): hfp_set_parameters: enter
08-19 14:16:59.218 D/audio_hw_hfp(  902): hfp_set_parameters: enter
08-19 14:16:59.218 V/a2dp_offload(  902): end of a2dp setparam
08-19 14:16:59.218 D/audio_hw_cspl_cal(  902): cirrus_cal_setparameters: enter 0xee803600
08-19 14:16:59.218 D/audio_hw_extn(  902): audio_extn_fm_set_parameters: Enter
08-19 14:16:59.218 V/EffectMiSound(  902): SetParam No.2
08-19 14:16:59.218 D/audio_hw_hfp(  902): hfp_set_parameters: enter
08-19 14:16:59.218 V/a2dp_offload(  902): end of a2dp setparam
08-19 14:16:59.218 D/audio_hw_primary(  902): adev_set_parameters: exit with code(0)
08-19 14:16:59.218 V/EffectMiSound(  902): SetParam No.3
08-19 14:16:59.218 I/EffectMiSound(  902): Thread: setParam No.10
08-19 14:16:59.218 V/EffectMiSound(  902): SetParam No.4
08-19 14:16:59.218 I/EffectMiSound(  902): MiSoundsetParameters_request: cal_devid=2;cal_apptype=69936;cal_caltype=0;cal_samplerate=192000;cal_topoid=0x1000a100;cal_moduleid=0x1000a100;cal_paramid=0x1000a101;cal_persist=1;cal_data=AAAAAA;
08-19 14:16:59.218 D/EffectMiSound(  902): clientRequest: write to server 264
08-19 14:16:59.218 W/audio_hw_con(  902): audio_handle_client_sock received client connect 57
08-19 14:16:59.218 V/EffectMiSound(  902): SetParam No.5
08-19 14:16:59.218 D/audio_hw_primary(  902): adev_set_parameters: enter: cal_devid=2;cal_apptype=69936;cal_caltype=0;cal_samplerate=192000;cal_topoid=0x1000a100;cal_moduleid=0x1000a100;cal_paramid=0x1000a101;cal_persist=1;cal_data=AAAAAA;
08-19 14:16:59.218 V/EffectMiSound(  902): SetParam No.6
08-19 14:16:59.218 V/msm8974_platform(  902): platform_set_parameters: enter: cal_persist=1;cal_devid=2;cal_moduleid=0x1000a100;cal_caltype=0;cal_apptype=69936;cal_paramid=0x1000a101;cal_topoid=0x1000a100;cal_samplerate=192000;cal_data=AAAAAA
08-19 14:16:59.218 V/EffectMiSound(  902): SetParam No.7
08-19 14:16:59.218 D/msm8974_platform(  902): Setting audio calibration for snd_device(2) acdb_id(10011)
08-19 14:16:59.218 V/EffectMiSound(  902): SetParam No.8
08-19 14:16:59.218 V/EffectMiSound(  902): SetParam No.9
08-19 14:16:59.218 V/EffectMiSound(  902): SetParam No.10
08-19 14:16:59.218 D/audio_hw_hfp(  902): hfp_set_parameters: enter
08-19 14:16:59.218 D/audio_hw_hfp(  902): hfp_set_parameters: enter
08-19 14:16:59.218 V/a2dp_offload(  902): end of a2dp setparam
08-19 14:16:59.218 D/audio_hw_cspl_cal(  902): cirrus_cal_setparameters: enter 0xee803600
08-19 14:16:59.218 V/EffectMiSound(  902): SetParam No.13
08-19 14:16:59.218 D/audio_hw_extn(  902): audio_extn_fm_set_parameters: Enter
08-19 14:16:59.218 D/audio_hw_hfp(  902): hfp_set_parameters: enter
08-19 14:16:59.218 V/a2dp_offload(  902): end of a2dp setparam
08-19 14:16:59.218 D/audio_hw_primary(  902): adev_set_parameters: exit with code(0)
08-19 14:16:59.218 V/EffectMiSound(  902): SetParam No.14
08-19 14:16:59.218 I/EffectMiSound(  902): Thread: setParam No.11
08-19 14:16:59.218 I/EffectMiSound(  902): MiSoundsetParameters_request: cal_devid=2;cal_apptype=69940;cal_caltype=0;cal_samplerate=192000;cal_topoid=0x1000a100;cal_moduleid=0x1000a100;cal_paramid=0x1000a101;cal_persist=1;cal_data=AAAAAA;
08-19 14:16:59.218 V/EffectMiSound(  902): SetParam No.15
08-19 14:16:59.218 D/EffectMiSound(  902): clientRequest: write to server 264
08-19 14:16:59.218 W/audio_hw_con(  902): audio_handle_client_sock received client connect 57
08-19 14:16:59.218 D/audio_hw_primary(  902): adev_set_parameters: enter: cal_devid=2;cal_apptype=69940;cal_caltype=0;cal_samplerate=192000;cal_topoid=0x1000a100;cal_moduleid=0x1000a100;cal_paramid=0x1000a101;cal_persist=1;cal_data=AAAAAA;
08-19 14:16:59.218 V/EffectMiSound(  902): SetParam No.11
08-19 14:16:59.218 I/EffectMiSound(  902): MiSound_updateState(), Speaker Dual Mode is not supported. Stop update state.
08-19 14:16:59.218 V/msm8974_platform(  902): platform_set_parameters: enter: cal_persist=1;cal_devid=2;cal_moduleid=0x1000a100;cal_caltype=0;cal_apptype=69940;cal_paramid=0x1000a101;cal_topoid=0x1000a100;cal_samplerate=192000;cal_data=AAAAAA
08-19 14:16:59.218 D/msm8974_platform(  902): Setting audio calibration for snd_device(2) acdb_id(10011)
08-19 14:16:59.218 D/audio_hw_hfp(  902): hfp_set_parameters: enter
08-19 14:16:59.218 D/audio_hw_hfp(  902): hfp_set_parameters: enter
08-19 14:16:59.218 V/a2dp_offload(  902): end of a2dp setparam
08-19 14:16:59.218 D/audio_hw_cspl_cal(  902): cirrus_cal_setparameters: enter 0xee803600
08-19 14:16:59.218 D/audio_hw_extn(  902): audio_extn_fm_set_parameters: Enter
08-19 14:16:59.218 D/audio_hw_hfp(  902): hfp_set_parameters: enter
08-19 14:16:59.218 V/a2dp_offload(  902): end of a2dp setparam
08-19 14:16:59.218 D/audio_hw_primary(  902): adev_set_parameters: exit with code(0)
08-19 14:16:59.218 I/EffectMiSound(  902): Thread: setParam No.12
08-19 14:16:59.218 I/EffectMiSound(  902): MiSoundsetParameters_request: cal_devid=2;cal_apptype=69940;cal_caltype=0;cal_samplerate=192000;cal_topoid=0x1000a100;cal_moduleid=0x1000a100;cal_paramid=0x1000a109;cal_persist=1;cal_data=/////w;
08-19 14:16:59.218 D/EffectMiSound(  902): clientRequest: write to server 264
08-19 14:16:59.218 W/audio_hw_con(  902): audio_handle_client_sock received client connect 57
08-19 14:16:59.218 D/audio_hw_primary(  902): adev_set_parameters: enter: cal_devid=2;cal_apptype=69940;cal_caltype=0;cal_samplerate=192000;cal_topoid=0x1000a100;cal_moduleid=0x1000a100;cal_paramid=0x1000a109;cal_persist=1;cal_data=/////w;
08-19 14:16:59.218 V/msm8974_platform(  902): platform_set_parameters: enter: cal_persist=1;cal_devid=2;cal_moduleid=0x1000a100;cal_caltype=0;cal_apptype=69940;cal_paramid=0x1000a109;cal_topoid=0x1000a100;cal_samplerate=192000;cal_data=/////w
08-19 14:16:59.218 D/msm8974_platform(  902): Setting audio calibration for snd_device(2) acdb_id(10011)
08-19 14:16:59.218 D/msm8974_platform(  902): misound scenario disable auto mode
08-19 14:16:59.218 D/audio_hw_hfp(  902): hfp_set_parameters: enter
08-19 14:16:59.218 D/audio_hw_hfp(  902): hfp_set_parameters: enter
08-19 14:16:59.218 V/a2dp_offload(  902): end of a2dp setparam
08-19 14:16:59.218 D/audio_hw_cspl_cal(  902): cirrus_cal_setparameters: enter 0xee803600
08-19 14:16:59.218 D/audio_hw_extn(  902): audio_extn_fm_set_parameters: Enter
08-19 14:16:59.218 D/audio_hw_hfp(  902): hfp_set_parameters: enter
08-19 14:16:59.218 V/a2dp_offload(  902): end of a2dp setparam
08-19 14:16:59.218 D/audio_hw_primary(  902): adev_set_parameters: exit with code(0)
08-19 14:16:59.218 I/EffectMiSound(  902): Thread: setParam No.13
08-19 14:16:59.218 I/EffectMiSound(  902): MiSoundsetParameters_request: cal_devid=2;cal_apptype=69940;cal_caltype=0;cal_samplerate=96000;cal_topoid=0x1000a100;cal_moduleid=0x1000a100;cal_paramid=0x1000a101;cal_persist=1;cal_data=AAAAAA;
08-19 14:16:59.218 D/EffectMiSound(  902): clientRequest: write to server 264
08-19 14:16:59.218 D/DlbDlbEffect(  902): effectCommand(handle=0xed8c49b8, cmdCode=1, cmdSize=64, pCmdData=0xe9c7ebd0, replySize=4, pReplyData=0xe9c7eb8c)
08-19 14:16:59.218 W/audio_hw_con(  902): audio_handle_client_sock received client connect 57
08-19 14:16:59.218 D/audio_hw_primary(  902): adev_set_parameters: enter: cal_devid=2;cal_apptype=69940;cal_caltype=0;cal_samplerate=96000;cal_topoid=0x1000a100;cal_moduleid=0x1000a100;cal_paramid=0x1000a101;cal_persist=1;cal_data=AAAAAA;
08-19 14:16:59.218 D/DlbDlbEffect(  902): handle_EFFECT_CMD_SET_CONFIG()
08-19 14:16:59.218 V/msm8974_platform(  902): platform_set_parameters: enter: cal_persist=1;cal_devid=2;cal_moduleid=0x1000a100;cal_caltype=0;cal_apptype=69940;cal_paramid=0x1000a101;cal_topoid=0x1000a100;cal_samplerate=96000;cal_data=AAAAAA
08-19 14:16:59.218 D/msm8974_platform(  902): Setting audio calibration for snd_device(2) acdb_id(10011)
08-19 14:16:59.218 D/DMSService(  943): setActiveDevice called with device = 0x2 (original 0x2)
08-19 14:16:59.221 D/APM_AudioPolicyManager(  996): releaseOutput() output 133, stream 3, session 1849 [uid=10288]
08-19 14:16:59.222 D/APM_AudioPolicyManager(  996): closeOutput(133)
08-19 14:16:59.232 I/Telephony(27331): PstnIncomingCallNotifier: Registering: Handler (com.android.internal.telephony.gsm.GSMPhone) {3827f033}
08-19 14:16:59.240 W/MediaPlayer-JNI(26302): MediaPlayer finalized without being released
08-19 14:16:59.240 W/System  (26302): A resource failed to call close. 
08-19 14:16:59.241 W/System  (26302): A resource failed to call release. 
08-19 14:16:59.246 V/KeyguardServiceDelegate(26994): *** Keyguard connected (yay!)
08-19 14:16:59.263 D/audio_hw_primary(  902): out_set_parameters: enter: usecase(4: compress-offload-playback2) kvpairs: closing=true
08-19 14:16:59.266 D/audio_hw_primary(  902): out_set_parameters: enter: usecase(4: compress-offload-playback2) kvpairs: exiting=1
08-19 14:16:59.267 D/audio_hw_primary(  902): out_standby: enter: stream (0xed2c7000) usecase(4: compress-offload-playback2)
08-19 14:16:59.267 D/audio_hw_primary(  902): copl(0xed2c7000):standby
08-19 14:16:59.293 D/GpsLocationProvider(26994): received SIM realted action: 
08-19 14:16:59.293 D/GpsLocationProvider(26994): SIM MCC/MNC is still not available
08-19 14:16:59.333 D/GpsLocationProvider(26994): received SIM realted action: 
08-19 14:16:59.333 D/GpsLocationProvider(26994): SIM MCC/MNC is still not available
08-19 14:16:59.342 I/Telephony(27331): PstnIncomingCallNotifier: Unregistering: Handler (com.android.internal.telephony.gsm.GSMPhone) {3827f033}
08-19 14:16:59.349 I/Telephony(27331): PstnIncomingCallNotifier: Registering: Handler (com.android.internal.telephony.gsm.GSMPhone) {3827f033}
08-19 14:16:59.361 D/offload_visualizer(  902): thread exit
08-19 14:16:59.361 D/audio_hw_primary(  902): disable_audio_route: reset and update mixer path: compress-offload-playback2 speaker
08-19 14:16:59.361 V/audio_route(  902): Reset path: compress-offload-playback2 speaker
08-19 14:16:59.361 D/audio_route(  902): audio_route_reset_and_update_path name compress-offload-playback2 speaker
08-19 14:16:59.361 E/soundtrigger(  902): audio_extn_sound_trigger_update_stream_status: invalid input device 0x0, for event 2
08-19 14:16:59.361 D/soundtrigger(  902): audio_extn_sound_trigger_update_stream_status: uc_info->id 4 of type 0 for Event 2, with Raise=1
08-19 14:16:59.361 I/sound_trigger_platform(  902): platform_stdev_check_and_update_concurrency: Received STREAM event, event type 2, usecase type 0
08-19 14:16:59.361 D/sound_trigger_platform(  902): platform_stdev_get_capture_device: Device = 0x80000004
08-19 14:16:59.361 D/sound_trigger_platform(  902): platform_stdev_get_capture_device: Available device = 0x80000004
08-19 14:16:59.361 D/sound_trigger_platform(  902): platform_stdev_check_and_update_concurrency: dedicated path 0, reset backend 1, tx 0, rx 0, concurrency session allowed
08-19 14:16:59.361 D/msm8974_platform(  902): platform_split_snd_device: snd_device(2) num devices(0) new_snd_devices(0)
08-19 14:16:59.361 I/msm8974_platform(  902): platform_get_custom_mtmx_params: no matching param with id 0 ip_ch 2 op_ch 2 uc_id 4 snd_dev 2
08-19 14:16:59.361 D/hardware_info(  902): hw_info_append_hw_type : device_name = speaker
08-19 14:16:59.361 D/audio_hw_primary(  902): disable_snd_device: snd_device(2: speaker)[SND_DEVICE_OUT_SPEAKER]
08-19 14:16:59.361 D/msm8974_platform(  902): platform_split_snd_device: snd_device(2) num devices(0) new_snd_devices(0)
08-19 14:16:59.361 V/audio_route(  902): Reset path: speaker
08-19 14:16:59.361 D/audio_route(  902): audio_route_reset_and_update_path name speaker
08-19 14:16:59.362 D/GpsLocationProvider(26994): received SIM realted action: 
08-19 14:16:59.362 D/GpsLocationProvider(26994): SIM MCC/MNC is still not available
08-19 14:16:59.365 I/soundtrigger(  902): audio_extn_sound_trigger_update_device_status: device 0x2 of type 0 for Event 0, with Raise=0
08-19 14:16:59.365 D/audio_hw_primary(  902): audio_enable_asm_bit_width_enforce_mode: DSP bitwidth feature is disabled.
08-19 14:16:59.365 D/audio_hw_primary(  902): out_standby: exit
08-19 14:16:59.365 D/audio_hw_primary(  902): adev_close_output_stream: enter:stream_handle(compress-offload-playback2)
08-19 14:16:59.365 D/audio_hw_primary(  902): io_streams_map_remove: Removed stream with handle 133
08-19 14:16:59.365 I/system_server( 1783): oneway function results will be dropped but finished with status OK and parcel size 4
08-19 14:16:59.365 D/audio_hw_primary(  902): out_standby: enter: stream (0xed2c7000) usecase(4: compress-offload-playback2)
08-19 14:16:59.365 D/audio_hw_primary(  902): out_standby: exit
08-19 14:16:59.366 D/audio_hw_primary(  902): adev_close_output_stream: exit
08-19 14:16:59.388 I/Telephony(27331): PstnIncomingCallNotifier: Unregistering: Handler (com.android.internal.telephony.gsm.GSMPhone) {3827f033}
08-19 14:16:59.397 I/Telephony(27331): PstnIncomingCallNotifier: Registering: Handler (com.android.internal.telephony.gsm.GSMPhone) {3827f033}
08-19 14:16:59.405 I/WifiService( 1783): startScan uid=10288
08-19 14:16:59.413 W/WindowManager(26994): Keyguard drawn timeout. Setting mKeyguardDrawComplete
08-19 14:16:59.454 D/GpsLocationProvider(26994): received SIM realted action: 
08-19 14:16:59.454 D/GpsLocationProvider(26994): SIM MCC/MNC is still not available
08-19 14:16:59.467 D/GpsLocationProvider(26994): received SIM realted action: 
08-19 14:16:59.467 I/Telephony(27331): PstnIncomingCallNotifier: Unregistering: Handler (com.android.internal.telephony.gsm.GSMPhone) {3827f033}
08-19 14:16:59.467 D/GpsLocationProvider(26994): SIM MCC/MNC is still not available
08-19 14:16:59.474 I/Telephony(27331): PstnIncomingCallNotifier: Registering: Handler (com.android.internal.telephony.gsm.GSMPhone) {3827f033}
08-19 14:16:59.487 I/Choreographer(27244): Skipped 55 frames!  The application may be doing too much work on its main thread.
08-19 14:16:59.488 D/OpenGLRenderer(27244): setting property extraRasterBucket to 0.95
08-19 14:16:59.488 D/OpenGLRenderer(27244):     failed
08-19 14:16:59.488 D/OpenGLRenderer(27244): setting property extraRasterBucket to 0.0
08-19 14:16:59.488 D/OpenGLRenderer(27244):     failed
08-19 14:16:59.531 I/cmd     (27749): oneway function results will be dropped but finished with status OK and parcel size 4
08-19 14:16:59.533 I/SurfaceFlinger(26916): Boot is finished (3535 ms)
08-19 14:16:59.561 V/KeyguardUpdateMonitor(27244): action android.intent.action.SIM_STATE_CHANGED state: READY slotId: 0 subid: -2
08-19 14:16:59.577 I/        (26954): stopProcess pid:26954tid:26963fd=-1
08-19 14:16:59.577 D/VirtualBinder(26798): binder monitor:recv error ret=0 errno=2
08-19 14:16:59.577 D/VirtualBinder(26798): binder_filp_close ----pid==26954--------
08-19 14:16:59.577 D/VirtualBinder(26798): binder bridge: binder_free_proc
08-19 14:16:59.579 D/WifiNl80211Manager( 1783): Scan result ready event
08-19 14:16:59.579 D/WifiNative( 1783): Scan result ready event
08-19 14:16:59.582 I/LOWI-9.0.0.55( 1558): [LOWI-Scan] lowi_close_record:Scan done in 8833947ms, 20 APs in scan results
08-19 14:16:59.584 I/LOWI-9.0.0.55( 1558): [LOWIUtils] responseToOutPostcard - TO: FreeWifiScanObserver, FROM:   LOWI-SERVER, RESP:  LOWI_ASYNC_DISCOVERY_SCAN_RESULTS
08-19 14:16:59.585 D/WificondScannerImpl( 1783): Filtering out 3 scan results.
08-19 14:16:59.589 E/WifiService( 1783): Permission violation - getScanResults not allowed for uid=10252, packageName=com.tencent.mtt, reason=java.lang.SecurityException: UID 10252 has no location permission
08-19 14:16:59.590 E/WifiService( 1783): Permission violation - getScanResults not allowed for uid=10252, packageName=com.tencent.mtt, reason=java.lang.SecurityException: UID 10252 has no location permission
08-19 14:16:59.591 E/WifiService( 1783): Permission violation - getScanResults not allowed for uid=10088, packageName=com.miui.personalassistant, reason=java.lang.SecurityException: UID 10088 has no location permission
08-19 14:16:59.591 E/WifiService( 1783): Permission violation - getScanResults not allowed for uid=10088, packageName=com.miui.personalassistant, reason=java.lang.SecurityException: UID 10088 has no location permission
08-19 14:16:59.591 W/WifiMonitor( 4602): available wifis has none
08-19 14:16:59.591 W/WifiMonitor( 1281): available wifis has none
08-19 14:16:59.591 W/WifiMonitor( 1281): getScanResults has none
08-19 14:16:59.591 W/WifiMonitor( 4602): getScanResults has none
08-19 14:16:59.593 E/AppScanObserverService( 1783): Result available, null observers for user: 0
08-19 14:16:59.665 D/GpsLocationProvider(26994): received SIM realted action: 
08-19 14:16:59.666 D/GpsLocationProvider(26994): SIM MCC/MNC is still not available
08-19 14:16:59.676 I/Telephony(27331): PstnIncomingCallNotifier: Unregistering: Handler (com.android.internal.telephony.gsm.GSMPhone) {3827f033}
08-19 14:16:59.686 I/Telephony(27331): PstnIncomingCallNotifier: Registering: Handler (com.android.internal.telephony.gsm.GSMPhone) {3827f033}
08-19 14:16:59.686 V/KeyguardUpdateMonitor(27244): action android.intent.action.SIM_STATE_CHANGED state: LOADED slotId: 0 subid: 1
08-19 14:16:59.700 V/KeyguardUpdateMonitor(27244): onSubscriptionInfoChanged()
08-19 14:16:59.706 V/KeyguardUpdateMonitor(27244): SubInfo:{id=1, iccId=00000000000000000000 simSlotIndex=0 displayName=Android carrierName=vmos nameSource=0 iconTint=-16746133 dataRoaming=0 iconBitmap=android.graphics.Bitmap@261e08b mcc 0 mnc 0}
08-19 14:16:59.712 D/KeyguardViewMediator(27244): onSimStateChanged(subId=1, slotId=0,state=READY)
08-19 14:16:59.725 D/KeyguardUpdateMonitor(27244): handleSimStateChange(subId=-2, slotId=0, state=READY)
08-19 14:16:59.725 V/KeyguardServiceDelegate(26994): **** SHOWN CALLED ****
08-19 14:16:59.725 W/KeyguardUpdateMonitor(27244): invalid subId in handleSimStateChange()
08-19 14:16:59.725 V/KeyguardUpdateMonitor(27244): onSubscriptionInfoChanged()
08-19 14:16:59.729 V/KeyguardUpdateMonitor(27244): SubInfo:{id=1, iccId=00000000000000000000 simSlotIndex=0 displayName=Android carrierName=vmos nameSource=0 iconTint=-16746133 dataRoaming=0 iconBitmap=android.graphics.Bitmap@1d0acd81 mcc 0 mnc 0}
08-19 14:16:59.735 I/SystemServiceManager(26994): Starting phase 1000
08-19 14:16:59.738 E/SHENG_RF_SOCKET(26800): sys.boot_completed but write not connect socket update=1
08-19 14:16:59.738 E/SHENG_RF_SOCKET(26800): dalvik.vm.progress but not connect socket update=666666
08-19 14:16:59.738 D/BluetoothManagerService(26994): Retrieving Bluetooth Adapter name and address...
08-19 14:16:59.738 D/BluetoothManagerService(26994): getNameAndAddress(): mBluetooth = null mBinding = false
08-19 14:16:59.738 D/BluetoothManagerService(26994): Message: 200
08-19 14:16:59.738 D/BluetoothManagerService(26994): MESSAGE_GET_NAME_AND_ADDRESS
08-19 14:16:59.739 D/BluetoothManagerService(26994): Binding to service to get name and address
08-19 14:16:59.739 E/BluetoothManagerService(26994): Fail to bind to: Intent { act=android.bluetooth.IBluetooth }
08-19 14:16:59.741 I/Telephony(27331): PstnIncomingCallNotifier: Unregistering: Handler (com.android.internal.telephony.gsm.GSMPhone) {3827f033}
08-19 14:16:59.744 V/KeyguardUpdateMonitor(27244): onSubscriptionInfoChanged()
08-19 14:16:59.747 I/Telephony(27331): PstnIncomingCallNotifier: Registering: Handler (com.android.internal.telephony.gsm.GSMPhone) {3827f033}
08-19 14:16:59.750 V/KeyguardUpdateMonitor(27244): SubInfo:{id=1, iccId=00000000000000000000 simSlotIndex=0 displayName=Android carrierName=vmos nameSource=0 iconTint=-16746133 dataRoaming=0 iconBitmap=android.graphics.Bitmap@1afcfe26 mcc 0 mnc 0}
08-19 14:16:59.755 I/NotificationMgr(27331): updateMwi(): subId 1 update to false
08-19 14:16:59.758 V/KeyguardUpdateMonitor(27244): onSubscriptionInfoChanged()
08-19 14:16:59.762 V/KeyguardUpdateMonitor(27244): SubInfo:{id=1, iccId=00000000000000000000 simSlotIndex=0 displayName=Android carrierName=vmos nameSource=0 iconTint=-16746133 dataRoaming=0 iconBitmap=android.graphics.Bitmap@a8bfa67 mcc 0 mnc 0}
08-19 14:16:59.775 D/KeyguardUpdateMonitor(27244): handleSimStateChange(subId=1, slotId=0, state=READY)
08-19 14:16:59.779 D/PhoneStatusBar(27244): disable: < expand* icons alerts system_info back* home* recent* clock search* >
08-19 14:16:59.780 V/KeyguardUpdateMonitor(27244): onSubscriptionInfoChanged()
08-19 14:16:59.786 V/KeyguardUpdateMonitor(27244): SubInfo:{id=1, iccId=00000000000000000000 simSlotIndex=0 displayName=Android carrierName=vmos nameSource=0 iconTint=-16746133 dataRoaming=0 iconBitmap=android.graphics.Bitmap@37393980 mcc 0 mnc 0}
08-19 14:16:59.805 I/RecoverySystem(26994): No recovery log file
08-19 14:16:59.805 W/vmautolaunch(26994): com.android.dialer autoLaunchDenied false for via broadcast
08-19 14:16:59.806 W/Zygote  (26926): Got runOnce=true
08-19 14:16:59.810 I/BootReceiver(26994): Copying audit failures to DropBox
08-19 14:16:59.810 I/BootReceiver(26994): Checking for fsck errors
08-19 14:16:59.828 I/ActivityManager(26994): Start proc 27761:com.android.dialer/u0a3 for broadcast com.android.dialer/.calllog.CallLogReceiver
08-19 14:16:59.828 W/vmautolaunch(26994): com.android.providers.downloads autoLaunchDenied false for via provider
08-19 14:16:59.830 D/VirtualBinder(26798): binder_filp_open ----pid==27761--------
08-19 14:16:59.831 E/Zygote  (27761): Zygote MethodAndArgsCaller xxx
08-19 14:16:59.832 I/art     (26926): Explicit concurrent mark sweep GC freed 704(30KB) AllocSpace objects, 0(0B) LOS objects, 88% free, 133KB/1157KB, paused 55us total 6.223ms
08-19 14:16:59.835 I/art     (26926): Explicit concurrent mark sweep GC freed 5(160B) AllocSpace objects, 0(0B) LOS objects, 88% free, 133KB/1157KB, paused 46us total 3.107ms
08-19 14:16:59.838 I/art     (26926): Explicit concurrent mark sweep GC freed 5(160B) AllocSpace objects, 0(0B) LOS objects, 88% free, 133KB/1157KB, paused 39us total 2.651ms
08-19 14:16:59.838 W/Zygote  (26926): Got runOnce=true
08-19 14:16:59.852 I/cmd     (27759): oneway function results will be dropped but finished with status OK and parcel size 4
08-19 14:16:59.860 I/ActivityManager(26994): Start proc 27788:android.process.media/u0a4 for content provider com.android.providers.downloads/.DownloadProvider
08-19 14:16:59.855 W/d.process.medi(27788): type=1400 audit(0.0:1642015): avc: granted { open } for path="/dev/ashmem" dev="tmpfs" ino=1135 scontext=u:r:untrusted_app_27:s0:c32,c257,c512,c768 tcontext=u:object_r:ashmem_device:s0 tclass=chr_file app=com.vmos.app
08-19 14:16:59.864 D/VirtualBinder(26798): binder_filp_open ----pid==27788--------
08-19 14:16:59.865 E/Zygote  (27788): Zygote MethodAndArgsCaller xxx
08-19 14:16:59.855 W/main    (26926): type=1400 audit(0.0:1642016): avc: granted { open } for path="/dev/ashmem" dev="tmpfs" ino=1135 scontext=u:r:untrusted_app_27:s0:c32,c257,c512,c768 tcontext=u:object_r:ashmem_device:s0 tclass=chr_file app=com.vmos.app
08-19 14:16:59.855 W/d.process.medi(27788): type=1400 audit(0.0:1642017): avc: granted { open } for path="/dev/ashmem" dev="tmpfs" ino=1135 scontext=u:r:untrusted_app_27:s0:c32,c257,c512,c768 tcontext=u:object_r:ashmem_device:s0 tclass=chr_file app=com.vmos.app
08-19 14:16:59.855 I/chatty  (27788): uid=10288(com.vmos.app) android.process.media identical 1 line
08-19 14:16:59.855 W/d.process.medi(27788): type=1400 audit(0.0:1642019): avc: granted { open } for path="/dev/ashmem" dev="tmpfs" ino=1135 scontext=u:r:untrusted_app_27:s0:c32,c257,c512,c768 tcontext=u:object_r:ashmem_device:s0 tclass=chr_file app=com.vmos.app
08-19 14:16:59.886 D/ExtensionsFactory(27761): No custom extensions.
08-19 14:16:59.903 V/OtaStartupReceiver(27331): onOtaspChanged: mOtaspMode=3
08-19 14:16:59.904 W/vmautolaunch(26994): com.android.providers.calendar autoLaunchDenied false for via broadcast
08-19 14:16:59.905 W/Zygote  (26926): Got runOnce=true
08-19 14:16:59.924 I/ActivityManager(26994): Start proc 27813:com.android.providers.calendar/u0a0 for broadcast com.android.providers.calendar/.CalendarReceiver
08-19 14:16:59.933 D/VirtualBinder(26798): binder_filp_open ----pid==27813--------
08-19 14:16:59.934 E/Zygote  (27813): Zygote MethodAndArgsCaller xxx
08-19 14:16:59.940 E/SQLiteLog(27788): (283) recovered 64 frames from WAL file /data/data/com.android.providers.media/databases/external.db-wal
08-19 14:16:59.953 I/cmd     (27814): oneway function results will be dropped but finished with status OK and parcel size 4
08-19 14:16:59.968 W/ResourcesManager(27813): Asset path '/system/framework/android.test.runner.jar' does not exist or contains no resources.
08-19 14:16:59.984 I/CalendarProvider2(27813): Created com.android.providers.calendar.CalendarAlarmManager@1e57e52e(com.android.providers.calendar.CalendarProvider2@22d4c8cf)
08-19 14:17:00.003 D/KeyguardUpdateMonitor( 2677): received broadcast android.intent.action.TIME_TICK
08-19 14:17:00.020 D/KeyguardUpdateMonitor( 2677): handleTimeUpdate
08-19 14:17:00.020 E/QSAnimator( 2677): tileView is null custom(com.android.settings/.development.qstile.DevelopmentTiles$WirelessDebugging)
08-19 14:17:00.020 E/QSAnimator( 2677): tileView is null flashlight
08-19 14:17:00.020 E/QSAnimator( 2677): tileView is null mute
08-19 14:17:00.020 E/QSAnimator( 2677): tileView is null screenshot
08-19 14:17:00.020 E/QSAnimator( 2677): tileView is null airplane
08-19 14:17:00.020 E/QSAnimator( 2677): tileView is null screenlock
08-19 14:17:00.020 E/QSAnimator( 2677): tileView is null gps
08-19 14:17:00.020 E/QSAnimator( 2677): tileView is null rotation
08-19 14:17:00.020 E/QSAnimator( 2677): tileView is null scanner
08-19 14:17:00.020 E/QSAnimator( 2677): tileView is null papermode
08-19 14:17:00.020 E/QSAnimator( 2677): tileView is null night
08-19 14:17:00.020 E/QSAnimator( 2677): tileView is null quietmode
08-19 14:17:00.020 E/QSAnimator( 2677): tileView is null batterysaver
08-19 14:17:00.020 E/QSAnimator( 2677): tileView is null custom(com.miui.securitycenter/com.miui.superpower.notification.SuperPowerTileService)
08-19 14:17:00.020 E/QSAnimator( 2677): tileView is null custom(com.milink.service/com.milink.ui.service.MiLinkTileService)
08-19 14:17:00.020 E/QSAnimator( 2677): tileView is null custom(com.miui.mishare.connectivity/.tile.MiShareTileService)
08-19 14:17:00.020 E/QSAnimator( 2677): tileView is null freeformhang
08-19 14:17:00.020 E/QSAnimator( 2677): tileView is null custom(com.miui.screenrecorder/.service.QuickService)
08-19 14:17:00.020 E/QSAnimator( 2677): tileView is null vibrate
08-19 14:17:00.020 E/QSAnimator( 2677): tileView is null hotspot
08-19 14:17:00.020 E/QSAnimator( 2677): tileView is null nfc
08-19 14:17:00.020 E/QSAnimator( 2677): tileView is null edit
08-19 14:17:00.118 W/vmautolaunch(26994): com.android.settings autoLaunchDenied false for via broadcast
08-19 14:17:00.121 W/Zygote  (26926): Got runOnce=true
08-19 14:17:00.139 I/ActivityManager(26994): Start proc 27906:com.android.settings/1000 for broadcast com.android.settings/.sim.SimBootReceiver
08-19 14:17:00.146 D/VirtualBinder(26798): binder_filp_open ----pid==27906--------
08-19 14:17:00.146 E/Zygote  (27906): Zygote MethodAndArgsCaller xxx
08-19 14:17:00.152 E/SQLiteLog(27788): (283) recovered 56 frames from WAL file /data/data/com.android.providers.media/databases/internal.db-wal
08-19 14:17:00.196 W/vmautolaunch(26994): com.android.inputmethod.latin autoLaunchDenied false for via broadcast
08-19 14:17:00.196 W/Zygote  (26926): Got runOnce=true
08-19 14:17:00.207 I/ActivityManager(26994): Start proc 27960:com.android.inputmethod.latin/u0a16 for broadcast com.android.inputmethod.latin/.SystemBroadcastReceiver
08-19 14:17:00.211 D/VirtualBinder(26798): binder_filp_open ----pid==27960--------
08-19 14:17:00.212 E/Zygote  (27960): Zygote MethodAndArgsCaller xxx
08-19 14:17:00.238 I/SystemBroadcastReceiver(27960): Boot has been completed
08-19 14:17:00.240 I/LauncherIconVisibilityManager(27960): Activity has already been disabled: ComponentInfo{com.android.inputmethod.latin/com.android.inputmethod.latin.setup.SetupActivity}
08-19 14:17:00.246 I/SystemBroadcastReceiver(27960): Killing my process: pid=27960
08-19 14:17:00.247 E/BootBroadcastReceiver(27696): onReceive
08-19 14:17:00.248 E/BootBroadcastReceiver(26994): system reboot success
08-19 14:17:00.249 W/ContextImpl(26994): Calling a method in the system process without a qualified user: android.app.ContextImpl.startService:1711 android.content.ContextWrapper.startService:516 android.content.ContextWrapper.startService:516 com.vmos.vmosservice.fileshare.HandleShareFileService.start:85 com.vmos.vmosservice.service.BootBroadcastReceiver.onReceive:33 
08-19 14:17:00.249 W/ContextImpl(26994): Calling a method in the system process without a qualified user: android.app.ContextImpl.startService:1711 android.content.ContextWrapper.startService:516 android.content.ContextWrapper.startService:516 com.vmos.vmosservice.appuseagereport.ReportAppStateService.start:72 com.vmos.vmosservice.service.BootBroadcastReceiver.onReceive:34 
08-19 14:17:00.249 D/BootBroadcastReceiver(26994): Action = android.intent.action.BOOT_COMPLETED
08-19 14:17:00.249 W/vmautolaunch(26994): com.koushikdutta.superuser autoLaunchDenied true for via broadcast
08-19 14:17:00.249 W/vmautolaunch(26994): ++++sorry,not allowed to start via broadcast! com.koushikdutta.superuser
08-19 14:17:00.249 E/HandleShareFileService(26994): 没有分享文件配置信息
08-19 14:17:00.249 I/ReportAppStateService(26994): checkConfig: 
08-19 14:17:00.250 E/TAG     (26994): getParam type=Long
08-19 14:17:00.251 E/TAG     (26994): getParam type=Long
08-19 14:17:00.251 E/DBLogUtil(26994): bw:java.io.BufferedWriter@c0b561b   data:launcher_success  br:java.io.BufferedReader@8f213b8
08-19 14:17:00.267 I/cmd     (28006): oneway function results will be dropped but finished with status OK and parcel size 4
08-19 14:17:00.324 W/MediaScanner(27788): Error opening directory '/oem/media/', skipping: No such file or directory.
08-19 14:17:00.335 E/ball_location(26302): updateFImagelayout params.x=540 params.y=589
08-19 14:17:00.335 E/WindowService(26302): updateFImagelayout  visable 显示悬浮球
08-19 14:17:00.337 E/ball_location(26302): showImageFloatBallVisibleEvent
08-19 14:17:00.337 E/SocketServerManager(26302): getData action == 2  ReceiverListener:com.vmos.app.utils.ListenSocketOnWindowService$4@b55f22e
08-19 14:17:00.337 E/s_filter(26302): onReceiver registerReceiver socketBean:{"action":2,"action_id":1629353820337,"method":1}  receiverAction:com.vmos.app.utils.ListenSocketOnWindowService$4@b55f22e
08-19 14:17:00.337 E/s_output(26302): ThreadOutputSteam sendAction
08-19 14:17:00.337 E/s_output(26302): ThreadOutputSteam run start
08-19 14:17:00.337 E/s_output(26302): ThreadOutputSteam run writer end
08-19 14:17:00.338 E/c_input (26994): ThreadInputSteam str:ThreadInputSteam read{"action":2,"action_id":1629353820337,"method":1} readS:{"action":2,"action_id":1629353820337,"method":1}
08-19 14:17:00.339 E/c_filter(26994): onReceiver KEY:2
08-19 14:17:00.339 E/c_filter(26994): onReceiver receiverActions:{2=com.vmos.vmosservice.RegisterActionManager$3@3d720e93}
08-19 14:17:00.339 E/c_filter(26994): onReceiver  type:class java.lang.String
08-19 14:17:00.339 E/SocketServerManager(26302): sendData serverBean: {"action":508,"action_id":0,"data":false,"method":0}
08-19 14:17:00.339 E/SocketServerManager(26302): socketServerConnect != null 
08-19 14:17:00.339 E/s_output(26302): ThreadOutputSteam sendAction
08-19 14:17:00.339 E/WindowService(26302): 启动成功
08-19 14:17:00.339 E/s_output(26302): ThreadOutputSteam run start
08-19 14:17:00.339 E/s_output(26302): ThreadOutputSteam run writer end
08-19 14:17:00.340 E/ball_location(26302): updateFImagelayout params.x=540 params.y=589
08-19 14:17:00.340 E/WindowService(26302): updateFImagelayout  visable 显示悬浮球
08-19 14:17:00.342 E/ball_location(26302): showImageFloatBallVisibleEvent
08-19 14:17:00.342 E/SocketServerManager(26302): getData action == 2  ReceiverListener:com.vmos.app.utils.ListenSocketOnWindowService$4@6303beb
08-19 14:17:00.342 E/s_filter(26302): onReceiver registerReceiver socketBean:{"action":2,"action_id":1629353820342,"method":1}  receiverAction:com.vmos.app.utils.ListenSocketOnWindowService$4@6303beb
08-19 14:17:00.342 E/s_output(26302): ThreadOutputSteam sendAction
08-19 14:17:00.342 E/s_output(26302): ThreadOutputSteam run start
08-19 14:17:00.342 D/GotKiCry(26302): ScreenUtils.getRealHeight() = 2400
08-19 14:17:00.342 D/GotKiCry(26302): ScreenUtils.getScreenWidth() = 1080
08-19 14:17:00.342 E/s_output(26302): ThreadOutputSteam run writer end
08-19 14:17:00.380 I/cmd     (28019): oneway function results will be dropped but finished with status OK and parcel size 4
08-19 14:17:00.438 E/c_output(26994): ThreadOutputSteam sendAction
08-19 14:17:00.438 E/c_input (26994): ThreadInputSteam str:ThreadInputSteam read{"action":508,"action_id":0,"data":false,"method":0} readS:{"action":508,"action_id":0,"data":false,"method":0}
08-19 14:17:00.438 E/c_output(26994): ThreadOutputSteam run start
08-19 14:17:00.439 E/c_filter(26994): onReceiver KEY:508
08-19 14:17:00.439 E/c_filter(26994): onReceiver receiverActions:{508=com.lebo.socketlisten.LeboLinkUtils$1@623e27e}
08-19 14:17:00.439 E/c_filter(26994): onReceiver  type:class java.lang.Boolean
08-19 14:17:00.439 E/Vmosmirrion(26994): ╔════════════════════════════════════════════════════════════════════
08-19 14:17:00.439 E/Vmosmirrion(26994): ║ Thread: pool-1-thread-4
08-19 14:17:00.439 E/Vmosmirrion(26994): ╟────────────────────────────────────────────────────────────────────
08-19 14:17:00.439 E/Vmosmirrion(26994): ║ LeboLinkUtils$1.receiver  (LeboLinkUtils.java:46)
08-19 14:17:00.439 E/Vmosmirrion(26994): ╟────────────────────────────────────────────────────────────────────
08-19 14:17:00.439 E/Vmosmirrion(26994): ║ 收到投屏状态。。。。。。。。。
08-19 14:17:00.439 E/Vmosmirrion(26994): ╚════════════════════════════════════════════════════════════════════
08-19 14:17:00.440 W/ContextImpl(26994): Calling a method in the system process without a qualified user: android.app.ContextImpl.sendBroadcast:1346 android.content.ContextWrapper.sendBroadcast:377 com.lebo.socketlisten.LeboLinkUtils$1.receiver:50 com.common.mysocket.ReceiverActionFilter$1.run:158 android.os.Handler.handleCallback:739 
08-19 14:17:00.444 D/EventBus(27696): No subscribers registered for event class com.vmos.setting.event.ThrowScreenEvent
08-19 14:17:00.444 D/EventBus(27696): No subscribers registered for event class org.greenrobot.eventbus.NoSubscriberEvent
08-19 14:17:00.445 E/ThrowingReceiver(27696): else code=throwscreenopenclose
08-19 14:17:00.445 E/ThrowingReceiver(27696): else data=false
08-19 14:17:00.461 E/s_input (26302): ThreadInputSteam str:ThreadInputSteam read{"action":2,"action_id":1629353820337,"data":[{"icon":"iVBORw0KGgoAAAANSUhEUgAAAJUAAACVCAYAAABRorhPAAAABHNCSVQICAgIfAhkiAAAIABJREFU\neJzlnXuQH9dV5z+nf695aEYaaUayZPkR25JlK7Et7IAdA3EC2QTYVLYW0FIkS+Kwi/MAqrZ4BRao\nCbVhK3FeGHa3lCI4JARSUooAzpqQkDiJY+dhOcT4gZ+yrddY78fMaF6/X5/9o3/dv9u37+3u32hm\nNOM9qp+m+95zv/fcc8899/Tt7tvC/2c0OqrBtdfSYJDeCjSqdQa1xeVhyNVN5YqKcFGobBJYrzCA\n0qtKj0BNlSbKNMKUKuPAMYGxMGQM4QUVnpJZ9tX6ON2CmVMvMj02xvToqIQXut1LSXKhBVgsGh3V\n4MZ/T8/4GH09PYyosgXYhnAZymaBSxU2ogwp1FRV0Kistv8m52AdRMdq8iiIoKrSRDiNMgbsBw6K\n8mIr5GkNeCaoMNasM3XPGab37JTWoirhAtHLyKhU7ruPytQUfa0aa6aFyyrKzcCPh8o20EFgAKRB\nqAGkjQKyxpRKM9JNI/Pmx+kioSgzqE6oyNlQeaaiPDALD4SzPM80p2dnmfyVX6EpIibaiqUVb1T3\n3quNuTprWi1GUDYHNW7QkJ9Q5YdVdACN2uj0Pi7PYx67DMbq9lxclxECAorKOYS9onxNYW8TDgbC\nseZZTt1+u0x3q4flRCvWqO69VxvnalwbBNyAcqPAdlW2AusVrWa8jc/7QNagCrxTBsdjcDauqwzQ\nUjiO8gzoE0jwkLR4ZLKfx+94s5xzt35504oyqtFRDXbsoL/Vx/VUuEWU16nq9YgMEdKjdOIiSHdy\nV1ObwZtrTCbP+eMqMKNwSkOekEDuo8m3TszwyIP9jK+k+GtFGNXoqAavejWXSC83oPyoKLcpXAda\nd05VFHS8WuxdeB+nwZQI7OeB21TkUVXuF7hf5ni4p4f9O1eAcS17o7r3mzoyPcdtIrxJlB2hskWE\nflWV+XgfV7633DLABc6J8Jy29AdI8OXmFF/75V+WwyxjWpZGpary2X9kYKCX16iyM1RuATaL0gsE\nikbBd2iXI92hZp69UmTHTjm8ebiuGMyL64rtvLhxVC+qimrItIgcBr6rwufryjd+8Rc5vRyvGJed\nUd11lzY2b+fWIGCnhrxBYZNAQ9tXcaj6g18jzU4v49Xmg1smppofrrb/pLpINWQW4SWQr6N8bvYc\n37zjjuUV0C8ro/r0I9q/+hTvCVu8A7gMtC8xJgTV7LB2Got9XhDP5E5nObi2QS0sblzAajdCe2RN\nK7JfkM9NnuFPf/VX5QTLhJaFUe3apbUNV3OzKH8ShuyIlBwrUjqjFohmvngUt1nO00sUGeGFxS3W\nAxI8pcKvH3iWr4+OyiwXmC6oUe3erZXeYV7ZVN6h8EugayM9tRWWUrKhRNLxiNeDmOcFnbfccCNn\n5NKDG1dFTgUqe0Lhk4O9PHwhrxIvmFHt3q299WFeh/B7KDeFqo2iq6ZUukfR81lDuvC46uERkhjS\nZUyZY2miPAby/lPH+cpv/RbnYOkD+SU3ql17tTZ8mkukwk9JyHsUtgkaFCnfTl+oTi2ayuZ7EeDE\nNXlS+ZYHTk4kiq0s/FxcJER5AXRX2Az+bs0aXti5c2mnxCU1qrvv057VLXYEAbcDbwY2qCJR3BCP\nyo7Lj6lorafQu5T0PvPBTUKdeePGR0ZAnvwR/AbnxxVQkJOK/qMS/LnO8dBSXiEumVHt/oqurld5\nkyrvRLkV6FNVyRgTOD2R04uYPB5vkIK5wLgdY1IHrh2IG8XmY/yCEsoUsBeVTzWb/N93v1uOsgS0\nJEZ1z3063IKfBd6lIddr1OSIEkV2OSrN85yOt9MvJG7H+Ox2Wm236stMd17cbBsEVFWeUtG7qxL8\n1TvfydhiL5guulF98Ys6NNvLHcDbBbaoaiXFYCjNnkZ8MYTNm/ESFi7q6XSznCOtrPfJLZekxQJZ\ncdJ545aSN0TkBdDPNqvB/37v7fISi0iLalRf+pKunaqH/x0N3qqqI0AQ583nvl2mL/IwuvQ+ubiu\n6cWHm5mW1DpfKNz0uV3GgRsCJ5HgbwkZveMOGWORaNGMavdX9eIavE/hF0nWn9pVlrjV4lS21Smu\nkbn8cH0eqoQezPMceV28XlzlrAh/06oFH3rPO2Ufi0CLYlRf+LZeLtP8mYbcptCX3MByNdY4LuzU\n9KDPHfFl4o754KZkLIUbZ6Sv7srgZtqRV1cZXE0gpyDYK/Bf3vUueYYFpgU3qt1f1YvrAbvCFm8A\nrQHuR1Ssc9fUkGLxGKFrxBaMVK8MZe4R+nEN47E8Umap4ELLG4kYigR7Wy1+/r3vlQMsIAXFLOXp\nS1/StTV4n4bcBtSi5zZcnJI2Ho8CnQqxlWyTA9ey3U6WgeuWc764QmRMkKzB+cbvhZA3Wr+paKg3\niITv37VLNxagdUUL5qm++EUdmuvh9xXeAQypMeXFNJ+bsvMpl5kCTJ4Flie5zbIouN3JW9h2GwMU\nlXFUd5+bDn73N39TjrMAtCCe6p57dHi2wR0KbwVdq9ZDQFCu47HS1FEuw1OQn+JZAFxn+mLhUiK/\nC4PKeK8QUdVBhZ/rbYS/8fGPT2xou9nzovM2qt1f0dWtXn6WgLer6kgkuCSCexWtOcc5vFqAq+eJ\nmxw7cNUql1ouKMI1ZSnCVQdGAa7LG2blTctgHK5G2Fmv9r911y7WcZ50XlZ5933aM9TiLQrvU+VV\nirGwqbQv+jrD2OedchcyXcoo8noOrDxckehXCaBWg0Yd6nWoViEQCIJIUaFCGEa/ZhNmZ5XpGWF2\nVmm1onQNc+rqQl5vOwvanuLpAlegpcgzgny4eoK/uWN0/vcK521Uu/Zqbeg0N1WVUeAN5utRnYam\nbw57G9w+KLUMANnpzOUB7HOHx6pUoK8X+vugtxdW9UXnfb3Q2wf1GlQrEZ+076S0WtFvdhampmDy\nHEyeUyYm28eT0W9uzt+O7m7p+NudHKpVpgyugydqojyoIn+oygO//usywzyoOp9CAMOnuUSE21X1\nVlzG2W6tN4bI8FrFHWmpdHUWc+LaWJUKrF0D60dg7VBkTL09UG9EnknEP9aqbY319cGaNdFxGMLM\nDExNw8SkcuIkHDkCx44bxuUR1pns0pM9sBzpTm/owfUYrSB6I6HeHlSCI6r6xHzuE87LqHbv1l6F\nnxLlzUBf3gjMtK5gBBYaRc5xkZsXiTzQJRfDpRfD4Cqo1SNDAiHHlnIpCISeHqWnB1avFtaPwOaN\nsP+g8vwLMD5BdhmghLxF+Zn0ktOdzWPmi9JQ5Y3a5N8++EEOAmdymu6krtW4e7dWgjW8MRC9E+Ea\nDZHMSwltgcu4bzPdZ5S2oRW5fFd9QQAXb4TLNsPIcOSZ8jzS+ZKqMj0Nx47BvheUAwdgdq68vBme\nIj1QrN/SA1lQDXlOJPh9Dfi7bqfBrrX6t1/T67XF/yLkFqS9e4prhMUCmiMjdeAo51OGC9eX5igH\nsO0q2HJlFD9VKkv3bGKrpUyeU55+Bh57DJrxk+Pn66EcbS9jZN41qyxuiPKoavieU+PV73Szx1ZX\n09+uXVrTFu8QuCkUDZzTjykg6TTnCNXMqT8/6wwLO6cSwKuuga1XQW3eEeT8KQhgYJVw3Suhr1f5\n3kPRlaMpY3xs/EmocBEUh35K4LrCEws3UGW7Erytp4fH6WIa7Gqdau2V3KzKL6VeUjC8UYZswR28\nGaMriWuvK7kUHQhs2wLbtkK9JojIok55LorrrNeFq7cK170quqJUx2Cy16ewz7ELpMvEesjFtfHz\ncNGqwC80qvxEV20uy/jpf9L+/gr3a0t3mAKp5zhOKOPKM8bkSEu13zAmb5rA5
08-19 14:17:00.467 E/c_output(26994): ThreadOutputSteam run writer end
08-19 14:17:00.469 E/s_filter(26302): onReceiver KEY:2
08-19 14:17:00.469 E/s_filter(26302): onReceiver receiverActions:{1629353818741=com.vmos.app.utils.ListenSocketOnWindowService$4@e59a16a, 1629353820342=com.vmos.app.utils.ListenSocketOnWindowService$4@6303beb, 1629353820337=com.vmos.app.utils.ListenSocketOnWindowService$4@b55f22e, 1629353818739=com.vmos.app.utils.ListenSocketOnWindowService$4@b263699}
08-19 14:17:00.470 E/s_filter(26302): onReceiver  type:java.util.List<com.common.socket.bean.AppInfo>
08-19 14:17:00.479 E/s_filter(26302): onReceiver serverBean:{"action":2,"action_id":1629353820337,"data":[{"icon":"iVBORw0KGgoAAAANSUhEUgAAAJUAAACVCAYAAABRorhPAAAABHNCSVQICAgIfAhkiAAAIABJREFU\neJzlnXuQH9dV5z+nf695aEYaaUayZPkR25JlK7Et7IAdA3EC2QTYVLYW0FIkS+Kwi/MAqrZ4BRao\nCbVhK3FeGHa3lCI4JARSUooAzpqQkDiJY+dhOcT4gZ+yrddY78fMaF6/X5/9o3/dv9u37+3u32hm\nNOM9qp+m+95zv/fcc8899/Tt7tvC/2c0OqrBtdfSYJDeCjSqdQa1xeVhyNVN5YqKcFGobBJYrzCA\n0qtKj0BNlSbKNMKUKuPAMYGxMGQM4QUVnpJZ9tX6ON2CmVMvMj02xvToqIQXut1LSXKhBVgsGh3V\n4MZ/T8/4GH09PYyosgXYhnAZymaBSxU2ogwp1FRV0Kistv8m52AdRMdq8iiIoKrSRDiNMgbsBw6K\n8mIr5GkNeCaoMNasM3XPGab37JTWoirhAtHLyKhU7ruPytQUfa0aa6aFyyrKzcCPh8o20EFgAKRB\nqAGkjQKyxpRKM9JNI/Pmx+kioSgzqE6oyNlQeaaiPDALD4SzPM80p2dnmfyVX6EpIibaiqUVb1T3\n3quNuTprWi1GUDYHNW7QkJ9Q5YdVdACN2uj0Pi7PYx67DMbq9lxclxECAorKOYS9onxNYW8TDgbC\nseZZTt1+u0x3q4flRCvWqO69VxvnalwbBNyAcqPAdlW2AusVrWa8jc/7QNagCrxTBsdjcDauqwzQ\nUjiO8gzoE0jwkLR4ZLKfx+94s5xzt35504oyqtFRDXbsoL/Vx/VUuEWU16nq9YgMEdKjdOIiSHdy\nV1ObwZtrTCbP+eMqMKNwSkOekEDuo8m3TszwyIP9jK+k+GtFGNXoqAavejWXSC83oPyoKLcpXAda\nd05VFHS8WuxdeB+nwZQI7OeB21TkUVXuF7hf5ni4p4f9O1eAcS17o7r3mzoyPcdtIrxJlB2hskWE\nflWV+XgfV7633DLABc6J8Jy29AdI8OXmFF/75V+WwyxjWpZGpary2X9kYKCX16iyM1RuATaL0gsE\nikbBd2iXI92hZp69UmTHTjm8ebiuGMyL64rtvLhxVC+qimrItIgcBr6rwufryjd+8Rc5vRyvGJed\nUd11lzY2b+fWIGCnhrxBYZNAQ9tXcaj6g18jzU4v49Xmg1smppofrrb/pLpINWQW4SWQr6N8bvYc\n37zjjuUV0C8ro/r0I9q/+hTvCVu8A7gMtC8xJgTV7LB2Got9XhDP5E5nObi2QS0sblzAajdCe2RN\nK7JfkM9NnuFPf/VX5QTLhJaFUe3apbUNV3OzKH8ShuyIlBwrUjqjFohmvngUt1nO00sUGeGFxS3W\nAxI8pcKvH3iWr4+OyiwXmC6oUe3erZXeYV7ZVN6h8EugayM9tRWWUrKhRNLxiNeDmOcFnbfccCNn\n5NKDG1dFTgUqe0Lhk4O9PHwhrxIvmFHt3q299WFeh/B7KDeFqo2iq6ZUukfR81lDuvC46uERkhjS\nZUyZY2miPAby/lPH+cpv/RbnYOkD+SU3ql17tTZ8mkukwk9JyHsUtgkaFCnfTl+oTi2ayuZ7EeDE\nNXlS+ZYHTk4kiq0s/FxcJER5AXRX2Az+bs0aXti5c2mnxCU1qrvv057VLXYEAbcDbwY2qCJR3BCP\nyo7Lj6lorafQu5T0PvPBTUKdeePGR0ZAnvwR/AbnxxVQkJOK/qMS/LnO8dBSXiEumVHt/oqurld5\nkyrvRLkV6FNVyRgTOD2R04uYPB5vkIK5wLgdY1IHrh2IG8XmY/yCEsoUsBeVTzWb/N93v1uOsgS0\nJEZ1z3063IKfBd6lIddr1OSIEkV2OSrN85yOt9MvJG7H+Ox2Wm236stMd17cbBsEVFWeUtG7qxL8\n1TvfydhiL5guulF98Ys6NNvLHcDbBbaoaiXFYCjNnkZ8MYTNm/ESFi7q6XSznCOtrPfJLZekxQJZ\ncdJ545aSN0TkBdDPNqvB/37v7fISi0iLalRf+pKunaqH/x0N3qqqI0AQ583nvl2mL/IwuvQ+ubiu\n6cWHm5mW1DpfKNz0uV3GgRsCJ5HgbwkZveMOGWORaNGMavdX9eIavE/hF0nWn9pVlrjV4lS21Smu\nkbn8cH0eqoQezPMceV28XlzlrAh/06oFH3rPO2Ufi0CLYlRf+LZeLtP8mYbcptCX3MByNdY4LuzU\n9KDPHfFl4o754KZkLIUbZ6Sv7srgZtqRV1cZXE0gpyDYK/Bf3vUueYYFpgU3qt1f1YvrAbvCFm8A\nrQHuR1Ssc9fUkGLxGKFrxBaMVK8MZe4R+nEN47E8Umap4ELLG4kYigR7Wy1+/r3vlQMsIAXFLOXp\nS1/StTV4n4bcBtSi5zZcnJI2Ho8CnQqxlWyTA9ey3U6WgeuWc764QmRMkKzB+cbvhZA3Wr+paKg3\niITv37VLNxagdUUL5qm++EUdmuvh9xXeAQypMeXFNJ+bsvMpl5kCTJ4Flie5zbIouN3JW9h2GwMU\nlXFUd5+bDn73N39TjrMAtCCe6p57dHi2wR0KbwVdq9ZDQFCu47HS1FEuw1OQn+JZAFxn+mLhUiK/\nC4PKeK8QUdVBhZ/rbYS/8fGPT2xou9nzovM2qt1f0dWtXn6WgLer6kgkuCSCexWtOcc5vFqAq+eJ\nmxw7cNUql1ouKMI1ZSnCVQdGAa7LG2blTctgHK5G2Fmv9r911y7WcZ50XlZ5933aM9TiLQrvU+VV\nirGwqbQv+jrD2OedchcyXcoo8noOrDxckehXCaBWg0Yd6nWoViEQCIJIUaFCGEa/ZhNmZ5XpGWF2\nVmm1onQNc+rqQl5vOwvanuLpAlegpcgzgny4eoK/uWN0/vcK521Uu/Zqbeg0N1WVUeAN5utRnYam\nbw57G9w+KLUMANnpzOUB7HOHx6pUoK8X+vugtxdW9UXnfb3Q2wf1GlQrEZ+076S0WtFvdhampmDy\nHEyeUyYm28eT0W9uzt+O7m7p+NudHKpVpgyugydqojyoIn+oygO//usywzyoOp9CAMOnuUSE21X1\nVlzG2W6tN4bI8FrFHWmpdHUWc+LaWJUKrF0D60dg7VBkTL09UG9EnknEP9aqbY319cGaNdFxGMLM\nDExNw8SkcuIkHDkCx44bxuUR1pns0pM9sBzpTm/owfUYrSB6I6HeHlSCI6r6xHzuE87LqHbv1l6F\nnxLlzUBf3gjMtK5gBBYaRc5xkZsXiTzQJRfDpRfD4Cqo1SNDAiHHlnIpCISeHqWnB1avFtaPwOaN\nsP+g8vwLMD5BdhmghLxF+Zn0ktOdzWPmi9JQ5Y3a5N8++EEOAmdymu6krtW4e7dWgjW8MRC9E+Ea\nDZHMSwltgcu4bzPdZ5S2oRW5fFd9QQAXb4TLNsPIcOSZ8jzS+ZKqMj0Nx47BvheUAwdgdq68vBme\nIj1QrN/SA1lQDXlOJPh9Dfi7bqfBrrX6t1/T67XF/yLkFqS9e4prhMUCmiMjdeAo51OGC9eX5igH\nsO0q2HJlFD9VKkv3bGKrpUyeU55+Bh57DJrxk+Pn66EcbS9jZN41qyxuiPKoavieU+PV73Szx1ZX\n09+uXVrTFu8QuCkUDZzTjykg6TTnCNXMqT8/6wwLO6cSwKuuga1XQW3eEeT8KQhgYJVw3Suhr1f5\n3kPRlaMpY3xs/EmocBEUh35K4LrCEws3UGW7Erytp4fH6WIa7Gqdau2V3KzKL6VeUjC8UYZswR28\nGaMriWuvK7kUHQhs2wLbtkK9JojIok55LorrrNeFq7cK170quqJUx2Cy16ewz7ELpMvEesjFtfHz\ncNGqwC80qvxEV20uy/jpf9L+/gr3a0t3mAKp5zhOKOPKM8bkSEu13zAmb5rA5k3w6hugv29ZvN4I\nwP
08-19 14:17:00.539 E/c_input (26994): ThreadInputSteam str:ThreadInputSteam read{"action":2,"action_id":1629353820342,"method":1} readS:{"action":2,"action_id":1629353820342,"method":1}
08-19 14:17:00.539 E/c_filter(26994): onReceiver KEY:2
08-19 14:17:00.539 E/c_filter(26994): onReceiver receiverActions:{2=com.vmos.vmosservice.RegisterActionManager$3@3d720e93}
08-19 14:17:00.539 E/c_filter(26994): onReceiver  type:class java.lang.String
08-19 14:17:00.587 E/SQLiteLog(27788): (2067) abort at 71 in [INSERT INTO files(storage_id,media_type,mime_type,_size,title,_data,bucket_id,is_drm,date_added,date_modified,bucket_display_name,parent,format) VALUES (?,?,?,?,?,?,?,?,?,?,?,?,?)]: UNIQUE cons
08-19 14:17:00.590 E/SQLiteDatabase(27788): Error inserting storage_id=65537 media_type=0 mime_type=null _size=0 title=Tencent _data=/storage/sdcard/Tencent bucket_id=1619814628 is_drm=false date_added=1629353820 date_modified=1629350949 bucket_display_name=sdcard parent=0 format=12289
08-19 14:17:00.590 E/SQLiteDatabase(27788): android.database.sqlite.SQLiteConstraintException: UNIQUE constraint failed: files._data (code 2067)
08-19 14:17:00.590 E/SQLiteDatabase(27788): 	at android.database.sqlite.SQLiteConnection.nativeExecuteForLastInsertedRowId(Native Method)
08-19 14:17:00.590 E/SQLiteDatabase(27788): 	at android.database.sqlite.SQLiteConnection.executeForLastInsertedRowId(SQLiteConnection.java:782)
08-19 14:17:00.590 E/SQLiteDatabase(27788): 	at android.database.sqlite.SQLiteSession.executeForLastInsertedRowId(SQLiteSession.java:788)
08-19 14:17:00.590 E/SQLiteDatabase(27788): 	at android.database.sqlite.SQLiteStatement.executeInsert(SQLiteStatement.java:86)
08-19 14:17:00.590 E/SQLiteDatabase(27788): 	at android.database.sqlite.SQLiteDatabase.insertWithOnConflict(SQLiteDatabase.java:1471)
08-19 14:17:00.590 E/SQLiteDatabase(27788): 	at android.database.sqlite.SQLiteDatabase.insert(SQLiteDatabase.java:1341)
08-19 14:17:00.590 E/SQLiteDatabase(27788): 	at com.android.providers.media.MediaProvider.insertFile(MediaProvider.java:3241)
08-19 14:17:00.590 E/SQLiteDatabase(27788): 	at com.android.providers.media.MediaProvider.insertInternal(MediaProvider.java:3616)
08-19 14:17:00.590 E/SQLiteDatabase(27788): 	at com.android.providers.media.MediaProvider.bulkInsert(MediaProvider.java:2872)
08-19 14:17:00.590 E/SQLiteDatabase(27788): 	at android.content.ContentProvider$Transport.bulkInsert(ContentProvider.java:251)
08-19 14:17:00.590 E/SQLiteDatabase(27788): 	at android.media.MediaInserter.flush(MediaInserter.java:93)
08-19 14:17:00.590 E/SQLiteDatabase(27788): 	at android.media.MediaInserter.flushAllPriority(MediaInserter.java:84)
08-19 14:17:00.590 E/SQLiteDatabase(27788): 	at android.media.MediaInserter.flushAll(MediaInserter.java:73)
08-19 14:17:00.590 E/SQLiteDatabase(27788): 	at android.media.MediaScanner.scanDirectories(MediaScanner.java:1331)
08-19 14:17:00.590 E/SQLiteDatabase(27788): 	at com.android.providers.media.MediaScannerService.scan(MediaScannerService.java:105)
08-19 14:17:00.590 E/SQLiteDatabase(27788): 	at com.android.providers.media.MediaScannerService.access$300(MediaScannerService.java:49)
08-19 14:17:00.590 E/SQLiteDatabase(27788): 	at com.android.providers.media.MediaScannerService$ServiceHandler.handleMessage(MediaScannerService.java:272)
08-19 14:17:00.590 E/SQLiteDatabase(27788): 	at android.os.Handler.dispatchMessage(Handler.java:102)
08-19 14:17:00.590 E/SQLiteDatabase(27788): 	at android.os.Looper.loop(Looper.java:135)
08-19 14:17:00.590 E/SQLiteDatabase(27788): 	at com.android.providers.media.MediaScannerService.run(MediaScannerService.java:186)
08-19 14:17:00.590 E/SQLiteDatabase(27788): 	at java.lang.Thread.run(Thread.java:818)
08-19 14:17:00.590 E/SQLiteLog(27788): (2067) abort at 71 in [INSERT INTO files(storage_id,media_type,mime_type,_size,title,_data,bucket_id,is_drm,date_added,date_modified,bucket_display_name,parent,format) VALUES (?,?,?,?,?,?,?,?,?,?,?,?,?)]: UNIQUE cons
08-19 14:17:00.590 E/SQLiteDatabase(27788): Error inserting storage_id=65537 media_type=0 mime_type=null _size=0 title=WeixinWork _data=/storage/sdcard/Tencent/WeixinWork bucket_id=-1411943142 is_drm=false date_added=1629353820 date_modified=1629350949 bucket_display_name=Tencent parent=-1 format=12289
08-19 14:17:00.590 E/SQLiteDatabase(27788): android.database.sqlite.SQLiteConstraintException: UNIQUE constraint failed: files._data (code 2067)
08-19 14:17:00.590 E/SQLiteDatabase(27788): 	at android.database.sqlite.SQLiteConnection.nativeExecuteForLastInsertedRowId(Native Method)
08-19 14:17:00.590 E/SQLiteDatabase(27788): 	at android.database.sqlite.SQLiteConnection.executeForLastInsertedRowId(SQLiteConnection.java:782)
08-19 14:17:00.590 E/SQLiteDatabase(27788): 	at android.database.sqlite.SQLiteSession.executeForLastInsertedRowId(SQLiteSession.java:788)
08-19 14:17:00.590 E/SQLiteDatabase(27788): 	at android.database.sqlite.SQLiteStatement.executeInsert(SQLiteStatement.java:86)
08-19 14:17:00.590 E/SQLiteDatabase(27788): 	at android.database.sqlite.SQLiteDatabase.insertWithOnConflict(SQLiteDatabase.java:1471)
08-19 14:17:00.590 E/SQLiteDatabase(27788): 	at android.database.sqlite.SQLiteDatabase.insert(SQLiteDatabase.java:1341)
08-19 14:17:00.590 E/SQLiteDatabase(27788): 	at com.android.providers.media.MediaProvider.insertFile(MediaProvider.java:3241)
08-19 14:17:00.590 E/SQLiteDatabase(27788): 	at com.android.providers.media.MediaProvider.insertInternal(MediaProvider.java:3616)
08-19 14:17:00.590 E/SQLiteDatabase(27788): 	at com.android.providers.media.MediaProvider.bulkInsert(MediaProvider.java:2872)
08-19 14:17:00.590 E/SQLiteDatabase(27788): 	at android.content.ContentProvider$Transport.bulkInsert(ContentProvider.java:251)
08-19 14:17:00.590 E/SQLiteDatabase(27788): 	at android.media.MediaInserter.flush(MediaInserter.java:93)
08-19 14:17:00.590 E/SQLiteDatabase(27788): 	at android.media.MediaInserter.flushAllPriority(MediaInserter.java:84)
08-19 14:17:00.590 E/SQLiteDatabase(27788): 	at android.media.MediaInserter.flushAll(MediaInserter.java:73)
08-19 14:17:00.590 E/SQLiteDatabase(27788): 	at android.media.MediaScanner.scanDirectories(MediaScanner.java:1331)
08-19 14:17:00.590 E/SQLiteDatabase(27788): 	at com.android.providers.media.MediaScannerService.scan(MediaScannerService.java:105)
08-19 14:17:00.590 E/SQLiteDatabase(27788): 	at com.android.providers.media.MediaScannerService.access$300(MediaScannerService.java:49)
08-19 14:17:00.590 E/SQLiteDatabase(27788): 	at com.android.providers.media.MediaScannerService$ServiceHandler.handleMessage(MediaScannerService.java:272)
