08-19 14:18:24.151 W/Linkify.v16(30786): 	at android.os.Handler.dispatchMessage(Handler.java:106)
08-19 14:18:24.151 W/Linkify.v16(30786): 	at android.os.Looper.loop(Looper.java:236)
08-19 14:18:24.151 W/Linkify.v16(30786): 	at android.app.ActivityThread.main(ActivityThread.java:8057)
08-19 14:18:24.151 W/Linkify.v16(30786): 	at java.lang.reflect.Method.invoke(Native Method)
08-19 14:18:24.151 W/Linkify.v16(30786): 	at com.android.internal.os.RuntimeInit$MethodAndArgsCaller.run(RuntimeInit.java:656)
08-19 14:18:24.151 W/Linkify.v16(30786): 	at com.android.internal.os.ZygoteInit.main(ZygoteInit.java:967)
08-19 14:18:24.175 E/service:synclo(30786): Invalid ID 0x00000000.
08-19 14:18:24.178 I/miuisdk (30786): loading module: com.miui.system
08-19 14:18:24.182 E/service:synclo(30786): Invalid ID 0x00000000.
08-19 14:18:24.192 E/service:synclo(30786): Invalid ID 0x00000000.
08-19 14:18:24.194 D/miuisdk (30786): process com.miui.system successful
08-19 14:18:24.194 I/miuisdk (30786): loading module: com.xiaomi.micloud.sdk
08-19 14:18:24.196 E/service:synclo(30786): Invalid ID 0x00000000.
08-19 14:18:24.200 E/service:synclo(30786): Invalid ID 0x00000000.
08-19 14:18:24.204 W/service:synclo(30786): ClassLoaderContext classpath size mismatch. expected=0, found=1 (PCL[] | PCL[/system/app/CloudService/CloudService.apk*628178319]{PCL[/system/framework/android.test.base.jar*2798937298]#PCL[/system/priv-app/RtMiCloudSDK/RtMiCloudSDK.apk*4008159897]#PCL[/system/framework/org.apache.http.legacy.jar*1721227950]})
08-19 14:18:24.206 W/service:synclo(30786): Found duplicate classes, falling back to extracting from APK : /system/priv-app/RtMiCloudSDK/RtMiCloudSDK.apk
08-19 14:18:24.206 W/service:synclo(30786): NOTE: This wastes RAM and hurts startup performance.
08-19 14:18:24.206 W/service:synclo(30786): Found duplicated class when checking oat files: 'Lcom/xiaomi/accountsdk/activate/ActivateIntent;' in /system/priv-app/RtMiCloudSDK/RtMiCloudSDK.apk and /system/priv-app/RtMiCloudSDK/RtMiCloudSDK.apk
08-19 14:18:24.210 D/miuisdk (30786): process com.xiaomi.micloud.sdk successful
08-19 14:18:24.210 D/miuisdk (30786): process modules finished
08-19 14:18:24.214 I/SyncLogSender(30709): Create sync log sender: file.
08-19 14:18:24.215 I/SyncLogSender(27040): Create sync log sender: file.
08-19 14:18:24.216 I/SyncLogSender(30709): Create sync log sender: file.
08-19 14:18:24.219 D/SyncInfoProviderBase(27040): queryCount, uri: content://com.miui.browser/bookmarks
08-19 14:18:24.221 I/AnonymousDeviceIdUtil(30786): enforced
08-19 14:18:24.222 D/SyncInfoProviderBase(30709): queryCountByProjection, uri: content://personal_assistant/synced
08-19 14:18:24.223 I/CloudTelephonyManager(30786): getDeviceId: use restrict_imie
08-19 14:18:24.223 D/SyncInfoProviderBase(27040): queryCount, uri: content://com.miui.browser/historysync
08-19 14:18:24.224 I/[com.miui.browser,27040]:SyncLog[com.miui.browser](30786): Start Sync:{authority:com.miui.browser, start:2021-08-19 14:18:24, extras:{micloud_force=false,force=false,ignore_backoff=false,upload=false}}
08-19 14:18:24.225 D/SyncInfoProviderBase(27040): queryCount, uri: content://com.miui.browser/bookmarks
08-19 14:18:24.226 I/AssistantProvider( 4602): queryCloudSync: uri content://personal_assistant/cloudservice, selection cdirty, selectionArg 0
08-19 14:18:24.228 D/SyncInfoProviderBase(27040): queryCount, uri: content://com.miui.browser/historysync
08-19 14:18:24.228 D/SyncInfoProviderBase(30709): queryCountByProjection, uri: content://sms?privacy_flag=2
08-19 14:18:24.229 I/[personal_assistant,30709]:SyncLog[personal_assistant](30786): Start Sync:{authority:personal_assistant, start:2021-08-19 14:18:24, extras:{micloud_force=false,force=false,ignore_backoff=false,upload=true}}
08-19 14:18:24.229 I/[sms,30709]:SyncLog[sms](30786): Start Sync:{authority:sms, start:2021-08-19 14:18:24, extras:{micloud_force=false,force=false,ignore_backoff=false,upload=false}}
08-19 14:18:24.230 I/[com.miui.browser,27040]:SyncLog[com.miui.browser](30786): Before Sync: SyncDataInfo[com.miui.browser]  {synced count:52, unsynced count:6, unsynced secret count:-1, unsynced wifi only count:0}
08-19 14:18:24.231 I/CloudTelephonyManager(30786): getDeviceId: restrict_imie, use cloudId
08-19 14:18:24.231 I/CloudTelephonyManager(30786): getDeviceId: Ve
08-19 14:18:24.233 D/MiCloudResolver(27040): isSyncPausing: authority: com.miui.browser
08-19 14:18:24.233 V/MmsSmsUtils( 2989): checkPrivateMsgWhiteList time is 0
08-19 14:18:24.234 I/MiCloudSDKDependencyUtil(30786): MiCloudSDK environment: 32
08-19 14:18:24.234 D/MiCloudResolver(27040): getResumeTime: authority: com.miui.browser
08-19 14:18:24.234 D/SyncContentUtils(27040): isPauseExceptAuthority: authority: com.miui.browser
08-19 14:18:24.236 D/MiCloudProvider(28441): query sync pause except
08-19 14:18:24.238 V/CloudApp(30786): has telephony feature
08-19 14:18:24.240 E/SyncContentUtils(27040): isPauseExceptAuthority: error cursor is null or query fail, cursor is null?no
08-19 14:18:24.241 D/SyncContentUtils(27040): loadResumeTime: authority: com.miui.browser
08-19 14:18:24.241 I/CloudServiceUtil( 4602): getNoteBoard null
08-19 14:18:24.242 D/MiCloudProvider(28441): query sync pause
08-19 14:18:24.246 D/CompatibilityInfo( 1783): mCompatibilityFlags - 0
08-19 14:18:24.246 D/CompatibilityInfo( 1783): applicationDensity - 440
08-19 14:18:24.246 D/CompatibilityInfo( 1783): applicationScale - 1.0
08-19 14:18:24.247 D/##XLogger##(30786): com.miui.cloudservice.stat.l::b@SourceFile:14, thread:2--StatHelper, init stats
08-19 14:18:24.247 I/MiuiNetworkPolicy( 1783): updateUidState uid = 10140, uidState = 8
08-19 14:18:24.247 I/AssistantProvider( 4602): queryCloudSync: express has unsync data!
08-19 14:18:24.247 I/CloudServiceUtil( 4602): cloud sync : upload express, auth = true, phones = null
08-19 14:18:24.247 I/AssistantProvider( 4602): queryCloudSync: favorite has unsync data!
08-19 14:18:24.248 I/CloudServiceUtil( 4602): cloud sync : upload favorite, auth = true
08-19 14:18:24.248 I/AssistantProvider( 4602): queryCloudSync: shopping has unsync data!
08-19 14:18:24.248 I/CloudServiceUtil( 4602): cloud sync : upload shopping, auth = true
08-19 14:18:24.248 I/AssistantProvider( 4602): queryCloudSync: miot has unsync data!
08-19 14:18:24.249 I/CloudServiceUtil( 4602): cloud sync : upload miot, auth = false, open = true
08-19 14:18:24.249 I/AssistantProvider( 4602): queryCloudSync: shortcuts has unsync data!
08-19 14:18:24.249 D/SyncInfoProviderBase(30709): count 0
08-19 14:18:24.250 E/SyncContentUtils(27040): loadResumeTime: error cursor is null or query fail
08-19 14:18:24.250 I/AssistantProvider( 4602): queryCloudSync: app_settings has unsync data!
08-19 14:18:24.250 I/AssistantProvider( 4602): queryCloudSync: card_sticky_order has unsync data!
08-19 14:18:24.252 I/MiuiNetworkPolicy( 1783): updateUidState uid = 10140, uidState = 4
08-19 14:18:24.253 D/SyncContentUtils(27040): loadResumeTime: authority: _all
08-19 14:18:24.253 I/AssistantProvider( 4602): queryCloudSync: app_suggest has unsync data!
08-19 14:18:24.254 I/AssistantProvider( 4602): queryCloudSync: quick_app has unsync data!
08-19 14:18:24.254 D/MiCloudProvider(28441): query sync pause
08-19 14:18:24.254 I/MiuiNetworkPolicyTrafficLimit( 1783): updateWhiteListUidForMobileTraffic uid=10140,add=true
08-19 14:18:24.255 I/AssistantProvider( 4602): queryCloudSync: commute has unsync data!
08-19 14:18:24.255 E/SyncContentUtils(27040): loadResumeTime: error cursor is null or query fail
08-19 14:18:24.255 I/CloudServiceUtil( 4602): cloud sync : upload commute_data
08-19 14:18:24.256 D/SyncInfoProviderBase(30709): queryCountByProjection, uri: content://mms?privacy_flag=2
08-19 14:18:24.256 I/##XLogger##(30786): com.miui.cloudservice.sync.IntelligentSyncServi@IPV6@SourceFile:1, thread:2--IntelligentSyncService, Schedule an intelligent sync job.
08-19 14:18:24.257 I/AssistantProvider( 4602): queryCloudSync: setting db has unsync data!
08-19 14:18:24.257 I/PASettingIPC( 4602): context : com.miui.personalassistant
08-19 14:18:24.257 I/PASettingIPC( 4602): serviceKey : short_cut
08-19 14:18:24.257 D/MiuiNetworkPolicyTrafficLimit( 1783): updateWhiteListUidForMobileTraffic rst=true
08-19 14:18:24.258 V/MiCloudSyncAdapterBase(27040): onPerformSync: getting auth token. authority: com.miui.browser
08-19 14:18:24.259 I/PASettingIPC( 4602): context : com.miui.personalassistant
08-19 14:18:24.259 I/PASettingIPC( 4602): serviceKey : personal_manage
08-19 14:18:24.261 I/PASettingIPC( 4602): context : com.miui.personalassistant
08-19 14:18:24.261 I/PASettingIPC( 4602): serviceKey : recently_use
08-19 14:18:24.261 V/MmsSmsUtils( 2989): checkPrivateMsgWhiteList time is 0
08-19 14:18:24.261 I/##XLogger##(30786): com.miui.cloudservice.sync.IntelligentSyncServi@IPV6@SourceFile:6, thread:2--IntelligentSyncService, There has been existing an intelligent job! Do not schedule again.
08-19 14:18:24.262 I/[com.miui.browser,27040]:BrowserSyncAdapter(30786): -->onPerformMiCloudSync(): extras=Bundle[{sync_tag_type=micloud.browser.history.sync, sync_from=2}], sync tag type=micloud.browser.history.sync, sync from =2, is browser on = true, thread=SyncAdapterThread-2
08-19 14:18:24.262 I/PASettingIPC( 4602): context : com.miui.personalassistant
08-19 14:18:24.262 I/PASettingIPC( 4602): serviceKey : suggest
08-19 14:18:24.262 I/[com.miui.browser,27040]:BrowserSyncAdapter(30786): -->onPerformMiCloudSync(): sync his, more day flag=-1
08-19 14:18:24.263 I/PASettingIPC( 4602): context : com.miui.personalassistant
08-19 14:18:24.263 I/PASettingIPC( 4602): serviceKey : commute
08-19 14:18:24.264 D/SyncInfoProviderBase(30709): count 0
08-19 14:18:24.265 I/PASettingIPC( 4602): context : com.miui.personalassistant
08-19 14:18:24.265 I/PASettingIPC( 4602): serviceKey : express
08-19 14:18:24.265 I/ANDR-PERF-LM(  952): LMPerfGlue: perfmodule_submit_request() 132: perfmodule_submit_request()
08-19 14:18:24.265 I/ANDR-PERF-LM(  952): Core: getInstance() 84: LM getInstance
08-19 14:18:24.266 D/ANDR-PERF-LM(  952): Feature: lookup() 101: Feature Name = AppClassifier, total featuers = 3, featureFound = 1
08-19 14:18:24.266 D/ANDR-PERF-LM(  952): Feature: getData() 112: data.data = 0
08-19 14:18:24.266 I/ANDR-PERF-LM(  952): FeedbackAPI: getFeedback() 60: app:com.miui.cloudservice feature:AppClassifier feedback = 0
08-19 14:18:24.266 I/PASettingIPC( 4602): context : com.miui.personalassistant
08-19 14:18:24.267 I/PASettingIPC( 4602): serviceKey : favorite
08-19 14:18:24.268 I/PASettingIPC( 4602): context : com.miui.personalassistant
08-19 14:18:24.268 I/PASettingIPC( 4602): serviceKey : shopping
08-19 14:18:24.269 I/PASettingIPC( 4602): context : com.miui.personalassistant
08-19 14:18:24.269 I/PASettingIPC( 4602): serviceKey : agenda
08-19 14:18:24.270 D/SyncInfoProviderBase(30709): queryCountByProjection, uri: content://rms/rms_log?privacy_flag=2
08-19 14:18:24.270 I/PASettingIPC( 4602): context : com.miui.personalassistant
08-19 14:18:24.270 I/PASettingIPC( 4602): serviceKey : trip
08-19 14:18:24.272 I/PASettingIPC( 4602): context : com.miui.personalassistant
08-19 14:18:24.272 I/PASettingIPC( 4602): serviceKey : sports
08-19 14:18:24.272 V/MmsSmsUtils( 2989): checkPrivateMsgWhiteList time is 0
08-19 14:18:24.273 W/TelephonyPermissions( 2989): reportAccessDeniedToReadIdentifiers:com.xiaomi.simactivate.service:getDeviceId:-1
08-19 14:18:24.274 I/PASettingIPC( 4602): context : com.miui.personalassistant
08-19 14:18:24.274 I/PASettingIPC( 4602): serviceKey : stock
08-19 14:18:24.274 E/##XLogger##(30786): com.miui.cloudservice.cloudcontrol.@IPV6@SourceFile:2, thread:2130--cloud config is not expired , request canceled
08-19 14:18:24.279 I/PASettingIPC( 4602): context : com.miui.personalassistant
08-19 14:18:24.279 I/PASettingIPC( 4602): serviceKey : information
08-19 14:18:24.280 I/MiuiNetworkPolicy( 1783): updateUidState uid = 10140, uidState = 10
08-19 14:18:24.281 I/PASettingIPC( 4602): context : com.miui.personalassistant
08-19 14:18:24.281 I/PASettingIPC( 4602): serviceKey : noteboard
08-19 14:18:24.282 I/MiuiNetworkPolicyTrafficLimit( 1783): updateWhiteListUidForMobileTraffic uid=10140,add=false
08-19 14:18:24.283 I/RemoteMethodInvoker(27040): RemoteMethodInvoker connects remote service .XiaomiAccountService
08-19 14:18:24.283 D/MiuiNetworkPolicyTrafficLimit( 1783): updateWhiteListUidForMobileTraffic rst=true
08-19 14:18:24.283 I/MiuiNetworkPolicy( 1783): updateUidState uid = 10140, uidState = 19
08-19 14:18:24.285 I/PASettingIPC( 4602): context : com.miui.personalassistant
08-19 14:18:24.285 I/PASettingIPC( 4602): serviceKey : course
08-19 14:18:24.275 W/Thread-89(26994): type=1400 audit(0.0:1642954): avc: granted { open } for path="/dev/ashmem" dev="tmpfs" ino=1135 scontext=u:r:untrusted_app_27:s0:c32,c257,c512,c768 tcontext=u:object_r:ashmem_device:s0 tclass=chr_file app=com.vmos.app
08-19 14:18:24.286 D/SyncInfoProviderBase(30709): count 0
08-19 14:18:24.289 I/PASettingIPC( 4602): context : com.miui.personalassistant
08-19 14:18:24.289 I/PASettingIPC( 4602): serviceKey : bluetooth
08-19 14:18:24.289 V/ActivateStatusReceiver(30786): Updating activate info for sim 0 inserted=true status=3
08-19 14:18:24.291 I/PASettingIPC( 4602): context : com.miui.personalassistant
08-19 14:18:24.291 I/PASettingIPC( 4602): serviceKey : miot_device
08-19 14:18:24.292 D/CompatibilityInfo( 1783): mCompatibilityFlags - 0
08-19 14:18:24.292 D/CompatibilityInfo( 1783): applicationDensity - 440
08-19 14:18:24.292 D/CompatibilityInfo( 1783): applicationScale - 1.0
08-19 14:18:24.293 I/MiuiNetworkPolicy( 1783): updateUidState uid = 10140, uidState = 8
08-19 14:18:24.293 I/PASettingIPC( 4602): context : com.miui.personalassistant
08-19 14:18:24.293 I/PASettingIPC( 4602): serviceKey : memory
08-19 14:18:24.295 I/PASettingIPC( 4602): context : com.miui.personalassistant
08-19 14:18:24.295 I/PASettingIPC( 4602): serviceKey : health
08-19 14:18:24.296 I/PASettingIPC( 4602): context : com.miui.personalassistant
08-19 14:18:24.296 I/PASettingIPC( 4602): serviceKey : screen_duration
08-19 14:18:24.298 I/MiuiNetworkPolicy( 1783): updateUidState uid = 10140, uidState = 4
08-19 14:18:24.299 I/PASettingIPC( 4602): context : com.miui.personalassistant
08-19 14:18:24.299 I/PASettingIPC( 4602): serviceKey : sleep
08-19 14:18:24.300 I/PASettingIPC( 4602): context : com.miui.personalassistant
08-19 14:18:24.300 I/PASettingIPC( 4602): serviceKey : help_sleep
08-19 14:18:24.301 I/MiuiNetworkPolicyTrafficLimit( 1783): updateWhiteListUidForMobileTraffic uid=10140,add=true
08-19 14:18:24.301 I/MiuiNetworkPolicy( 1783): updateUidState uid = 10278, uidState = 16
08-19 14:18:24.301 I/MiuiNetworkPolicy( 1783): updateUidState uid = 10124, uidState = 16
08-19 14:18:24.302 D/MiuiNetworkPolicyTrafficLimit( 1783): updateWhiteListUidForMobileTraffic rst=true
08-19 14:18:24.302 I/PASettingIPC( 4602): getServiceSettingStatus: failed, online = -1, serviceStatus = -1
08-19 14:18:24.302 I/PASettingIPC( 4602): context : com.miui.personalassistant
08-19 14:18:24.302 I/PASettingIPC( 4602): serviceKey : surrounding
08-19 14:18:24.304 I/PASettingIPC( 4602): getServiceSettingStatus: failed, online = -1, serviceStatus = -1
08-19 14:18:24.304 I/PASettingIPC( 4602): context : com.miui.personalassistant
08-19 14:18:24.304 I/PASettingIPC( 4602): serviceKey : red_envelope
08-19 14:18:24.305 I/PASettingIPC( 4602): context : com.miui.personalassistant
08-19 14:18:24.305 I/PASettingIPC( 4602): serviceKey : china_proper
08-19 14:18:24.306 I/PASettingIPC( 4602): context : com.miui.personalassistant
08-19 14:18:24.306 I/PASettingIPC( 4602): serviceKey : five_bless
08-19 14:18:24.308 I/PASettingIPC( 4602): context : com.miui.personalassistant
08-19 14:18:24.308 I/PASettingIPC( 4602): serviceKey : covid_19
08-19 14:18:24.311 V/ActivateStatusReceiver(30786): Updating activate info for sim 1 inserted=false status=-1
08-19 14:18:24.312 I/MiuiNetworkPolicy( 1783): updateUidState uid = 10140, uidState = 10
08-19 14:18:24.312 I/AssistantProvider( 4602): cloud sync : card status, type = 0, count = 22
08-19 14:18:24.314 I/MiuiNetworkPolicyTrafficLimit( 1783): updateWhiteListUidForMobileTraffic uid=10140,add=false
08-19 14:18:24.314 I/MiuiNetworkPolicy( 1783): updateUidState uid = 10140, uidState = 19
08-19 14:18:24.314 D/MiuiNetworkPolicyTrafficLimit( 1783): updateWhiteListUidForMobileTraffic rst=true
08-19 14:18:24.318 D/SyncInfoProviderBase(30709): queryCountByProjection, uri: content://sms?privacy_flag=2
08-19 14:18:24.319 V/MmsSmsUtils( 2989): checkPrivateMsgWhiteList time is 0
08-19 14:18:24.319 W/Thread-21( 6397): type=1400 audit(0.0:1642955): avc: denied { read } for name="devices" dev="proc" ino=4026532038 scontext=u:r:untrusted_app_27:s0:c512,c768 tcontext=u:object_r:proc:s0 tclass=file permissive=0 app=com.tmri.app.main
08-19 14:18:24.321 D/SyncInfoProviderBase(30709): count 2
08-19 14:18:24.321 D/Wth2:ToolsNet(30717): getText() net conn response code is..200--99a6a7a4a3736264aa9e93aa9996a494a49967a096a5a497aa5fa99b94a39da26198a2a661ada5a35fa9675fb09896a7a197a86092a294a6a4789f96a7a2a6ab95966f65665e6f686b6971675c9da0a09a9da4ae979a706a636a5f616269676370599ea685a19992a5979771a4aba89a59a5a19992a59ba2a27b9eac72aa9e93aa9996a496a2556c7466636a646e61676b6c5a91a9a38098b26fad9692a69b99a26b6366686a62686557a59c9b9e76ad8a7983a17783638c89a674b264ab796c76666857a4a2a1869ea5a89ca8a07387626461695e6c6165618b7d7e747f8a805a91a9a38b98aba59fa09f6f6466606e636d636a58979da19a9471969a9fa8985f9ba9789da195959c7699969fac975c9596a89c97957694a19ca8a69e579ea1977895af9c98987658a2a094939f996db39b9496a7#currentTimeMillis=1629353904321
08-19 14:18:24.322 E/RecordProvider( 4602): filterDirtyDelIfNeeded: Package com.miui.personalassistant does not belong to 10138
08-19 14:18:24.322 D/SyncInfoProviderBase(30709): queryCountByProjection, uri: content://mms?privacy_flag=2
08-19 14:18:24.323 I/AssistantProvider( 4602): cloud sync : favorite data, type = 0, count = 1
08-19 14:18:24.323 V/MmsSmsUtils( 2989): checkPrivateMsgWhiteList time is 0
08-19 14:18:24.324 I/AssistantProvider( 4602): cloud sync : shopping data, type = 0, count = 0
08-19 14:18:24.325 D/SyncInfoProviderBase(30709): count 23
08-19 14:18:24.325 D/SyncInfoProviderBase(30709): count 0
08-19 14:18:24.325 D/SyncInfoProviderBase(30709): queryCountByProjection, uri: content://personal_assistant/unsynced
08-19 14:18:24.326 V/CloudActivateStatusListener(30786): com.miui.cloudservice.c::onActivateStatusChanged@SourceFile:1, thread:2--onActivateStatusChanged event EVENT_NONE
08-19 14:18:24.326 I/AssistantProvider( 4602): queryCloudSync: uri content://personal_assistant/cloudservice, selection cdirty, selectionArg 1
08-19 14:18:24.326 D/SyncInfoProviderBase(30709): queryCountByProjection, uri: content://rms/rms_log?privacy_flag=2
08-19 14:18:24.326 I/AssistantProvider( 4602): cloud sync : card status, type = 1, count = 0
08-19 14:18:24.327 V/CloudActivateStatusListener(30786): com.miui.cloudservice.c::onActivateStatusChanged@SourceFile:1, thread:2--onActivateStatusChanged event EVENT_NONE
08-19 14:18:24.328 V/MmsSmsUtils( 2989): checkPrivateMsgWhiteList time is 0
08-19 14:18:24.328 I/AssistantProvider( 4602): cloud sync : favorite data, type = 1, count = 0
08-19 14:18:24.329 I/AssistantProvider( 4602): cloud sync : shopping data, type = 1, count = 0
08-19 14:18:24.330 D/SyncInfoProviderBase(30709): count 0
08-19 14:18:24.336 D/SyncInfoProviderBase(30709): count 0
08-19 14:18:24.337 W/ctivate.servic(28540): Reducing the number of considered missed Gc histogram windows from 116 to 100
08-19 14:18:24.337 D/SyncInfoProviderBase(30709): queryCountByProjection, uri: content://sms?privacy_flag=2
08-19 14:18:24.338 I/[personal_assistant,30709]:SyncLog[personal_assistant](30786): Before Sync: SyncDataInfo[personal_assistant]  {synced count:23, unsynced count:0, unsynced secret count:-1, unsynced wifi only count:0}
08-19 14:18:24.338 I/MiCloudSdkBuild(30709): MiCloudSdk version: 32
08-19 14:18:24.339 V/MmsSmsUtils( 2989): checkPrivateMsgWhiteList time is 0
08-19 14:18:24.341 D/SyncInfoProviderBase(30709): count 0
08-19 14:18:24.341 D/MiCloudResolver(30709): isSyncPausing: authority: personal_assistant
08-19 14:18:24.342 D/MiCloudResolver(30709): getResumeTime: authority: personal_assistant
08-19 14:18:24.342 D/SyncInfoProviderBase(30709): queryCountByProjection, uri: content://mms?privacy_flag=2
08-19 14:18:24.342 D/SyncContentUtils(30709): isPauseExceptAuthority: authority: personal_assistant
08-19 14:18:24.343 V/MmsSmsUtils( 2989): checkPrivateMsgWhiteList time is 0
08-19 14:18:24.343 W/System.err(30717): org.json.JSONException: No value for brandInfo
08-19 14:18:24.343 W/System.err(30717): 	at org.json.JSONObject.get(JSONObject.java:400)
08-19 14:18:24.343 D/MiCloudProvider(28441): query sync pause except
08-19 14:18:24.343 W/System.err(30717): 	at org.json.JSONObject.getJSONObject(JSONObject.java:620)
08-19 14:18:24.343 W/System.err(30717): 	at com.miui.weather2.j.c.a(SourceFile:60)
08-19 14:18:24.343 W/System.err(30717): 	at com.miui.weather2.structures.WeatherData.<init>(SourceFile:18)
08-19 14:18:24.343 W/System.err(30717): 	at com.miui.weather2.g.n.a(SourceFile:38)
08-19 14:18:24.343 W/System.err(30717): 	at com.miui.weather2.service.job.l.h(SourceFile:5)
08-19 14:18:24.344 W/System.err(30717): 	at com.miui.weather2.service.job.j.a(SourceFile:1)
08-19 14:18:24.344 W/System.err(30717): 	at com.miui.weather2.service.job.j.doInBackground(SourceFile:1)
08-19 14:18:24.344 W/System.err(30717): 	at android.os.AsyncTask$3.call(AsyncTask.java:394)
08-19 14:18:24.344 W/System.err(30717): 	at java.util.concurrent.FutureTask.run(FutureTask.java:266)
08-19 14:18:24.344 W/System.err(30717): 	at java.util.concurrent.ThreadPoolExecutor.runWorker(ThreadPoolExecutor.java:1167)
08-19 14:18:24.344 W/System.err(30717): 	at java.util.concurrent.ThreadPoolExecutor$Worker.run(ThreadPoolExecutor.java:641)
08-19 14:18:24.344 W/System.err(30717): 	at java.lang.Thread.run(Thread.java:923)
08-19 14:18:24.344 E/SyncContentUtils(30709): isPauseExceptAuthority: error cursor is null or query fail, cursor is null?no
08-19 14:18:24.345 D/SyncInfoProviderBase(30709): count 0
08-19 14:18:24.345 D/SyncContentUtils(30709): loadResumeTime: authority: personal_assistant
08-19 14:18:24.345 D/MiCloudProvider(28441): query sync pause
08-19 14:18:24.347 E/SyncContentUtils(30709): loadResumeTime: error cursor is null or query fail
08-19 14:18:24.347 D/SyncInfoProviderBase(30709): queryCountByProjection, uri: content://rms/rms_log?privacy_flag=2
08-19 14:18:24.347 D/SyncContentUtils(30709): loadResumeTime: authority: _all
08-19 14:18:24.348 D/MiCloudProvider(28441): query sync pause
08-19 14:18:24.348 V/MmsSmsUtils( 2989): checkPrivateMsgWhiteList time is 0
08-19 14:18:24.349 E/SyncContentUtils(30709): loadResumeTime: error cursor is null or query fail
08-19 14:18:24.349 V/MiCloudSyncAdapterBase(30709): onPerformSync: getting auth token. authority: personal_assistant
08-19 14:18:24.350 D/SyncInfoProviderBase(30709): count 0
08-19 14:18:24.351 I/CloudServiceSync.AssistantRecordSync(30709): uploadOperation: START
08-19 14:18:24.352 D/SyncInfoProviderBase(30709): queryCountByProjection, uri: content://mms?privacy_flag=2
08-19 14:18:24.353 V/MmsSmsUtils( 2989): checkPrivateMsgWhiteList time is 0
08-19 14:18:24.353 D/Wth2:ToolUtils(30717): getCallingPackageName callingPackageName: com.miui.weather2
08-19 14:18:24.353 D/Wth2:ToolUtils(30717): packageName: com.miui.weather2 hasAccessProvider: true
08-19 14:18:24.353 D/Wth2:WeatherProvider(30717): WeatherProvider query match is:20
08-19 14:18:24.354 D/SyncInfoProviderBase(30709): count 0
08-19 14:18:24.355 D/SyncInfoProviderBase(30709): queryCountByProjection, uri: content://rms/rms_log?privacy_flag=2
08-19 14:18:24.356 V/MmsSmsUtils( 2989): checkPrivateMsgWhiteList time is 0
08-19 14:18:24.358 I/DynamicDumpReceiver(30709): Dynamic receiver registered
08-19 14:18:24.359 D/SyncInfoProviderBase(30709): count 0
08-19 14:18:24.360 I/[sms,30709]:SyncLog[sms](30786): Before Sync: SyncDataInfo[sms]  {synced count:0, unsynced count:2, unsynced secret count:-1, unsynced wifi only count:0}
08-19 14:18:24.363 D/MiCloudResolver(30709): isSyncPausing: authority: sms
08-19 14:18:24.364 I/AssistantProvider( 4602): queryCloudSync: uri content://personal_assistant/cloudservice, selection cdirty, selectionArg 1
08-19 14:18:24.364 D/MiCloudResolver(30709): getResumeTime: authority: sms
08-19 14:18:24.364 D/SyncContentUtils(30709): isPauseExceptAuthority: authority: sms
08-19 14:18:24.365 D/MiCloudProvider(28441): query sync pause except
08-19 14:18:24.365 E/SyncContentUtils(30709): isPauseExceptAuthority: error cursor is null or query fail, cursor is null?no
08-19 14:18:24.366 D/SyncContentUtils(30709): loadResumeTime: authority: sms
08-19 14:18:24.366 D/MiCloudProvider(28441): query sync pause
08-19 14:18:24.367 E/SyncContentUtils(30709): loadResumeTime: error cursor is null or query fail
08-19 14:18:24.367 I/CloudServiceSync.AssistantRecordSync(30709): uploadOperation: nothing to upload!
08-19 14:18:24.368 I/CloudServiceSync.AssistantRecordSync(30709): uploadOperation: FINISH
08-19 14:18:24.368 D/SyncContentUtils(30709): loadResumeTime: authority: _all
08-19 14:18:24.368 I/CloudServiceSync.AssistantRecordSync(30709): downloadOperation(): START
08-19 14:18:24.368 D/MiCloudProvider(28441): query sync pause
08-19 14:18:24.369 E/SyncContentUtils(30709): loadResumeTime: error cursor is null or query fail
08-19 14:18:24.370 V/MiCloudSyncAdapterBase(30709): onPerformSync: getting auth token. authority: sms
08-19 14:18:24.372 V/PermissionUtils(30709): shouldRequestPermissions: permissions
08-19 14:18:24.373 I/CloudServiceSync.AssistantRecordSync(30709): native watermark = GBIxNDE4NzA0NTE0Nzc1MTI5NjEYGEZxS1JyTXpyWGhhQWpJajRyX2pfOXdNQQA
08-19 14:18:24.373 V/Pdc4Utils(30709): requestServer started at http://pdc.micloud.xiaomi.net/mic/pdc/v4.1/apps/personalassistant/spaces/default/records  isGet : true
08-19 14:18:24.374 I/TetheringManager(30709): registerTetheringEventCallback:com.miui.micloudsync
08-19 14:18:24.380 D/com.miui.micloudsync.mms.MmsSmsSyncAdapter(30709): SourceFile(68): onlySyncMmsOnWifi=false
08-19 14:18:24.380 I/AnonymousDeviceIdUtil(30709): enforced
08-19 14:18:24.381 D/Wth2:ToolUtils(30717): getCallingPackageName callingPackageName: com.miui.weather2
08-19 14:18:24.381 D/Wth2:ToolUtils(30717): packageName: com.miui.weather2 hasAccessProvider: true
08-19 14:18:24.381 D/Wth2:WeatherProvider(30717): WeatherProvider query match is:36
08-19 14:18:24.382 I/##XLogger##(30709): miui.telephony.CloudTelephonyManager::logDeviceIdInfo@SourceFile:429, thread:2116--CloudTelephonyManager, getDeviceId: use restrict_imie
08-19 14:18:24.386 I/CloudTelephonyManager(30709): getDeviceId: use restrict_imie
08-19 14:18:24.386 I/CloudTelephonyManager(30709): blockingGetDeviceId is called by com.miui.micloudsync with timeout: 60000
08-19 14:18:24.389 I/##XLogger##(30709): miui.telephony.CloudTelephonyManager::logDeviceIdInfo@SourceFile:429, thread:2116--CloudTelephonyManager, getDeviceId: restrict_imie, use cloudId
08-19 14:18:24.389 I/CloudTelephonyManager(30709): getDeviceId: restrict_imie, use cloudId
08-19 14:18:24.389 I/CloudTelephonyManager(30709): got deviceid after 0 retries
08-19 14:18:24.389 I/##XLogger##(30709): miui.telephony.CloudTelephonyManager::logDeviceIdInfo@SourceFile:429, thread:2116--CloudTelephonyManager, getDeviceId: Ve
08-19 14:18:24.390 I/CloudTelephonyManager(30709): getDeviceId: Ve
08-19 14:18:24.390 D/CloudServerSyncAdapterBase(30709): getPhoneInfo: for sim 0
08-19 14:18:24.392 W/System.err(30717): org.json.JSONException: No value for brandInfo
08-19 14:18:24.392 W/System.err(30717): 	at org.json.JSONObject.get(JSONObject.java:400)
08-19 14:18:24.392 W/System.err(30717): 	at org.json.JSONObject.getJSONObject(JSONObject.java:620)
08-19 14:18:24.392 W/System.err(30717): 	at com.miui.weather2.j.c.a(SourceFile:60)
08-19 14:18:24.392 W/System.err(30717): 	at com.miui.weather2.structures.WeatherData.<init>(SourceFile:18)
08-19 14:18:24.392 W/System.err(30717): 	at com.miui.weather2.tools.Ha.a(SourceFile:255)
08-19 14:18:24.392 W/System.err(30717): 	at com.miui.weather2.tools.Ha.a(SourceFile:249)
08-19 14:18:24.392 W/System.err(30717): 	at com.miui.weather2.tools.Ha.a(SourceFile:233)
08-19 14:18:24.392 W/System.err(30717): 	at com.miui.weather2.tools.Ha.c(SourceFile:50)
08-19 14:18:24.392 W/System.err(30717): 	at com.miui.weather2.g.n.a(SourceFile:41)
08-19 14:18:24.392 W/System.err(30717): 	at com.miui.weather2.service.job.l.h(SourceFile:5)
08-19 14:18:24.392 W/System.err(30717): 	at com.miui.weather2.service.job.j.a(SourceFile:1)
08-19 14:18:24.392 W/System.err(30717): 	at com.miui.weather2.service.job.j.doInBackground(SourceFile:1)
08-19 14:18:24.392 W/System.err(30717): 	at android.os.AsyncTask$3.call(AsyncTask.java:394)
08-19 14:18:24.392 W/System.err(30717): 	at java.util.concurrent.FutureTask.run(FutureTask.java:266)
08-19 14:18:24.392 W/System.err(30717): 	at java.util.concurrent.ThreadPoolExecutor.runWorker(ThreadPoolExecutor.java:1167)
08-19 14:18:24.392 W/System.err(30717): 	at java.util.concurrent.ThreadPoolExecutor$Worker.run(ThreadPoolExecutor.java:641)
08-19 14:18:24.392 W/System.err(30717): 	at java.lang.Thread.run(Thread.java:923)
08-19 14:18:24.392 I/cmd     (30835): oneway function results will be dropped but finished with status OK and parcel size 4
08-19 14:18:24.393 I/Micloud (30709): com.xiaomi.micloudsdk.request.utils.CloudRelocationUtils::updateRequestHost@SourceFile:317, thread:2115--Original URL: http://pdc.micloud.xiaomi.net/mic/pdc/v4.1/apps/personalassistant/spaces/default/records. 
08-19 14:18:24.394 D/Wth2:WeatherData(30717): updateSelf() the background weather data is newer, update now, cityId=666b616b626b9266646d606667609c9ca8a98794a29876#currentTimeMillis=1629353904394
08-19 14:18:24.395 D/Wth2:ToolUtils(30717): getCallingPackageName callingPackageName: com.miui.weather2
08-19 14:18:24.395 D/Wth2:ToolUtils(30717): packageName: com.miui.weather2 hasAccessProvider: true
08-19 14:18:24.395 D/Wth2:WeatherProvider(30717): WeatherProvider query match is:19
08-19 14:18:24.397 D/CompatibilityInfo( 1783): mCompatibilityFlags - 0
08-19 14:18:24.397 D/CompatibilityInfo( 1783): applicationDensity - 440
08-19 14:18:24.397 D/CompatibilityInfo( 1783): applicationScale - 1.0
08-19 14:18:24.398 I/MiuiNetworkPolicy( 1783): updateUidState uid = 10140, uidState = 8
08-19 14:18:24.401 D/Wth2:WeatherDB(30717): insertAllWeatherTables
08-19 14:18:24.404 I/MiuiNetworkPolicy( 1783): updateUidState uid = 10140, uidState = 4
08-19 14:18:24.405 I/Micloud (30709): com.xiaomi.micloudsdk.request.utils.CloudRelocationUtils::updateRequestHost@SourceFile:322, thread:2115--New URL: http://pdc.micloud.xiaomi.net. 
08-19 14:18:24.406 I/Micloud (30709): com.xiaomi.micloudsdk.request.utils.CloudRelocationUtils::updateRequestHost@SourceFile:329, thread:2115--Final URL: http://pdc.micloud.xiaomi.net/mic/pdc/v4.1/apps/personalassistant/spaces/default/records. 
08-19 14:18:24.407 I/MiuiNetworkPolicyTrafficLimit( 1783): updateWhiteListUidForMobileTraffic uid=10140,add=true
08-19 14:18:24.407 D/MiuiNetworkPolicyTrafficLimit( 1783): updateWhiteListUidForMobileTraffic rst=true
08-19 14:18:24.412 W/TelephonyPermissions( 2989): reportAccessDeniedToReadIdentifiers:com.xiaomi.simactivate.service:getDeviceId:-1
08-19 14:18:24.415 I/RemoteMethodInvoker(30709): RemoteMethodInvoker connects remote service .XiaomiAccountService
08-19 14:18:24.419 I/MiuiNetworkPolicy( 1783): updateUidState uid = 10170, uidState = 8
08-19 14:18:24.419 I/MiuiNetworkPolicy( 1783): updateUidState uid = 10140, uidState = 10
08-19 14:18:24.419 D/Wth2:MinuteRainData(30717): status is 0
08-19 14:18:24.419 D/Wth2:MinuteRainData(30717): isModify is false
08-19 14:18:24.422 I/MiuiNetworkPolicyTrafficLimit( 1783): updateWhiteListUidForMobileTraffic uid=10140,add=false
08-19 14:18:24.422 D/MiuiNetworkPolicyTrafficLimit( 1783): updateWhiteListUidForMobileTraffic rst=true
08-19 14:18:24.424 I/MiuiNetworkPolicy( 1783): updateUidState uid = 10140, uidState = 19
08-19 14:18:24.424 I/MiuiNetworkPolicy( 1783): updateUidState uid = 10170, uidState = 15
08-19 14:18:24.426 D/CompatibilityInfo( 1783): mCompatibilityFlags - 0
08-19 14:18:24.426 D/CompatibilityInfo( 1783): applicationDensity - 440
08-19 14:18:24.426 D/CompatibilityInfo( 1783): applicationScale - 1.0
08-19 14:18:24.429 I/MiuiNetworkPolicy( 1783): updateUidState uid = 10140, uidState = 8
08-19 14:18:24.433 I/MiuiNetworkPolicy( 1783): updateUidState uid = 10140, uidState = 4
08-19 14:18:24.436 I/MiuiNetworkPolicyTrafficLimit( 1783): updateWhiteListUidForMobileTraffic uid=10140,add=true
08-19 14:18:24.436 D/MiuiNetworkPolicyTrafficLimit( 1783): updateWhiteListUidForMobileTraffic rst=true
08-19 14:18:24.446 W/TelephonyPermissions( 2989): reportAccessDeniedToReadIdentifiers:com.xiaomi.simactivate.service:getDeviceId:-1
08-19 14:18:24.449 I/SecurityDeviceCredentialManager(28540): getService: sService == null. 
08-19 14:18:24.449 W/SecurityDeviceCredentialManager(28540): getService: binder not alive. 
08-19 14:18:24.450 I/##XLogger##( 4367): #&^fECeWwO4vgYMjcifo4FCmFg0/UVh0UqI/y+CISHMncS29n/CNChXAH+wMHRffjOleOyrCSi65Tqm0tR8FnRbZrAUGSsOAB7xqjt4VWniJt1CNwxAr5E2Ccn4pSCR9f5JnGdKRSxPH4PfDUIts1QqwJSuTfXwHRekc+vHwsmsG2A=!!wEwxkKyDE/foSiddesi9ogkDxAJTqYAZRbGG0LkFC+8JWpmzEQvibF4slxQAsQi2jA/KvknEpuWsbACn/erwibfnC5xGI22DmRHqtobXJ4EESpeutmmqbjpD6gk4wCG8fdQ1lNTb2ZynJGzkCMSZv0kJ7TRfnJmSdy0lbaHhZzDtKd+wN8hV4kz1Prbfc7/9Rg82yS4T8XB3G7No3/SrBSQvJnPqD8YKLp4APwFVVWQV9lL3xf1tKP+NL2FtUqawTSdddorGT2x1YShPtmRKy+JQCf+HiKZA86zxpIJlHyp1Zk3jwXt/0RhFUSlfFkoB^&#
08-19 14:18:24.451 I/##XLogger##( 4367): #&^fECeWwO4vgYMjcifo4FCmFg0/UVh0UqI/y+CISHMncS29n/CNChXAH+wMHRffjOleOyrCSi65Tqm0tR8FnRbZrAUGSsOAB7xqjt4VWniJt1CNwxAr5E2Ccn4pSCR9f5JnGdKRSxPH4PfDUIts1QqwJSuTfXwHRekc+vHwsmsG2A=!!wEwxkKyDE/foSiddesi9ogkDxAJTqYAZRbGG0LkFC+8JWpmzEQvibF4slxQAsQi2jA/KvknEpuWsbACn/erwibfnC5xGI22DmRHqtobXJ4EESpeutmmqbjpD6gk4wCG8fdQ1lNTb2ZynJGzkCMSZv0kJ7TRfnJmSdy0lbaHhZzBOsAaCGA/n8uLkqKI0OWtwmu7c9uSYks6buN1xdWrY7RI6KP7gp3yJOqkiQELTbfbMrUtyHSYTihOYlLFEJN+yE3Bxa1R+yu3a0PoCDjuRaYY5x7jT3JPDddxi/R5V0mtWGf76jXCNBqObUMALtlMk^&#
08-19 14:18:24.452 I/ContentProviderBinder( 3002): ChangeObserver: content changed.
08-19 14:18:24.452 I/ContentProviderBinder( 3002): ChangeObserver: content changed.
08-19 14:18:24.452 I/ContentProviderBinder( 3002): ChangeObserver: content changed.
08-19 14:18:24.455 I/SecurityDeviceCredentialManager(28540): getService: sService != null. 
08-19 14:18:24.456 I/SecurityDeviceCredentialManager(28540): getService: binder alive. 
08-19 14:18:24.457 I/##XLogger##( 4367): #&^fECeWwO4vgYMjcifo4FCmFg0/UVh0UqI/y+CISHMncS29n/CNChXAH+wMHRffjOleOyrCSi65Tqm0tR8FnRbZrAUGSsOAB7xqjt4VWniJt1CNwxAr5E2Ccn4pSCR9f5JnGdKRSxPH4PfDUIts1QqwJSuTfXwHRekc+vHwsmsG2A=!!wEwxkKyDE/foSiddesi9ogkDxAJTqYAZRbGG0LkFC+8JWpmzEQvibF4slxQAsQi2jA/KvknEpuWsbACn/erwibfnC5xGI22DmRHqtobXJ4EESpeutmmqbjpD6gk4wCG8fdQ1lNTb2ZynJGzkCMSZv0kJ7TRfnJmSdy0lbaHhZzAd+4U9tNNWYJENLR+Ik/hSS4Jui6RDrt61s5Fmw4ByCH62lEYuurlg2RZXGeqQ8azmoqCOaJ95e83YuyA2DdVZNmmbHhsdLuxIhEpnXZGkU6ZKyTLl3XS83GjCd+HFPvo=^&#
08-19 14:18:24.459 I/android_os_HwBinder( 4367): HwBinder: Starting thread pool for getting: vendor.xiaomi.hardware.mtdservice@1.0::IMTService/default
08-19 14:18:24.459 D/QSEECOMAPI(  975): QSEECom_get_handle sb_length = 0x2080
08-19 14:18:24.459 D/QSEECOMAPI(  975): App is not loaded in QSEE
08-19 14:18:24.459 D/QSEECOMAPI(  975): app_arch = 1, total_files = 9
08-19 14:18:24.462 D/IMReply:Notif( 3982): onNotificationPosted before sbn = 1001
08-19 14:18:24.462 E/NotifCollection( 2677): No notification to remove with key 0|com.xiaomi.simactivate.service|1001|null|10140
08-19 14:18:24.463 D/IMReply:Notif( 3982): onNotificationPosted onNotificationRemoved sbn = 1001
08-19 14:18:24.463 D/Wth2:ToolUtils(30717): getCallingPackageName callingPackageName: com.miui.weather2
08-19 14:18:24.463 D/Wth2:ToolUtils(30717): packageName: com.miui.weather2 hasAccessProvider: true
08-19 14:18:24.463 D/Wth2:WeatherProvider(30717): WeatherProvider query match is:19
08-19 14:18:24.468 D/Wth2:CacheCityData(30717): cacheData() name=21f4cd19bdc718c1ed5917eeb421f4cd1ce7e8#currentTimeMillis=1629353904468
08-19 14:18:24.468 D/Wth2:MinuteRainData(30717): status is 0
08-19 14:18:24.468 D/Wth2:MinuteRainData(30717): isModify is false
08-19 14:18:24.474 D/QSEECOMAPI(  975): Loaded image: APP id = 159
08-19 14:18:24.474 D/MTService-TEE(  975): load app cardapp from /vendor/firmware_mnt/image OK
08-19 14:18:24.482 D/MTService-TEE(  975): Response OK, size: 64
08-19 14:18:24.482 D/QSEECOMAPI(  975): QSEECom_dealloc_memory 
08-19 14:18:24.482 D/QSEECOMAPI(  975): QSEECom_shutdown_app, app_id = 159
08-19 14:18:24.482 D/QSEECOMAPI(  975): QSEECom_dealloc_memory 
08-19 14:18:24.482 E/QSEECOMAPI(  975): Error::Cannot de-alloc memory. priv handle is NULL!!.
08-19 14:18:24.483 I/##XLogger##( 4367): #&^fECeWwO4vgYMjcifo4FCmFg0/UVh0UqI/y+CISHMncS29n/CNChXAH+wMHRffjOleOyrCSi65Tqm0tR8FnRbZrAUGSsOAB7xqjt4VWniJt1CNwxAr5E2Ccn4pSCR9f5JnGdKRSxPH4PfDUIts1QqwJSuTfXwHRekc+vHwsmsG2A=!!wEwxkKyDE/foSiddesi9ogkDxAJTqYAZRbGG0LkFC+8JWpmzEQvibF4slxQAsQi2jA/KvknEpuWsbACn/erwibfnC5xGI22DmRHqtobXJ4Fy9Gi1L8tKkx/K6JdwGiJS5c4wRq5RRZ8cVLpLW6p27PTOrAQSRafOD1yfQc2T7cw3TCvFenvoPl3D1AtiC4J4/J1ayU1sSyzcsdY/+6s+TRAGblmToeTEa+nu2SZZZi53fDHpGu83IbCv0at1vK/ezhU38iT8PRnAbu5PQyNDuLUs1V+W9ik5qqZuugnOvkQ=^&#
08-19 14:18:24.493 D/Wth2:DiskStringCache(30717): getString() key=9b9aa79c8f9c9ca9ac989697a5946554aa91a5a89a70666367686c706967687067#currentTimeMillis=1629353904493
08-19 14:18:24.496 D/Wth2:DiskStringCache(30717): putString() key=99a2a8ad8f9d94a9946552ac92a2ae9971ab5b94a69c5b6c5863675b605693a2a7ae7c9d547053686b626b626b9266646d6066675865569799adac8394a697586b5822f2cd15c6c11abff35462539ca8a699939aa6a974aa9ba953709456af8c5b95a794a7967f9f9ca890566ab48f5795ab93a495a995566e8bb48f5795ab93a4957f9d90566a95559894a2abab9f925b609052a5a29ca29554708d58a1a8a8a0738f9162958e65976b67a195a2a498a961a69b639aa3a062979fa68f91629da1ad9fa2a895988c9562829c8c939c9692956364679f9468676b6869956c726c95679a6c966b696766959a9e6a95679c69689971986865699d969a63958f649467a99b93a69556608c5ba196a09ea5925370b49056aaa192898a9554708d581ef1dd19d4e51ad7e218e6d4925b6090529ea194888c8e586b925b19f1d91dedc618dddb1ce1ca9556608c5bad9d927c80925370955619ede217efc41ed6df17e6cd9056ad658f57a8ab9e92537095569052b690b25f9554a6a6988d9da19595556f8f5b6466636766646c5d6a6c8963696c66617069645f60716d65639554628d58aca895a4aea691557362628d58af95a0a59e8f576d9464675d686c60656665646b5f6a6893ae58655666615b5f57656c546253676f5660526a69575f5b636c539365569a9fab989894aca67a92afad9da195909896a7a197a885afa999a752738e575565546a53625b64565c5b63575f5b62585d58695660526a556155705462536d5b6056675b5f576a5b5e58685865566b526555655565546853625b65568d65559ba2ab979992a9ad829d97a1a78c989aa69e96a88dada495ac556f8e5b546253675b6056605b5f57635b5e586158655665526555665565546d53625b6b565c5b6a575f5b69585d586b5660526b5561556b546253665b6056675b9061559fa1a896999aa7a8849ea0a598ab93aaa6a89e7c9d97a1a6576d9454585d586c67565c5b6668556554696558655667645b5f57666c546253696c5660526c65575f5b656653625b6764526555676c5b5e5864665b605663695561556c62585d586c64565c5b666655965e5897a5ab999791aca78998a6a29ba397ada9a69585a2aca65b6c915358655666665b5f57657154625368715660526b6b575f5b646d53625b666b52655567695b5e58636b5b6056626f5561556b67585d586b69565c5b656b556554686758655666665b5f57656f54935d58a595a899ada899985b6c586368676a69666f6b6a556554a2a0999aa89976a5949c5573636253a2a8a29b99ada899985b6c5862676d6264606f66686a5b5e58a4aaab9999a48794a2985b6c5816eebc1df2c921eae4556554aa96a3a999a691ada8a7985b6c58636e5b6056a79e94a99b9ea48aaaa69e566e526a55b2#currentTimeMillis=1629353904496
08-19 14:18:24.497 D/Wth2:DiskStringCache(30717): putString() key=9f9aa79c8f9c9ca9ac989697a5986554aa91a5a89a70726868646d6f686c67#currentTimeMillis=1629353904497
08-19 14:18:24.497 D/Wth2:WeatherUpdater(30717): run() success=true
08-19 14:18:24.497 D/Wth2:ScheduleCheckService(30717): JobCallback.onFinished() flag=4,needRetry=false
08-19 14:18:24.497 D/Wth2:ScheduleCheckService(30717): finishJob() needRetry=false
08-19 14:18:24.497 D/Wth2:JobUtils(30717): rescheduleJob() forceResetJob=true,needRetry=false
08-19 14:18:24.497 D/Wth2:JobUtils(30717): scheduleJob() jobSetting=JobSetting{clazz=class com.miui.weather2.service.job.ScheduleCheckService, jobId=100256, latency=1331862, deadline=1931862, requiredNetworkType=1, requiresCharging=false},forceResetJob=true
08-19 14:18:24.503 D/IMReply:Notif( 3982): onNotificationPosted before sbn = 1001
08-19 14:18:24.503 E/NotifCollection( 2677): No notification to remove with key 0|com.xiaomi.simactivate.service|1001|null|10140
08-19 14:18:24.504 D/IMReply:Notif( 3982): onNotificationPosted onNotificationRemoved sbn = 1001
08-19 14:18:24.504 D/Wth2:JobUtils(30717): scheduleJob() start scheduling
08-19 14:18:24.509 D/Wth2:ScheduleCheckService(30717): onStopJob()
08-19 14:18:24.509 I/MiuiNetworkPolicy( 1783): updateUidState uid = 10266, uidState = 10
08-19 14:18:24.509 D/Wth2:JobUtils(30717): rescheduleJob() forceResetJob=false,needRetry=false
08-19 14:18:24.509 D/Wth2:JobUtils(30717): scheduleJob() jobSetting=JobSetting{clazz=class com.miui.weather2.service.job.ScheduleCheckService, jobId=100256, latency=3600000, deadline=4200000, requiredNetworkType=1, requiresCharging=false},forceResetJob=false
08-19 14:18:24.524 D/Wth2:JobUtils(30717): scheduleJob() job is working, return
08-19 14:18:24.576 I/CloudServiceSync.AssistantRecordSync(30709): downloadOperation(): isSuccess:true, result:, errorType:OK, description:成功, isRetriable:false
08-19 14:18:24.577 I/CloudServiceSync.AssistantRecordSync(30709): server watermark = GBIxNDE4NzA0NTE0Nzc1MTI5NjEYGEZxS1JyTXpyWGhhQWpJajRyX2pfOXdNQQA
08-19 14:18:24.577 I/CloudServiceSync.AssistantRecordSync(30709): downloadOperation(): get no record in response result
08-19 14:18:24.578 I/CloudServiceSync.AssistantRecordSync(30709): downloadOperation(): FINISH
08-19 14:18:24.583 I/CloudServiceSync.FavoriteRecordSyncer(30709): uploadFavoriteRecord: START
08-19 14:18:24.590 I/CloudServiceSync.FavoriteRecordSyncer(30709): cursor_count:
08-19 14:18:24.592 I/CloudServiceSync.FavoriteRecordSyncer(30709): uploadFavoriteRecord: nothing to upload!
08-19 14:18:24.592 I/CloudServiceSync.FavoriteRecordSyncer(30709): uploadFavoriteRecord: FINISH
08-19 14:18:24.592 I/CloudServiceSync.FavoriteRecordSyncer(30709): uploadFavoriteRecord: START
08-19 14:18:24.597 I/CloudServiceSync.FavoriteRecordSyncer(30709): cursor_count:
08-19 14:18:24.598 I/CloudServiceSync.FavoriteRecordSyncer(30709): uploadFavoriteRecord: nothing to upload!
08-19 14:18:24.599 I/CloudServiceSync.FavoriteRecordSyncer(30709): uploadFavoriteRecord: FINISH
08-19 14:18:24.599 I/CloudServiceSync.FavoriteRecordSyncer(30709): downloadOperation(): START
08-19 14:18:24.603 I/CloudServiceSync.FavoriteRecordSyncer(30709): downloadOperation() syncToken: GBIxNDE4NjMyNTc3ODA1ODUyMTcYGEZxalJ2OHpyWGhhQWpJanJzX2pfOXdNQQA
08-19 14:18:24.603 V/Pdc4Utils(30709): requestServer started at http://pdc.micloud.xiaomi.net/mic/pdc/v4.1/apps/mipocket/spaces/default/records  isGet : true
08-19 14:18:24.607 I/Micloud (30709): com.xiaomi.micloudsdk.request.utils.CloudRelocationUtils::updateRequestHost@SourceFile:317, thread:2115--Original URL: http://pdc.micloud.xiaomi.net/mic/pdc/v4.1/apps/mipocket/spaces/default/records. 
08-19 14:18:24.608 I/Micloud (30709): com.xiaomi.micloudsdk.request.utils.CloudRelocationUtils::updateRequestHost@SourceFile:322, thread:2115--New URL: http://pdc.micloud.xiaomi.net. 
08-19 14:18:24.609 I/Micloud (30709): com.xiaomi.micloudsdk.request.utils.CloudRelocationUtils::updateRequestHost@SourceFile:329, thread:2115--Final URL: http://pdc.micloud.xiaomi.net/mic/pdc/v4.1/apps/mipocket/spaces/default/records. 
08-19 14:18:24.616 E/NotifCollection( 2677): No notification to remove with key 0|com.xiaomi.simactivate.service|1001|null|10140
08-19 14:18:24.618 I/RemoteMethodInvoker(30709): RemoteMethodInvoker connects remote service .XiaomiAccountService
08-19 14:18:24.618 D/IMReply:Notif( 3982): onNotificationPosted before sbn = 1001
08-19 14:18:24.619 I/MiuiNetworkPolicy( 1783): updateUidState uid = 10170, uidState = 8
08-19 14:18:24.620 D/IMReply:Notif( 3982): onNotificationPosted onNotificationRemoved sbn = 1001
08-19 14:18:24.624 I/MiuiNetworkPolicy( 1783): updateUidState uid = 10170, uidState = 15
08-19 14:18:24.643 D/IMReply:Notif( 3982): onNotificationPosted before sbn = 1001
08-19 14:18:24.724 I/cmd     (30853): oneway function results will be dropped but finished with status OK and parcel size 4
08-19 14:18:24.729 I/CloudServiceSync.FavoriteRecordSyncer(30709): downloadOperation(): isSuccess:true, result:, errorType:OK, description:成功, isRetriable:false
08-19 14:18:24.729 I/CloudServiceSync.FavoriteRecordSyncer(30709): downloadOperation(): result.count = 0
08-19 14:18:24.729 I/CloudServiceSync.FavoriteRecordSyncer(30709): downloadOperation(): get no record in response result
08-19 14:18:24.731 I/CloudServiceSync.FavoriteRecordSyncer(30709): downloadOperation(): FINISH
08-19 14:18:24.733 I/CloudServiceSync.AssistantSyncAdapter(30709): perform miCloud sync FINISH
08-19 14:18:24.733 D/MiCloudSyncAdapterBase(30709): onPerformSync: No error found. ---Success---
08-19 14:18:24.733 D/SyncInfoProviderBase(30709): queryCountByProjection, uri: content://personal_assistant/synced
08-19 14:18:24.735 I/AssistantProvider( 4602): queryCloudSync: uri content://personal_assistant/cloudservice, selection cdirty, selectionArg 0
08-19 14:18:24.735 I/RemoteMethodInvoker(27040): RemoteMethodInvoker connects remote service .XiaomiAccountService
08-19 14:18:24.738 I/CloudServiceUtil( 4602): getNoteBoard null
08-19 14:18:24.743 I/AssistantProvider( 4602): queryCloudSync: express has unsync data!
08-19 14:18:24.743 I/CloudServiceUtil( 4602): cloud sync : upload express, auth = true, phones = null
08-19 14:18:24.743 I/AssistantProvider( 4602): queryCloudSync: favorite has unsync data!
08-19 14:18:24.744 I/CloudServiceUtil( 4602): cloud sync : upload favorite, auth = true
08-19 14:18:24.744 I/AssistantProvider( 4602): queryCloudSync: shopping has unsync data!
08-19 14:18:24.744 I/CloudServiceUtil( 4602): cloud sync : upload shopping, auth = true
08-19 14:18:24.744 I/AssistantProvider( 4602): queryCloudSync: miot has unsync data!
08-19 14:18:24.744 I/CloudServiceUtil( 4602): cloud sync : upload miot, auth = false, open = true
08-19 14:18:24.744 I/AssistantProvider( 4602): queryCloudSync: shortcuts has unsync data!
08-19 14:18:24.745 I/AssistantProvider( 4602): queryCloudSync: app_settings has unsync data!
08-19 14:18:24.746 I/AssistantProvider( 4602): queryCloudSync: card_sticky_order has unsync data!
08-19 14:18:24.746 I/AssistantProvider( 4602): queryCloudSync: app_suggest has unsync data!
08-19 14:18:24.746 I/AssistantProvider( 4602): queryCloudSync: quick_app has unsync data!
08-19 14:18:24.746 I/AssistantProvider( 4602): queryCloudSync: commute has unsync data!
08-19 14:18:24.747 I/CloudServiceUtil( 4602): cloud sync : upload commute_data
08-19 14:18:24.747 I/AssistantProvider( 4602): queryCloudSync: setting db has unsync data!
08-19 14:18:24.747 I/PASettingIPC( 4602): context : com.miui.personalassistant
08-19 14:18:24.747 I/PASettingIPC( 4602): serviceKey : short_cut
08-19 14:18:24.749 I/PASettingIPC( 4602): context : com.miui.personalassistant
08-19 14:18:24.749 I/PASettingIPC( 4602): serviceKey : personal_manage
08-19 14:18:24.751 I/PASettingIPC( 4602): context : com.miui.personalassistant
08-19 14:18:24.751 I/PASettingIPC( 4602): serviceKey : recently_use
08-19 14:18:24.753 I/PASettingIPC( 4602): context : com.miui.personalassistant
08-19 14:18:24.753 I/PASettingIPC( 4602): serviceKey : suggest
08-19 14:18:24.754 I/PASettingIPC( 4602): context : com.miui.personalassistant
08-19 14:18:24.754 I/PASettingIPC( 4602): serviceKey : commute
08-19 14:18:24.756 I/PASettingIPC( 4602): context : com.miui.personalassistant
08-19 14:18:24.756 I/PASettingIPC( 4602): serviceKey : express
08-19 14:18:24.757 I/PASettingIPC( 4602): context : com.miui.personalassistant
08-19 14:18:24.757 I/PASettingIPC( 4602): serviceKey : favorite
08-19 14:18:24.758 I/PASettingIPC( 4602): context : com.miui.personalassistant
08-19 14:18:24.758 I/PASettingIPC( 4602): serviceKey : shopping
08-19 14:18:24.759 I/PASettingIPC( 4602): context : com.miui.personalassistant
08-19 14:18:24.759 I/PASettingIPC( 4602): serviceKey : agenda
08-19 14:18:24.760 I/PASettingIPC( 4602): context : com.miui.personalassistant
08-19 14:18:24.760 I/PASettingIPC( 4602): serviceKey : trip
08-19 14:18:24.761 I/PASettingIPC( 4602): context : com.miui.personalassistant
08-19 14:18:24.761 I/PASettingIPC( 4602): serviceKey : sports
08-19 14:18:24.762 I/PASettingIPC( 4602): context : com.miui.personalassistant
08-19 14:18:24.762 I/PASettingIPC( 4602): serviceKey : stock
08-19 14:18:24.763 I/PASettingIPC( 4602): context : com.miui.personalassistant
08-19 14:18:24.763 I/PASettingIPC( 4602): serviceKey : information
08-19 14:18:24.764 I/PASettingIPC( 4602): context : com.miui.personalassistant
08-19 14:18:24.764 I/PASettingIPC( 4602): serviceKey : noteboard
08-19 14:18:24.765 I/PASettingIPC( 4602): context : com.miui.personalassistant
08-19 14:18:24.765 I/PASettingIPC( 4602): serviceKey : course
08-19 14:18:24.766 I/PASettingIPC( 4602): context : com.miui.personalassistant
08-19 14:18:24.766 I/PASettingIPC( 4602): serviceKey : bluetooth
08-19 14:18:24.767 I/PASettingIPC( 4602): context : com.miui.personalassistant
08-19 14:18:24.767 I/PASettingIPC( 4602): serviceKey : miot_device
08-19 14:18:24.768 I/PASettingIPC( 4602): context : com.miui.personalassistant
08-19 14:18:24.768 I/PASettingIPC( 4602): serviceKey : memory
08-19 14:18:24.769 I/PASettingIPC( 4602): context : com.miui.personalassistant
08-19 14:18:24.769 I/PASettingIPC( 4602): serviceKey : health
08-19 14:18:24.770 I/PASettingIPC( 4602): context : com.miui.personalassistant
