08-19 14:16:54.988 W/AsyncLayoutInflater( 2677): 	at android.view.View.drawableStateChanged(View.java:23521)
08-19 14:16:54.988 W/AsyncLayoutInflater( 2677): 	at android.widget.TextView.drawableStateChanged(TextView.java:5853)
08-19 14:16:54.988 W/AsyncLayoutInflater( 2677): 	at android.view.View.originalRefreshDrawableState(View.java:23594)
08-19 14:16:54.988 W/AsyncLayoutInflater( 2677): 	at android.view.View$14.refreshDrawableState(View.java:30912)
08-19 14:16:54.988 W/AsyncLayoutInflater( 2677): 	at com.miui.internal.variable.v21.Android_View_View_class.callOriginalRefreshDrawableState(Android_View_View_class.java:61)
08-19 14:16:54.988 W/AsyncLayoutInflater( 2677): 	at com.miui.internal.variable.v16.Android_View_View_class_common.handleRefreshDrawableState(Android_View_View_class_common.java:90)
08-19 14:16:54.988 W/AsyncLayoutInflater( 2677): 	at com.miui.internal.variable.v21.Android_View_View_class.access$000(Android_View_View_class.java:22)
08-19 14:16:54.988 W/AsyncLayoutInflater( 2677): 	at com.miui.internal.variable.v21.Android_View_View_class$1.refreshDrawableState(Android_View_View_class.java:88)
08-19 14:16:54.988 W/AsyncLayoutInflater( 2677): 	at android.view.View.refreshDrawableState(View.java:23585)
08-19 14:16:54.988 W/AsyncLayoutInflater( 2677): 	at com.miui.internal.util.TaggingDrawableHelper.tagView(TaggingDrawableHelper.java:203)
08-19 14:16:54.988 W/AsyncLayoutInflater( 2677): 	at com.miui.internal.util.TaggingDrawableHelper.tagChildSequenceState(TaggingDrawableHelper.java:59)
08-19 14:16:54.988 W/AsyncLayoutInflater( 2677): 	at com.miui.internal.variable.v16.Android_View_ViewGroup_class.handleAddInArray(Android_View_ViewGroup_class.java:96)
08-19 14:16:54.988 W/AsyncLayoutInflater( 2677): 	at com.miui.internal.variable.v21.Android_View_ViewGroup_class.access$000(Android_View_ViewGroup_class.java:23)
08-19 14:16:54.988 W/AsyncLayoutInflater( 2677): 	at com.miui.internal.variable.v21.Android_View_ViewGroup_class$1.addInArray(Android_View_ViewGroup_class.java:171)
08-19 14:16:54.988 W/AsyncLayoutInflater( 2677): 	at android.view.ViewGroup.addInArray(ViewGroup.java:5380)
08-19 14:16:54.988 W/AsyncLayoutInflater( 2677): 	at android.view.ViewGroup.addViewInner(ViewGroup.java:5295)
08-19 14:16:54.988 W/AsyncLayoutInflater( 2677): 	at android.view.ViewGroup.addView(ViewGroup.java:5102)
08-19 14:16:54.988 W/AsyncLayoutInflater( 2677): 	at android.view.ViewGroup.addView(ViewGroup.java:5071)
08-19 14:16:54.988 W/AsyncLayoutInflater( 2677): 	at android.view.LayoutInflater.rInflate(LayoutInflater.java:1129)
08-19 14:16:54.988 W/AsyncLayoutInflater( 2677): 	at android.view.LayoutInflater.rInflateChildren(LayoutInflater.java:1086)
08-19 14:16:54.988 W/AsyncLayoutInflater( 2677): 	at android.view.LayoutInflater.inflate(LayoutInflater.java:684)
08-19 14:16:54.988 W/AsyncLayoutInflater( 2677): 	at android.view.LayoutInflater.inflate(LayoutInflater.java:536)
08-19 14:16:54.988 W/AsyncLayoutInflater( 2677): 	at androidx.asynclayoutinflater.view.AsyncLayoutInflater$InflateThread.runInner(AsyncLayoutInflater.java:189)
08-19 14:16:54.988 W/AsyncLayoutInflater( 2677): 	at androidx.asynclayoutinflater.view.AsyncLayoutInflater$InflateThread.run(AsyncLayoutInflater.java:203)
08-19 14:16:54.993 D/InterruptionStateProvider( 2677): No bubble up: not allowed to bubble: 0|com.vmos.app|102|null|10288
08-19 14:16:54.993 D/InterruptionStateProvider( 2677): No heads up: unimportant notification: 0|com.vmos.app|102|null|10288
08-19 14:16:54.999 W/AsyncLayoutInflater( 2677): Failed to inflate resource in the background! Retrying on the UI thread
08-19 14:16:54.999 W/AsyncLayoutInflater( 2677): android.view.InflateException: Binary XML file line #33 in com.android.systemui:layout/status_bar_notification_row: Animators may only be run on Looper threads
08-19 14:16:54.999 W/AsyncLayoutInflater( 2677): Caused by: android.util.AndroidRuntimeException: Animators may only be run on Looper threads
08-19 14:16:54.999 W/AsyncLayoutInflater( 2677): 	at android.animation.AnimatorSet.start(AnimatorSet.java:705)
08-19 14:16:54.999 W/AsyncLayoutInflater( 2677): 	at android.animation.AnimatorSet.start(AnimatorSet.java:684)
08-19 14:16:54.999 W/AsyncLayoutInflater( 2677): 	at android.animation.StateListAnimator.start(StateListAnimator.java:188)
08-19 14:16:54.999 W/AsyncLayoutInflater( 2677): 	at android.animation.StateListAnimator.setState(StateListAnimator.java:181)
08-19 14:16:54.999 W/AsyncLayoutInflater( 2677): 	at android.view.View.drawableStateChanged(View.java:23521)
08-19 14:16:54.999 W/AsyncLayoutInflater( 2677): 	at android.widget.TextView.drawableStateChanged(TextView.java:5853)
08-19 14:16:54.999 W/AsyncLayoutInflater( 2677): 	at android.view.View.originalRefreshDrawableState(View.java:23594)
08-19 14:16:54.999 W/AsyncLayoutInflater( 2677): 	at android.view.View$14.refreshDrawableState(View.java:30912)
08-19 14:16:54.999 W/AsyncLayoutInflater( 2677): 	at com.miui.internal.variable.v21.Android_View_View_class.callOriginalRefreshDrawableState(Android_View_View_class.java:61)
08-19 14:16:54.999 W/AsyncLayoutInflater( 2677): 	at com.miui.internal.variable.v16.Android_View_View_class_common.handleRefreshDrawableState(Android_View_View_class_common.java:90)
08-19 14:16:54.999 W/AsyncLayoutInflater( 2677): 	at com.miui.internal.variable.v21.Android_View_View_class.access$000(Android_View_View_class.java:22)
08-19 14:16:54.999 W/AsyncLayoutInflater( 2677): 	at com.miui.internal.variable.v21.Android_View_View_class$1.refreshDrawableState(Android_View_View_class.java:88)
08-19 14:16:54.999 W/AsyncLayoutInflater( 2677): 	at android.view.View.refreshDrawableState(View.java:23585)
08-19 14:16:54.999 W/AsyncLayoutInflater( 2677): 	at com.miui.internal.util.TaggingDrawableHelper.tagView(TaggingDrawableHelper.java:203)
08-19 14:16:54.999 W/AsyncLayoutInflater( 2677): 	at com.miui.internal.util.TaggingDrawableHelper.tagChildSequenceState(TaggingDrawableHelper.java:59)
08-19 14:16:54.999 W/AsyncLayoutInflater( 2677): 	at com.miui.internal.variable.v16.Android_View_ViewGroup_class.handleAddInArray(Android_View_ViewGroup_class.java:96)
08-19 14:16:54.999 W/AsyncLayoutInflater( 2677): 	at com.miui.internal.variable.v21.Android_View_ViewGroup_class.access$000(Android_View_ViewGroup_class.java:23)
08-19 14:16:54.999 W/AsyncLayoutInflater( 2677): 	at com.miui.internal.variable.v21.Android_View_ViewGroup_class$1.addInArray(Android_View_ViewGroup_class.java:171)
08-19 14:16:54.999 W/AsyncLayoutInflater( 2677): 	at android.view.ViewGroup.addInArray(ViewGroup.java:5380)
08-19 14:16:54.999 W/AsyncLayoutInflater( 2677): 	at android.view.ViewGroup.addViewInner(ViewGroup.java:5295)
08-19 14:16:54.999 W/AsyncLayoutInflater( 2677): 	at android.view.ViewGroup.addView(ViewGroup.java:5102)
08-19 14:16:54.999 W/AsyncLayoutInflater( 2677): 	at android.view.ViewGroup.addView(ViewGroup.java:5071)
08-19 14:16:54.999 W/AsyncLayoutInflater( 2677): 	at android.view.LayoutInflater.rInflate(LayoutInflater.java:1129)
08-19 14:16:54.999 W/AsyncLayoutInflater( 2677): 	at android.view.LayoutInflater.rInflateChildren(LayoutInflater.java:1086)
08-19 14:16:54.999 W/AsyncLayoutInflater( 2677): 	at android.view.LayoutInflater.inflate(LayoutInflater.java:684)
08-19 14:16:54.999 W/AsyncLayoutInflater( 2677): 	at android.view.LayoutInflater.inflate(LayoutInflater.java:536)
08-19 14:16:54.999 W/AsyncLayoutInflater( 2677): 	at androidx.asynclayoutinflater.view.AsyncLayoutInflater$InflateThread.runInner(AsyncLayoutInflater.java:189)
08-19 14:16:54.999 W/AsyncLayoutInflater( 2677): 	at androidx.asynclayoutinflater.view.AsyncLayoutInflater$InflateThread.run(AsyncLayoutInflater.java:203)
08-19 14:16:55.006 E/BitmapFactory(26302): Unable to decode stream: java.io.FileNotFoundException: /system/media/theme/miui_mod_icons/com.tencent.qqlive/2.png: open failed: ENOENT (No such file or directory)
08-19 14:16:55.012 D/NotifBadge( 2677): update app badge num: com.vmos.app/,num=0,isAllowed=false,userId=0
08-19 14:16:55.013 W/ActivityManager( 1783): Sending non-protected broadcast android.intent.action.APPLICATION_MESSAGE_UPDATE from system 2677:com.android.systemui/1000 pkg com.android.systemui. Callers=
08-19 14:16:55.013 I/Launcher.ApplicationsMessage( 3002): onReceive false
08-19 14:16:55.013 I/Launcher.ApplicationsMessage( 3002): update com.vmos.app/ to null
08-19 14:16:55.022 E/BitmapFactory(26302): Unable to decode stream: java.io.FileNotFoundException: /system/media/theme/miui_mod_icons/com.duokan.phone.remotecontroller/2.png: open failed: ENOENT (No such file or directory)
08-19 14:16:55.048 E/BitmapFactory(26302): Unable to decode stream: java.io.FileNotFoundException: /system/media/theme/miui_mod_icons/com.tencent.mtt/2.png: open failed: ENOENT (No such file or directory)
08-19 14:16:55.084 I/cmd     (26832): oneway function results will be dropped but finished with status OK and parcel size 4
08-19 14:16:55.118 E/BitmapFactory(26302): Unable to decode stream: java.io.FileNotFoundException: /system/media/theme/miui_mod_icons/com.ss.android.article.news/2.png: open failed: ENOENT (No such file or directory)
08-19 14:16:55.151 E/BitmapFactory(26302): Unable to decode stream: java.io.FileNotFoundException: /system/media/theme/miui_mod_icons/com.UCMobile/2.png: open failed: ENOENT (No such file or directory)
08-19 14:16:55.184 I/cmd     (26836): oneway function results will be dropped but finished with status OK and parcel size 4
08-19 14:16:55.204 E/BitmapFactory(26302): Unable to decode stream: java.io.FileNotFoundException: /system/media/theme/miui_mod_icons/com.tencent.mobileqq/2.png: open failed: ENOENT (No such file or directory)
08-19 14:16:55.228 D/CompatibilityInfo( 1783): mCompatibilityFlags - 0
08-19 14:16:55.228 D/CompatibilityInfo( 1783): applicationDensity - 440
08-19 14:16:55.228 D/CompatibilityInfo( 1783): applicationScale - 1.0
08-19 14:16:55.234 I/gdt_ad_mob(26302): VideoCache_Ping response: `ping ok`, pinged? true
08-19 14:16:55.242 D/adC     (26302): progress llh onADLoaded
08-19 14:16:55.247 I/sensors-hal(  937): batch:180, android.sensor.accelerometer/64, period=20000000, max_latency=0
08-19 14:16:55.249 I/sensors-hal(  937): batch:189, android.sensor.accelerometer/64, period=20000000, max_latency=0 request completed
08-19 14:16:55.249 I/sensors-hal(  937): flush:209, android.sensor.accelerometer/64
08-19 14:16:55.253 I/sensors-hal(  937): flush:215, android.sensor.accelerometer/64 completed
08-19 14:16:55.253 I/sensors-hal(  937): batch:180, android.sensor.magnetic_field/28, period=66667000, max_latency=0
08-19 14:16:55.253 I/sensors-hal(  937): batch:189, android.sensor.magnetic_field/28, period=66667000, max_latency=0 request completed
08-19 14:16:55.253 I/sensors-hal(  937): activate:147, android.sensor.magnetic_field/28 en=1
08-19 14:16:55.253 I/sensors-hal(  937): get_qmi_debug_flag:241, support_qmi_debug : false
08-19 14:16:55.258 I/sensors-hal(  937): get_qmi_debug_flag:241, support_qmi_debug : false
08-19 14:16:55.259 E/BitmapFactory(26302): Unable to decode stream: java.io.FileNotFoundException: /system/media/theme/miui_mod_icons/com.miui.calculator/2.png: open failed: ENOENT (No such file or directory)
08-19 14:16:55.271 I/sensors-hal(  937): activate:270, mag_filter is enabled
08-19 14:16:55.271 I/sensors-hal(  937): activate:158, android.sensor.magnetic_field/28 en=1 completed
08-19 14:16:55.282 I/MediaFocusControl( 1783): abandonAudioFocus() from uid/pid 10288/26302 clientId=android.media.AudioManager@2d56aac
08-19 14:16:55.294 I/sensors-hal(  937): flush:209, android.sensor.accelerometer/64
08-19 14:16:55.296 I/sensors-hal(  937): flush:215, android.sensor.accelerometer/64 completed
08-19 14:16:55.296 I/sensors-hal(  937): flush:209, android.sensor.magnetic_field/28
08-19 14:16:55.299 I/sensors-hal(  937): flush:215, android.sensor.magnetic_field/28 completed
08-19 14:16:55.308 W/TelephonyPermissions( 2989): reportAccessDeniedToReadIdentifiers:com.vmos.app:getImeiForSlot:1
08-19 14:16:55.310 W/TelephonyPermissions( 2989): reportAccessDeniedToReadIdentifiers:com.vmos.app:getImeiForSlot:-1
08-19 14:16:55.327 W/Settings(26302): Setting android_id has moved from android.provider.Settings.System to android.provider.Settings.Secure, returning read-only value.
08-19 14:16:55.327 W/Settings(26302): Setting android_id has moved from android.provider.Settings.System to android.provider.Settings.Secure, returning read-only value.
08-19 14:16:55.334 E/ANDR-PERF-LM(  952): VmRssMeter:: start() 400: Could not find pid, can not collect vmrss data
08-19 14:16:55.334 D/ANDR-PERF-LM(  952): MetaMeter: notifyReceiver() 141: AdaptLaunch : (Id : total,started,returned) = (1,1,1,1) 
08-19 14:16:55.334 E/ANDR-PERF-LM(  952): AdaptiveLaunch: writeToDataBase() 63: Meter aborted or could not get meter data for this run
08-19 14:16:55.334 I/ANDR-PERF-LM(  952): Meter: asyncTriggerUpdate() 55:  stop notification on VmRss
08-19 14:16:55.334 D/ANDR-PERF-LM(  952): MetaMeter: notifyReceiver() 162: AdaptLaunch : (Id : total,started,returned,state) = (1,1,0,0,0) 
08-19 14:16:55.334 D/ANDR-PERF-LM(  952): ThreadHelper: thread_callback() 162: Returned from Start:(Meter,Helper,Name,pending)=(0xb40000708acad1c0,0xb40000708ac39460,AdaptLaunch VmRss,0) 
08-19 14:16:55.334 D/ANDR-PERF-LM(  952): ThreadHelper: thread_callback() 134: Waiting:(Meter,Helper,Name,pending)=(0xb40000708acad1c0,0xb40000708ac39460,AdaptLaunch VmRss,0)
08-19 14:16:55.339 V/MediaPlayer(26302): resetDrmState:  mDrmInfo=null mDrmProvisioningThread=null mPrepareDrmInProgress=false mActiveDrmScheme=false
08-19 14:16:55.339 V/MediaPlayer(26302): cleanDrmObj: mDrmObj=null mDrmSessionId=null
08-19 14:16:55.339 V/MediaHTTPService(26302): MediaHTTPService(android.media.MediaHTTPService@a295b72): Cookies: null
08-19 14:16:55.340 D/NuPlayerDriver( 1354): NuPlayerDriver(0xf122e000) created, clientPid(26302)
08-19 14:16:55.343 E/ANDR-PERF-LM(  952): VmRssMeter:: start() 400: Could not find pid, can not collect vmrss data
08-19 14:16:55.343 D/ANDR-PERF-LM(  952): MetaMeter: notifyReceiver() 141: AdaptLaunch : (Id : total,started,returned) = (0,1,1,1) 
08-19 14:16:55.343 I/ANDR-PERF-LM(  952): Meter: asyncTriggerUpdate() 55:  stop notification on VmRss
08-19 14:16:55.343 D/ANDR-PERF-LM(  952): MetaMeter: notifyReceiver() 148: AdaptLaunch : (Id : total,started,returned,state) = (0,1,0,0,0) 
08-19 14:16:55.343 D/ANDR-PERF-LM(  952): ThreadHelper: thread_callback() 162: Returned from Start:(Meter,Helper,Name,pending)=(0xb40000708acad000,0xb40000708ac39320,AdaptLaunch VmRss,0) 
08-19 14:16:55.343 D/ANDR-PERF-LM(  952): ThreadHelper: thread_callback() 134: Waiting:(Meter,Helper,Name,pending)=(0xb40000708acad000,0xb40000708ac39320,AdaptLaunch VmRss,0)
08-19 14:16:55.346 D/SurfaceUtils( 1354): connecting to surface 0xf1017008, reason setVideoSurfaceTexture
08-19 14:16:55.346 D/NuPlayer( 1354): onSetVideoSurface(0xf1007800, no video decoder)
08-19 14:16:55.347 E/BitmapFactory(26302): Unable to decode stream: java.io.FileNotFoundException: /system/media/theme/miui_mod_icons/com.autonavi.minimap/2.png: open failed: ENOENT (No such file or directory)
08-19 14:16:55.347 V/MediaHTTPService(26302): makeHTTPConnection: CookieManager created: java.net.CookieManager@3ef711f
08-19 14:16:55.347 V/MediaHTTPService(26302): makeHTTPConnection(android.media.MediaHTTPService@a295b72): cookieHandler: java.net.CookieManager@3ef711f Cookies: null
08-19 14:16:55.353 I/Timeline( 1783): Timeline: Activity_windows_visible id: ActivityRecord{9281ae3 u0 com.vmos.app/.RendererActivity t230} time:8743929
08-19 14:16:55.355 I/Timeline( 1783): Timeline: App_transition_stopped time:8743931
08-19 14:16:55.372 D/CrashReport(26302): >>> com.vmos.app.LauncherActivity onDestroyed <<<
08-19 14:16:55.372 W/EventBus(26302): Subscriber to unregister was not registered before: class com.vmos.app.LauncherActivity
08-19 14:16:55.378 D/CrashReport(26302): >>> com.vmos.app.NewSurActivity onDestroyed <<<
08-19 14:16:55.386 E/onNext  (26302): onNext: OK
08-19 14:16:55.414 E/BitmapFactory(26302): Unable to decode stream: java.io.FileNotFoundException: /system/media/theme/miui_mod_icons/com.sina.weibo/2.png: open failed: ENOENT (No such file or directory)
08-19 14:16:55.445 W/System  (26302): A resource failed to call close. 
08-19 14:16:55.455 I/chatty  (26302): uid=10288(com.vmos.app) FinalizerDaemon identical 32 lines
08-19 14:16:55.455 W/System  (26302): A resource failed to call close. 
08-19 14:16:55.455 D/RenderScript HIDL Adaptation(26302): IRenderScriptDevice::getService()
08-19 14:16:55.456 W/System  (26302): A resource failed to call close. 
08-19 14:16:55.456 I/chatty  (26302): uid=10288(com.vmos.app) FinalizerDaemon identical 1 line
08-19 14:16:55.456 W/System  (26302): A resource failed to call close. 
08-19 14:16:55.456 I/hwservicemanager(  601): getTransport: Cannot find entry android.hardware.renderscript@1.0::IDevice/default in either framework or device manifest.
08-19 14:16:55.456 D/RenderScript HIDL Adaptation(26302): IRenderScriptDevice::getService() returned 0x0
08-19 14:16:55.456 D/RenderScript HIDL Adaptation(26302): Using Fallback Path.
08-19 14:16:55.457 W/System  (26302): A resource failed to call release. 
08-19 14:16:55.457 W/System  (26302): A resource failed to call close. 
08-19 14:16:55.471 E/BitmapFactory(26302): Unable to decode stream: java.io.FileNotFoundException: /system/media/theme/miui_mod_icons/com.baidu.netdisk/2.png: open failed: ENOENT (No such file or directory)
08-19 14:16:55.479 D/com.vmos.app(26302): Successfully queried cache dir: /data/user_de/0/com.vmos.app/code_cache
08-19 14:16:55.479 D/RenderScript(26302): Setting cache dir: /data/user_de/0/com.vmos.app/code_cache
08-19 14:16:55.503 I/cmd     (26868): oneway function results will be dropped but finished with status OK and parcel size 4
08-19 14:16:55.532 I/AudioFlinger(  996): BUFFER TIMEOUT: remove(116) from active list on thread 0xb40000749ef18a80
08-19 14:16:55.533 D/AudioFlinger(  996): updateWakeLockUids_l AudioOut_1D uids:
08-19 14:16:55.534 I/PowerCheckerService( 5940): uid:10288change to inactive
08-19 14:16:55.534 I/AppActiveChecker( 5940): uid:10288change to inactive
08-19 14:16:55.534 D/msm8974_platform(  902): platform_split_snd_device: snd_device(2) num devices(1) new_snd_devices(0)
08-19 14:16:55.534 D/ACDB-LOADER(  902): ACDB -> send_audvoltable
08-19 14:16:55.534 D/ACDB-LOADER(  902): ACDB -> ACDB_CMD_GET_AUDPROC_INSTANCE_GAIN_DEP_STEP_TABLE_SIZE
08-19 14:16:55.534 D/android.hardware.audio.service(  902): Failed to fetch the lookup information of the device 0000271B 
08-19 14:16:55.534 D/ACDB-LOADER(  902): Error: ACDB_CMD_GET_AUDPROC_INSTANCE_GAIN_DEP_STEP_TABLE_SIZE Returned = -19
08-19 14:16:55.534 D/ACDB-LOADER(  902): ACDB -> ACDB_CMD_GET_AUDPROC_INSTANCE_GAIN_DEP_STEP_TABLE, vol index 0
08-19 14:16:55.534 D/android.hardware.audio.service(  902): Failed to fetch the lookup information of the device 0000271B 
08-19 14:16:55.534 D/ACDB-LOADER(  902): Error: ACDB AudProc vol returned = -19
08-19 14:16:55.534 D/ACDB-LOADER(  902): ACDB -> AUDIO_SET_VOL_CAL cal type = 40
08-19 14:16:55.535 D/APM_AudioPolicyManager(  996): stopOutput() output 29, stream 3, session 1825 uid 10288
08-19 14:16:55.535 D/APM_AudioPolicyManager(  996): getNewOutputDevices selected devices AUDIO_DEVICE_NONE
08-19 14:16:55.535 D/APM_AudioPolicyManager(  996): setOutputDevices device AUDIO_DEVICE_NONE delayMs 160 force 0
08-19 14:16:55.535 D/APM_AudioPolicyManager(  996): setOutputDevices setting same device AUDIO_DEVICE_NONE or null device, force=0, patch handle=8
08-19 14:16:55.535 I/system_server( 1783): oneway function results will be dropped but finished with status OK and parcel size 4
08-19 14:16:55.536 W/APM::AudioPolicyEngine(  996): getDevicesForStrategy() unknown strategy: -1
08-19 14:16:55.536 W/APM::AudioPolicyEngine(  996): getDevicesForStrategy() unknown strategy: -1
08-19 14:16:55.538 V/EffectMiSound(  902): MiSound_command() start, cmdCode=20
08-19 14:16:55.538 V/EffectMiSound(  902): MiSound_Command EFFECT_CMD_OFFLOAD
08-19 14:16:55.538 V/EffectMiSound(  902): MiSound_command() start, cmdCode=1
08-19 14:16:55.538 V/EffectMiSound(  902): MiSound_setConfig start
08-19 14:16:55.538 I/EffectMiSound(  902): MiSound_updateState(), enable=0, hifi=0, device=0x2, headset=0, samplingRate=48000
08-19 14:16:55.538 I/EffectMiSound(  902): MiSound_updateState(), mode=0, music=0, movie=0, reset=0
08-19 14:16:55.538 D/EffectMiSound(  902): Set speak Enable: 0
08-19 14:16:55.538 V/EffectMiSound(  902): SetParam No.1
08-19 14:16:55.538 V/EffectMiSound(  902): SetParam No.2
08-19 14:16:55.538 V/EffectMiSound(  902): SetParam No.3
08-19 14:16:55.538 V/EffectMiSound(  902): SetParam No.4
08-19 14:16:55.538 I/EffectMiSound(  902): MiSoundSetParameterThread: awake
08-19 14:16:55.538 V/EffectMiSound(  902): SetParam No.5
08-19 14:16:55.538 V/EffectMiSound(  902): SetParam No.1
08-19 14:16:55.538 I/EffectMiSound(  902): Thread: setParam No.1
08-19 14:16:55.538 I/EffectMiSound(  902): MiSoundsetParameters_request: cal_devid=2;cal_apptype=69940;cal_caltype=0;cal_samplerate=48000;cal_topoid=0x1000a100;cal_moduleid=0x1000a100;cal_paramid=0x1000a101;cal_persist=0;cal_data=AAAAAA;
08-19 14:16:55.538 V/EffectMiSound(  902): SetParam No.6
08-19 14:16:55.538 V/EffectMiSound(  902): SetParam No.7
08-19 14:16:55.538 V/EffectMiSound(  902): SetParam No.8
08-19 14:16:55.538 V/EffectMiSound(  902): SetParam No.9
08-19 14:16:55.538 V/EffectMiSound(  902): SetParam No.10
08-19 14:16:55.538 W/audio_hw_con(  902): audio_handle_client_sock received client connect 57
08-19 14:16:55.538 V/EffectMiSound(  902): SetParam No.11
08-19 14:16:55.538 D/audio_hw_primary(  902): adev_set_parameters: enter: cal_devid=2;cal_apptype=69940;cal_caltype=0;cal_samplerate=48000;cal_topoid=0x1000a100;cal_moduleid=0x1000a100;cal_paramid=0x1000a101;cal_persist=0;cal_data=AAAAAA;
08-19 14:16:55.538 V/EffectMiSound(  902): SetParam No.12
08-19 14:16:55.538 D/EffectMiSound(  902): clientRequest: write to server 264
08-19 14:16:55.538 I/EffectMiSound(  902): MiSound_updateState(), Speaker Dual Mode is not supported. Stop update state.
08-19 14:16:55.538 V/msm8974_platform(  902): platform_set_parameters: enter: cal_persist=0;cal_devid=2;cal_moduleid=0x1000a100;cal_caltype=0;cal_apptype=69940;cal_paramid=0x1000a101;cal_topoid=0x1000a100;cal_samplerate=48000;cal_data=AAAAAA
08-19 14:16:55.538 D/msm8974_platform(  902): Setting audio calibration for snd_device(2) acdb_id(10011)
08-19 14:16:55.538 V/EffectMiSound(  902): MiSound_command() start, cmdCode=9
08-19 14:16:55.538 V/EffectMiSound(  902): MiSound_Command EFFECT_CMD_SET_DEVICE: 0x00000002
08-19 14:16:55.538 V/EffectMiSound(  902): MiSound_command() start, cmdCode=11
08-19 14:16:55.538 V/EffectMiSound(  902): MiSound_Command EFFECT_CMD_SET_AUDIO_MODE: 0
08-19 14:16:55.538 D/audio_hw_hfp(  902): hfp_set_parameters: enter
08-19 14:16:55.538 D/audio_hw_hfp(  902): hfp_set_parameters: enter
08-19 14:16:55.538 D/DlbDlbEffect(  902): effectCommand(handle=0xed8c49b8, cmdCode=5, cmdSize=20, pCmdData=0xed1272b8, replySize=4, pReplyData=0xed27a388)
08-19 14:16:55.538 D/DlbDlbEffect(  902): handle_EFFECT_CMD_SET_PARAM()
08-19 14:16:55.538 V/a2dp_offload(  902): end of a2dp setparam
08-19 14:16:55.538 D/DlbQdspGefDriver(  902): setPreferredOffType(type=2)
08-19 14:16:55.539 D/audio_hw_cspl_cal(  902): cirrus_cal_setparameters: enter 0xee803600
08-19 14:16:55.539 D/audio_hw_extn(  902): audio_extn_fm_set_parameters: Enter
08-19 14:16:55.539 D/audio_hw_hfp(  902): hfp_set_parameters: enter
08-19 14:16:55.539 V/a2dp_offload(  902): end of a2dp setparam
08-19 14:16:55.539 D/audio_hw_primary(  902): adev_set_parameters: exit with code(0)
08-19 14:16:55.539 D/DlbDlbEffect(  902): effectCommand(handle=0xed8c49b8, cmdCode=4, cmdSize=0, pCmdData=0x0, replySize=4, pReplyData=0xed2a1c58)
08-19 14:16:55.539 D/DlbDlbEffect(  902): handle_EFFECT_CMD_DISABLE()
08-19 14:16:55.539 I/EffectMiSound(  902): Thread: setParam No.2
08-19 14:16:55.539 D/DlbQdspGefDriver(  902): setEnabled(enable=0)
08-19 14:16:55.539 I/EffectMiSound(  902): MiSoundsetParameters_request: cal_devid=2;cal_apptype=69936;cal_caltype=0;cal_samplerate=48000;cal_topoid=0x1000a100;cal_moduleid=0x1000a100;cal_paramid=0x1000a101;cal_persist=0;cal_data=AAAAAA;
08-19 14:16:55.539 D/DlbQdspGefDriver(  902): setEnabled(): Skip the transient enabled state 0
08-19 14:16:55.539 D/EffectMiSound(  902): clientRequest: write to server 264
08-19 14:16:55.539 W/audio_hw_con(  902): audio_handle_client_sock received client connect 57
08-19 14:16:55.539 D/audio_hw_primary(  902): adev_set_parameters: enter: cal_devid=2;cal_apptype=69936;cal_caltype=0;cal_samplerate=48000;cal_topoid=0x1000a100;cal_moduleid=0x1000a100;cal_paramid=0x1000a101;cal_persist=0;cal_data=AAAAAA;
08-19 14:16:55.539 V/msm8974_platform(  902): platform_set_parameters: enter: cal_persist=0;cal_devid=2;cal_moduleid=0x1000a100;cal_caltype=0;cal_apptype=69936;cal_paramid=0x1000a101;cal_topoid=0x1000a100;cal_samplerate=48000;cal_data=AAAAAA
08-19 14:16:55.539 D/DlbDlbEffect(  902): effectCommand(handle=0xed8c49b8, cmdCode=20, cmdSize=8, pCmdData=0xed27a388, replySize=4, pReplyData=0xed2a1c58)
08-19 14:16:55.539 D/msm8974_platform(  902): Setting audio calibration for snd_device(2) acdb_id(10011)
08-19 14:16:55.539 D/DlbDlbEffect(  902): handle_EFFECT_CMD_OFFLOAD(offload=0, ioHandle=13)
08-19 14:16:55.539 E/ACDB-LOADER(  902): [acdb_loader_adsp_set_audio_cal] active device/stream not found (result=-100) for topology 0x1000a100 and apptype 0x11130
08-19 14:16:55.539 E/ACDB-LOADER(  902): [acdb_loader_adsp_set_audio_cal] set parameters failed with status -100
08-19 14:16:55.539 D/audio_hw_hfp(  902): hfp_set_parameters: enter
08-19 14:16:55.539 D/audio_hw_hfp(  902): hfp_set_parameters: enter
08-19 14:16:55.539 V/a2dp_offload(  902): end of a2dp setparam
08-19 14:16:55.539 D/audio_hw_cspl_cal(  902): cirrus_cal_setparameters: enter 0xee803600
08-19 14:16:55.539 D/audio_hw_extn(  902): audio_extn_fm_set_parameters: Enter
08-19 14:16:55.539 D/audio_hw_hfp(  902): hfp_set_parameters: enter
08-19 14:16:55.539 V/a2dp_offload(  902): end of a2dp setparam
08-19 14:16:55.539 D/audio_hw_primary(  902): adev_set_parameters: exit with code(0)
08-19 14:16:55.539 I/EffectMiSound(  902): Thread: setParam No.3
08-19 14:16:55.539 I/EffectMiSound(  902): MiSoundsetParameters_request: cal_devid=2;cal_apptype=69936;cal_caltype=0;cal_samplerate=44100;cal_topoid=0x1000a100;cal_moduleid=0x1000a100;cal_paramid=0x1000a101;cal_persist=1;cal_data=AAAAAA;
08-19 14:16:55.539 D/EffectMiSound(  902): clientRequest: write to server 264
08-19 14:16:55.539 V/EffectMiSound(  902): MiSound_command() start, cmdCode=1
08-19 14:16:55.539 W/audio_hw_con(  902): audio_handle_client_sock received client connect 57
08-19 14:16:55.539 V/EffectMiSound(  902): MiSound_setConfig start
08-19 14:16:55.539 D/audio_hw_primary(  902): adev_set_parameters: enter: cal_devid=2;cal_apptype=69936;cal_caltype=0;cal_samplerate=44100;cal_topoid=0x1000a100;cal_moduleid=0x1000a100;cal_paramid=0x1000a101;cal_persist=1;cal_data=AAAAAA;
08-19 14:16:55.539 I/EffectMiSound(  902): MiSound_updateState(), enable=0, hifi=0, device=0x2, headset=0, samplingRate=48000
08-19 14:16:55.539 I/EffectMiSound(  902): MiSound_updateState(), mode=0, music=0, movie=0, reset=0
08-19 14:16:55.539 D/EffectMiSound(  902): Set speak Enable: 0
08-19 14:16:55.539 V/EffectMiSound(  902): SetParam No.2
08-19 14:16:55.539 V/EffectMiSound(  902): SetParam No.3
08-19 14:16:55.539 V/EffectMiSound(  902): SetParam No.13
08-19 14:16:55.539 V/EffectMiSound(  902): SetParam No.14
08-19 14:16:55.539 V/msm8974_platform(  902): platform_set_parameters: enter: cal_persist=1;cal_devid=2;cal_moduleid=0x1000a100;cal_caltype=0;cal_apptype=69936;cal_paramid=0x1000a101;cal_topoid=0x1000a100;cal_samplerate=44100;cal_data=AAAAAA
08-19 14:16:55.539 V/EffectMiSound(  902): SetParam No.15
08-19 14:16:55.539 V/EffectMiSound(  902): SetParam No.16
08-19 14:16:55.539 V/EffectMiSound(  902): SetParam No.17
08-19 14:16:55.539 V/EffectMiSound(  902): SetParam No.18
08-19 14:16:55.539 D/msm8974_platform(  902): Setting audio calibration for snd_device(2) acdb_id(10011)
08-19 14:16:55.539 V/EffectMiSound(  902): SetParam No.19
08-19 14:16:55.539 V/EffectMiSound(  902): SetParam No.20
08-19 14:16:55.539 V/EffectMiSound(  902): SetParam No.21
08-19 14:16:55.539 V/EffectMiSound(  902): SetParam No.22
08-19 14:16:55.539 V/EffectMiSound(  902): SetParam No.23
08-19 14:16:55.539 I/EffectMiSound(  902): MiSound_updateState(), Speaker Dual Mode is not supported. Stop update state.
08-19 14:16:55.539 D/android.hardware.audio.service(  902): Failed to fetch the lookup information of the device 0000271B 
08-19 14:16:55.539 E/ACDB-LOADER(  902): [acdb_loader_store_set_audio_cal] ACDB settting parameters failed -1
08-19 14:16:55.539 D/audio_hw_hfp(  902): hfp_set_parameters: enter
08-19 14:16:55.539 D/audio_hw_hfp(  902): hfp_set_parameters: enter
08-19 14:16:55.539 V/a2dp_offload(  902): end of a2dp setparam
08-19 14:16:55.539 D/audio_hw_cspl_cal(  902): cirrus_cal_setparameters: enter 0xee803600
08-19 14:16:55.539 D/audio_hw_extn(  902): audio_extn_fm_set_parameters: Enter
08-19 14:16:55.539 D/audio_hw_hfp(  902): hfp_set_parameters: enter
08-19 14:16:55.539 V/a2dp_offload(  902): end of a2dp setparam
08-19 14:16:55.539 D/audio_hw_primary(  902): adev_set_parameters: exit with code(0)
08-19 14:16:55.539 I/EffectMiSound(  902): Thread: setParam No.4
08-19 14:16:55.539 I/EffectMiSound(  902): MiSoundsetParameters_request: cal_devid=2;cal_apptype=69940;cal_caltype=0;cal_samplerate=44100;cal_topoid=0x1000a100;cal_moduleid=0x1000a100;cal_paramid=0x1000a101;cal_persist=1;cal_data=AAAAAA;
08-19 14:16:55.539 D/EffectMiSound(  902): clientRequest: write to server 264
08-19 14:16:55.539 W/audio_hw_con(  902): audio_handle_client_sock received client connect 57
08-19 14:16:55.539 D/DlbDlbEffect(  902): effectCommand(handle=0xed8c49b8, cmdCode=1, cmdSize=64, pCmdData=0xea1c1bd0, replySize=4, pReplyData=0xea1c1b8c)
08-19 14:16:55.539 D/audio_hw_primary(  902): adev_set_parameters: enter: cal_devid=2;cal_apptype=69940;cal_caltype=0;cal_samplerate=44100;cal_topoid=0x1000a100;cal_moduleid=0x1000a100;cal_paramid=0x1000a101;cal_persist=1;cal_data=AAAAAA;
08-19 14:16:55.539 D/DlbDlbEffect(  902): handle_EFFECT_CMD_SET_CONFIG()
08-19 14:16:55.539 V/msm8974_platform(  902): platform_set_parameters: enter: cal_persist=1;cal_devid=2;cal_moduleid=0x1000a100;cal_caltype=0;cal_apptype=69940;cal_paramid=0x1000a101;cal_topoid=0x1000a100;cal_samplerate=44100;cal_data=AAAAAA
08-19 14:16:55.539 D/msm8974_platform(  902): Setting audio calibration for snd_device(2) acdb_id(10011)
08-19 14:16:55.539 D/android.hardware.audio.service(  902): Failed to fetch the lookup information of the device 0000271B 
08-19 14:16:55.539 E/ACDB-LOADER(  902): [acdb_loader_store_set_audio_cal] ACDB settting parameters failed -1
08-19 14:16:55.539 D/audio_hw_hfp(  902): hfp_set_parameters: enter
08-19 14:16:55.539 D/audio_hw_hfp(  902): hfp_set_parameters: enter
08-19 14:16:55.539 D/DlbDlbEffect(  902): effectCommand(handle=0xed8c49b8, cmdCode=9, cmdSize=4, pCmdData=0xed27a388, replySize=4, pReplyData=0xed2a1c58)
08-19 14:16:55.539 V/a2dp_offload(  902): end of a2dp setparam
08-19 14:16:55.539 D/DlbDlbEffect(  902): handle_EFFECT_CMD_SET_DEVICE(device=0x00000002)
08-19 14:16:55.539 D/audio_hw_cspl_cal(  902): cirrus_cal_setparameters: enter 0xee803600
08-19 14:16:55.539 D/DlbQdspGefDriver(  902): setDevice(device=0x00000002): old device 0x00000002
08-19 14:16:55.539 D/audio_hw_extn(  902): audio_extn_fm_set_parameters: Enter
08-19 14:16:55.539 D/audio_hw_hfp(  902): hfp_set_parameters: enter
08-19 14:16:55.539 V/a2dp_offload(  902): end of a2dp setparam
08-19 14:16:55.539 D/audio_hw_primary(  902): adev_set_parameters: exit with code(0)
08-19 14:16:55.539 I/EffectMiSound(  902): Thread: setParam No.5
08-19 14:16:55.539 I/EffectMiSound(  902): MiSoundsetParameters_request: cal_devid=2;cal_apptype=69936;cal_caltype=0;cal_samplerate=48000;cal_topoid=0x1000a100;cal_moduleid=0x1000a100;cal_paramid=0x1000a101;cal_persist=1;cal_data=AAAAAA;
08-19 14:16:55.539 D/EffectMiSound(  902): clientRequest: write to server 264
08-19 14:16:55.539 W/audio_hw_con(  902): audio_handle_client_sock received client connect 57
08-19 14:16:55.539 D/audio_hw_primary(  902): adev_set_parameters: enter: cal_devid=2;cal_apptype=69936;cal_caltype=0;cal_samplerate=48000;cal_topoid=0x1000a100;cal_moduleid=0x1000a100;cal_paramid=0x1000a101;cal_persist=1;cal_data=AAAAAA;
08-19 14:16:55.539 D/DMSService(  943): setActiveDevice called with device = 0x2 (original 0x2)
08-19 14:16:55.539 V/msm8974_platform(  902): platform_set_parameters: enter: cal_persist=1;cal_devid=2;cal_moduleid=0x1000a100;cal_caltype=0;cal_apptype=69936;cal_paramid=0x1000a101;cal_topoid=0x1000a100;cal_samplerate=48000;cal_data=AAAAAA
08-19 14:16:55.539 D/msm8974_platform(  902): Setting audio calibration for snd_device(2) acdb_id(10011)
08-19 14:16:55.539 D/DlbDlbEffect(  902): effectCommand(handle=0xed8c49b8, cmdCode=11, cmdSize=4, pCmdData=0xed27a388, replySize=4, pReplyData=0xed2a1c58)
08-19 14:16:55.539 D/DlbDlbEffect(  902): effectCommand(handle=0xed8c49b8, cmdCode=20, cmdSize=8, pCmdData=0xed27a388, replySize=4, pReplyData=0xed2a1c58)
08-19 14:16:55.539 D/DlbDlbEffect(  902): handle_EFFECT_CMD_OFFLOAD(offload=1, ioHandle=13)
08-19 14:16:55.539 D/audio_hw_hfp(  902): hfp_set_parameters: enter
08-19 14:16:55.539 D/audio_hw_hfp(  902): hfp_set_parameters: enter
08-19 14:16:55.539 V/a2dp_offload(  902): end of a2dp setparam
08-19 14:16:55.539 D/audio_hw_cspl_cal(  902): cirrus_cal_setparameters: enter 0xee803600
08-19 14:16:55.539 D/audio_hw_extn(  902): audio_extn_fm_set_parameters: Enter
08-19 14:16:55.539 D/audio_hw_hfp(  902): hfp_set_parameters: enter
08-19 14:16:55.539 V/a2dp_offload(  902): end of a2dp setparam
08-19 14:16:55.539 D/audio_hw_primary(  902): adev_set_parameters: exit with code(0)
08-19 14:16:55.539 I/EffectMiSound(  902): Thread: setParam No.6
08-19 14:16:55.539 I/EffectMiSound(  902): MiSoundsetParameters_request: cal_devid=2;cal_apptype=69936;cal_caltype=0;cal_samplerate=88200;cal_topoid=0x1000a100;cal_moduleid=0x1000a100;cal_paramid=0x1000a101;cal_persist=1;cal_data=AAAAAA;
08-19 14:16:55.539 D/EffectMiSound(  902): clientRequest: write to server 264
08-19 14:16:55.539 D/DlbDlbEffect(  902): effectCommand(handle=0xed8c49b8, cmdCode=3, cmdSize=0, pCmdData=0x0, replySize=4, pReplyData=0xee341ab8)
08-19 14:16:55.539 D/DlbDlbEffect(  902): handle_EFFECT_CMD_ENABLE()
08-19 14:16:55.539 W/audio_hw_con(  902): audio_handle_client_sock received client connect 57
08-19 14:16:55.539 D/DlbQdspGefDriver(  902): setEnabled(enable=1)
08-19 14:16:55.539 D/audio_hw_primary(  902): adev_set_parameters: enter: cal_devid=2;cal_apptype=69936;cal_caltype=0;cal_samplerate=88200;cal_topoid=0x1000a100;cal_moduleid=0x1000a100;cal_paramid=0x1000a101;cal_persist=1;cal_data=AAAAAA;
08-19 14:16:55.539 D/DlbQdspGefDriver(  902): setEnabled(): the enabled state is already 1
08-19 14:16:55.539 V/msm8974_platform(  902): platform_set_parameters: enter: cal_persist=1;cal_devid=2;cal_moduleid=0x1000a100;cal_caltype=0;cal_apptype=69936;cal_paramid=0x1000a101;cal_topoid=0x1000a100;cal_samplerate=88200;cal_data=AAAAAA
08-19 14:16:55.539 D/msm8974_platform(  902): Setting audio calibration for snd_device(2) acdb_id(10011)
08-19 14:16:55.539 D/android.hardware.audio.service(  902): Failed to fetch the lookup information of the device 0000271B 
08-19 14:16:55.539 E/ACDB-LOADER(  902): [acdb_loader_store_set_audio_cal] ACDB settting parameters failed -1
08-19 14:16:55.539 D/audio_hw_hfp(  902): hfp_set_parameters: enter
08-19 14:16:55.539 D/audio_hw_hfp(  902): hfp_set_parameters: enter
08-19 14:16:55.539 V/a2dp_offload(  902): end of a2dp setparam
08-19 14:16:55.539 D/audio_hw_cspl_cal(  902): cirrus_cal_setparameters: enter 0xee803600
08-19 14:16:55.539 D/audio_hw_extn(  902): audio_extn_fm_set_parameters: Enter
08-19 14:16:55.539 D/audio_hw_hfp(  902): hfp_set_parameters: enter
08-19 14:16:55.539 V/a2dp_offload(  902): end of a2dp setparam
08-19 14:16:55.539 D/audio_hw_primary(  902): adev_set_parameters: exit with code(0)
08-19 14:16:55.539 I/EffectMiSound(  902): Thread: setParam No.7
08-19 14:16:55.539 I/EffectMiSound(  902): MiSoundsetParameters_request: cal_devid=2;cal_apptype=69940;cal_caltype=0;cal_samplerate=88200;cal_topoid=0x1000a100;cal_moduleid=0x1000a100;cal_paramid=0x1000a101;cal_persist=1;cal_data=AAAAAA;
08-19 14:16:55.539 D/EffectMiSound(  902): clientRequest: write to server 264
08-19 14:16:55.539 W/audio_hw_con(  902): audio_handle_client_sock received client connect 57
08-19 14:16:55.539 D/audio_hw_primary(  902): adev_set_parameters: enter: cal_devid=2;cal_apptype=69940;cal_caltype=0;cal_samplerate=88200;cal_topoid=0x1000a100;cal_moduleid=0x1000a100;cal_paramid=0x1000a101;cal_persist=1;cal_data=AAAAAA;
08-19 14:16:55.539 V/msm8974_platform(  902): platform_set_parameters: enter: cal_persist=1;cal_devid=2;cal_moduleid=0x1000a100;cal_caltype=0;cal_apptype=69940;cal_paramid=0x1000a101;cal_topoid=0x1000a100;cal_samplerate=88200;cal_data=AAAAAA
08-19 14:16:55.539 D/msm8974_platform(  902): Setting audio calibration for snd_device(2) acdb_id(10011)
08-19 14:16:55.539 D/android.hardware.audio.service(  902): Failed to fetch the lookup information of the device 0000271B 
08-19 14:16:55.539 E/ACDB-LOADER(  902): [acdb_loader_store_set_audio_cal] ACDB settting parameters failed -1
08-19 14:16:55.539 D/audio_hw_hfp(  902): hfp_set_parameters: enter
08-19 14:16:55.539 D/audio_hw_hfp(  902): hfp_set_parameters: enter
08-19 14:16:55.539 V/a2dp_offload(  902): end of a2dp setparam
08-19 14:16:55.539 D/audio_hw_cspl_cal(  902): cirrus_cal_setparameters: enter 0xee803600
08-19 14:16:55.539 D/audio_hw_extn(  902): audio_extn_fm_set_parameters: Enter
08-19 14:16:55.539 D/audio_hw_hfp(  902): hfp_set_parameters: enter
08-19 14:16:55.539 V/a2dp_offload(  902): end of a2dp setparam
08-19 14:16:55.539 D/audio_hw_primary(  902): adev_set_parameters: exit with code(0)
08-19 14:16:55.539 I/EffectMiSound(  902): Thread: setParam No.8
08-19 14:16:55.539 I/EffectMiSound(  902): MiSoundsetParameters_request: cal_devid=2;cal_apptype=69936;cal_caltype=0;cal_samplerate=96000;cal_topoid=0x1000a100;cal_moduleid=0x1000a100;cal_paramid=0x1000a101;cal_persist=1;cal_data=AAAAAA;
08-19 14:16:55.539 D/EffectMiSound(  902): clientRequest: write to server 264
08-19 14:16:55.539 W/audio_hw_con(  902): audio_handle_client_sock received client connect 57
08-19 14:16:55.539 D/audio_hw_primary(  902): adev_set_parameters: enter: cal_devid=2;cal_apptype=69936;cal_caltype=0;cal_samplerate=96000;cal_topoid=0x1000a100;cal_moduleid=0x1000a100;cal_paramid=0x1000a101;cal_persist=1;cal_data=AAAAAA;
08-19 14:16:55.539 V/msm8974_platform(  902): platform_set_parameters: enter: cal_persist=1;cal_devid=2;cal_moduleid=0x1000a100;cal_caltype=0;cal_apptype=69936;cal_paramid=0x1000a101;cal_topoid=0x1000a100;cal_samplerate=96000;cal_data=AAAAAA
08-19 14:16:55.539 D/msm8974_platform(  902): Setting audio calibration for snd_device(2) acdb_id(10011)
08-19 14:16:55.539 D/audio_hw_hfp(  902): hfp_set_parameters: enter
08-19 14:16:55.539 D/audio_hw_hfp(  902): hfp_set_parameters: enter
08-19 14:16:55.539 V/a2dp_offload(  902): end of a2dp setparam
08-19 14:16:55.539 D/audio_hw_cspl_cal(  902): cirrus_cal_setparameters: enter 0xee803600
08-19 14:16:55.539 D/audio_hw_extn(  902): audio_extn_fm_set_parameters: Enter
08-19 14:16:55.539 D/audio_hw_hfp(  902): hfp_set_parameters: enter
08-19 14:16:55.539 V/a2dp_offload(  902): end of a2dp setparam
08-19 14:16:55.540 D/audio_hw_primary(  902): adev_set_parameters: exit with code(0)
08-19 14:16:55.540 I/EffectMiSound(  902): Thread: setParam No.9
08-19 14:16:55.540 I/EffectMiSound(  902): MiSoundsetParameters_request: cal_devid=2;cal_apptype=69940;cal_caltype=0;cal_samplerate=96000;cal_topoid=0x1000a100;cal_moduleid=0x1000a100;cal_paramid=0x1000a101;cal_persist=1;cal_data=AAAAAA;
08-19 14:16:55.540 D/EffectMiSound(  902): clientRequest: write to server 264
08-19 14:16:55.540 W/audio_hw_con(  902): audio_handle_client_sock received client connect 57
08-19 14:16:55.540 D/audio_hw_primary(  902): adev_set_parameters: enter: cal_devid=2;cal_apptype=69940;cal_caltype=0;cal_samplerate=96000;cal_topoid=0x1000a100;cal_moduleid=0x1000a100;cal_paramid=0x1000a101;cal_persist=1;cal_data=AAAAAA;
08-19 14:16:55.540 V/msm8974_platform(  902): platform_set_parameters: enter: cal_persist=1;cal_devid=2;cal_moduleid=0x1000a100;cal_caltype=0;cal_apptype=69940;cal_paramid=0x1000a101;cal_topoid=0x1000a100;cal_samplerate=96000;cal_data=AAAAAA
08-19 14:16:55.540 D/msm8974_platform(  902): Setting audio calibration for snd_device(2) acdb_id(10011)
08-19 14:16:55.540 D/audio_hw_hfp(  902): hfp_set_parameters: enter
08-19 14:16:55.540 D/audio_hw_hfp(  902): hfp_set_parameters: enter
08-19 14:16:55.540 V/a2dp_offload(  902): end of a2dp setparam
08-19 14:16:55.540 D/audio_hw_cspl_cal(  902): cirrus_cal_setparameters: enter 0xee803600
08-19 14:16:55.540 D/audio_hw_extn(  902): audio_extn_fm_set_parameters: Enter
08-19 14:16:55.540 D/audio_hw_hfp(  902): hfp_set_parameters: enter
08-19 14:16:55.540 V/a2dp_offload(  902): end of a2dp setparam
08-19 14:16:55.540 D/audio_hw_primary(  902): adev_set_parameters: exit with code(0)
08-19 14:16:55.540 I/EffectMiSound(  902): Thread: setParam No.10
08-19 14:16:55.540 I/EffectMiSound(  902): MiSoundsetParameters_request: cal_devid=2;cal_apptype=69936;cal_caltype=0;cal_samplerate=192000;cal_topoid=0x1000a100;cal_moduleid=0x1000a100;cal_paramid=0x1000a101;cal_persist=1;cal_data=AAAAAA;
08-19 14:16:55.540 D/EffectMiSound(  902): clientRequest: write to server 264
08-19 14:16:55.540 W/audio_hw_con(  902): audio_handle_client_sock received client connect 57
08-19 14:16:55.540 D/audio_hw_primary(  902): adev_set_parameters: enter: cal_devid=2;cal_apptype=69936;cal_caltype=0;cal_samplerate=192000;cal_topoid=0x1000a100;cal_moduleid=0x1000a100;cal_paramid=0x1000a101;cal_persist=1;cal_data=AAAAAA;
08-19 14:16:55.540 V/msm8974_platform(  902): platform_set_parameters: enter: cal_persist=1;cal_devid=2;cal_moduleid=0x1000a100;cal_caltype=0;cal_apptype=69936;cal_paramid=0x1000a101;cal_topoid=0x1000a100;cal_samplerate=192000;cal_data=AAAAAA
08-19 14:16:55.540 D/msm8974_platform(  902): Setting audio calibration for snd_device(2) acdb_id(10011)
08-19 14:16:55.540 D/audio_hw_hfp(  902): hfp_set_parameters: enter
08-19 14:16:55.540 D/audio_hw_hfp(  902): hfp_set_parameters: enter
08-19 14:16:55.540 V/a2dp_offload(  902): end of a2dp setparam
08-19 14:16:55.540 D/audio_hw_cspl_cal(  902): cirrus_cal_setparameters: enter 0xee803600
08-19 14:16:55.540 D/audio_hw_extn(  902): audio_extn_fm_set_parameters: Enter
08-19 14:16:55.540 D/audio_hw_hfp(  902): hfp_set_parameters: enter
08-19 14:16:55.540 V/a2dp_offload(  902): end of a2dp setparam
08-19 14:16:55.540 D/audio_hw_primary(  902): adev_set_parameters: exit with code(0)
08-19 14:16:55.540 I/EffectMiSound(  902): Thread: setParam No.11
08-19 14:16:55.540 I/EffectMiSound(  902): MiSoundsetParameters_request: cal_devid=2;cal_apptype=69940;cal_caltype=0;cal_samplerate=192000;cal_topoid=0x1000a100;cal_moduleid=0x1000a100;cal_paramid=0x1000a101;cal_persist=1;cal_data=AAAAAA;
08-19 14:16:55.540 D/EffectMiSound(  902): clientRequest: write to server 264
08-19 14:16:55.540 W/audio_hw_con(  902): audio_handle_client_sock received client connect 57
08-19 14:16:55.540 D/audio_hw_primary(  902): adev_set_parameters: enter: cal_devid=2;cal_apptype=69940;cal_caltype=0;cal_samplerate=192000;cal_topoid=0x1000a100;cal_moduleid=0x1000a100;cal_paramid=0x1000a101;cal_persist=1;cal_data=AAAAAA;
08-19 14:16:55.540 V/msm8974_platform(  902): platform_set_parameters: enter: cal_persist=1;cal_devid=2;cal_moduleid=0x1000a100;cal_caltype=0;cal_apptype=69940;cal_paramid=0x1000a101;cal_topoid=0x1000a100;cal_samplerate=192000;cal_data=AAAAAA
08-19 14:16:55.540 D/msm8974_platform(  902): Setting audio calibration for snd_device(2) acdb_id(10011)
08-19 14:16:55.540 D/audio_hw_hfp(  902): hfp_set_parameters: enter
08-19 14:16:55.540 D/audio_hw_hfp(  902): hfp_set_parameters: enter
08-19 14:16:55.540 V/a2dp_offload(  902): end of a2dp setparam
08-19 14:16:55.540 D/audio_hw_cspl_cal(  902): cirrus_cal_setparameters: enter 0xee803600
08-19 14:16:55.540 D/audio_hw_extn(  902): audio_extn_fm_set_parameters: Enter
08-19 14:16:55.540 D/audio_hw_hfp(  902): hfp_set_parameters: enter
08-19 14:16:55.540 V/a2dp_offload(  902): end of a2dp setparam
08-19 14:16:55.540 D/audio_hw_primary(  902): adev_set_parameters: exit with code(0)
08-19 14:16:55.540 I/EffectMiSound(  902): Thread: setParam No.12
08-19 14:16:55.540 I/EffectMiSound(  902): MiSoundsetParameters_request: cal_devid=2;cal_apptype=69940;cal_caltype=0;cal_samplerate=192000;cal_topoid=0x1000a100;cal_moduleid=0x1000a100;cal_paramid=0x1000a109;cal_persist=1;cal_data=/////w;
08-19 14:16:55.540 D/EffectMiSound(  902): clientRequest: write to server 264
08-19 14:16:55.540 W/audio_hw_con(  902): audio_handle_client_sock received client connect 57
08-19 14:16:55.540 D/audio_hw_primary(  902): adev_set_parameters: enter: cal_devid=2;cal_apptype=69940;cal_caltype=0;cal_samplerate=192000;cal_topoid=0x1000a100;cal_moduleid=0x1000a100;cal_paramid=0x1000a109;cal_persist=1;cal_data=/////w;
08-19 14:16:55.540 V/msm8974_platform(  902): platform_set_parameters: enter: cal_persist=1;cal_devid=2;cal_moduleid=0x1000a100;cal_caltype=0;cal_apptype=69940;cal_paramid=0x1000a109;cal_topoid=0x1000a100;cal_samplerate=192000;cal_data=/////w
08-19 14:16:55.540 D/msm8974_platform(  902): Setting audio calibration for snd_device(2) acdb_id(10011)
08-19 14:16:55.540 D/msm8974_platform(  902): misound scenario disable auto mode
08-19 14:16:55.540 D/audio_hw_hfp(  902): hfp_set_parameters: enter
08-19 14:16:55.540 D/audio_hw_hfp(  902): hfp_set_parameters: enter
08-19 14:16:55.540 V/a2dp_offload(  902): end of a2dp setparam
08-19 14:16:55.540 D/audio_hw_cspl_cal(  902): cirrus_cal_setparameters: enter 0xee803600
08-19 14:16:55.540 D/audio_hw_extn(  902): audio_extn_fm_set_parameters: Enter
08-19 14:16:55.540 D/audio_hw_hfp(  902): hfp_set_parameters: enter
08-19 14:16:55.540 V/a2dp_offload(  902): end of a2dp setparam
08-19 14:16:55.540 D/audio_hw_primary(  902): out_set_parameters: enter: usecase(0: deep-buffer-playback) kvpairs: appname=-com.vmos.app
08-19 14:16:55.540 D/audio_hw_primary(  902): adev_set_parameters: exit with code(0)
08-19 14:16:55.540 I/EffectMiSound(  902): Thread: setParam No.13
08-19 14:16:55.540 I/EffectMiSound(  902): MiSoundsetParameters_request: cal_devid=2;cal_apptype=69936;cal_caltype=0;cal_samplerate=44100;cal_topoid=0x1000a100;cal_moduleid=0x1000a100;cal_paramid=0x1000a101;cal_persist=1;cal_data=AAAAAA;
08-19 14:16:55.540 D/EffectMiSound(  902): clientRequest: write to server 264
08-19 14:16:55.540 W/audio_hw_con(  902): audio_handle_client_sock received client connect 57
08-19 14:16:55.540 D/audio_hw_primary(  902): adev_set_parameters: enter: cal_devid=2;cal_apptype=69936;cal_caltype=0;cal_samplerate=44100;cal_topoid=0x1000a100;cal_moduleid=0x1000a100;cal_paramid=0x1000a101;cal_persist=1;cal_data=AAAAAA;
08-19 14:16:55.540 V/msm8974_platform(  902): platform_set_parameters: enter: cal_persist=1;cal_devid=2;cal_moduleid=0x1000a100;cal_caltype=0;cal_apptype=69936;cal_paramid=0x1000a101;cal_topoid=0x1000a100;cal_samplerate=44100;cal_data=AAAAAA
08-19 14:16:55.540 D/msm8974_platform(  902): Setting audio calibration for snd_device(2) acdb_id(10011)
08-19 14:16:55.540 D/android.hardware.audio.service(  902): Failed to fetch the lookup information of the device 0000271B 
08-19 14:16:55.540 E/ACDB-LOADER(  902): [acdb_loader_store_set_audio_cal] ACDB settting parameters failed -1
08-19 14:16:55.540 D/audio_hw_hfp(  902): hfp_set_parameters: enter
08-19 14:16:55.540 D/audio_hw_hfp(  902): hfp_set_parameters: enter
08-19 14:16:55.540 V/a2dp_offload(  902): end of a2dp setparam
08-19 14:16:55.540 D/audio_hw_cspl_cal(  902): cirrus_cal_setparameters: enter 0xee803600
08-19 14:16:55.540 D/audio_hw_extn(  902): audio_extn_fm_set_parameters: Enter
08-19 14:16:55.540 D/audio_hw_hfp(  902): hfp_set_parameters: enter
08-19 14:16:55.540 V/a2dp_offload(  902): end of a2dp setparam
08-19 14:16:55.540 D/audio_hw_primary(  902): adev_set_parameters: exit with code(0)
08-19 14:16:55.540 I/EffectMiSound(  902): Thread: setParam No.14
08-19 14:16:55.540 I/EffectMiSound(  902): MiSoundsetParameters_request: cal_devid=2;cal_apptype=69940;cal_caltype=0;cal_samplerate=44100;cal_topoid=0x1000a100;cal_moduleid=0x1000a100;cal_paramid=0x1000a101;cal_persist=1;cal_data=AAAAAA;
08-19 14:16:55.540 D/EffectMiSound(  902): clientRequest: write to server 264
08-19 14:16:55.540 W/audio_hw_con(  902): audio_handle_client_sock received client connect 57
08-19 14:16:55.540 D/audio_hw_primary(  902): adev_set_parameters: enter: cal_devid=2;cal_apptype=69940;cal_caltype=0;cal_samplerate=44100;cal_topoid=0x1000a100;cal_moduleid=0x1000a100;cal_paramid=0x1000a101;cal_persist=1;cal_data=AAAAAA;
08-19 14:16:55.540 V/msm8974_platform(  902): platform_set_parameters: enter: cal_persist=1;cal_devid=2;cal_moduleid=0x1000a100;cal_caltype=0;cal_apptype=69940;cal_paramid=0x1000a101;cal_topoid=0x1000a100;cal_samplerate=44100;cal_data=AAAAAA
08-19 14:16:55.540 D/msm8974_platform(  902): Setting audio calibration for snd_device(2) acdb_id(10011)
08-19 14:16:55.540 D/android.hardware.audio.service(  902): Failed to fetch the lookup information of the device 0000271B 
08-19 14:16:55.540 E/ACDB-LOADER(  902): [acdb_loader_store_set_audio_cal] ACDB settting parameters failed -1
08-19 14:16:55.540 D/audio_hw_hfp(  902): hfp_set_parameters: enter
08-19 14:16:55.540 D/audio_hw_hfp(  902): hfp_set_parameters: enter
08-19 14:16:55.540 V/a2dp_offload(  902): end of a2dp setparam
