08-19 14:16:51.037 W/TelephonyPermissions( 2989): reportAccessDeniedToReadIdentifiers:com.vmos.app:getDeviceId:1
08-19 14:16:51.038 D/CompatibilityInfo( 1783): mCompatibilityFlags - 0
08-19 14:16:51.038 D/CompatibilityInfo( 1783): applicationDensity - 440
08-19 14:16:51.038 D/CompatibilityInfo( 1783): applicationScale - 1.0
08-19 14:16:51.039 I/cmd     (26505): oneway function results will be dropped but finished with status OK and parcel size 4
08-19 14:16:51.039 W/TelephonyPermissions( 1783): reportAccessDeniedToReadIdentifiers:com.vmos.app:getSerial:-1
08-19 14:16:51.039 W/TelephonyPermissions( 2989): reportAccessDeniedToReadIdentifiers:com.vmos.app:getDeviceId:1
08-19 14:16:51.039 I/MiuiNetworkPolicy( 1783): updateUidState uid = 10166, uidState = 11
08-19 14:16:51.045 W/TelephonyPermissions( 2989): reportAccessDeniedToReadIdentifiers:com.vmos.app:getDeviceId:1
08-19 14:16:51.047 W/TelephonyPermissions( 2989): reportAccessDeniedToReadIdentifiers:com.vmos.app:getDeviceId:1
08-19 14:16:51.047 W/TelephonyPermissions( 1783): reportAccessDeniedToReadIdentifiers:com.vmos.app:getSerial:-1
08-19 14:16:51.047 I/hpplay-java(26302): [main]:DataReport:onDataReport com.hpplay.common.datareport.ReportBean@e76ff6a
08-19 14:16:51.047 I/hpplay-java(26302): [main]:DataReport:addTask
08-19 14:16:51.048 I/hpplay-java(26302): [main]:DataReport:exeTask mSemaphore: 5
08-19 14:16:51.048 I/hpplay-java(26302): [main]:AsyncManager:exeTask  mSemaphore: 28/0
08-19 14:16:51.049 E/onNext  (26302): onNext: OK
08-19 14:16:51.049 E/onNext  (26302): onNext: OK
08-19 14:16:51.050 I/hpplay-java(26302): [AsyncTask #3]:DataReport:addTask origin parameter: tid=13723&cu=-5362178507923120745&suc=-3647525294672941166&v=2.1&a=2004&as=1629353810651&sc=12572&hid=1B647780CCD54069ECD986EA5690D1F6C&rsv=3.18.7-2019-07-18-22-51&st=5&sn=1&m=FCD9083090B2
08-19 14:16:51.050 D/test    (26302): downloadpro:1
08-19 14:16:51.050 I/hpplay-java(26302): [AsyncTask #3]:AsyncManager:exeHttpTask  url=http://rp.hpplay.cn/logins?
08-19 14:16:51.050 I/hpplay-java(26302): [AsyncTask #3]:AsyncManager:exeTask  mSemaphore: 28/1
08-19 14:16:51.050 I/hpplay-java(26302): [AsyncTask #3]:DataReport:exeTask mSemaphore: 5
08-19 14:16:51.051 I/hpplay-java(26302): [AsyncTask #4]:HttpRequest:http://rp.hpplay.cn/logins?v=2.1&s=1%3D82c29%3D0601d86EF308s10%3Du71u52v211%3Di7061%3D21%26%3D927507-21.49551CE5C192%3Dm3i%2622%26466as3s%264590s775sC03-50%3D5420262%3D09A6.1-t%268dc13s77%26%3D%3D8ch748Dv--1nDB23743911%26317BCC6%268-25%3D0t3695646%26a5%2626DD9r.0-%26F9  path 
08-19 14:16:51.056 I/System.out(26302): true
08-19 14:16:51.058 D/BlurLayerHolder( 3002): unregister android.view.ViewRootImpl@d7e588
08-19 14:16:51.058 I/BpBinder( 1001): onLastStrongRef automatically unlinking death recipients: <uncached descriptor>
08-19 14:16:51.059 W/SQLiteLog(26302): (28) double-quoted string literal: "1629352633213"
08-19 14:16:51.059 W/SQLiteLog(26302): (28) double-quoted string literal: "A3C829FDC19AED5B472360EAD34D6AAF"
08-19 14:16:51.065 I/AdrenoGLES-0(26302): QUALCOMM build                   : 191610ae03, Ic907de5ed0
08-19 14:16:51.065 I/AdrenoGLES-0(26302): Build Date                       : 09/17/20
08-19 14:16:51.065 I/AdrenoGLES-0(26302): OpenGL ES Shader Compiler Version: EV031.32.02.01
08-19 14:16:51.065 I/AdrenoGLES-0(26302): Local Branch                     : 
08-19 14:16:51.065 I/AdrenoGLES-0(26302): Remote Branch                    : refs/tags/AU_LINUX_ANDROID_LA.UM.9.12.10.00.00.582.274
08-19 14:16:51.065 I/AdrenoGLES-0(26302): Remote Branch                    : NONE
08-19 14:16:51.065 I/AdrenoGLES-0(26302): Reconstruct Branch               : NOTHING
08-19 14:16:51.065 I/AdrenoGLES-0(26302): Build Config                     : S P 10.0.5 AArch32
08-19 14:16:51.065 I/AdrenoGLES-0(26302): Driver Path                      : /vendor/lib/egl/libGLESv2_adreno.so
08-19 14:16:51.066 W/TelephonyPermissions( 2989): reportAccessDeniedToReadIdentifiers:com.vmos.app:getDeviceId:1
08-19 14:16:51.067 I/AdrenoGLES-0(26302): PFP: 0x016dd091, ME: 0x00000000
08-19 14:16:51.070 W/TelephonyPermissions( 1783): reportAccessDeniedToReadIdentifiers:com.vmos.app:getSerial:-1
08-19 14:16:51.071 I/Perf    (26498): Connecting to perf service.
08-19 14:16:51.072 W/SQLiteLog(26302): (28) double-quoted string literal: "DC15D767304113684E1CCC36C373B430"
08-19 14:16:51.072 W/SQLiteLog(26302): (28) double-quoted string literal: ""
08-19 14:16:51.072 W/SQLiteLog(26302): (28) double-quoted string literal: "DC15D767304113684E1CCC36C373B430"
08-19 14:16:51.072 W/SQLiteLog(26302): (28) double-quoted string literal: "-1"
08-19 14:16:51.075 I/TeaLog  (26302): r worked:false 180000
08-19 14:16:51.079 I/TeaLog  (26302): wP {la, com.bytedance.embedapplog.be@2e5aeff, p: 1, v1: 0, v3: 1}, m: 0}
08-19 14:16:51.080 W/SQLiteLog(26302): (28) double-quoted string literal: "YU2ulvFu43EsmL9wzfNXUxC7iRMBluHoIKyW1c0d9agaNwtryHCNimGejY/wFuMixjiT7Lc92/94
08-19 14:16:51.080 W/SQLiteLog(26302): WOiU8RCIlw==
08-19 14:16:51.080 W/SQLiteLog(26302): "
08-19 14:16:51.080 W/SQLiteLog(26302): (28) double-quoted string literal: "A3C829FDC19AED5B472360EAD34D6AAF"
08-19 14:16:51.080 W/SQLiteLog(26302): (28) double-quoted string literal: "1629352633213"
08-19 14:16:51.080 W/SQLiteLog(26302): (28) double-quoted string literal: "A3C829FDC19AED5B472360EAD34D6AAF"
08-19 14:16:51.080 I/TeaLog  (26302): p worked:true 60000
08-19 14:16:51.087 D/NetworkSecurityConfig(26498): No Network Security Config specified, using platform default
08-19 14:16:51.087 D/NetworkSecurityConfig(26498): No Network Security Config specified, using platform default
08-19 14:16:51.089 I/ANDR-PERF-LM(  952): LMPerfGlue: perfmodule_submit_request() 132: perfmodule_submit_request()
08-19 14:16:51.089 I/ANDR-PERF-LM(  952): Core: getInstance() 84: LM getInstance
08-19 14:16:51.089 I/ANDR-PERF-LM(  952): WQ: push() 59: LMTriggerQ push() size=0
08-19 14:16:51.089 I/ANDR-PERF-LM(  952): WQ: push() 61: LMTriggerQ push() done size=1
08-19 14:16:51.089 I/ANDR-PERF-LM(  952): WQ: pop() 42: LMTriggerQ pop() done size=0
08-19 14:16:51.089 I/ANDR-PERF-LM(  952): Core: lmMain() 373: Waiting on trigger Queue
08-19 14:16:51.089 I/ANDR-PERF-LM(  952): WQ: pop() 31: LMTriggerQ pop() size=0
08-19 14:16:51.089 I/Timeline( 1783): Timeline: Activity_windows_visible id: ActivityRecord{4a669dd u0 com.vmos.app/.NewSurActivity t230} time:8739665
08-19 14:16:51.090 I/hpplay-java(26302): [main]:AsyncHttpJob:onPostExecute object: HttpResult{resultType=0, result='{"status":200,"data":{"server":"112.74.182.24"}}', responseCode=200}
08-19 14:16:51.090 D/hpplay-java(26302): [main]:AuthSDK:updateIMRoot result-->{"status":200,"data":{"server":"112.74.182.24"}}
08-19 14:16:51.090 D/hpplay-java(26302): [main]:PublicCastClient:start connect IM server
08-19 14:16:51.090 D/hpplay-java(26302): [main]:PublicCastClient:connectToServcer -->start connect IM server
08-19 14:16:51.091 I/hpplay-java(26302): [main]:IMSDK:IMEntrance:connect imUrl: 112.74.182.24
08-19 14:16:51.091 D/hpplay-java(26302): [main]:IMSDK:imconenct:start connect service
08-19 14:16:51.091 I/hpplay-java(26302): [main]:IMSDK:IMEntrance:setLelinkSetting  false  true
08-19 14:16:51.091 I/hpplay-java(26302): [main]:IMSDK:IMEntrance:getHostPort
08-19 14:16:51.091 I/hpplay-java(26302): [main]:IMSDK:IMEntrance:setLelinkSetting host: 112.74.182.24uid -3647525294672941166  appid 12572
08-19 14:16:51.091 I/ANDR-PERF-LM(  952): LMPerfGlue: perfmodule_submit_request() 132: perfmodule_submit_request()
08-19 14:16:51.092 I/ANDR-PERF-LM(  952): Core: getInstance() 84: LM getInstance
08-19 14:16:51.092 D/ANDR-PERF-LM(  952): Feature: lookup() 101: Feature Name = AppClassifier, total featuers = 3, featureFound = 1
08-19 14:16:51.092 I/System.out(26302): true
08-19 14:16:51.093 D/ArtManagerInternalImpl( 1783): /data/misc/iorapd/com.vmos.app/100139/com.vmos.app.NewSurActivity/compiled_traces/compiled_trace.pb doesn't exist
08-19 14:16:51.093 D/ANDR-PERF-LM(  952): Feature: getData() 112: data.data = 0
08-19 14:16:51.093 I/ANDR-PERF-LM(  952): FeedbackAPI: getFeedback() 60: app:com.xiaomi.bsp.gps.nps feature:AppClassifier feedback = 0
08-19 14:16:51.093 I/ActivityTaskManager( 1783): Displayed com.vmos.app/.NewSurActivity: +655ms
08-19 14:16:51.093 I/ANDR-PERF-LM(  952): LMPerfGlue: perfmodule_submit_request() 132: perfmodule_submit_request()
08-19 14:16:51.093 I/ANDR-PERF-LM(  952): Core: getInstance() 84: LM getInstance
08-19 14:16:51.093 D/ANDR-PERF-LM(  952): Feature: lookup() 101: Feature Name = AppClassifier, total featuers = 3, featureFound = 1
08-19 14:16:51.093 D/ANDR-PERF-LM(  952): Feature: getData() 112: data.data = 1
08-19 14:16:51.093 I/ANDR-PERF-LM(  952): FeedbackAPI: getFeedback() 60: app:com.vmos.app feature:AppClassifier feedback = 1
08-19 14:16:51.094 D/GnssNps (26498): receive caller pkg name =com.vmos.app
08-19 14:16:51.094 D/GnssNps (26498): APP caller name
08-19 14:16:51.094 D/GnssNps (26498): updateCallerName=com.vmos.app
08-19 14:16:51.102 I/MiuiNetworkPolicy( 1783): updateUidState uid = 10166, uidState = 19
08-19 14:16:51.103 W/TelephonyPermissions( 2989): reportAccessDeniedToReadIdentifiers:com.vmos.app:getDeviceId:1
08-19 14:16:51.104 W/TelephonyPermissions( 1783): reportAccessDeniedToReadIdentifiers:com.vmos.app:getSerial:-1
08-19 14:16:51.104 I/hpplay-java(26302): [AsyncTask #4]:HttpRequest:doGet responseCode:200  0
08-19 14:16:51.104 I/hpplay-java(26302): [AsyncTask #4]:AsyncHttpJob:doInBackground result: HttpResult{resultType=0, result='', responseCode=200}
08-19 14:16:51.107 D/MIUIInput( 1783): [FoucsChange]: Display  0 FocusedWindow From null(0,0)  to Window{484ba2b mode=0 rootTaskId=230 u0 com.vmos.app/com.vmos.app.NewSurActivity}(1,1)
08-19 14:16:51.112 I/hpplay-java(26302): [main]:AsyncHttpJob:onPostExecute object: HttpResult{resultType=0, result='', responseCode=200}
08-19 14:16:51.112 I/hpplay-java(26302): [main]:SourceDataReport:authSDK onRequestResult  type: 0 result:
08-19 14:16:51.113 W/SQLiteLog(26302): (28) double-quoted string literal: "A3C829FDC19AED5B472360EAD34D6AAF"
08-19 14:16:51.122 E/DBLogUtil(26302): isShowDialog reuslt:false
08-19 14:16:51.123 D/StatusBar( 2677): disable<e i a s b h r c s > disable2<q i n >
08-19 14:16:51.123 W/ActivityManager( 1783): Sending non-protected broadcast com.android.systemui.fullscreen.statechange from system 2677:com.android.systemui/1000 pkg com.android.systemui. Callers=
08-19 14:16:51.124 W/ActivityManager( 1783): Sending non-protected broadcast com.android.systemui.fullscreen.statechange from system 2677:com.android.systemui/1000 pkg com.android.systemui. Callers=
08-19 14:16:51.124 D/NavStubView( 3002): gatherTransparentRegion: need render w:1080  h:35
08-19 14:16:51.124 W/NavStubView( 3002): onComputeInternalInsets  bounds=Rect(0, 0 - 1080, 35)   mHideGestureLine=true   mIsShowNavBar=true
08-19 14:16:51.124 D/GestureStubView( 3002): gatherTransparentRegion: need render w:54  h:1440
08-19 14:16:51.136 D/MediaProvider( 4515): deleteAndInvalidate path = /storage/emulated/0/Android/ANDROID.PERMISSION.TEST
08-19 14:16:51.137 D/MediaProvider( 4515): delete file suc
08-19 14:16:51.138 D/AudioRecord(26302): set(): inputSource 1, sampleRate 8000, format 0x2, channelMask 0x10, frameCount 320, notificationFrames 0, sessionId 0, transferType 0, flags 0, opPackageName com.vmos.app uid -1, pid -1
08-19 14:16:51.138 D/MediaProvider( 4515): deleteAndInvalidate path = /storage/emulated/0/Music/.thumbnails/583.jpg
08-19 14:16:51.138 D/MediaProvider( 4515): deleteAndInvalidate path = /storage/emulated/0/Movies/.thumbnails/583.jpg
08-19 14:16:51.138 D/MediaProvider( 4515): deleteAndInvalidate path = /storage/emulated/0/Pictures/.thumbnails/583.jpg
08-19 14:16:51.139 D/ServiceUtilities(  996): Request app pkg name: com.vmos.app
08-19 14:16:51.140 D/ServiceUtilities(  996): Request app pkg name: com.vmos.app
08-19 14:16:51.140 D/GestureStubView( 3002): gatherTransparentRegion: need render w:54  h:1440
08-19 14:16:51.140 D/APM_AudioPolicyManager(  996): getInputForAttr() source 1, sampling rate 8000, format 0x2, channel mask 0x10, session 1809, flags 0 attributes={ Content type: AUDIO_CONTENT_TYPE_UNKNOWN Usage: AUDIO_USAGE_UNKNOWN Source: AUDIO_SOURCE_MIC Flags: 0x800 Tags:  }
08-19 14:16:51.141 D/APM_AudioPolicyManager(  996): profile selected with name: fast input, client UID 10288 
08-19 14:16:51.141 D/audio_hw_primary(  902): adev_open_input_stream is_karaoke_fastcapture=0
08-19 14:16:51.141 D/audio_hw_primary(  902): adev_open_input_stream: enter: sample_rate(8000) channel_mask(0x10) devices(0x80000004)        stream_handle(0xed53e280) io_handle(214) source(1) format 1
08-19 14:16:51.141 D/audio_hw_primary(  902): io_streams_map_insert: Added stream in io_streams_map with handle 214
08-19 14:16:51.141 D/audio_hw_primary(  902): adev_open_input_stream: exit
08-19 14:16:51.141 E/device_utils(  902): update_device_list: Invalid device: 0
08-19 14:16:51.142 I/AudioFlinger(  996): AudioFlinger's thread 0xb4000074998453c0 tid=26541 ready to run
08-19 14:16:51.142 D/APM_AudioPolicyManager(  996): getInputForAttr() returns input 214 type 0 selectedDeviceId 23 for port ID 136
08-19 14:16:51.142 D/audio_hw_primary(  902): in_standby: enter: stream (0xed53e280) usecase(23: audio-record)
08-19 14:16:51.144 D/AudioRecord(26302): start(136): sync event 0 trigger session 0, mSessionID=1809
08-19 14:16:51.145 D/AudioFlinger(  996): updateWakeLockUids_l AudioIn_D6 uids:
08-19 14:16:51.145 I/system_server( 1783): oneway function results will be dropped but finished with status OK and parcel size 4
08-19 14:16:51.145 I/system_server( 1783): oneway function results will be dropped but finished with status OK and parcel size 4
08-19 14:16:51.145 D/AudioFlinger(  996): updateWakeLockUids_l AudioIn_D6 uids:10288 
08-19 14:16:51.146 I/system_server( 1783): oneway function results will be dropped but finished with status OK and parcel size 4
08-19 14:16:51.146 E/device_utils(  902): update_device_list: Invalid device: 0
08-19 14:16:51.146 D/AudioPolicyManagerCustom(  996): startInput portId 136
08-19 14:16:51.146 D/AudioPolicyManagerCustom(  996): startInput() input:214, session:1809 [uid=10288])
08-19 14:16:51.146 I/AudioFlinger(  996): checkForGameParameter_l() set events appname=+com.vmos.app
08-19 14:16:51.146 D/audio_hw_primary(  902): in_set_parameters: enter: kvpairs=appname=+com.vmos.app
08-19 14:16:51.146 D/audio_hw_primary(  902): in_set_parameters:not kara app, return !
08-19 14:16:51.147 D/audio_hw_primary(  902): adev_create_audio_patch: enter: num sources 1, num_sinks 1, handle 0
08-19 14:16:51.147 D/audio_hw_primary(  902): adev_create_audio_patch: Capture patch from device 80000004 to mix 214
08-19 14:16:51.147 D/audio_hw_primary(  902): update_patch: enter
08-19 14:16:51.147 D/audio_hw_primary(  902): route_input_stream: exit: status(0)
08-19 14:16:51.147 D/audio_hw_primary(  902): adev_create_audio_patch: Added a new patch with handle 27
08-19 14:16:51.147 D/audio_hw_primary(  902): adev_create_audio_patch: exit: num sources 1, num_sinks 1, handle 27
08-19 14:16:51.147 D/AppOpsAdapter(11833): using permission notify! 131072 , groundState 0
08-19 14:16:51.148 D/AudioPolicyManagerCustom(  996): startInput: setCaptureState true for sva
08-19 14:16:51.148 I/SoundTriggerModule(Service)( 1783): setExternalCaptureState: mRecognitionAvailable =false active =true
08-19 14:16:51.148 I/SoundTriggerModule(Service)( 1783): setExternalCaptureState: abortActiveRecognitions
08-19 14:16:51.148 I/SoundTriggerMiddlewareLogging( 1783): setCaptureState[this=com.android.server.soundtrigger_middleware.SoundTriggerMiddlewareImpl@255d377, caller=1041/996](true)
08-19 14:16:51.148 D/AudioPolicyManagerCustom(  996): startInput input 214 source = 1 exit
08-19 14:16:51.148 D/CrashReport(26302): checkServerTrusted
08-19 14:16:51.149 D/AudioService(26302): broadcastRecorderState:com.vmos.app
08-19 14:16:51.149 D/AudioRecord(26302): stop mSessionID=1809
08-19 14:16:51.149 D/AudioRecord(26302): stop(136): mActive:1
08-19 14:16:51.149 D/AudioFlinger(  996): updateWakeLockUids_l AudioIn_D6 uids:
08-19 14:16:51.149 I/PowerCheckerService( 5940): uid:10288 change to active
08-19 14:16:51.149 D/audio_hw_primary(  902): in_standby: enter: stream (0xed53e280) usecase(23: audio-record)
08-19 14:16:51.150 I/AppActiveChecker( 5940): uid:10288 change to active
08-19 14:16:51.150 D/APM_AudioPolicyManager(  996): stopInput() IoHandle 214 uid 10288
08-19 14:16:51.150 I/system_server( 1783): oneway function results will be dropped but finished with status OK and parcel size 4
08-19 14:16:51.151 D/audio_hw_primary(  902): adev_release_audio_patch: Enter() Remove patch with handle 27
08-19 14:16:51.151 D/audio_hw_primary(  902): route_input_stream: exit: status(0)
08-19 14:16:51.151 D/audio_hw_primary(  902): adev_release_audio_patch: exit() Successfully released patch 27
08-19 14:16:51.151 I/system_server( 1783): oneway function results will be dropped but finished with status OK and parcel size 4
08-19 14:16:51.151 D/APM_AudioPolicyManager(  996): resetInputDevice() releaseAudioPatch returned 0
08-19 14:16:51.151 D/AppOpsAdapter(11833): using permission notify! 131072 , groundState 0
08-19 14:16:51.151 D/APM_AudioPolicyManager(  996): stopInput: setCaptureState false for sva
08-19 14:16:51.151 I/SoundTriggerModule(Service)( 1783): setExternalCaptureState: mRecognitionAvailable =true active =false
08-19 14:16:51.151 I/SoundTriggerMiddlewareLogging( 1783): setCaptureState[this=com.android.server.soundtrigger_middleware.SoundTriggerMiddlewareImpl@255d377, caller=1041/996](false)
08-19 14:16:51.152 D/AudioFlinger(  996): updateWakeLockUids_l AudioIn_D6 uids:
08-19 14:16:51.153 I/AudioFlinger(  996): checkForGameParameter_l() set events appname=-com.vmos.app
08-19 14:16:51.153 D/audio_hw_primary(  902): in_set_parameters: enter: kvpairs=appname=-com.vmos.app
08-19 14:16:51.153 D/audio_hw_primary(  902): in_set_parameters:not kara app, return !
08-19 14:16:51.153 I/system_server( 1783): oneway function results will be dropped but finished with status OK and parcel size 4
08-19 14:16:51.153 D/AudioPolicyManagerCustom(  996): stopInput() input 214 [uid=10288]
08-19 14:16:51.153 I/system_server( 1783): oneway function results will be dropped but finished with status OK and parcel size 4
08-19 14:16:51.153 D/AudioService(26302): broadcastRecorderState:com.vmos.app
08-19 14:16:51.153 D/AudioRecord(26302): stop mSessionID=1809
08-19 14:16:51.153 D/AudioRecord(26302): stop(136): mActive:0
08-19 14:16:51.153 D/AudioService(26302): broadcastRecorderState:com.vmos.app
08-19 14:16:51.153 D/AudioRecord(26302): stop mSessionID=1809
08-19 14:16:51.153 D/AudioRecord(26302): stop(136): mActive:0
08-19 14:16:51.153 D/AudioRecord(26302): stop mSessionID=1809
08-19 14:16:51.153 D/AudioRecord(26302): stop(136): mActive:0
08-19 14:16:51.153 I/PowerCheckerService( 5940): uid:10288change to inactive
08-19 14:16:51.154 I/AppActiveChecker( 5940): uid:10288change to inactive
08-19 14:16:51.154 I/system_server( 1783): oneway function results will be dropped but finished with status OK and parcel size 4
08-19 14:16:51.155 I/BehaviorRecord-Monitor( 4989): com.vmos.app , perm: 131072 , active true , current size: 2 , foreground com.vmos.app
08-19 14:16:51.155 D/APM_AudioPolicyManager(  996): releaseInput IoHandle 214 uid 10288
08-19 14:16:51.155 D/APM_AudioPolicyManager(  996): closeInput(214)
08-19 14:16:51.156 I/BehaviorRecord-Monitor( 4989): com.vmos.app , perm: 131072 , active false , current size: 1 , foreground com.vmos.app
08-19 14:16:51.156 D/adC     (26302): loadSplashAd list:2
08-19 14:16:51.156 D/adC     (26302): loadSplashAd adBean:ADBean{adFirmId='1109302853', adId='6090767810473522', adPlaceCode='start'}
08-19 14:16:51.156 E/gdt_ad_mob(26302): 此构造方法即将废弃，请在 Application 中初始化 SDK 后，使用不带 appId 的构造方法，详细请参考Demo
08-19 14:16:51.161 D/AudioFlinger(  996): updateWakeLockUids_l AudioIn_D6 uids:
08-19 14:16:51.161 I/system_server( 1783): oneway function results will be dropped but finished with status OK and parcel size 4
08-19 14:16:51.161 I/system_server( 1783): oneway function results will be dropped but finished with status OK and parcel size 4
08-19 14:16:51.161 D/APM_AudioPolicyManager(  996): closeInput: setCaptureState false for sva
08-19 14:16:51.161 I/system_server( 1783): oneway function results will be dropped but finished with status OK and parcel size 4
08-19 14:16:51.162 I/SoundTriggerModule(Service)( 1783): setExternalCaptureState: mRecognitionAvailable =true active =false
08-19 14:16:51.162 I/SoundTriggerMiddlewareLogging( 1783): setCaptureState[this=com.android.server.soundtrigger_middleware.SoundTriggerMiddlewareImpl@255d377, caller=1041/996](false)
08-19 14:16:51.162 D/CompatibilityInfo( 1783): mCompatibilityFlags - 0
08-19 14:16:51.162 D/CompatibilityInfo( 1783): applicationDensity - 440
08-19 14:16:51.162 D/CompatibilityInfo( 1783): applicationScale - 1.0
08-19 14:16:51.162 D/APM_AudioPolicyManager(  996): releaseInput exit
08-19 14:16:51.162 D/audio_hw_primary(  902): adev_close_input_stream: enter:stream_handle(0xed53e280)
08-19 14:16:51.162 D/audio_hw_primary(  902): io_streams_map_remove: Removed stream with handle 214
08-19 14:16:51.162 D/soundtrigger(  902): audio_extn_sound_trigger_check_ec_ref_enable: EC Reference is disabled
08-19 14:16:51.162 D/sound_trigger_hw(  902): handle_audio_ec_ref_enabled: Enter
08-19 14:16:51.162 D/sound_trigger_hw(  902): handle_audio_ec_ref_enabled: Exit audio ec ref=0
08-19 14:16:51.162 D/soundtrigger(  902): audio_extn_sound_trigger_update_ec_ref_status: update audio echo ref status false
08-19 14:16:51.162 D/audio_hw_primary(  902): in_standby: enter: stream (0xed53e280) usecase(23: audio-record)
08-19 14:16:51.162 D/audio_hw_primary(  902): adev_close_input_stream: exit:stream_handle(0xed53e280)
08-19 14:16:51.162 V/AF::RecordTrack(  996): ~RecordTrack()
08-19 14:16:51.165 D/CompatibilityInfo( 1783): mCompatibilityFlags - 0
08-19 14:16:51.165 D/CompatibilityInfo( 1783): applicationDensity - 440
08-19 14:16:51.165 D/CompatibilityInfo( 1783): applicationScale - 1.0
08-19 14:16:51.172 E/WindowService(26302): onCreate
08-19 14:16:51.176 D/CompatibilityInfo( 1783): mCompatibilityFlags - 0
08-19 14:16:51.176 D/CompatibilityInfo( 1783): applicationDensity - 440
08-19 14:16:51.176 D/CompatibilityInfo( 1783): applicationScale - 1.0
08-19 14:16:51.178 I/NetworkScheduler.Stats( 3549): Task com.google.android.gms/com.google.android.gms.ipa.base.IpaGcmTaskService started execution. cause:9 exec_start_elapsed_seconds: 8838 [CONTEXT service_id=218 ]
08-19 14:16:51.182 I/NetworkScheduler.Stats( 3549): Task com.google.android.gms/com.google.android.gms.ipa.base.IpaGcmTaskService finished executing. cause:9 result: 1 elapsed_millis: 26 uptime_millis: 25 exec_start_elapsed_seconds: 8838 [CONTEXT service_id=218 ]
08-19 14:16:51.190 D/RendererActivity(26302): Json Content = {"DPI":440,"Height":2400,"Width":1080,"isselect":0}
08-19 14:16:51.190 D/RendererActivity(26302): Json Content = {"DPI":440,"Height":2400,"Width":1080,"isselect":0}
08-19 14:16:51.198 I/sensors-hal(  937): batch:180, android.sensor.accelerometer/64, period=66667000, max_latency=0
08-19 14:16:51.200 I/sensors-hal(  937): batch:189, android.sensor.accelerometer/64, period=66667000, max_latency=0 request completed
08-19 14:16:51.200 I/sensors-hal(  937): flush:209, android.sensor.accelerometer/64
08-19 14:16:51.205 I/sensors-hal(  937): flush:215, android.sensor.accelerometer/64 completed
08-19 14:16:51.205 I/RenderVsyncUpdater( 3002): All controllers paused.
08-19 14:16:51.207 E/SpannableStringBuilder(26302): SPAN_EXCLUSIVE_EXCLUSIVE spans cannot have a zero length
08-19 14:16:51.207 E/SpannableStringBuilder(26302): SPAN_EXCLUSIVE_EXCLUSIVE spans cannot have a zero length
08-19 14:16:51.213 I/DisplayFrameSetting( 5940): homeToAppEnd pkg=com.vmos.app
08-19 14:16:51.214 D/Launcher.Lifecycle( 3002): onStop:UserHandle{0},8b4a9b6,false
08-19 14:16:51.215 D/LauncherOverlay(26971): setActivityState:0
08-19 14:16:51.215 D/LauncherOverlay( 4602): setActivityState:0
08-19 14:16:51.215 D/LauncherOverlay.Window(26971): onStop
08-19 14:16:51.215 D/LauncherOverlay.Window( 4602): onStop
08-19 14:16:51.217 D/IdProviderImpl( 4656): getOAID
08-19 14:16:51.220 D/AppOpsAdapter(11833): using permission notify! 32 , groundState 0
08-19 14:16:51.222 I/MiuiNetworkPolicy( 1783): updateUidState uid = 10233, uidState = 5
08-19 14:16:51.223 I/MiuiNetworkPolicyTrafficLimit( 1783): updateWhiteListUidForMobileTraffic uid=10233,add=false
08-19 14:16:51.223 I/MiuiNetworkPolicy( 1783): updateUidState uid = 10103, uidState = 5
08-19 14:16:51.224 I/MiuiNetworkPolicyTrafficLimit( 1783): updateWhiteListUidForMobileTraffic uid=10103,add=false
08-19 14:16:51.224 I/MiuiNetworkPolicy( 1783): updateUidState uid = 10088, uidState = 5
08-19 14:16:51.224 I/MiuiNetworkPolicyTrafficLimit( 1783): updateWhiteListUidForMobileTraffic uid=10088,add=false
08-19 14:16:51.224 I/MiuiNetworkPolicy( 1783): updateUidState uid = 10078, uidState = 5
08-19 14:16:51.225 I/MiuiNetworkPolicyTrafficLimit( 1783): updateWhiteListUidForMobileTraffic uid=10078,add=false
08-19 14:16:51.225 D/MiuiNetworkPolicyTrafficLimit( 1783): updateWhiteListUidForMobileTraffic rst=true
08-19 14:16:51.225 I/chatty  ( 1783): uid=1000(system) MiuiNetworkPoli identical 2 lines
08-19 14:16:51.225 D/MiuiNetworkPolicyTrafficLimit( 1783): updateWhiteListUidForMobileTraffic rst=true
08-19 14:16:51.229 W/System  ( 1783): A resource failed to call release. 
08-19 14:16:51.229 I/chatty  ( 1783): uid=1000(system) FinalizerDaemon identical 1 line
08-19 14:16:51.229 W/System  ( 1783): A resource failed to call release. 
08-19 14:16:51.230 D/PackageDexOptimizer( 1783): Running dexopt on: /data/user/0/com.vmos.app/app_e_qq_com_plugin_ec63721372fe327c96bd103347b60a69/gdt_plugin.jar pkg=com.vmos.app isa=[arm] reason=secondary dexoptFlags=boot_complete,public,secondary,storage_ce,enable_hidden_api_checks target-filter=verify class-loader-context=PCL[];PCL[/data/app/~~XqTu7Il3OH9Tl2XoCqde7w==/com.vmos.app-pmGOneruT-qAqGGKs6Mazg==/base.apk]{PCL[/system/framework/android.test.base.jar]#PCL[/system/framework/org.apache.http.legacy.jar]}
08-19 14:16:51.230 D/installd( 1350): Getting dex paths for context PCL[];PCL[/data/app/~~XqTu7Il3OH9Tl2XoCqde7w==/com.vmos.app-pmGOneruT-qAqGGKs6Mazg==/base.apk]{PCL[/system/framework/android.test.base.jar]#PCL[/system/framework/org.apache.http.legacy.jar]}
08-19 14:16:51.230 D/AppOpsAdapter(11833): using permission notify! 32 , groundState 0
08-19 14:16:51.231 W/TelephonyPermissions( 2989): reportAccessDeniedToReadIdentifiers:com.vmos.app:getDeviceId:1
08-19 14:16:51.233 D/AppOpsAdapter(11833): using permission notify! 32 , groundState 0
08-19 14:16:51.235 I/TeaLog  (26302): s1 1
08-19 14:16:51.235 I/TeaLog  (26302): s worked:true 60000
08-19 14:16:51.237 D/installd( 1350): Processing secondary dex path /data/user/0/com.vmos.app/app_e_qq_com_plugin_ec63721372fe327c96bd103347b60a69/gdt_plugin.jar
08-19 14:16:51.240 D/DisplayFeatureHal(  967): setFeatureEnable: FeatureId=FPS_SWITCH_STATE modeId=0 cookie=246
08-19 14:16:51.240 D/DisplayFeatureHal(  967): current wcg state 0, setting to 0
08-19 14:16:51.240 E/DisplayFeatureHal(  967): setFeatureEnable: failed to set fps(0)
08-19 14:16:51.240 D/SurfaceFlinger( 1001): notifyDfLauncherFlag launcher changed[0]
08-19 14:16:51.240 D/SurfaceFlinger( 1001): Launcher Changed hasLauncher=0
08-19 14:16:51.256 I/TuringFdNative(26302): TuringFD v47 (l08494CC7F34DBB9B, compiled 2020_05_18_11_15_01, au, mini)
08-19 14:16:51.256 I/TuringFdNative(26302): success v47 (l08494CC7F34DBB9B, compiled 2020_05_18_11_15_01, au)
08-19 14:16:51.257 W/dexoptanalyzer(26549): Could not reserve sentinel fault page
08-19 14:16:51.260 D/TuringFdJava(26302): TuringFD v47 (l08494CC7F34DBB9B, t1, auMini, taf, e0, d0, p0, compiled 2020_05_18_11_15_01)
08-19 14:16:51.260 I/TuringFdJava(26302): channel : 105498
08-19 14:16:51.263 W/TelephonyPermissions( 2989): reportAccessDeniedToReadIdentifiers:com.vmos.app:getDeviceId:1
08-19 14:16:51.266 W/TelephonyPermissions( 2989): reportAccessDeniedToReadIdentifiers:com.vmos.app:getDeviceId:1
08-19 14:16:51.272 W/TelephonyPermissions( 2989): reportAccessDeniedToReadIdentifiers:com.vmos.app:getSubscriberId:1
08-19 14:16:51.278 W/TelephonyPermissions( 2989): reportAccessDeniedToReadIdentifiers:com.vmos.app:getDeviceId:1
08-19 14:16:51.279 W/TelephonyPermissions( 2989): reportAccessDeniedToReadIdentifiers:com.vmos.app:getDeviceId:-1
08-19 14:16:51.281 W/TelephonyPermissions( 2989): reportAccessDeniedToReadIdentifiers:com.vmos.app:getImeiForSlot:1
08-19 14:16:51.282 I/MediaFocusControl( 1783): abandonAudioFocus() from uid/pid 10288/26302 clientId=android.media.AudioManager@2d56aac
08-19 14:16:51.282 W/TelephonyPermissions( 2989): reportAccessDeniedToReadIdentifiers:com.vmos.app:getImeiForSlot:1
08-19 14:16:51.283 W/TelephonyPermissions( 2989): reportAccessDeniedToReadIdentifiers:com.vmos.app:getImeiForSlot:-1
08-19 14:16:51.284 W/TelephonyPermissions( 2989): reportAccessDeniedToReadIdentifiers:com.vmos.app:getSubscriberId:1
08-19 14:16:51.284 W/TelephonyPermissions( 2989): reportAccessDeniedToReadIdentifiers:com.vmos.app:getSubscriberId:0
08-19 14:16:51.285 W/TelephonyPermissions( 2989): reportAccessDeniedToReadIdentifiers:com.vmos.app:getSubscriberId:1
08-19 14:16:51.286 W/TelephonyPermissions( 2989): reportAccessDeniedToReadIdentifiers:com.vmos.app:getMeidForSlot:1
08-19 14:16:51.286 D/TelephonyManager(26302): getMeid: return null because MEID is not available
08-19 14:16:51.286 W/TelephonyPermissions( 2989): reportAccessDeniedToReadIdentifiers:com.vmos.app:getMeidForSlot:1
08-19 14:16:51.286 D/TelephonyManager(26302): getMeid: return null because MEID is not available
08-19 14:16:51.287 W/TelephonyPermissions( 2989): reportAccessDeniedToReadIdentifiers:com.vmos.app:getMeidForSlot:-1
08-19 14:16:51.287 D/TelephonyManager(26302): getMeid: return null because MEID is not available
08-19 14:16:51.289 W/dexoptanalyzer(26549): Could not open dex files from fd 8 for location: /data/app/~~XqTu7Il3OH9Tl2XoCqde7w==/com.vmos.app-pmGOneruT-qAqGGKs6Mazg==/base.apk
08-19 14:16:51.289 W/dexoptanalyzer(26549): Current thread not detached in Runtime shutdown
08-19 14:16:51.291 D/CrashReport(26302): checkServerTrusted
08-19 14:16:51.295 I/gdt_ad_mob(26302): online plugin version is smaller than asset plugin version960,1203.download give up
08-19 14:16:51.295 D/installd( 1350): Processed secondary dex file /data/user/0/com.vmos.app/app_e_qq_com_plugin_ec63721372fe327c96bd103347b60a69/gdt_plugin.jar result=1
08-19 14:16:51.296 V/installd( 1350): DexInv: --- BEGIN '/data/user/0/com.vmos.app/app_e_qq_com_plugin_ec63721372fe327c96bd103347b60a69/gdt_plugin.jar' ---
08-19 14:16:51.302 W/TelephonyPermissions( 2989): reportAccessDeniedToReadIdentifiers:com.vmos.app:getDeviceId:1
08-19 14:16:51.303 W/TelephonyPermissions( 2989): reportAccessDeniedToReadIdentifiers:com.vmos.app:getSubscriberId:1
08-19 14:16:51.307 W/TelephonyPermissions( 2989): reportAccessDeniedToReadIdentifiers:com.vmos.app:getDeviceId:1
08-19 14:16:51.308 W/TelephonyPermissions( 2989): reportAccessDeniedToReadIdentifiers:com.vmos.app:getDeviceId:-1
08-19 14:16:51.310 W/TelephonyPermissions( 2989): reportAccessDeniedToReadIdentifiers:com.vmos.app:getImeiForSlot:1
08-19 14:16:51.311 W/TelephonyPermissions( 2989): reportAccessDeniedToReadIdentifiers:com.vmos.app:getImeiForSlot:1
08-19 14:16:51.312 W/TelephonyPermissions( 2989): reportAccessDeniedToReadIdentifiers:com.vmos.app:getImeiForSlot:-1
08-19 14:16:51.313 W/TelephonyPermissions( 2989): reportAccessDeniedToReadIdentifiers:com.vmos.app:getSubscriberId:1
08-19 14:16:51.315 W/TelephonyPermissions( 2989): reportAccessDeniedToReadIdentifiers:com.vmos.app:getSubscriberId:0
08-19 14:16:51.315 W/TelephonyPermissions( 2989): reportAccessDeniedToReadIdentifiers:com.vmos.app:getSubscriberId:1
08-19 14:16:51.316 I/dex2oat32(26566): dex2oat of ppid 1350, cpu affinity is set to 0,1,4,5, success.
08-19 14:16:51.316 I/dex2oat32(26566): /apex/com.android.art/bin/dex2oat32 --input-vdex-fd=-1 --output-vdex-fd=12 --call-from-installd=1 --updatable-bcp-packages-file=/system/etc/updatable-bcp-packages.txt --resolve-startup-const-strings=true --max-image-block-size=524288 --compiler-filter=verify -j6 --classpath-dir=/data/user/0/com.vmos.app/app_e_qq_com_plugin_ec63721372fe327c96bd103347b60a69 --class-loader-context=PCL[];PCL[/data/app/~~XqTu7Il3OH9Tl2XoCqde7w==/com.vmos.app-pmGOneruT-qAqGGKs6Mazg==/base.apk]{PCL[/system/framework/android.test.base.jar]#PCL[/system/framework/org.apache.http.legacy.jar]} --class-loader-context-fds=8:9:10 --generate-mini-debug-info --compilation-reason=secondary
08-19 14:16:51.317 W/TelephonyPermissions( 2989): reportAccessDeniedToReadIdentifiers:com.vmos.app:getMeidForSlot:1
08-19 14:16:51.317 D/TelephonyManager(26302): getMeid: return null because MEID is not available
08-19 14:16:51.317 I/dex2oat32(26566): setting boot class path to /apex/com.android.art/javalib/core-oj.jar:/apex/com.android.art/javalib/core-libart.jar:/apex/com.android.art/javalib/core-icu4j.jar:/apex/com.android.art/javalib/okhttp.jar:/apex/com.android.art/javalib/bouncycastle.jar:/apex/com.android.art/javalib/apache-xml.jar:/system/framework/framework.jar:/system/framework/miuisdk@boot.jar:/system/framework/miuisystemsdk@boot.jar:/system/framework/ext.jar:/system/framework/telephony-common.jar:/system/framework/voip-common.jar:/system/framework/ims-common.jar:/system/framework/framework-atb-backward-compatibility.jar:/system/framework/tcmiface.jar:/system/framework/telephony-ext.jar:/system/framework/com.nxp.nfc.nq.jar:/system/framework/QPerformance.jar:/system/framework/UxPerformance.jar:/system/framework/WfdCommon.jar
08-19 14:16:51.317 W/TelephonyPermissions( 2989): reportAccessDeniedToReadIdentifiers:com.vmos.app:getMeidForSlot:1
08-19 14:16:51.317 D/TelephonyManager(26302): getMeid: return null because MEID is not available
08-19 14:16:51.318 W/TelephonyPermissions( 2989): reportAccessDeniedToReadIdentifiers:com.vmos.app:getMeidForSlot:-1
08-19 14:16:51.318 D/TelephonyManager(26302): getMeid: return null because MEID is not available
08-19 14:16:51.322 W/TelephonyPermissions( 2989): reportAccessDeniedToReadIdentifiers:com.vmos.app:getDeviceId:1
08-19 14:16:51.324 W/TelephonyPermissions( 2989): reportAccessDeniedToReadIdentifiers:com.vmos.app:getSubscriberId:1
08-19 14:16:51.325 W/TelephonyPermissions( 2989): reportAccessDeniedToReadIdentifiers:com.vmos.app:getDeviceId:1
08-19 14:16:51.326 W/TelephonyPermissions( 2989): reportAccessDeniedToReadIdentifiers:com.vmos.app:getSubscriberId:1
08-19 14:16:51.327 D/AppOpsAdapter(11833): using permission notify! 32 , groundState 0
08-19 14:16:51.327 D/AppOpsAdapter(11833): using permission notify! 32 , groundState 0
08-19 14:16:51.328 I/WifiService( 1783): startScan uid=10288
08-19 14:16:51.330 I/AppOpsAdapter(11833): 0@com.vmos.app has start operation32
08-19 14:16:51.332 D/AppOpsAdapter(11833): using permission notify! 32 , groundState 0
08-19 14:16:51.335 E/wificond( 1364): Skip scan ssid for single scan: {}
08-19 14:16:51.335 E/wificond( 1364): scan() freq: {}
08-19 14:16:51.335 E/wificond( 1364): scan() ssid: 
08-19 14:16:51.335 E/wificond( 1364): scan() type: 0, random_mac: 0
08-19 14:16:51.340 I/System.out(26302): true
08-19 14:16:51.344 I/cmd     (26576): oneway function results will be dropped but finished with status OK and parcel size 4
08-19 14:16:51.359 I/System.out(26302): true
08-19 14:16:51.378 D/AppOpsAdapter(11833): using permission notify! 32 , groundState 0
08-19 14:16:51.381 W/NotificationHistory( 1783): Attempted to add notif for locked/gone/disabled user 0
08-19 14:16:51.382 V/onNotificationPostedCallBack( 4989): flags=98
08-19 14:16:51.383 V/n       ( 4989): ret=0
08-19 14:16:51.384 D/IMReply:Notif( 3982): onNotificationPosted before sbn = 100
08-19 14:16:51.390 D/InterruptionStateProvider( 2677): No bubble up: not allowed to bubble: 0|com.vmos.app|100|null|10288
08-19 14:16:51.390 D/InterruptionStateProvider( 2677): No heads up: unimportant notification: 0|com.vmos.app|100|null|10288
08-19 14:16:51.392 W/AsyncLayoutInflater( 2677): Failed to inflate resource in the background! Retrying on the UI thread
08-19 14:16:51.392 W/AsyncLayoutInflater( 2677): android.view.InflateException: Binary XML file line #33 in com.android.systemui:layout/status_bar_notification_row: Animators may only be run on Looper threads
08-19 14:16:51.392 W/AsyncLayoutInflater( 2677): Caused by: android.util.AndroidRuntimeException: Animators may only be run on Looper threads
08-19 14:16:51.392 W/AsyncLayoutInflater( 2677): 	at android.animation.AnimatorSet.start(AnimatorSet.java:705)
08-19 14:16:51.392 W/AsyncLayoutInflater( 2677): 	at android.animation.AnimatorSet.start(AnimatorSet.java:684)
08-19 14:16:51.392 W/AsyncLayoutInflater( 2677): 	at android.animation.StateListAnimator.start(StateListAnimator.java:188)
08-19 14:16:51.392 W/AsyncLayoutInflater( 2677): 	at android.animation.StateListAnimator.setState(StateListAnimator.java:181)
08-19 14:16:51.392 W/AsyncLayoutInflater( 2677): 	at android.view.View.drawableStateChanged(View.java:23521)
08-19 14:16:51.392 W/AsyncLayoutInflater( 2677): 	at android.widget.TextView.drawableStateChanged(TextView.java:5853)
08-19 14:16:51.392 W/AsyncLayoutInflater( 2677): 	at android.view.View.originalRefreshDrawableState(View.java:23594)
08-19 14:16:51.392 W/AsyncLayoutInflater( 2677): 	at android.view.View$14.refreshDrawableState(View.java:30912)
08-19 14:16:51.392 W/AsyncLayoutInflater( 2677): 	at com.miui.internal.variable.v21.Android_View_View_class.callOriginalRefreshDrawableState(Android_View_View_class.java:61)
08-19 14:16:51.392 W/AsyncLayoutInflater( 2677): 	at com.miui.internal.variable.v16.Android_View_View_class_common.handleRefreshDrawableState(Android_View_View_class_common.java:90)
08-19 14:16:51.392 W/AsyncLayoutInflater( 2677): 	at com.miui.internal.variable.v21.Android_View_View_class.access$000(Android_View_View_class.java:22)
08-19 14:16:51.392 W/AsyncLayoutInflater( 2677): 	at com.miui.internal.variable.v21.Android_View_View_class$1.refreshDrawableState(Android_View_View_class.java:88)
08-19 14:16:51.392 W/AsyncLayoutInflater( 2677): 	at android.view.View.refreshDrawableState(View.java:23585)
08-19 14:16:51.392 W/AsyncLayoutInflater( 2677): 	at com.miui.internal.util.TaggingDrawableHelper.tagView(TaggingDrawableHelper.java:203)
08-19 14:16:51.392 W/AsyncLayoutInflater( 2677): 	at com.miui.internal.util.TaggingDrawableHelper.tagChildSequenceState(TaggingDrawableHelper.java:59)
08-19 14:16:51.392 W/AsyncLayoutInflater( 2677): 	at com.miui.internal.variable.v16.Android_View_ViewGroup_class.handleAddInArray(Android_View_ViewGroup_class.java:96)
08-19 14:16:51.392 W/AsyncLayoutInflater( 2677): 	at com.miui.internal.variable.v21.Android_View_ViewGroup_class.access$000(Android_View_ViewGroup_class.java:23)
08-19 14:16:51.392 W/AsyncLayoutInflater( 2677): 	at com.miui.internal.variable.v21.Android_View_ViewGroup_class$1.addInArray(Android_View_ViewGroup_class.java:171)
08-19 14:16:51.392 W/AsyncLayoutInflater( 2677): 	at android.view.ViewGroup.addInArray(ViewGroup.java:5380)
08-19 14:16:51.392 W/AsyncLayoutInflater( 2677): 	at android.view.ViewGroup.addViewInner(ViewGroup.java:5295)
08-19 14:16:51.392 W/AsyncLayoutInflater( 2677): 	at android.view.ViewGroup.addView(ViewGroup.java:5102)
08-19 14:16:51.392 W/AsyncLayoutInflater( 2677): 	at android.view.ViewGroup.addView(ViewGroup.java:5071)
08-19 14:16:51.392 W/AsyncLayoutInflater( 2677): 	at android.view.LayoutInflater.rInflate(LayoutInflater.java:1129)
08-19 14:16:51.392 W/AsyncLayoutInflater( 2677): 	at android.view.LayoutInflater.rInflateChildren(LayoutInflater.java:1086)
08-19 14:16:51.392 W/AsyncLayoutInflater( 2677): 	at android.view.LayoutInflater.inflate(LayoutInflater.java:684)
08-19 14:16:51.392 W/AsyncLayoutInflater( 2677): 	at android.view.LayoutInflater.inflate(LayoutInflater.java:536)
08-19 14:16:51.392 W/AsyncLayoutInflater( 2677): 	at androidx.asynclayoutinflater.view.AsyncLayoutInflater$InflateThread.runInner(AsyncLayoutInflater.java:189)
08-19 14:16:51.392 W/AsyncLayoutInflater( 2677): 	at androidx.asynclayoutinflater.view.AsyncLayoutInflater$InflateThread.run(AsyncLayoutInflater.java:203)
08-19 14:16:51.398 D/NotifBadge( 2677): update app badge num: com.vmos.app/,num=0,isAllowed=false,userId=0
08-19 14:16:51.398 D/AppOpsAdapter(11833): using permission notify! 32 , groundState 0
08-19 14:16:51.398 W/ActivityManager( 1783): Sending non-protected broadcast android.intent.action.APPLICATION_MESSAGE_UPDATE from system 2677:com.android.systemui/1000 pkg com.android.systemui. Callers=
08-19 14:16:51.399 I/Launcher.ApplicationsMessage( 3002): onReceive false
08-19 14:16:51.399 I/Launcher.ApplicationsMessage( 3002): update com.vmos.app/ to null
08-19 14:16:51.414 D/IMReply:Notif( 3982): onNotificationPosted before sbn = 100
08-19 14:16:51.416 V/onNotificationPostedCallBack( 4989): flags=98
08-19 14:16:51.416 V/n       ( 4989): ret=0
08-19 14:16:51.423 D/InterruptionStateProvider( 2677): No bubble up: not allowed to bubble: 0|com.vmos.app|100|null|10288
08-19 14:16:51.424 D/InterruptionStateProvider( 2677): No heads up: unimportant notification: 0|com.vmos.app|100|null|10288
08-19 14:16:51.426 I/cmd     (26584): oneway function results will be dropped but finished with status OK and parcel size 4
08-19 14:16:51.485 I/TeaLog  (26302): p worked:true 9223370407500964322
08-19 14:16:51.486 I/TeaLog  (26302): wP {com.bytedance.embedapplog.ba@25f6055, te, p: 0, v1: 0, v3: 0}, m: 0}
08-19 14:16:51.492 E/ANDR-PERF-LM(  952): VmRssMeter:: start() 400: Could not find pid, can not collect vmrss data
08-19 14:16:51.492 D/ANDR-PERF-LM(  952): MetaMeter: notifyReceiver() 141: AdaptLaunch : (Id : total,started,returned) = (0,1,1,1) 
08-19 14:16:51.492 I/ANDR-PERF-LM(  952): Meter: asyncTriggerUpdate() 55:  stop notification on VmRss
08-19 14:16:51.492 D/ANDR-PERF-LM(  952): MetaMeter: notifyReceiver() 148: AdaptLaunch : (Id : total,started,returned,state) = (0,1,0,0,0) 
08-19 14:16:51.492 D/ANDR-PERF-LM(  952): ThreadHelper: thread_callback() 162: Returned from Start:(Meter,Helper,Name,pending)=(0xb40000708acad000,0xb40000708ac39320,AdaptLaunch VmRss,0) 
08-19 14:16:51.492 D/ANDR-PERF-LM(  952): ThreadHelper: thread_callback() 134: Waiting:(Meter,Helper,Name,pending)=(0xb40000708acad000,0xb40000708ac39320,AdaptLaunch VmRss,0)
08-19 14:16:51.493 E/ANDR-PERF-LM(  952): VmRssMeter:: start() 400: Could not find pid, can not collect vmrss data
08-19 14:16:51.493 D/ANDR-PERF-LM(  952): MetaMeter: notifyReceiver() 141: AdaptLaunch : (Id : total,started,returned) = (1,1,1,1) 
08-19 14:16:51.493 E/ANDR-PERF-LM(  952): AdaptiveLaunch: writeToDataBase() 63: Meter aborted or could not get meter data for this run
08-19 14:16:51.493 I/ANDR-PERF-LM(  952): Meter: asyncTriggerUpdate() 55:  stop notification on VmRss
08-19 14:16:51.493 D/ANDR-PERF-LM(  952): MetaMeter: notifyReceiver() 162: AdaptLaunch : (Id : total,started,returned,state) = (1,1,0,0,0) 
08-19 14:16:51.493 D/ANDR-PERF-LM(  952): ThreadHelper: thread_callback() 162: Returned from Start:(Meter,Helper,Name,pending)=(0xb40000708acad1c0,0xb40000708ac39460,AdaptLaunch VmRss,0) 
08-19 14:16:51.493 D/ANDR-PERF-LM(  952): ThreadHelper: thread_callback() 134: Waiting:(Meter,Helper,Name,pending)=(0xb40000708acad1c0,0xb40000708ac39460,AdaptLaunch VmRss,0)
08-19 14:16:51.551 D/CrashReport(26302): checkServerTrusted
08-19 14:16:51.591 I/hpplay-java(26302): [main]:IMSDK:AbstractBlockingClient:start IM server
08-19 14:16:51.591 I/hpplay-java(26302): [pool-17-thread-1]:IMSDK:AbstractBlockingClient:run
08-19 14:16:51.604 D/hpplay-java(26302): [pool-17-thread-1]:imserver:start connect im IP 112.74.182.24  8080
08-19 14:16:51.661 I/MiuiNetworkPolicy( 1783): updateUidState uid = 10078, uidState = 15
08-19 14:16:51.665 I/hpplay-java(26302): [pool-17-thread-1]:IMSDK:AbstractBlockingClient:run operation: 8
08-19 14:16:51.665 I/hpplay-java(26302): [pool-17-thread-1]:IMSDK:MessageClient:authSuccess
08-19 14:16:51.665 I/hpplay-java(26302): [pool-17-thread-1]:AbstractBlockingClient:heartBeat
08-19 14:16:51.670 I/dex2oat32(26566): dex2oat took 355.658ms (526.491ms cpu) (threads: 6) arena alloc=0B (0B) java alloc=1138KB (1165848B) native alloc=3232KB (3309784B) free=747KB (765736B)
08-19 14:16:51.675 V/installd( 1350): DexInv: --- END '/data/user/0/com.vmos.app/app_e_qq_com_plugin_ec63721372fe327c96bd103347b60a69/gdt_plugin.jar' (success) ---
08-19 14:16:51.675 W/BpBinder( 1783): PerfMonitor binderTransact :  time=446ms interface=android.os.IInstalld code=18
08-19 14:16:51.694 I/TeaLog  (26302): s1 1
08-19 14:16:51.694 I/TeaLog  (26302): s worked:true 9223370407500964113
08-19 14:16:51.720 I/cmd     (26601): oneway function results will be dropped but finished with status OK and parcel size 4
08-19 14:16:51.719 W/Thread-21( 6397): type=1400 audit(0.0:1637460): avc: denied { read } for name="devices" dev="proc" ino=4026532038 scontext=u:r:untrusted_app_27:s0:c512,c768 tcontext=u:object_r:proc:s0 tclass=file permissive=0 app=com.tmri.app.main
08-19 14:16:51.729 D/CrashReport(26302): checkServerTrusted
08-19 14:16:51.765 I/TeaLog  (26302): ac worked:true 9223370407500964042
08-19 14:16:51.793 I/cmd     (26611): oneway function results will be dropped but finished with status OK and parcel size 4
08-19 14:16:51.845 D/CrashReport(26302): checkServerTrusted
08-19 14:16:51.909 I/TrafficManageService( 4989): mina mTrafficStatsReceiver onReceive
08-19 14:16:52.039 I/mi_thermald( 1323): v_algo_init
08-19 14:16:52.084 I/cmd     (26619): oneway function results will be dropped but finished with status OK and parcel size 4
08-19 14:16:52.176 I/cmd     (26623): oneway function results will be dropped but finished with status OK and parcel size 4
08-19 14:16:52.471 D/CrashReport(26302): checkServerTrusted
08-19 14:16:52.530 D/ControllerPanelWindowView( 2677): onApplyWindowInsets: 
08-19 14:16:52.530 E/QSAnimator( 2677): tileView is null custom(com.android.settings/.development.qstile.DevelopmentTiles$WirelessDebugging)
08-19 14:16:52.531 E/QSAnimator( 2677): tileView is null flashlight
08-19 14:16:52.531 E/QSAnimator( 2677): tileView is null mute
08-19 14:16:52.531 E/QSAnimator( 2677): tileView is null screenshot
08-19 14:16:52.531 E/QSAnimator( 2677): tileView is null airplane
08-19 14:16:52.531 E/QSAnimator( 2677): tileView is null screenlock
08-19 14:16:52.531 E/QSAnimator( 2677): tileView is null gps
08-19 14:16:52.531 E/QSAnimator( 2677): tileView is null rotation
08-19 14:16:52.531 E/QSAnimator( 2677): tileView is null scanner
08-19 14:16:52.531 E/QSAnimator( 2677): tileView is null papermode
08-19 14:16:52.531 E/QSAnimator( 2677): tileView is null night
08-19 14:16:52.531 E/QSAnimator( 2677): tileView is null quietmode
08-19 14:16:52.531 E/QSAnimator( 2677): tileView is null batterysaver
08-19 14:16:52.531 E/QSAnimator( 2677): tileView is null custom(com.miui.securitycenter/com.miui.superpower.notification.SuperPowerTileService)
08-19 14:16:52.531 E/QSAnimator( 2677): tileView is null custom(com.milink.service/com.milink.ui.service.MiLinkTileService)
08-19 14:16:52.531 E/QSAnimator( 2677): tileView is null custom(com.miui.mishare.connectivity/.tile.MiShareTileService)
08-19 14:16:52.531 E/QSAnimator( 2677): tileView is null freeformhang
08-19 14:16:52.531 E/QSAnimator( 2677): tileView is null custom(com.miui.screenrecorder/.service.QuickService)
08-19 14:16:52.531 E/QSAnimator( 2677): tileView is null vibrate
08-19 14:16:52.531 E/QSAnimator( 2677): tileView is null hotspot
08-19 14:16:52.531 E/QSAnimator( 2677): tileView is null nfc
08-19 14:16:52.531 E/QSAnimator( 2677): tileView is null edit
08-19 14:16:52.569 I/MiuiNetworkPolicy( 1783): bandwidth: 706 KB/s, Max bandwidth: 4964 KB/s
08-19 14:16:52.601 I/cmd     (26635): oneway function results will be dropped but finished with status OK and parcel size 4
08-19 14:16:52.726 I/sensors-hal(  937): activate:147, android.sensor.gyroscope/38 en=0
08-19 14:16:52.730 I/sensors-hal(  937): activate:158, android.sensor.gyroscope/38 en=0 completed
08-19 14:16:52.759 W/Thread-21( 6397): type=1400 audit(0.0:1637461): avc: denied { read } for name="devices" dev="proc" ino=4026532038 scontext=u:r:untrusted_app_27:s0:c512,c768 tcontext=u:object_r:proc:s0 tclass=file permissive=0 app=com.tmri.app.main
08-19 14:16:52.932 I/cmd     (26642): oneway function results will be dropped but finished with status OK and parcel size 4
08-19 14:16:52.944 D/WifiNl80211Manager( 1783): Scan result ready event
08-19 14:16:52.944 D/WifiNative( 1783): Scan result ready event
08-19 14:16:52.946 I/LOWI-9.0.0.55( 1558): [LOWI-Scan] lowi_close_record:Scan done in 8827311ms, 16 APs in scan results
08-19 14:16:52.947 I/LOWI-9.0.0.55( 1558): [LOWIUtils] responseToOutPostcard - TO: FreeWifiScanObserver, FROM:   LOWI-SERVER, RESP:  LOWI_ASYNC_DISCOVERY_SCAN_RESULTS
08-19 14:16:52.953 E/WifiService( 1783): Permission violation - getScanResults not allowed for uid=10252, packageName=com.tencent.mtt, reason=java.lang.SecurityException: UID 10252 has no location permission
08-19 14:16:52.955 E/WifiService( 1783): Permission violation - getScanResults not allowed for uid=10088, packageName=com.miui.personalassistant, reason=java.lang.SecurityException: UID 10088 has no location permission
08-19 14:16:52.956 W/WifiMonitor( 1281): available wifis has none
08-19 14:16:52.956 W/WifiMonitor( 1281): getScanResults has none
08-19 14:16:52.958 E/WifiService( 1783): Permission violation - getScanResults not allowed for uid=10088, packageName=com.miui.personalassistant, reason=java.lang.SecurityException: UID 10088 has no location permission
08-19 14:16:52.958 W/WifiMonitor( 4602): available wifis has none
08-19 14:16:52.958 W/WifiMonitor( 4602): getScanResults has none
