08-19 14:19:26.496 E/android.system.suspend@1.0-service(  668): Error opening kernel wakelock stats for: wakeup1: Permission denied
08-19 14:19:26.496 E/android.system.suspend@1.0-service(  668): Error opening kernel wakelock stats for: wakeup73: Permission denied
08-19 14:19:26.497 E/android.system.suspend@1.0-service(  668): Error opening kernel wakelock stats for: wakeup35: Permission denied
08-19 14:19:26.498 E/android.system.suspend@1.0-service(  668): Error opening kernel wakelock stats for: wakeup25: Permission denied
08-19 14:19:26.498 E/android.system.suspend@1.0-service(  668): Error opening kernel wakelock stats for: wakeup81: Permission denied
08-19 14:19:26.498 E/android.system.suspend@1.0-service(  668): Error opening kernel wakelock stats for: wakeup15: Permission denied
08-19 14:19:26.499 E/android.system.suspend@1.0-service(  668): Error opening kernel wakelock stats for: wakeup43: Permission denied
08-19 14:19:26.499 E/android.system.suspend@1.0-service(  668): Error opening kernel wakelock stats for: wakeup71: Permission denied
08-19 14:19:26.499 E/android.system.suspend@1.0-service(  668): Error opening kernel wakelock stats for: wakeup103: Permission denied
08-19 14:19:26.499 E/android.system.suspend@1.0-service(  668): Error opening kernel wakelock stats for: wakeup33: Permission denied
08-19 14:19:26.499 E/android.system.suspend@1.0-service(  668): Error opening kernel wakelock stats for: wakeup61: Permission denied
08-19 14:19:26.499 E/android.system.suspend@1.0-service(  668): Error opening kernel wakelock stats for: wakeup23: Permission denied
08-19 14:19:26.500 E/android.system.suspend@1.0-service(  668): Error opening kernel wakelock stats for: wakeup51: Permission denied
08-19 14:19:26.500 E/android.system.suspend@1.0-service(  668): Error opening kernel wakelock stats for: wakeup8: Permission denied
08-19 14:19:26.500 E/android.system.suspend@1.0-service(  668): Error opening kernel wakelock stats for: wakeup13: Permission denied
08-19 14:19:26.500 E/android.system.suspend@1.0-service(  668): Error opening kernel wakelock stats for: wakeup41: Permission denied
08-19 14:19:26.501 E/android.system.suspend@1.0-service(  668): Error opening kernel wakelock stats for: wakeup98: Permission denied
08-19 14:19:26.501 E/android.system.suspend@1.0-service(  668): Error opening kernel wakelock stats for: wakeup31: Permission denied
08-19 14:19:26.501 E/android.system.suspend@1.0-service(  668): Error opening kernel wakelock stats for: wakeup88: Permission denied
08-19 14:19:26.501 E/android.system.suspend@1.0-service(  668): Error opening kernel wakelock stats for: wakeup21: Permission denied
08-19 14:19:26.502 E/android.system.suspend@1.0-service(  668): Error opening kernel wakelock stats for: wakeup6: Permission denied
08-19 14:19:26.502 E/android.system.suspend@1.0-service(  668): Error opening kernel wakelock stats for: wakeup78: Permission denied
08-19 14:19:26.502 E/android.system.suspend@1.0-service(  668): Error opening kernel wakelock stats for: wakeup11: Permission denied
08-19 14:19:26.504 I/hwservicemanager(  601): getTransport: Cannot find entry android.hardware.power.stats@1.0::IPowerStats/default in either framework or device manifest.
08-19 14:19:26.505 I/hwservicemanager(  601): getTransport: Cannot find entry android.hardware.power@1.0::IPower/default in either framework or device manifest.
08-19 14:19:26.505 E/BatteryStatsService( 1783): Unable to load Power Hal or power.stats HAL
08-19 14:19:26.559 W/BatteryHistoryLoadMgr( 4989): get firstHistoryInfo time: 32031
08-19 14:19:26.560 D/BatteryHistoryLoadMgr( 4989): getHistoryInfo end
08-19 14:19:26.560 I/BatteryInfoReceiver( 4989): update charge detail 123
08-19 14:19:26.561 I/PowerUtils( 4989): Device name:alioth
08-19 14:19:26.561 W/PowerUtils( 4989): should not use this capacity value 4520
08-19 14:19:26.562 I/PowerUtils( 4989): Device name:alioth
08-19 14:19:26.562 W/PowerUtils( 4989): should not use this capacity value 4520
08-19 14:19:26.563 I/PowerUtils( 4989): Device name:alioth
08-19 14:19:26.563 W/PowerUtils( 4989): should not use this capacity value 4520
08-19 14:19:26.563 I/PowerUtils( 4989): Device name:alioth
08-19 14:19:26.563 W/PowerUtils( 4989): should not use this capacity value 4520
08-19 14:19:26.564 I/BatteryChargeTimeHelper( 4989): Mixed(default) charge time 0.29 1h4m1s671ms
08-19 14:19:26.570 E/android.system.suspend@1.0-service(  668): Error opening kernel wakelock stats for: wakeup58: Permission denied
08-19 14:19:26.570 E/android.system.suspend@1.0-service(  668): Error opening kernel wakelock stats for: wakeup4: Permission denied
08-19 14:19:26.570 E/android.system.suspend@1.0-service(  668): Error opening kernel wakelock stats for: wakeup76: Permission denied
08-19 14:19:26.570 E/android.system.suspend@1.0-service(  668): Error opening kernel wakelock stats for: wakeup38: Permission denied
08-19 14:19:26.570 E/android.system.suspend@1.0-service(  668): Error opening kernel wakelock stats for: wakeup56: Permission denied
08-19 14:19:26.570 E/android.system.suspend@1.0-service(  668): Error opening kernel wakelock stats for: wakeup46: Permission denied
08-19 14:19:26.570 E/android.system.suspend@1.0-service(  668): Error opening kernel wakelock stats for: wakeup2: Permission denied
08-19 14:19:26.570 E/android.system.suspend@1.0-service(  668): Error opening kernel wakelock stats for: wakeup74: Permission denied
08-19 14:19:26.571 E/android.system.suspend@1.0-service(  668): Error opening kernel wakelock stats for: wakeup36: Permission denied
08-19 14:19:26.571 E/android.system.suspend@1.0-service(  668): Error opening kernel wakelock stats for: wakeup82: Permission denied
08-19 14:19:26.571 E/android.system.suspend@1.0-service(  668): Error opening kernel wakelock stats for: wakeup44: Permission denied
08-19 14:19:26.571 E/android.system.suspend@1.0-service(  668): Error opening kernel wakelock stats for: wakeup0: Permission denied
08-19 14:19:26.571 E/android.system.suspend@1.0-service(  668): Error opening kernel wakelock stats for: wakeup72: Permission denied
08-19 14:19:26.571 E/android.system.suspend@1.0-service(  668): Error opening kernel wakelock stats for: wakeup62: Permission denied
08-19 14:19:26.571 E/android.system.suspend@1.0-service(  668): Error opening kernel wakelock stats for: wakeup52: Permission denied
08-19 14:19:26.572 E/android.system.suspend@1.0-service(  668): Error opening kernel wakelock stats for: wakeup9: Permission denied
08-19 14:19:26.572 E/android.system.suspend@1.0-service(  668): Error opening kernel wakelock stats for: wakeup80: Permission denied
08-19 14:19:26.572 E/android.system.suspend@1.0-service(  668): Error opening kernel wakelock stats for: wakeup42: Permission denied
08-19 14:19:26.572 E/android.system.suspend@1.0-service(  668): Error opening kernel wakelock stats for: wakeup70: Permission denied
08-19 14:19:26.572 E/android.system.suspend@1.0-service(  668): Error opening kernel wakelock stats for: wakeup32: Permission denied
08-19 14:19:26.572 E/android.system.suspend@1.0-service(  668): Error opening kernel wakelock stats for: wakeup130: Permission denied
08-19 14:19:26.572 E/android.system.suspend@1.0-service(  668): Error opening kernel wakelock stats for: wakeup60: Permission denied
08-19 14:19:26.572 E/android.system.suspend@1.0-service(  668): Error opening kernel wakelock stats for: wakeup89: Permission denied
08-19 14:19:26.572 E/android.system.suspend@1.0-service(  668): Error opening kernel wakelock stats for: wakeup7: Permission denied
08-19 14:19:26.572 E/android.system.suspend@1.0-service(  668): Error opening kernel wakelock stats for: wakeup79: Permission denied
08-19 14:19:26.572 E/android.system.suspend@1.0-service(  668): Error opening kernel wakelock stats for: wakeup40: Permission denied
08-19 14:19:26.572 E/android.system.suspend@1.0-service(  668): Error opening kernel wakelock stats for: wakeup69: Permission denied
08-19 14:19:26.572 E/android.system.suspend@1.0-service(  668): Error opening kernel wakelock stats for: wakeup100: Permission denied
08-19 14:19:26.573 E/android.system.suspend@1.0-service(  668): Error opening kernel wakelock stats for: wakeup30: Permission denied
08-19 14:19:26.573 E/android.system.suspend@1.0-service(  668): Error opening kernel wakelock stats for: wakeup59: Permission denied
08-19 14:19:26.573 E/android.system.suspend@1.0-service(  668): Error opening kernel wakelock stats for: wakeup77: Permission denied
08-19 14:19:26.573 E/android.system.suspend@1.0-service(  668): Error opening kernel wakelock stats for: wakeup10: Permission denied
08-19 14:19:26.573 E/android.system.suspend@1.0-service(  668): Error opening kernel wakelock stats for: wakeup39: Permission denied
08-19 14:19:26.573 E/android.system.suspend@1.0-service(  668): Error opening kernel wakelock stats for: wakeup29: Permission denied
08-19 14:19:26.573 E/android.system.suspend@1.0-service(  668): Error opening kernel wakelock stats for: wakeup57: Permission denied
08-19 14:19:26.573 E/android.system.suspend@1.0-service(  668): Error opening kernel wakelock stats for: wakeup19: Permission denied
08-19 14:19:26.574 E/android.system.suspend@1.0-service(  668): Error opening kernel wakelock stats for: wakeup47: Permission denied
08-19 14:19:26.574 E/android.system.suspend@1.0-service(  668): Error opening kernel wakelock stats for: wakeup3: Permission denied
08-19 14:19:26.574 E/android.system.suspend@1.0-service(  668): Error opening kernel wakelock stats for: wakeup75: Permission denied
08-19 14:19:26.574 E/android.system.suspend@1.0-service(  668): Error opening kernel wakelock stats for: wakeup37: Permission denied
08-19 14:19:26.574 E/android.system.suspend@1.0-service(  668): Error opening kernel wakelock stats for: wakeup65: Permission denied
08-19 14:19:26.574 E/android.system.suspend@1.0-service(  668): Error opening kernel wakelock stats for: wakeup27: Permission denied
08-19 14:19:26.574 E/android.system.suspend@1.0-service(  668): Error opening kernel wakelock stats for: wakeup55: Permission denied
08-19 14:19:26.574 E/android.system.suspend@1.0-service(  668): Error opening kernel wakelock stats for: wakeup17: Permission denied
08-19 14:19:26.574 E/android.system.suspend@1.0-service(  668): Error opening kernel wakelock stats for: wakeup45: Permission denied
08-19 14:19:26.574 E/android.system.suspend@1.0-service(  668): Error opening kernel wakelock stats for: wakeup1: Permission denied
08-19 14:19:26.574 E/android.system.suspend@1.0-service(  668): Error opening kernel wakelock stats for: wakeup73: Permission denied
08-19 14:19:26.574 E/android.system.suspend@1.0-service(  668): Error opening kernel wakelock stats for: wakeup35: Permission denied
08-19 14:19:26.575 E/android.system.suspend@1.0-service(  668): Error opening kernel wakelock stats for: wakeup25: Permission denied
08-19 14:19:26.575 E/android.system.suspend@1.0-service(  668): Error opening kernel wakelock stats for: wakeup81: Permission denied
08-19 14:19:26.575 E/android.system.suspend@1.0-service(  668): Error opening kernel wakelock stats for: wakeup15: Permission denied
08-19 14:19:26.575 E/android.system.suspend@1.0-service(  668): Error opening kernel wakelock stats for: wakeup43: Permission denied
08-19 14:19:26.575 E/android.system.suspend@1.0-service(  668): Error opening kernel wakelock stats for: wakeup71: Permission denied
08-19 14:19:26.575 E/android.system.suspend@1.0-service(  668): Error opening kernel wakelock stats for: wakeup103: Permission denied
08-19 14:19:26.575 E/android.system.suspend@1.0-service(  668): Error opening kernel wakelock stats for: wakeup33: Permission denied
08-19 14:19:26.575 E/android.system.suspend@1.0-service(  668): Error opening kernel wakelock stats for: wakeup61: Permission denied
08-19 14:19:26.575 E/android.system.suspend@1.0-service(  668): Error opening kernel wakelock stats for: wakeup23: Permission denied
08-19 14:19:26.575 E/android.system.suspend@1.0-service(  668): Error opening kernel wakelock stats for: wakeup51: Permission denied
08-19 14:19:26.575 E/android.system.suspend@1.0-service(  668): Error opening kernel wakelock stats for: wakeup8: Permission denied
08-19 14:19:26.575 E/android.system.suspend@1.0-service(  668): Error opening kernel wakelock stats for: wakeup13: Permission denied
08-19 14:19:26.575 E/android.system.suspend@1.0-service(  668): Error opening kernel wakelock stats for: wakeup41: Permission denied
08-19 14:19:26.575 E/android.system.suspend@1.0-service(  668): Error opening kernel wakelock stats for: wakeup98: Permission denied
08-19 14:19:26.575 E/android.system.suspend@1.0-service(  668): Error opening kernel wakelock stats for: wakeup31: Permission denied
08-19 14:19:26.575 E/android.system.suspend@1.0-service(  668): Error opening kernel wakelock stats for: wakeup88: Permission denied
08-19 14:19:26.575 E/android.system.suspend@1.0-service(  668): Error opening kernel wakelock stats for: wakeup21: Permission denied
08-19 14:19:26.575 E/android.system.suspend@1.0-service(  668): Error opening kernel wakelock stats for: wakeup6: Permission denied
08-19 14:19:26.575 E/android.system.suspend@1.0-service(  668): Error opening kernel wakelock stats for: wakeup78: Permission denied
08-19 14:19:26.575 E/android.system.suspend@1.0-service(  668): Error opening kernel wakelock stats for: wakeup11: Permission denied
08-19 14:19:26.619 W/BatteryHistoryLoadMgr( 4989): get firstHistoryInfo time: 32031
08-19 14:19:26.619 D/BatteryHistoryLoadMgr( 4989): getHistoryInfo end
08-19 14:19:26.620 I/PowerUtils( 4989): Device name:alioth
08-19 14:19:26.620 W/PowerUtils( 4989): should not use this capacity value 4520
08-19 14:19:26.621 I/PowerUtils( 4989): Device name:alioth
08-19 14:19:26.621 W/PowerUtils( 4989): should not use this capacity value 4520
08-19 14:19:26.623 I/PowerUtils( 4989): Device name:alioth
08-19 14:19:26.623 W/PowerUtils( 4989): should not use this capacity value 4520
08-19 14:19:26.623 I/PowerUtils( 4989): Device name:alioth
08-19 14:19:26.623 W/PowerUtils( 4989): should not use this capacity value 4520
08-19 14:19:26.624 I/BatteryChargeTimeHelper( 4989): Mixed(default) charge time 0.29 1h4m1s671ms
08-19 14:19:26.624 I/PowerUtils( 4989): Device name:alioth
08-19 14:19:26.624 W/PowerUtils( 4989): should not use this capacity value 4520
08-19 14:19:26.625 W/BpBinder( 2677): PerfMonitor binderTransact :  time=221ms interface=android.content.IContentProvider code=21
08-19 14:19:26.625 I/KeyguardIndicationInjector( 2677): handleChargeTextAnimation: false;powerPluggedIn=true
08-19 14:19:27.467 I/cmd     (32598): oneway function results will be dropped but finished with status OK and parcel size 4
08-19 14:19:27.918 I/cmd     (32609): oneway function results will be dropped but finished with status OK and parcel size 4
08-19 14:19:27.955 W/ThreadPoolForeg(27040): type=1400 audit(0.0:1643187): avc: denied { write } for name="traced_producer" dev="tmpfs" ino=20309 scontext=u:r:platform_app:s0:c512,c768 tcontext=u:object_r:traced_producer_socket:s0 tclass=sock_file permissive=0 app=com.android.browser
08-19 14:19:28.123 W/Thread-21( 6397): type=1400 audit(0.0:1643188): avc: denied { read } for name="devices" dev="proc" ino=4026532038 scontext=u:r:untrusted_app_27:s0:c512,c768 tcontext=u:object_r:proc:s0 tclass=file permissive=0 app=com.tmri.app.main
08-19 14:19:28.709 I/cmd     (32629): oneway function results will be dropped but finished with status OK and parcel size 4
08-19 14:19:28.717 I/MiuiNetworkPolicy( 1783): bandwidth: 0 KB/s, Max bandwidth: 4964 KB/s
08-19 14:19:29.029 D/NetworkSpeedTracker( 2989): receive actionandroid.intent.action.BATTERY_CHANGED
08-19 14:19:29.029 D/NetworkSpeedTracker( 2989): onReceive ACTION_BATTERY_CHANGED mBatteryLevel = 71;mIsCharging =true
08-19 14:19:29.031 D/KeyguardUpdateMonitor( 2677): received broadcast android.intent.action.BATTERY_CHANGED
08-19 14:19:29.031 D/BatteryController( 2677): onReceive: Intent = Intent { act=android.intent.action.BATTERY_CHANGED flg=0x60000010 (has extras) } action = android.intent.action.BATTERY_CHANGED
08-19 14:19:29.032 I/BatteryInfoReceiver( 4989): ACTION_BATTERY_CHANGED
08-19 14:19:29.032 D/PowerCheckerService( 5940): onBatteryChanged, mBatteryLevel = 71, status = 2, level = 71, plug = 1, scale = 100
08-19 14:19:29.034 D/UploadVoiceJobService( 3982): needUploadVoice timeSinceLastUpload = 65165
08-19 14:19:29.037 D/DeviceStatisticsService( 2921): chargerType=1 batteryLevel=71 totalBatteryCapacity=4188800
08-19 14:19:29.037 D/DeviceInfoHidlClient( 2921): getPowerInfoSupportStatus()=1
08-19 14:19:29.037 D/DeviceInfoHidlClient( 2921): isRadioOn()=true
08-19 14:19:29.037 I/DeviceInfoHidlClient( 2921): isPowerInfoNeverSent=false batteryLevel=71 batteryLevelIndex=2 chargingMode=1 totalCapacity=4188800 powerSaveMode=false
08-19 14:19:29.040 D/        (26994): set_light_battery: Not implemented.
08-19 14:19:29.041 D/        (26994): set_light_battery: Not implemented.
08-19 14:19:29.163 W/Thread-21( 6397): type=1400 audit(0.0:1643189): avc: denied { read } for name="devices" dev="proc" ino=4026532038 scontext=u:r:untrusted_app_27:s0:c512,c768 tcontext=u:object_r:proc:s0 tclass=file permissive=0 app=com.tmri.app.main
08-19 14:19:29.264 E/WifiStateMachine(26994): WifiStateMachine CMD_START_SCAN source -2 txSuccessRate=-0.00 rxSuccessRate=-0.00 targetRoamBSSID=any RSSI=-45
08-19 14:19:29.563 I/cmd     (32652): oneway function results will be dropped but finished with status OK and parcel size 4
08-19 14:19:29.647 W/Thread-89(26994): type=1400 audit(0.0:1643190): avc: granted { open } for path="/dev/ashmem" dev="tmpfs" ino=1135 scontext=u:r:untrusted_app_27:s0:c32,c257,c512,c768 tcontext=u:object_r:ashmem_device:s0 tclass=chr_file app=com.vmos.app
08-19 14:19:30.199 W/Thread-21( 6397): type=1400 audit(0.0:1643191): avc: denied { read } for name="devices" dev="proc" ino=4026532038 scontext=u:r:untrusted_app_27:s0:c512,c768 tcontext=u:object_r:proc:s0 tclass=file permissive=0 app=com.tmri.app.main
08-19 14:19:31.147 W/Thread-110(26994): type=1400 audit(0.0:1643192): avc: granted { open } for path="/dev/ashmem" dev="tmpfs" ino=1135 scontext=u:r:untrusted_app_27:s0:c32,c257,c512,c768 tcontext=u:object_r:ashmem_device:s0 tclass=chr_file app=com.vmos.app
08-19 14:19:31.207 W/Thread-21( 6397): type=1400 audit(0.0:1643193): avc: denied { read } for name="devices" dev="proc" ino=4026532038 scontext=u:r:untrusted_app_27:s0:c512,c768 tcontext=u:object_r:proc:s0 tclass=file permissive=0 app=com.tmri.app.main
08-19 14:19:31.297 I/cmd     (32708): oneway function results will be dropped but finished with status OK and parcel size 4
08-19 14:19:31.420 I/cmd     (32712): oneway function results will be dropped but finished with status OK and parcel size 4
08-19 14:19:31.721 I/MiuiNetworkPolicy( 1783): bandwidth: 0 KB/s, Max bandwidth: 4964 KB/s
08-19 14:19:31.887 I/cmd     (32725): oneway function results will be dropped but finished with status OK and parcel size 4
08-19 14:19:32.235 W/Thread-21( 6397): type=1400 audit(0.0:1643194): avc: denied { read } for name="devices" dev="proc" ino=4026532038 scontext=u:r:untrusted_app_27:s0:c512,c768 tcontext=u:object_r:proc:s0 tclass=file permissive=0 app=com.tmri.app.main
08-19 14:19:32.339 I/cmd     (32740): oneway function results will be dropped but finished with status OK and parcel size 4
08-19 14:19:32.690 I/cmd     (32744): oneway function results will be dropped but finished with status OK and parcel size 4
08-19 14:19:33.139 D/CompatibilityInfo( 1783): mCompatibilityFlags - 0
08-19 14:19:33.139 D/CompatibilityInfo( 1783): applicationDensity - 440
08-19 14:19:33.139 D/CompatibilityInfo( 1783): applicationScale - 1.0
08-19 14:19:33.145 W/PushService( 4754): [Tid:2] onStart() with intent.Action = com.xiaomi.push.timer, chid = null, pkg = null|null
08-19 14:19:33.145 W/PushService( 4754): [Tid:286] [Job] Handle intent action = com.xiaomi.push.timer
08-19 14:19:33.145 W/PushService( 4754): [Tid:286] Service called on timer
08-19 14:19:33.149 W/PushService( 4754): [Tid:286] [Slim] SND ping id=0
08-19 14:19:33.235 W/PushService( 4754): [Tid:320] [Slim] RCV ping id=0
08-19 14:19:33.236 W/PushService( 4754): [Tid:286] stats key not found
08-19 14:19:33.263 W/Thread-21( 6397): type=1400 audit(0.0:1643195): avc: denied { read } for name="devices" dev="proc" ino=4026532038 scontext=u:r:untrusted_app_27:s0:c512,c768 tcontext=u:object_r:proc:s0 tclass=file permissive=0 app=com.tmri.app.main
08-19 14:19:33.268 I/cmd     (32763): oneway function results will be dropped but finished with status OK and parcel size 4
08-19 14:19:33.735 I/cmd     (  317): oneway function results will be dropped but finished with status OK and parcel size 4
08-19 14:19:34.175 I/cmd     (  373): oneway function results will be dropped but finished with status OK and parcel size 4
08-19 14:19:34.365 I/MiuiNetworkPolicy( 1783): updateUidState uid = 10278, uidState = 10
08-19 14:19:34.507 W/Thread-21( 6397): type=1400 audit(0.0:1643196): avc: denied { read } for name="devices" dev="proc" ino=4026532038 scontext=u:r:untrusted_app_27:s0:c512,c768 tcontext=u:object_r:proc:s0 tclass=file permissive=0 app=com.tmri.app.main
08-19 14:19:34.667 W/Thread-89(26994): type=1400 audit(0.0:1643197): avc: granted { open } for path="/dev/ashmem" dev="tmpfs" ino=1135 scontext=u:r:untrusted_app_27:s0:c32,c257,c512,c768 tcontext=u:object_r:ashmem_device:s0 tclass=chr_file app=com.vmos.app
08-19 14:19:34.722 I/MiuiNetworkPolicy( 1783): bandwidth: 0 KB/s, Max bandwidth: 4964 KB/s
08-19 14:19:35.038 I/cmd     (  480): oneway function results will be dropped but finished with status OK and parcel size 4
08-19 14:19:35.137 I/cmd     (  524): oneway function results will be dropped but finished with status OK and parcel size 4
08-19 14:19:35.519 W/Thread-21( 6397): type=1400 audit(0.0:1643198): avc: denied { read } for name="devices" dev="proc" ino=4026532038 scontext=u:r:untrusted_app_27:s0:c512,c768 tcontext=u:object_r:proc:s0 tclass=file permissive=0 app=com.tmri.app.main
08-19 14:19:35.947 I/cmd     (  581): oneway function results will be dropped but finished with status OK and parcel size 4
08-19 14:19:36.066 I/cmd     (  586): oneway function results will be dropped but finished with status OK and parcel size 4
08-19 14:19:36.106 D/[QAD][[Splash]QAdSplashMonitorReport](19947): dp3ReportWorker run.
08-19 14:19:36.191 W/Thread-110(26994): type=1400 audit(0.0:1643199): avc: granted { open } for path="/dev/ashmem" dev="tmpfs" ino=1135 scontext=u:r:untrusted_app_27:s0:c32,c257,c512,c768 tcontext=u:object_r:ashmem_device:s0 tclass=chr_file app=com.vmos.app
08-19 14:19:36.417 I/cmd     (  595): oneway function results will be dropped but finished with status OK and parcel size 4
08-19 14:19:36.563 W/Thread-21( 6397): type=1400 audit(0.0:1643200): avc: denied { read } for name="devices" dev="proc" ino=4026532038 scontext=u:r:untrusted_app_27:s0:c512,c768 tcontext=u:object_r:proc:s0 tclass=file permissive=0 app=com.tmri.app.main
08-19 14:19:36.794 E/QSAnimator( 2677): tileView is null custom(com.android.settings/.development.qstile.DevelopmentTiles$WirelessDebugging)
08-19 14:19:36.794 E/QSAnimator( 2677): tileView is null flashlight
08-19 14:19:36.794 E/QSAnimator( 2677): tileView is null mute
08-19 14:19:36.794 E/QSAnimator( 2677): tileView is null screenshot
08-19 14:19:36.794 E/QSAnimator( 2677): tileView is null airplane
08-19 14:19:36.794 E/QSAnimator( 2677): tileView is null screenlock
08-19 14:19:36.794 E/QSAnimator( 2677): tileView is null gps
08-19 14:19:36.795 E/QSAnimator( 2677): tileView is null rotation
08-19 14:19:36.795 E/QSAnimator( 2677): tileView is null scanner
08-19 14:19:36.795 E/QSAnimator( 2677): tileView is null papermode
08-19 14:19:36.795 E/QSAnimator( 2677): tileView is null night
08-19 14:19:36.795 E/QSAnimator( 2677): tileView is null quietmode
08-19 14:19:36.795 E/QSAnimator( 2677): tileView is null batterysaver
08-19 14:19:36.795 E/QSAnimator( 2677): tileView is null custom(com.miui.securitycenter/com.miui.superpower.notification.SuperPowerTileService)
08-19 14:19:36.795 E/QSAnimator( 2677): tileView is null custom(com.milink.service/com.milink.ui.service.MiLinkTileService)
08-19 14:19:36.795 E/QSAnimator( 2677): tileView is null custom(com.miui.mishare.connectivity/.tile.MiShareTileService)
08-19 14:19:36.795 E/QSAnimator( 2677): tileView is null freeformhang
08-19 14:19:36.795 E/QSAnimator( 2677): tileView is null custom(com.miui.screenrecorder/.service.QuickService)
08-19 14:19:36.795 E/QSAnimator( 2677): tileView is null vibrate
08-19 14:19:36.795 E/QSAnimator( 2677): tileView is null hotspot
08-19 14:19:36.795 E/QSAnimator( 2677): tileView is null nfc
08-19 14:19:36.795 E/QSAnimator( 2677): tileView is null edit
08-19 14:19:37.215 I/BatteryInfoReceiver( 4989): ACTION_BATTERY_CHANGED
08-19 14:19:37.216 D/NetworkSpeedTracker( 2989): receive actionandroid.intent.action.BATTERY_CHANGED
08-19 14:19:37.216 D/NetworkSpeedTracker( 2989): onReceive ACTION_BATTERY_CHANGED mBatteryLevel = 71;mIsCharging =true
08-19 14:19:37.217 D/UploadVoiceJobService( 3982): needUploadVoice timeSinceLastUpload = 73348
08-19 14:19:37.218 D/PowerCheckerService( 5940): onBatteryChanged, mBatteryLevel = 71, status = 2, level = 71, plug = 1, scale = 100
08-19 14:19:37.218 D/KeyguardUpdateMonitor( 2677): received broadcast android.intent.action.BATTERY_CHANGED
08-19 14:19:37.218 D/BatteryController( 2677): onReceive: Intent = Intent { act=android.intent.action.BATTERY_CHANGED flg=0x60000010 (has extras) } action = android.intent.action.BATTERY_CHANGED
08-19 14:19:37.221 D/DeviceStatisticsService( 2921): chargerType=1 batteryLevel=71 totalBatteryCapacity=4192300
08-19 14:19:37.221 D/DeviceInfoHidlClient( 2921): getPowerInfoSupportStatus()=1
08-19 14:19:37.221 D/DeviceInfoHidlClient( 2921): isRadioOn()=true
08-19 14:19:37.221 I/DeviceInfoHidlClient( 2921): isPowerInfoNeverSent=false batteryLevel=71 batteryLevelIndex=2 chargingMode=1 totalCapacity=4192300 powerSaveMode=false
08-19 14:19:37.223 D/        (26994): set_light_battery: Not implemented.
08-19 14:19:37.226 W/BatteryStatsImpl(26994): Couldn't get kernel wake lock stats
08-19 14:19:37.226 D/        (26994): set_light_battery: Not implemented.
08-19 14:19:37.235 W/ActivityManager(26994): type=1400 audit(0.0:1643201): avc: denied { read } for name="loadavg" dev="proc" ino=4026532259 scontext=u:r:untrusted_app_27:s0:c32,c257,c512,c768 tcontext=u:object_r:proc_loadavg:s0 tclass=file permissive=0 app=com.vmos.app
08-19 14:19:37.227 W/BatteryStatsImpl(26994): Couldn't get kernel wake lock stats
08-19 14:19:37.239 I/EntropyMixer(26994): Writing entropy...
08-19 14:19:37.575 W/Thread-21( 6397): type=1400 audit(0.0:1643202): avc: denied { read } for name="devices" dev="proc" ino=4026532038 scontext=u:r:untrusted_app_27:s0:c512,c768 tcontext=u:object_r:proc:s0 tclass=file permissive=0 app=com.tmri.app.main
08-19 14:19:37.724 I/MiuiNetworkPolicy( 1783): bandwidth: 0 KB/s, Max bandwidth: 4964 KB/s
08-19 14:19:38.368 I/cmd     (  758): oneway function results will be dropped but finished with status OK and parcel size 4
08-19 14:19:38.587 W/Thread-21( 6397): type=1400 audit(0.0:1643203): avc: denied { read } for name="devices" dev="proc" ino=4026532038 scontext=u:r:untrusted_app_27:s0:c512,c768 tcontext=u:object_r:proc:s0 tclass=file permissive=0 app=com.tmri.app.main
08-19 14:19:39.166 I/cmd     (  791): oneway function results will be dropped but finished with status OK and parcel size 4
08-19 14:19:39.283 I/cmd     (  795): oneway function results will be dropped but finished with status OK and parcel size 4
08-19 14:19:39.622 I/cmd     (  808): oneway function results will be dropped but finished with status OK and parcel size 4
08-19 14:19:39.627 W/Thread-21( 6397): type=1400 audit(0.0:1643204): avc: denied { read } for name="devices" dev="proc" ino=4026532038 scontext=u:r:untrusted_app_27:s0:c512,c768 tcontext=u:object_r:proc:s0 tclass=file permissive=0 app=com.tmri.app.main
08-19 14:19:39.723 W/Thread-89(26994): type=1400 audit(0.0:1643205): avc: granted { open } for path="/dev/ashmem" dev="tmpfs" ino=1135 scontext=u:r:untrusted_app_27:s0:c32,c257,c512,c768 tcontext=u:object_r:ashmem_device:s0 tclass=chr_file app=com.vmos.app
08-19 14:19:39.791 E/QSAnimator( 2677): tileView is null custom(com.android.settings/.development.qstile.DevelopmentTiles$WirelessDebugging)
08-19 14:19:39.791 E/QSAnimator( 2677): tileView is null flashlight
08-19 14:19:39.791 E/QSAnimator( 2677): tileView is null mute
08-19 14:19:39.791 E/QSAnimator( 2677): tileView is null screenshot
08-19 14:19:39.791 E/QSAnimator( 2677): tileView is null airplane
08-19 14:19:39.791 E/QSAnimator( 2677): tileView is null screenlock
08-19 14:19:39.791 E/QSAnimator( 2677): tileView is null gps
08-19 14:19:39.791 E/QSAnimator( 2677): tileView is null rotation
08-19 14:19:39.791 E/QSAnimator( 2677): tileView is null scanner
08-19 14:19:39.791 E/QSAnimator( 2677): tileView is null papermode
08-19 14:19:39.791 E/QSAnimator( 2677): tileView is null night
08-19 14:19:39.791 E/QSAnimator( 2677): tileView is null quietmode
08-19 14:19:39.791 E/QSAnimator( 2677): tileView is null batterysaver
08-19 14:19:39.791 E/QSAnimator( 2677): tileView is null custom(com.miui.securitycenter/com.miui.superpower.notification.SuperPowerTileService)
08-19 14:19:39.791 E/QSAnimator( 2677): tileView is null custom(com.milink.service/com.milink.ui.service.MiLinkTileService)
08-19 14:19:39.791 E/QSAnimator( 2677): tileView is null custom(com.miui.mishare.connectivity/.tile.MiShareTileService)
08-19 14:19:39.791 E/QSAnimator( 2677): tileView is null freeformhang
08-19 14:19:39.791 E/QSAnimator( 2677): tileView is null custom(com.miui.screenrecorder/.service.QuickService)
08-19 14:19:39.791 E/QSAnimator( 2677): tileView is null vibrate
08-19 14:19:39.791 E/QSAnimator( 2677): tileView is null hotspot
08-19 14:19:39.791 E/QSAnimator( 2677): tileView is null nfc
08-19 14:19:39.792 E/QSAnimator( 2677): tileView is null edit
08-19 14:19:40.184 I/cmd     (  822): oneway function results will be dropped but finished with status OK and parcel size 4
08-19 14:19:40.513 I/cmd     (  828): oneway function results will be dropped but finished with status OK and parcel size 4
08-19 14:19:40.659 W/Thread-21( 6397): type=1400 audit(0.0:1643206): avc: denied { read } for name="devices" dev="proc" ino=4026532038 scontext=u:r:untrusted_app_27:s0:c512,c768 tcontext=u:object_r:proc:s0 tclass=file permissive=0 app=com.tmri.app.main
08-19 14:19:40.726 I/MiuiNetworkPolicy( 1783): bandwidth: 0 KB/s, Max bandwidth: 4964 KB/s
08-19 14:19:41.050 I/cmd     (  863): oneway function results will be dropped but finished with status OK and parcel size 4
08-19 14:19:41.231 W/Thread-110(26994): type=1400 audit(0.0:1643207): avc: granted { open } for path="/dev/ashmem" dev="tmpfs" ino=1135 scontext=u:r:untrusted_app_27:s0:c32,c257,c512,c768 tcontext=u:object_r:ashmem_device:s0 tclass=chr_file app=com.vmos.app
08-19 14:19:41.378 I/cmd     (  867): oneway function results will be dropped but finished with status OK and parcel size 4
08-19 14:19:41.500 I/cmd     (  872): oneway function results will be dropped but finished with status OK and parcel size 4
08-19 14:19:41.691 W/Thread-21( 6397): type=1400 audit(0.0:1643208): avc: denied { read } for name="devices" dev="proc" ino=4026532038 scontext=u:r:untrusted_app_27:s0:c512,c768 tcontext=u:object_r:proc:s0 tclass=file permissive=0 app=com.tmri.app.main
08-19 14:19:41.834 I/cmd     (  886): oneway function results will be dropped but finished with status OK and parcel size 4
08-19 14:19:41.953 I/cmd     (  890): oneway function results will be dropped but finished with status OK and parcel size 4
08-19 14:19:42.287 I/cmd     (  894): oneway function results will be dropped but finished with status OK and parcel size 4
08-19 14:19:42.724 I/cmd     (  911): oneway function results will be dropped but finished with status OK and parcel size 4
08-19 14:19:42.731 W/Thread-21( 6397): type=1400 audit(0.0:1643209): avc: denied { read } for name="devices" dev="proc" ino=4026532038 scontext=u:r:untrusted_app_27:s0:c512,c768 tcontext=u:object_r:proc:s0 tclass=file permissive=0 app=com.tmri.app.main
08-19 14:19:42.846 E/QSAnimator( 2677): tileView is null custom(com.android.settings/.development.qstile.DevelopmentTiles$WirelessDebugging)
08-19 14:19:42.846 E/QSAnimator( 2677): tileView is null flashlight
08-19 14:19:42.846 E/QSAnimator( 2677): tileView is null mute
08-19 14:19:42.846 E/QSAnimator( 2677): tileView is null screenshot
08-19 14:19:42.846 E/QSAnimator( 2677): tileView is null airplane
08-19 14:19:42.846 E/QSAnimator( 2677): tileView is null screenlock
08-19 14:19:42.846 E/QSAnimator( 2677): tileView is null gps
08-19 14:19:42.846 E/QSAnimator( 2677): tileView is null rotation
08-19 14:19:42.846 E/QSAnimator( 2677): tileView is null scanner
08-19 14:19:42.846 E/QSAnimator( 2677): tileView is null papermode
08-19 14:19:42.846 E/QSAnimator( 2677): tileView is null night
08-19 14:19:42.846 E/QSAnimator( 2677): tileView is null quietmode
08-19 14:19:42.846 E/QSAnimator( 2677): tileView is null batterysaver
08-19 14:19:42.846 E/QSAnimator( 2677): tileView is null custom(com.miui.securitycenter/com.miui.superpower.notification.SuperPowerTileService)
08-19 14:19:42.846 E/QSAnimator( 2677): tileView is null custom(com.milink.service/com.milink.ui.service.MiLinkTileService)
08-19 14:19:42.846 E/QSAnimator( 2677): tileView is null custom(com.miui.mishare.connectivity/.tile.MiShareTileService)
08-19 14:19:42.846 E/QSAnimator( 2677): tileView is null freeformhang
08-19 14:19:42.846 E/QSAnimator( 2677): tileView is null custom(com.miui.screenrecorder/.service.QuickService)
08-19 14:19:42.846 E/QSAnimator( 2677): tileView is null vibrate
08-19 14:19:42.846 E/QSAnimator( 2677): tileView is null hotspot
08-19 14:19:42.846 E/QSAnimator( 2677): tileView is null nfc
08-19 14:19:42.846 E/QSAnimator( 2677): tileView is null edit
08-19 14:19:43.151 W/PushService( 4754): [Tid:286] [Job] check the ping-pong.1629353973149
08-19 14:19:43.165 D/CompatibilityInfo( 1783): mCompatibilityFlags - 0
08-19 14:19:43.165 D/CompatibilityInfo( 1783): applicationDensity - 440
08-19 14:19:43.165 D/CompatibilityInfo( 1783): applicationScale - 1.0
08-19 14:19:43.181 I/cmd     (  938): oneway function results will be dropped but finished with status OK and parcel size 4
08-19 14:19:43.650 I/cmd     ( 1002): oneway function results will be dropped but finished with status OK and parcel size 4
08-19 14:19:43.729 I/MiuiNetworkPolicy( 1783): bandwidth: 0 KB/s, Max bandwidth: 4964 KB/s
08-19 14:19:43.774 I/cmd     ( 1027): oneway function results will be dropped but finished with status OK and parcel size 4
08-19 14:19:43.787 W/Thread-21( 6397): type=1400 audit(0.0:1643210): avc: denied { read } for name="devices" dev="proc" ino=4026532038 scontext=u:r:untrusted_app_27:s0:c512,c768 tcontext=u:object_r:proc:s0 tclass=file permissive=0 app=com.tmri.app.main
08-19 14:19:44.239 I/cmd     ( 1046): oneway function results will be dropped but finished with status OK and parcel size 4
08-19 14:19:44.718 I/cmd     ( 1097): oneway function results will be dropped but finished with status OK and parcel size 4
08-19 14:19:44.743 W/Thread-89(26994): type=1400 audit(0.0:1643211): avc: granted { open } for path="/dev/ashmem" dev="tmpfs" ino=1135 scontext=u:r:untrusted_app_27:s0:c32,c257,c512,c768 tcontext=u:object_r:ashmem_device:s0 tclass=chr_file app=com.vmos.app
08-19 14:19:44.791 W/Thread-21( 6397): type=1400 audit(0.0:1643212): avc: denied { read } for name="devices" dev="proc" ino=4026532038 scontext=u:r:untrusted_app_27:s0:c512,c768 tcontext=u:object_r:proc:s0 tclass=file permissive=0 app=com.tmri.app.main
08-19 14:19:45.049 I/cmd     ( 1109): oneway function results will be dropped but finished with status OK and parcel size 4
08-19 14:19:45.407 D/KeyguardUpdateMonitor( 2677): received broadcast android.intent.action.BATTERY_CHANGED
08-19 14:19:45.407 D/BatteryController( 2677): onReceive: Intent = Intent { act=android.intent.action.BATTERY_CHANGED flg=0x60000010 (has extras) } action = android.intent.action.BATTERY_CHANGED
08-19 14:19:45.407 D/NetworkSpeedTracker( 2989): receive actionandroid.intent.action.BATTERY_CHANGED
08-19 14:19:45.407 D/NetworkSpeedTracker( 2989): onReceive ACTION_BATTERY_CHANGED mBatteryLevel = 71;mIsCharging =true
08-19 14:19:45.410 I/BatteryInfoReceiver( 4989): ACTION_BATTERY_CHANGED
08-19 14:19:45.411 D/UploadVoiceJobService( 3982): needUploadVoice timeSinceLastUpload = 81542
08-19 14:19:45.411 D/PowerCheckerService( 5940): onBatteryChanged, mBatteryLevel = 71, status = 2, level = 71, plug = 1, scale = 100
08-19 14:19:45.414 D/DeviceStatisticsService( 2921): chargerType=1 batteryLevel=71 totalBatteryCapacity=4196000
08-19 14:19:45.414 D/DeviceInfoHidlClient( 2921): getPowerInfoSupportStatus()=1
08-19 14:19:45.414 D/DeviceInfoHidlClient( 2921): isRadioOn()=true
08-19 14:19:45.414 I/DeviceInfoHidlClient( 2921): isPowerInfoNeverSent=false batteryLevel=71 batteryLevelIndex=2 chargingMode=1 totalCapacity=4196000 powerSaveMode=false
08-19 14:19:45.416 D/        (26994): set_light_battery: Not implemented.
08-19 14:19:45.417 W/BatteryStatsImpl(26994): Couldn't get kernel wake lock stats
08-19 14:19:45.417 D/        (26994): set_light_battery: Not implemented.
08-19 14:19:45.423 W/ActivityManager(26994): type=1400 audit(0.0:1643213): avc: denied { read } for name="loadavg" dev="proc" ino=4026532259 scontext=u:r:untrusted_app_27:s0:c32,c257,c512,c768 tcontext=u:object_r:proc_loadavg:s0 tclass=file permissive=0 app=com.vmos.app
08-19 14:19:45.417 W/BatteryStatsImpl(26994): Couldn't get kernel wake lock stats
08-19 14:19:45.427 I/EntropyMixer(26994): Writing entropy...
08-19 14:19:45.490 I/cmd     ( 1122): oneway function results will be dropped but finished with status OK and parcel size 4
08-19 14:19:45.819 W/Thread-21( 6397): type=1400 audit(0.0:1643214): avc: denied { read } for name="devices" dev="proc" ino=4026532038 scontext=u:r:untrusted_app_27:s0:c512,c768 tcontext=u:object_r:proc:s0 tclass=file permissive=0 app=com.tmri.app.main
08-19 14:19:46.271 W/Thread-110(26994): type=1400 audit(0.0:1643215): avc: granted { open } for path="/dev/ashmem" dev="tmpfs" ino=1135 scontext=u:r:untrusted_app_27:s0:c32,c257,c512,c768 tcontext=u:object_r:ashmem_device:s0 tclass=chr_file app=com.vmos.app
08-19 14:19:46.425 I/cmd     ( 1170): oneway function results will be dropped but finished with status OK and parcel size 4
08-19 14:19:46.730 I/MiuiNetworkPolicy( 1783): bandwidth: 0 KB/s, Max bandwidth: 4964 KB/s
08-19 14:19:46.831 W/Thread-21( 6397): type=1400 audit(0.0:1643216): avc: denied { read } for name="devices" dev="proc" ino=4026532038 scontext=u:r:untrusted_app_27:s0:c512,c768 tcontext=u:object_r:proc:s0 tclass=file permissive=0 app=com.tmri.app.main
08-19 14:19:46.879 I/cmd     ( 1194): oneway function results will be dropped but finished with status OK and parcel size 4
08-19 14:19:47.201 I/cmd     ( 1201): oneway function results will be dropped but finished with status OK and parcel size 4
08-19 14:19:47.327 I/cmd     ( 1205): oneway function results will be dropped but finished with status OK and parcel size 4
08-19 14:19:47.665 I/cmd     ( 1213): oneway function results will be dropped but finished with status OK and parcel size 4
08-19 14:19:47.792 I/cmd     ( 1217): oneway function results will be dropped but finished with status OK and parcel size 4
08-19 14:19:47.831 W/Thread-21( 6397): type=1400 audit(0.0:1643217): avc: denied { read } for name="devices" dev="proc" ino=4026532038 scontext=u:r:untrusted_app_27:s0:c512,c768 tcontext=u:object_r:proc:s0 tclass=file permissive=0 app=com.tmri.app.main
08-19 14:19:48.223 I/cmd     ( 1233): oneway function results will be dropped but finished with status OK and parcel size 4
08-19 14:19:48.443 D/MiuiNetworkPolicy( 1783): updateLimit mLimitEnabled=true,enabled=false,mNetworkPriorityMode=1
08-19 14:19:48.562 I/cmd     ( 1237): oneway function results will be dropped but finished with status OK and parcel size 4
08-19 14:19:48.839 W/Thread-21( 6397): type=1400 audit(0.0:1643218): avc: denied { read } for name="devices" dev="proc" ino=4026532038 scontext=u:r:untrusted_app_27:s0:c512,c768 tcontext=u:object_r:proc:s0 tclass=file permissive=0 app=com.tmri.app.main
08-19 14:19:49.010 I/cmd     ( 1274): oneway function results will be dropped but finished with status OK and parcel size 4
08-19 14:19:49.083 E/AggregateListener( 4836): notification text&title is null, key = 0|com.tencent.mtt|83|null|10252
08-19 14:19:49.267 E/WifiStateMachine(26994): WifiStateMachine CMD_START_SCAN source -2 txSuccessRate=-0.00 rxSuccessRate=-0.00 targetRoamBSSID=any RSSI=-45
08-19 14:19:49.290 V/onNotificationPostedCallBack( 4989): flags=610
08-19 14:19:49.290 D/IMReply:Notif( 3982): onNotificationPosted before sbn = 83
08-19 14:19:49.290 V/n       ( 4989): ret=1
08-19 14:19:49.290 V/onNotificationPostedCallBack( 4989): 2flags=610
08-19 14:19:49.295 D/InterruptionStateProvider( 2677): No bubble up: not allowed to bubble: 0|com.tencent.mtt|83|null|10252
08-19 14:19:49.296 D/InterruptionStateProvider( 2677): No heads up: unimportant notification: 0|com.tencent.mtt|83|null|10252
08-19 14:19:49.296 D/IMReply:Notif( 3982): onNotificationPosted onNotificationRemoved sbn = 83
08-19 14:19:49.300 W/AsyncLayoutInflater( 2677): Failed to inflate resource in the background! Retrying on the UI thread
08-19 14:19:49.300 W/AsyncLayoutInflater( 2677): android.view.InflateException: Binary XML file line #33 in com.android.systemui:layout/status_bar_notification_row: Animators may only be run on Looper threads
08-19 14:19:49.300 W/AsyncLayoutInflater( 2677): Caused by: android.util.AndroidRuntimeException: Animators may only be run on Looper threads
08-19 14:19:49.300 W/AsyncLayoutInflater( 2677): 	at android.animation.AnimatorSet.start(AnimatorSet.java:705)
08-19 14:19:49.300 W/AsyncLayoutInflater( 2677): 	at android.animation.AnimatorSet.start(AnimatorSet.java:684)
08-19 14:19:49.300 W/AsyncLayoutInflater( 2677): 	at android.animation.StateListAnimator.start(StateListAnimator.java:188)
08-19 14:19:49.300 W/AsyncLayoutInflater( 2677): 	at android.animation.StateListAnimator.setState(StateListAnimator.java:181)
08-19 14:19:49.300 W/AsyncLayoutInflater( 2677): 	at android.view.View.drawableStateChanged(View.java:23521)
08-19 14:19:49.300 W/AsyncLayoutInflater( 2677): 	at android.widget.TextView.drawableStateChanged(TextView.java:5853)
08-19 14:19:49.300 W/AsyncLayoutInflater( 2677): 	at android.view.View.originalRefreshDrawableState(View.java:23594)
08-19 14:19:49.300 W/AsyncLayoutInflater( 2677): 	at android.view.View$14.refreshDrawableState(View.java:30912)
08-19 14:19:49.300 W/AsyncLayoutInflater( 2677): 	at com.miui.internal.variable.v21.Android_View_View_class.callOriginalRefreshDrawableState(Android_View_View_class.java:61)
08-19 14:19:49.300 W/AsyncLayoutInflater( 2677): 	at com.miui.internal.variable.v16.Android_View_View_class_common.handleRefreshDrawableState(Android_View_View_class_common.java:90)
08-19 14:19:49.300 W/AsyncLayoutInflater( 2677): 	at com.miui.internal.variable.v21.Android_View_View_class.access$000(Android_View_View_class.java:22)
08-19 14:19:49.300 W/AsyncLayoutInflater( 2677): 	at com.miui.internal.variable.v21.Android_View_View_class$1.refreshDrawableState(Android_View_View_class.java:88)
08-19 14:19:49.300 W/AsyncLayoutInflater( 2677): 	at android.view.View.refreshDrawableState(View.java:23585)
08-19 14:19:49.300 W/AsyncLayoutInflater( 2677): 	at com.miui.internal.util.TaggingDrawableHelper.tagView(TaggingDrawableHelper.java:203)
08-19 14:19:49.300 W/AsyncLayoutInflater( 2677): 	at com.miui.internal.util.TaggingDrawableHelper.tagChildSequenceState(TaggingDrawableHelper.java:59)
08-19 14:19:49.300 W/AsyncLayoutInflater( 2677): 	at com.miui.internal.variable.v16.Android_View_ViewGroup_class.handleAddInArray(Android_View_ViewGroup_class.java:96)
08-19 14:19:49.300 W/AsyncLayoutInflater( 2677): 	at com.miui.internal.variable.v21.Android_View_ViewGroup_class.access$000(Android_View_ViewGroup_class.java:23)
08-19 14:19:49.300 W/AsyncLayoutInflater( 2677): 	at com.miui.internal.variable.v21.Android_View_ViewGroup_class$1.addInArray(Android_View_ViewGroup_class.java:171)
08-19 14:19:49.300 W/AsyncLayoutInflater( 2677): 	at android.view.ViewGroup.addInArray(ViewGroup.java:5380)
08-19 14:19:49.300 W/AsyncLayoutInflater( 2677): 	at android.view.ViewGroup.addViewInner(ViewGroup.java:5295)
08-19 14:19:49.300 W/AsyncLayoutInflater( 2677): 	at android.view.ViewGroup.addView(ViewGroup.java:5102)
08-19 14:19:49.300 W/AsyncLayoutInflater( 2677): 	at android.view.ViewGroup.addView(ViewGroup.java:5071)
08-19 14:19:49.300 W/AsyncLayoutInflater( 2677): 	at android.view.LayoutInflater.rInflate(LayoutInflater.java:1129)
08-19 14:19:49.300 W/AsyncLayoutInflater( 2677): 	at android.view.LayoutInflater.rInflateChildren(LayoutInflater.java:1086)
08-19 14:19:49.300 W/AsyncLayoutInflater( 2677): 	at android.view.LayoutInflater.inflate(LayoutInflater.java:684)
08-19 14:19:49.300 W/AsyncLayoutInflater( 2677): 	at android.view.LayoutInflater.inflate(LayoutInflater.java:536)
08-19 14:19:49.300 W/AsyncLayoutInflater( 2677): 	at androidx.asynclayoutinflater.view.AsyncLayoutInflater$InflateThread.runInner(AsyncLayoutInflater.java:189)
08-19 14:19:49.300 W/AsyncLayoutInflater( 2677): 	at androidx.asynclayoutinflater.view.AsyncLayoutInflater$InflateThread.run(AsyncLayoutInflater.java:203)
08-19 14:19:49.330 D/NotifBadge( 2677): update app badge num: com.tencent.mtt/,num=0,isAllowed=true,userId=0
08-19 14:19:49.331 W/ActivityManager( 1783): Sending non-protected broadcast android.intent.action.APPLICATION_MESSAGE_UPDATE from system 2677:com.android.systemui/1000 pkg com.android.systemui. Callers=
08-19 14:19:49.332 I/Launcher.ApplicationsMessage( 3002): onReceive true
08-19 14:19:49.332 I/Launcher.ApplicationsMessage( 3002): update com.tencent.mtt/ to null
08-19 14:19:49.733 I/MiuiNetworkPolicy( 1783): bandwidth: 0 KB/s, Max bandwidth: 4964 KB/s
08-19 14:19:49.771 W/Thread-89(26994): type=1400 audit(0.0:1643219): avc: granted { open } for path="/dev/ashmem" dev="tmpfs" ino=1135 scontext=u:r:untrusted_app_27:s0:c32,c257,c512,c768 tcontext=u:object_r:ashmem_device:s0 tclass=chr_file app=com.vmos.app
08-19 14:19:49.873 I/cmd     ( 1362): oneway function results will be dropped but finished with status OK and parcel size 4
08-19 14:19:49.879 W/Thread-21( 6397): type=1400 audit(0.0:1643220): avc: denied { read } for name="devices" dev="proc" ino=4026532038 scontext=u:r:untrusted_app_27:s0:c512,c768 tcontext=u:object_r:proc:s0 tclass=file permissive=0 app=com.tmri.app.main
08-19 14:19:49.998 I/cmd     ( 1413): oneway function results will be dropped but finished with status OK and parcel size 4
08-19 14:19:50.304 D/NotifBadge( 2677): update app badge num: com.tencent.mtt/,num=0,isAllowed=true,userId=0
08-19 14:19:50.305 W/ActivityManager( 1783): Sending non-protected broadcast android.intent.action.APPLICATION_MESSAGE_UPDATE from system 2677:com.android.systemui/1000 pkg com.android.systemui. Callers=
08-19 14:19:50.306 I/Launcher.ApplicationsMessage( 3002): onReceive true
08-19 14:19:50.306 I/Launcher.ApplicationsMessage( 3002): update com.tencent.mtt/ to null
08-19 14:19:50.338 I/cmd     ( 1516): oneway function results will be dropped but finished with status OK and parcel size 4
08-19 14:19:50.758 D/AppOpsAdapter(11833): using permission notify! 32 , groundState 0
08-19 14:19:50.919 W/Thread-21( 6397): type=1400 audit(0.0:1643221): avc: denied { read } for name="devices" dev="proc" ino=4026532038 scontext=u:r:untrusted_app_27:s0:c512,c768 tcontext=u:object_r:proc:s0 tclass=file permissive=0 app=com.tmri.app.main
08-19 14:19:51.155 I/TeaLog  (26302): p worked:true 60000
08-19 14:19:51.250 I/TeaLog  (26302): s0 0
08-19 14:19:51.250 I/TeaLog  (26302): s worked:true 60000
08-19 14:19:51.265 I/cmd     ( 1598): oneway function results will be dropped but finished with status OK and parcel size 4
08-19 14:19:51.299 W/Thread-110(26994): type=1400 audit(0.0:1643222): avc: granted { open } for path="/dev/ashmem" dev="tmpfs" ino=1135 scontext=u:r:untrusted_app_27:s0:c32,c257,c512,c768 tcontext=u:object_r:ashmem_device:s0 tclass=chr_file app=com.vmos.app
08-19 14:19:51.890 I/cmd     ( 1649): oneway function results will be dropped but finished with status OK and parcel size 4
08-19 14:19:51.939 W/Thread-21( 6397): type=1400 audit(0.0:1643223): avc: denied { read } for name="devices" dev="proc" ino=4026532038 scontext=u:r:untrusted_app_27:s0:c512,c768 tcontext=u:object_r:proc:s0 tclass=file permissive=0 app=com.tmri.app.main
08-19 14:19:52.659 I/cmd     ( 1713): oneway function results will be dropped but finished with status OK and parcel size 4
08-19 14:19:52.738 I/MiuiNetworkPolicy( 1783): bandwidth: 0 KB/s, Max bandwidth: 4964 KB/s
08-19 14:19:52.947 W/Thread-21( 6397): type=1400 audit(0.0:1643224): avc: denied { read } for name="devices" dev="proc" ino=4026532038 scontext=u:r:untrusted_app_27:s0:c512,c768 tcontext=u:object_r:proc:s0 tclass=file permissive=0 app=com.tmri.app.main
08-19 14:19:53.102 I/cmd     ( 1726): oneway function results will be dropped but finished with status OK and parcel size 4
08-19 14:19:53.262 I/cmd     ( 1736): oneway function results will be dropped but finished with status OK and parcel size 4
08-19 14:19:53.452 D/MiuiNetworkPolicy( 1783): updateLimit mLimitEnabled=false,enabled=true,mNetworkPriorityMode=1
08-19 14:19:53.616 I/cmd     ( 1756): oneway function results will be dropped but finished with status OK and parcel size 4
08-19 14:19:53.619 I/BatteryInfoReceiver( 4989): ACTION_BATTERY_CHANGED
08-19 14:19:53.620 D/KeyguardUpdateMonitor( 2677): received broadcast android.intent.action.BATTERY_CHANGED
