08-19 14:16:58.050 E/s_filter(26302): onReceiver registerReceiver socketBean:{"action":1,"action_id":1,"method":1}  receiverAction:com.common.mysocket.server.SocketServerManager$1$1@6957502
08-19 14:16:58.051 E/SocketClientManager(26994): registerAction action == 5  ReceiverListener:com.vmos.vmosservice.record.utils.RecordUtil$1@60621ca
08-19 14:16:58.053 I/FFmpegExtractor(26922): android-source:0xe7254680
08-19 14:16:58.062 E/c_filter(26994): onReceiver registerReceiver socketBean:{"action":5,"action_id":5,"method":1}  receiverAction:com.vmos.vmosservice.record.utils.RecordUtil$1@60621ca
08-19 14:16:58.065 I/FFMPEG  (26922): Input #0, ogg, from 'android-source:0xe7254680':
08-19 14:16:58.065 I/FFMPEG  (26922):   Duration: 00:00:00.11, start: 0.000000, bitrate: 431 kb/s
08-19 14:16:58.065 I/FFMPEG  (26922):     Stream #0:0: Audio: vorbis, 48000 Hz, mono, fltp, 140 kb/s
08-19 14:16:58.065 D/FFmpegExtractor(26922): FFmpegExtrator, url: android-source:0xe7254680, format_name: ogg, format_long_name: Ogg
08-19 14:16:58.066 I/cmd     (27525): oneway function results will be dropped but finished with status OK and parcel size 4
08-19 14:16:58.066 I/FFmpegExtractor(26922): adjust mime(application/ogg -> audio/vorbis)
08-19 14:16:58.066 D/FFmpegExtractor(26922): suppoted codec(vorbis) by official Stagefright
08-19 14:16:58.066 D/FFmpegExtractor(26922): ffmpeg detected media content as 'audio/vorbis' with confidence 0.08
08-19 14:16:58.071 E/SocketClientManager(26994): registerAction action == 65524  ReceiverListener:com.vmos.vmosservice.record.utils.RecordUtil$2@34cd1da0
08-19 14:16:58.071 E/c_filter(26994): onReceiver registerReceiver socketBean:{"action":65524,"action_id":65524,"method":1}  receiverAction:com.vmos.vmosservice.record.utils.RecordUtil$2@34cd1da0
08-19 14:16:58.071 E/SocketClientManager(26994): registerAction action == 65522  ReceiverListener:com.vmos.vmosservice.record.utils.RecordUtil$3@1f0f7d1e
08-19 14:16:58.071 E/c_filter(26994): onReceiver registerReceiver socketBean:{"action":65522,"action_id":65522,"method":1}  receiverAction:com.vmos.vmosservice.record.utils.RecordUtil$3@1f0f7d1e
08-19 14:16:58.072 W/ContextImpl(26994): Calling a method in the system process without a qualified user: android.app.ContextImpl.startService:1711 android.content.ContextWrapper.startService:516 com.vmos.vmosservice.MyApplication.startWindowService:154 com.vmos.vmosservice.MyApplication.onCreate:100 android.app.Instrumentation.callApplicationOnCreate:1012 
08-19 14:16:58.072 D/StrictMode(27445): StrictMode policy violation; ~duration=14 ms: android.os.StrictMode$StrictModeDiskReadViolation: policy=31 violation=2
08-19 14:16:58.072 D/StrictMode(27445): 	at android.os.StrictMode$AndroidBlockGuardPolicy.onReadFromDisk(StrictMode.java:1137)
08-19 14:16:58.072 D/StrictMode(27445): 	at libcore.io.BlockGuardOs.stat(BlockGuardOs.java:292)
08-19 14:16:58.072 D/StrictMode(27445): 	at java.io.File.lastModified(File.java:571)
08-19 14:16:58.072 D/StrictMode(27445): 	at android.content.res.XResources.isFirstLoad(XResources.java:115)
08-19 14:16:58.072 D/StrictMode(27445): 	at de.robv.android.xposed.XposedInit.cloneToXResources(XposedInit.java:396)
08-19 14:16:58.072 D/StrictMode(27445): 	at de.robv.android.xposed.XposedInit.access$100(XposedInit.java:63)
08-19 14:16:58.072 D/StrictMode(27445): 	at de.robv.android.xposed.XposedInit$9.afterHookedMethod(XposedInit.java:326)
08-19 14:16:58.072 D/StrictMode(27445): 	at de.robv.android.xposed.XposedBridge.handleHookedMethod(XposedBridge.java:374)
08-19 14:16:58.072 D/StrictMode(27445): 	at android.app.ResourcesManager.getTopLevelResources(<Xposed>)
08-19 14:16:58.072 D/StrictMode(27445): 	at android.app.ActivityThread.getTopLevelResources(ActivityThread.java:1650)
08-19 14:16:58.072 D/StrictMode(27445): 	at android.app.LoadedApk.getResources(LoadedApk.java:535)
08-19 14:16:58.072 D/StrictMode(27445): 	at android.app.ContextImpl.<init>(ContextImpl.java:2306)
08-19 14:16:58.072 D/StrictMode(27445): 	at android.app.ContextImpl.createPackageContextAsUser(ContextImpl.java:2183)
08-19 14:16:58.072 D/StrictMode(27445): 	at android.app.ContextImpl.createPackageContext(ContextImpl.java:2167)
08-19 14:16:58.072 D/StrictMode(27445): 	at android.content.ContextWrapper.createPackageContext(ContextWrapper.java:671)
08-19 14:16:58.072 D/StrictMode(27445): 	at android.app.ActivityThread.installProvider(ActivityThread.java:4972)
08-19 14:16:58.072 D/StrictMode(27445): 	at android.app.ActivityThread.installContentProviders(ActivityThread.java:4594)
08-19 14:16:58.072 D/StrictMode(27445): 	at android.app.ActivityThread.handleBindApplication(ActivityThread.java:4534)
08-19 14:16:58.072 D/StrictMode(27445): 	at de.robv.android.xposed.XposedBridge.invokeOriginalMethodNative(Native Method)
08-19 14:16:58.072 D/StrictMode(27445): 	at de.robv.android.xposed.XposedBridge.handleHookedMethod(XposedBridge.java:360)
08-19 14:16:58.072 D/StrictMode(27445): 	at android.app.ActivityThread.handleBindApplication(<Xposed>)
08-19 14:16:58.072 D/StrictMode(27445): 	at android.app.ActivityThread.access$1500(ActivityThread.java:151)
08-19 14:16:58.072 D/StrictMode(27445): 	at android.app.ActivityThread$H.handleMessage(ActivityThread.java:1364)
08-19 14:16:58.072 D/StrictMode(27445): 	at android.os.Handler.dispatchMessage(Handler.java:102)
08-19 14:16:58.072 D/StrictMode(27445): 	at android.os.Looper.loop(Looper.java:135)
08-19 14:16:58.072 D/StrictMode(27445): 	at android.app.ActivityThread.main(ActivityThread.java:5254)
08-19 14:16:58.072 D/StrictMode(27445): 	at java.lang.reflect.Method.invoke(Native Method)
08-19 14:16:58.072 D/StrictMode(27445): 	at java.lang.reflect.Method.invoke(Method.java:372)
08-19 14:16:58.072 D/StrictMode(27445): 	at com.android.internal.os.ZygoteInit$MethodAndArgsCaller.run(ZygoteInit.java:1100)
08-19 14:16:58.072 D/StrictMode(27445): 	at com.android.internal.os.ZygoteInit.main(ZygoteInit.java:875)
08-19 14:16:58.072 D/StrictMode(27445): 	at de.robv.android.xposed.XposedBridge.main(XposedBridge.java:107)
08-19 14:16:58.073 W/ContextImpl(26994): Calling a method in the system process without a qualified user: android.app.ContextImpl.startService:1711 android.content.ContextWrapper.startService:516 com.vmos.vmosservice.MyApplication.startGetResourceService:159 com.vmos.vmosservice.MyApplication.onCreate:101 android.app.Instrumentation.callApplicationOnCreate:1012 
08-19 14:16:58.074 D/NuPlayerDriver(26922): start(0xe7255f00)
08-19 14:16:58.074 I/GenericSource(26922): start
08-19 14:16:58.075 E/SocketClientManager(26994): registerAction action == 10  ReceiverListener:com.vmos.vmosservice.RegisterActionManager$1@3b7d00b8
08-19 14:16:58.075 E/c_filter(26994): onReceiver registerReceiver socketBean:{"action":10,"action_id":10,"method":1}  receiverAction:com.vmos.vmosservice.RegisterActionManager$1@3b7d00b8
08-19 14:16:58.075 E/SocketClientManager(26994): registerAction action == 10005  ReceiverListener:com.vmos.vmosservice.RegisterActionManager$2@215d7064
08-19 14:16:58.080 D/NuPlayerDriver(26922): reset(0xe7255d80)
08-19 14:16:58.080 E/c_filter(26994): onReceiver registerReceiver socketBean:{"action":10005,"action_id":10005,"method":1}  receiverAction:com.vmos.vmosservice.RegisterActionManager$2@215d7064
08-19 14:16:58.080 W/ResourceType(27244): No package identifier when getting value for resource number 0x00000000
08-19 14:16:58.080 W/PackageManager(27244): Failure retrieving resources for mark.via: Resource ID #0x0
08-19 14:16:58.080 E/SocketClientManager(26994): registerAction action == 2  ReceiverListener:com.vmos.vmosservice.RegisterActionManager$3@3d720e93
08-19 14:16:58.081 E/c_filter(26994): onReceiver registerReceiver socketBean:{"action":2,"action_id":2,"method":1}  receiverAction:com.vmos.vmosservice.RegisterActionManager$3@3d720e93
08-19 14:16:58.081 E/SocketClientManager(26994): registerAction action == 1027  ReceiverListener:com.vmos.vmosservice.RegisterActionManager$4@392369ce
08-19 14:16:58.081 E/c_filter(26994): onReceiver registerReceiver socketBean:{"action":1027,"action_id":1027,"method":1}  receiverAction:com.vmos.vmosservice.RegisterActionManager$4@392369ce
08-19 14:16:58.082 E/SocketClientManager(26994): registerAction action == 1028  ReceiverListener:com.vmos.vmosservice.RegisterActionManager$5@216467fc
08-19 14:16:58.082 E/c_filter(26994): onReceiver registerReceiver socketBean:{"action":1028,"action_id":1028,"method":1}  receiverAction:com.vmos.vmosservice.RegisterActionManager$5@216467fc
08-19 14:16:58.082 D/NuPlayerDriver(26922): notifyResetComplete(0xe7255d80)
08-19 14:16:58.082 E/SocketClientManager(26994): registerAction action == 13  ReceiverListener:com.vmos.vmosservice.RegisterActionManager$6@56abd0b
08-19 14:16:58.082 E/c_filter(26994): onReceiver registerReceiver socketBean:{"action":13,"action_id":13,"method":1}  receiverAction:com.vmos.vmosservice.RegisterActionManager$6@56abd0b
08-19 14:16:58.082 E/SocketClientManager(26994): registerAction action == 10012  ReceiverListener:com.vmos.vmosservice.RegisterActionManager$7@39523e01
08-19 14:16:58.082 E/c_filter(26994): onReceiver registerReceiver socketBean:{"action":10012,"action_id":10012,"method":1}  receiverAction:com.vmos.vmosservice.RegisterActionManager$7@39523e01
08-19 14:16:58.082 E/SocketClientManager(26994): registerAction action == 10015  ReceiverListener:com.vmos.vmosservice.RegisterActionManager$8@e861ee7
08-19 14:16:58.082 E/c_filter(26994): onReceiver registerReceiver socketBean:{"action":10015,"action_id":10015,"method":1}  receiverAction:com.vmos.vmosservice.RegisterActionManager$8@e861ee7
08-19 14:16:58.083 E/SocketClientManager(26994): registerAction action == 20002  ReceiverListener:com.vmos.vmosservice.RegisterActionManager$9@13a3b93d
08-19 14:16:58.083 E/c_filter(26994): onReceiver registerReceiver socketBean:{"action":20002,"action_id":20002,"method":1}  receiverAction:com.vmos.vmosservice.RegisterActionManager$9@13a3b93d
08-19 14:16:58.083 E/SocketClientManager(26994): registerAction action == 612  ReceiverListener:com.lebo.socketlisten.ListenOnTopActivity$1@120bc283
08-19 14:16:58.083 E/c_filter(26994): onReceiver registerReceiver socketBean:{"action":612,"action_id":612,"method":1}  receiverAction:com.lebo.socketlisten.ListenOnTopActivity$1@120bc283
08-19 14:16:58.084 W/ContextImpl(26994): Calling a method in the system process without a qualified user: android.app.ContextImpl.startService:1711 android.content.ContextWrapper.startService:516 com.vmos.vmosservice.MyApplication.startLeboServie:164 com.vmos.vmosservice.MyApplication.onCreate:106 android.app.Instrumentation.callApplicationOnCreate:1012 
08-19 14:16:58.084 E/SocketClientManager(26994): registerAction action == 508  ReceiverListener:com.lebo.socketlisten.LeboLinkUtils$1@623e27e
08-19 14:16:58.084 E/c_filter(26994): onReceiver registerReceiver socketBean:{"action":508,"action_id":508,"method":1}  receiverAction:com.lebo.socketlisten.LeboLinkUtils$1@623e27e
08-19 14:16:58.084 E/SocketClientManager(26994): registerAction action == 602  ReceiverListener:com.lebo.socketlisten.LeboLinkUtils$2@3e8fc82c
08-19 14:16:58.084 E/c_filter(26994): onReceiver registerReceiver socketBean:{"action":602,"action_id":602,"method":1}  receiverAction:com.lebo.socketlisten.LeboLinkUtils$2@3e8fc82c
08-19 14:16:58.084 E/SocketClientManager(26994): registerAction action == 604  ReceiverListener:com.lebo.socketlisten.LeboLinkUtils$3@3728fefb
08-19 14:16:58.085 E/c_filter(26994): onReceiver registerReceiver socketBean:{"action":604,"action_id":604,"method":1}  receiverAction:com.lebo.socketlisten.LeboLinkUtils$3@3728fefb
08-19 14:16:58.085 E/SocketClientManager(26994): registerAction action == 603  ReceiverListener:com.lebo.socketlisten.LeboLinkUtils$4@2de5a971
08-19 14:16:58.085 E/c_filter(26994): onReceiver registerReceiver socketBean:{"action":603,"action_id":603,"method":1}  receiverAction:com.lebo.socketlisten.LeboLinkUtils$4@2de5a971
08-19 14:16:58.085 E/SocketClientManager(26994): registerAction action == 605  ReceiverListener:com.lebo.socketlisten.LeboLinkUtils$5@2a7e8fd7
08-19 14:16:58.085 E/c_filter(26994): onReceiver registerReceiver socketBean:{"action":605,"action_id":605,"method":1}  receiverAction:com.lebo.socketlisten.LeboLinkUtils$5@2a7e8fd7
08-19 14:16:58.085 E/SocketClientManager(26994): registerAction action == 606  ReceiverListener:com.lebo.socketlisten.LeboLinkUtils$6@185a6bad
08-19 14:16:58.085 E/c_filter(26994): onReceiver registerReceiver socketBean:{"action":606,"action_id":606,"method":1}  receiverAction:com.lebo.socketlisten.LeboLinkUtils$6@185a6bad
08-19 14:16:58.085 E/SocketClientManager(26994): registerAction action == 608  ReceiverListener:com.lebo.socketlisten.LeboLinkUtils$7@33325273
08-19 14:16:58.086 I/FFmpegExtractor(26922): android-source:0xe7254a80
08-19 14:16:58.087 I/OMX-VDEC-1080P( 1377): set_frame_rate: the current time is 141658
08-19 14:16:58.087 I/OMX-VDEC-1080P( 1377): set_frame_rate: the current time is 141658
08-19 14:16:58.088 E/c_filter(26994): onReceiver registerReceiver socketBean:{"action":608,"action_id":608,"method":1}  receiverAction:com.lebo.socketlisten.LeboLinkUtils$7@33325273
08-19 14:16:58.089 I/FFMPEG  (26922): Input #0, ogg, from 'android-source:0xe7254a80':
08-19 14:16:58.089 I/FFMPEG  (26922):   Duration: 00:00:00.08, start: 0.000000, bitrate: 571 kb/s
08-19 14:16:58.089 I/FFMPEG  (26922):     Stream #0:0: Audio: vorbis, 48000 Hz, stereo, fltp, 160 kb/s
08-19 14:16:58.090 D/FFmpegExtractor(26922): FFmpegExtrator, url: android-source:0xe7254a80, format_name: ogg, format_long_name: Ogg
08-19 14:16:58.090 I/FFmpegExtractor(26922): adjust mime(application/ogg -> audio/vorbis)
08-19 14:16:58.090 D/FFmpegExtractor(26922): suppoted codec(vorbis) by official Stagefright
08-19 14:16:58.090 D/FFmpegExtractor(26922): ffmpeg detected media content as 'audio/vorbis' with confidence 0.08
08-19 14:16:58.091 D/NuPlayerDriver(26922): reset(0xe7255f00)
08-19 14:16:58.093 E/SocketClientManager(26994): registerAction action == 607  ReceiverListener:com.lebo.socketlisten.LeboLinkUtils$8@c55a2cf
08-19 14:16:58.093 E/c_filter(26994): onReceiver registerReceiver socketBean:{"action":607,"action_id":607,"method":1}  receiverAction:com.lebo.socketlisten.LeboLinkUtils$8@c55a2cf
08-19 14:16:58.094 E/SocketClientManager(26994): registerAction action == 601  ReceiverListener:com.lebo.socketlisten.LeboLinkUtils$9@bea6365
08-19 14:16:58.094 E/c_filter(26994): onReceiver registerReceiver socketBean:{"action":601,"action_id":601,"method":1}  receiverAction:com.lebo.socketlisten.LeboLinkUtils$9@bea6365
08-19 14:16:58.094 E/SocketClientManager(26994): registerAction action == 611  ReceiverListener:com.lebo.socketlisten.LeboLinkUtils$10@26b39ceb
08-19 14:16:58.094 E/c_filter(26994): onReceiver registerReceiver socketBean:{"action":611,"action_id":611,"method":1}  receiverAction:com.lebo.socketlisten.LeboLinkUtils$10@26b39ceb
08-19 14:16:58.095 E/SocketClientManager(26994): registerAction action == 613  ReceiverListener:com.lebo.socketlisten.LeboLinkUtils$11@22a2d0e1
08-19 14:16:58.095 E/c_filter(26994): onReceiver registerReceiver socketBean:{"action":613,"action_id":613,"method":1}  receiverAction:com.lebo.socketlisten.LeboLinkUtils$11@22a2d0e1
08-19 14:16:58.097 D/NuPlayerDriver(26922): notifyResetComplete(0xe7255f00)
08-19 14:16:58.100 D/NuPlayerDriver(26922): start(0xe7255d80)
08-19 14:16:58.100 I/GenericSource(26922): start
08-19 14:16:58.103 I/FFmpegExtractor(26922): android-source:0xe7254700
08-19 14:16:58.108 D/TelephonyProvider(27331): dbh.onOpen: ok, queried table=siminfo
08-19 14:16:58.108 W/ResourcesManager(26994): Asset path '/system/framework/com.android.location.provider.jar' does not exist or contains no resources.
08-19 14:16:58.109 D/TelephonyProvider(27331): dbh.onOpen: ok, queried table=carriers
08-19 14:16:58.110 I/FFMPEG  (26922): Input #0, ogg, from 'android-source:0xe7254700':
08-19 14:16:58.110 I/FFMPEG  (26922):   Duration: 00:00:00.11, start: 0.000000, bitrate: 440 kb/s
08-19 14:16:58.110 I/FFMPEG  (26922):     Stream #0:0: Audio: vorbis, 48000 Hz, mono, fltp, 140 kb/s
08-19 14:16:58.110 D/FFmpegExtractor(26922): FFmpegExtrator, url: android-source:0xe7254700, format_name: ogg, format_long_name: Ogg
08-19 14:16:58.111 I/FFmpegExtractor(26922): adjust mime(application/ogg -> audio/vorbis)
08-19 14:16:58.111 D/FFmpegExtractor(26922): suppoted codec(vorbis) by official Stagefright
08-19 14:16:58.111 D/FFmpegExtractor(26922): ffmpeg detected media content as 'audio/vorbis' with confidence 0.08
08-19 14:16:58.112 I/ContactLocale(27445): AddressBook Labels [zh-CN]: [, A, B, C, D, E, F, G, H, I, J, K, L, M, N, O, P, Q, R, S, T, U, V, W, X, Y, Z, Α, Β, Γ, Δ, Ε, Ζ, Η, Θ, Ι, Κ, Λ, Μ, Ν, Ξ, Ο, Π, Ρ, Σ, Τ, Υ, Φ, Χ, Ψ, Ω, , А, Б, В, Г, Д, Ђ, Е, Є, Ж, З, И, І, Ї, Й, Ј, К, Л, Љ, М, Н, Њ, О, П, Р, С, Т, Ћ, У, Ф, Х, Ц, Ч, Џ, Ш, Щ, Ю, Я, , א, ב, ג, ד, ה, ו, ז, ח, ט, י, כ, ל, מ, נ, ס, ע, פ, צ, ק, ר, ש, ת, , ا, ب, ت, ث, ج, ح, خ, د, ذ, ر, ز, س, ش, ص, ض, ط, ظ, ع, غ, ف, ق, ك, ل, م, ن, ه, و, ي, , ก, ข, ฃ, ค, ฅ, ฆ, ง, จ, ฉ, ช, ซ, ฌ, ญ, ฎ, ฏ, ฐ, ฑ, ฒ, ณ, ด, ต, ถ, ท, ธ, น, บ, ป, ผ, ฝ, พ, ฟ, ภ, ม, ย, ร, ฤ, ล, ฦ, ว, ศ, ษ, ส, ห, ฬ, อ, ฮ, , ㄱ, ㄴ, ㄷ, ㄹ, ㅁ, ㅂ, ㅅ, ㅇ, ㅈ, ㅊ, ㅋ, ㅌ, ㅍ, ㅎ, , あ, か, さ, た, な, は, ま, や, ら, わ, #, ]
08-19 14:16:58.115 D/NuPlayerDriver(26922): start(0xe7255f00)
08-19 14:16:58.115 I/GenericSource(26922): start
08-19 14:16:58.115 D/GpsNetInitiatedHandler(26994): location enabled :true
08-19 14:16:58.118 D/BluetoothManagerService(26994): Message: 300
08-19 14:16:58.118 D/BluetoothManagerService(26994): MESSAGE_USER_SWITCHED
08-19 14:16:58.124 D/NuPlayerDriver(26922): reset(0xe7255d80)
08-19 14:16:58.124 D/PermissionCache(26916): checking android.permission.HARDWARE_TEST for uid=1000 => granted (874 us)
08-19 14:16:58.129 D/NuPlayerDriver(26922): notifyResetComplete(0xe7255d80)
08-19 14:16:58.138 D/NuPlayerDriver(26922): reset(0xe7255f00)
08-19 14:16:58.140 D/NuPlayerDriver(26922): notifyResetComplete(0xe7255f00)
08-19 14:16:58.150 W/Searchables(26994): No global search activity found
08-19 14:16:58.166 D/GpsLocationProvider(26994): received SIM realted action: 
08-19 14:16:58.166 D/WifiController(26994): DEFERRED_TOGGLE handled
08-19 14:16:58.166 D/GpsLocationProvider(26994): SIM MCC/MNC is still not available
08-19 14:16:58.167 D/LocalLog.java(26994): SND -> {6 softap fwreload wlan0 STA}
08-19 14:16:58.167 I/OMX-VDEC-1080P( 1377): set_frame_rate: the current time is 141658
08-19 14:16:58.167 E/CommandListener(26798): SoftapCmd::runCommand argv[0]=softap
08-19 14:16:58.167 D/LocalLog.java(26994): RCV <- {214 6 Ok}
08-19 14:16:58.167 D/LocalLog.java(26994): SND -> {7 interface getcfg wlan0}
08-19 14:16:58.168 E/CommandListener(26798): InterfaceCmd::runCommand argv[0]=getcfg
08-19 14:16:58.168 D/LocalLog.java(26994): RCV <- {213 7 12:34:56:fe:a1:d8 0.0.0.0 0 down broadcast multicast}
08-19 14:16:58.169 D/LocalLog.java(26994): SND -> {8 interface setcfg wlan0 0.0.0.0 0 multicast broadcast down}
08-19 14:16:58.169 I/FFmpegExtractor(26922): android-source:0xe7254480
08-19 14:16:58.169 E/CommandListener(26798): InterfaceCmd::runCommand argv[0]=setcfg
08-19 14:16:58.169 D/CommandListener(26798): Setting iface cfg
08-19 14:16:58.169 D/CommandListener(26798): Trying to bring down wlan0
08-19 14:16:58.169 D/LocalLog.java(26994): RCV <- {200 8 Interface configuration set}
08-19 14:16:58.169 D/LocalLog.java(26994): SND -> {9 interface clearaddrs wlan0}
08-19 14:16:58.170 E/CommandListener(26798): InterfaceCmd::runCommand argv[0]=clearaddrs
08-19 14:16:58.170 D/CommandListener(26798): Clearing all IP addresses on wlan0
08-19 14:16:58.170 D/LocalLog.java(26994): RCV <- {200 9 Interface IP addresses cleared}
08-19 14:16:58.170 D/LocalLog.java(26994): SND -> {10 interface ipv6privacyextensions wlan0 enable}
08-19 14:16:58.170 E/CommandListener(26798): InterfaceCmd::runCommand argv[0]=ipv6privacyextensions
08-19 14:16:58.170 D/LocalLog.java(26994): RCV <- {200 10 IPv6 privacy extensions changed}
08-19 14:16:58.170 D/LocalLog.java(26994): SND -> {11 interface ipv6 wlan0 disable}
08-19 14:16:58.170 E/CommandListener(26798): InterfaceCmd::runCommand argv[0]=ipv6
08-19 14:16:58.170 D/LocalLog.java(26994): RCV <- {200 11 IPv6 state changed}
08-19 14:16:58.170 I/FFMPEG  (26922): Input #0, ogg, from 'android-source:0xe7254480':
08-19 14:16:58.170 I/FFMPEG  (26922):   Duration: 00:00:00.11, start: 0.000000, bitrate: 431 kb/s
08-19 14:16:58.170 E/WifiMonitor(26994): killSupplicant p2pfalse init.svc.wpa_supplicant=unknown init.svc.p2p_supplicant=unknown
08-19 14:16:58.171 I/FFMPEG  (26922):     Stream #0:0: Audio: vorbis, 48000 Hz, mono, fltp, 140 kb/s
08-19 14:16:58.171 D/FFmpegExtractor(26922): FFmpegExtrator, url: android-source:0xe7254480, format_name: ogg, format_long_name: Ogg
08-19 14:16:58.171 I/FFmpegExtractor(26922): adjust mime(application/ogg -> audio/vorbis)
08-19 14:16:58.171 D/FFmpegExtractor(26922): suppoted codec(vorbis) by official Stagefright
08-19 14:16:58.171 D/FFmpegExtractor(26922): ffmpeg detected media content as 'audio/vorbis' with confidence 0.08
08-19 14:16:58.171 D/WifiMonitor(26994): startMonitoring(wlan0) with mConnected = false
08-19 14:16:58.171 D/LocalLog.java(26994): p2p0: connectToSupplicant
08-19 14:16:58.171 E/DcSwitchStateMachine-0(27331): DctController is not ready
08-19 14:16:58.174 D/LocalLog.java(26994): wlan0: 0:IFNAME=wlan0 DRIVER MACADDR -> Macaddr = 12:34:56:fe:a1:d8
08-19 14:16:58.175 I/art     (27363): Background partial concurrent mark sweep GC freed 1434(191KB) AllocSpace objects, 2(32KB) LOS objects, 42% free, 1378KB/2MB, paused 8.067ms total 13.293ms
08-19 14:16:58.176 I/cmd     (27572): oneway function results will be dropped but finished with status OK and parcel size 4
08-19 14:16:58.177 D/LocalLog.java(26994): wlan0: 1:IFNAME=wlan0 SET update_config 1 -> true
08-19 14:16:58.178 D/WifiConfigStore(26994): Loading config and enabling all networks 
08-19 14:16:58.178 E/ConnectivityService(26994): Failed to find Messenger in unregisterNetworkFactory
08-19 14:16:58.178 D/NuPlayerDriver(26922): start(0xe7255d80)
08-19 14:16:58.178 I/GenericSource(26922): start
08-19 14:16:58.180 D/LocalLog.java(26994): wlan0: 2:IFNAME=wlan0 LIST_NETWORKS LAST_ID=-1 -> network id / ssid / bssid / flags
08-19 14:16:58.180 D/LocalLog.java(26994): 0	wifi	any
08-19 14:16:58.180 D/LocalLog.java(26994): WifiConfigStore: loadConfiguredNetworks:  
08-19 14:16:58.181 D/LocalLog.java(26994): network id / ssid / bssid / flags
08-19 14:16:58.182 D/LocalLog.java(26994): 0	wifi	any
08-19 14:16:58.182 E/WifiConfigStore(26994): Failed to look-up a string: WPA_RSN
08-19 14:16:58.183 D/LocalLog.java(26994): loaded configured network wifi 0 status=2 key="wifi"NONE
08-19 14:16:58.183 D/LocalLog.java(26994): wlan0: 3:IFNAME=wlan0 LIST_NETWORKS LAST_ID=0 -> network id / ssid / bssid / flags
08-19 14:16:58.183 D/LocalLog.java(26994): WifiConfigStore: loadConfiguredNetworks:  
08-19 14:16:58.183 D/LocalLog.java(26994): network id / ssid / bssid / flags
08-19 14:16:58.184 E/WifiConfigStore(26994): Error parsing configuration: java.io.FileNotFoundException: /data/misc/wifi/ipconfig.txt: open failed: ENOENT (No such file or directory)
08-19 14:16:58.184 D/LocalLog.java(26994): readNetworkHistory() path:/data/misc/wifi/networkHistory.txt
08-19 14:16:58.186 D/LocalLog.java(26994): loadConfiguredNetworks loaded 1 networks
08-19 14:16:58.186 D/LocalLog.java(26994): wlan0: 4:IFNAME=wlan0 SET device_name alioth -> true
08-19 14:16:58.186 D/LocalLog.java(26994): wlan0: 5:IFNAME=wlan0 SET manufacturer vmos -> true
08-19 14:16:58.186 D/LocalLog.java(26994): wlan0: 6:IFNAME=wlan0 SET model_name vmos -> true
08-19 14:16:58.187 D/LocalLog.java(26994): wlan0: 7:IFNAME=wlan0 SET model_number vmos -> true
08-19 14:16:58.187 D/LocalLog.java(26994): wlan0: 8:IFNAME=wlan0 SET serial_number a081d5df -> true
08-19 14:16:58.187 D/LocalLog.java(26994): wlan0: 9:IFNAME=wlan0 SET config_methods physical_display virtual_push_button -> true
08-19 14:16:58.187 D/LocalLog.java(26994): wlan0: 10:IFNAME=wlan0 SET device_type 10-0050F204-5 -> true
08-19 14:16:58.187 D/LocalLog.java(26994): wlan0: 11:IFNAME=wlan0 SCAN_INTERVAL 15 -> true
08-19 14:16:58.187 D/WifiNative-HAL(26994): Setting external_sim to 1
08-19 14:16:58.187 D/LocalLog.java(26994): wlan0: 12:IFNAME=wlan0 SET external_sim 1 -> true
08-19 14:16:58.187 D/WifiStateMachine(26994): Setting OUI to DA-A1-19
08-19 14:16:58.187 I/WifiNative-HAL(26994): startHal
08-19 14:16:58.187 E/wifi    (26994): getStaticLongField sWifiHalHandle 0xda543cac
08-19 14:16:58.187 D/wifi    (26994): halHandle = 0x0, mVM = 0xee3d8100, mCls = 0x1007d6
08-19 14:16:58.187 I/WifiNative-HAL(26994): Could not start hal
08-19 14:16:58.187 D/LocalLog.java(26994): wlan0: 13:IFNAME=wlan0 STA_AUTOCONNECT 0 -> true
08-19 14:16:58.188 D/LocalLog.java(26994): wlan0: 14:IFNAME=wlan0 DRIVER BTCOEXSCAN-STOP -> true
08-19 14:16:58.188 D/LocalLog.java(26994): wlan0: 15:IFNAME=wlan0 DRIVER RXFILTER-STOP -> true
08-19 14:16:58.188 D/LocalLog.java(26994): wlan0: 16:IFNAME=wlan0 DRIVER RXFILTER-ADD 3 -> true
08-19 14:16:58.188 D/LocalLog.java(26994): wlan0: 17:IFNAME=wlan0 DRIVER RXFILTER-START -> true
08-19 14:16:58.189 D/LocalLog.java(26994): wlan0: 18:IFNAME=wlan0 DRIVER RXFILTER-STOP -> true
08-19 14:16:58.189 D/LocalLog.java(26994): wlan0: 19:IFNAME=wlan0 DRIVER RXFILTER-REMOVE 2 -> true
08-19 14:16:58.189 D/LocalLog.java(26994): wlan0: 20:IFNAME=wlan0 DRIVER RXFILTER-START -> true
08-19 14:16:58.190 D/LocalLog.java(26994): wlan0: 21:IFNAME=wlan0 STATUS -> wpa_state=DISCONNECTED
08-19 14:16:58.190 I/WifiNative-HAL(26994): startHal
08-19 14:16:58.190 E/WifiStateMachine(26994): cancelDelayedScan -> 1
08-19 14:16:58.190 D/LocalLog.java(26994): wlan0: 22:IFNAME=wlan0 SET ps 1 -> true
08-19 14:16:58.190 D/LocalLog.java(26994): wlan0: 23:IFNAME=wlan0 DRIVER COUNTRY CN -> true
08-19 14:16:58.191 D/LocalLog.java(26994): wlan0: 24:IFNAME=wlan0 DRIVER SETBAND 0 -> true
08-19 14:16:58.191 D/LocalLog.java(26994): wlan0: 25:IFNAME=wlan0 BSS_FLUSH 0 -> true
08-19 14:16:58.191 D/LocalLog.java(26994): wlan0: 26:IFNAME=wlan0 SCAN TYPE=ONLY -> true
08-19 14:16:58.191 E/native  (26994): do suspend false
08-19 14:16:58.191 D/LocalLog.java(26994): wlan0: 27:IFNAME=wlan0 DRIVER SETSUSPENDMODE 0 -> true
08-19 14:16:58.191 D/LocalLog.java(26994): wlan0: 28:IFNAME=wlan0 BLACKLIST clear -> true
08-19 14:16:58.191 D/WIFI    (26994): Registering NetworkFactory
08-19 14:16:58.193 D/WIFI_UT (26994): Registering NetworkFactory
08-19 14:16:58.193 I/WifiNative-HAL(26994): startHal
08-19 14:16:58.193 D/WifiHW  (26994): yuelog mywifi strstr(cmd, wlan0 BSS RANGE=0
08-19 14:16:58.195 I/WifiService( 1783): startScan uid=10288
08-19 14:16:58.202 E/wificond( 1364): Skip scan ssid for single scan: {}
08-19 14:16:58.202 E/wificond( 1364): scan() freq: {}
08-19 14:16:58.202 E/wificond( 1364): scan() ssid: 
08-19 14:16:58.202 E/wificond( 1364): scan() type: 0, random_mac: 0
08-19 14:16:58.206 D/NuPlayerDriver(26922): reset(0xe7255d80)
08-19 14:16:58.207 I/OMX-VDEC-1080P( 1377): set_frame_rate: the current time is 141658
08-19 14:16:58.211 E/WifiConfigStore(26994):  rewrite network history for "wifi"NONE
08-19 14:16:58.213 D/NuPlayerDriver(26922): notifyResetComplete(0xe7255d80)
08-19 14:16:58.214 D/yuelogVibrator(26302): VibratorTime =0,ltime=0 time=1629353817640
08-19 14:16:58.215 D/Launcher.Model(27363): startLoader synchronousBindPage:-1001
08-19 14:16:58.215 D/Launcher.Model(27363): startLoader mAllAppsLoaded:false  mWorkspaceLoaded:false  mDeepShortcutsLoaded:false  mIsLoaderTaskRunning:false
08-19 14:16:58.216 D/Launcher.Model(27363): startLoader  sWorker.post(mLoaderTask)
08-19 14:16:58.216 D/Launcher.Model(27363): step 1: loading workspace
08-19 14:16:58.216 D/Launcher.Model(27363): loadAndBindWorkspace mWorkspaceLoaded=false
08-19 14:16:58.217 I/Choreographer(26994): Skipped 41 frames!  The application may be doing too much work on its main thread.
08-19 14:16:58.217 D/WIFI    (26994): got request NetworkRequest [ id=1, legacyType=-1, [ Capabilities: INTERNET&NOT_RESTRICTED&TRUSTED&NOT_VPN] ] with score 0
08-19 14:16:58.224 D/VolumeUI(27244): Registering volume controller
08-19 14:16:58.227 D/WIFI_UT (26994): got request NetworkRequest [ id=1, legacyType=-1, [ Capabilities: INTERNET&NOT_RESTRICTED&TRUSTED&NOT_VPN] ] with score 0
08-19 14:16:58.229 D/BluetoothManagerService(26994): Trying to bind to profile: 1, while Bluetooth was disabled
08-19 14:16:58.230 D/testO   (27363): setOrientation mRotationEnabled:false
08-19 14:16:58.230 D/testO   (27363): java.lang.Exception
08-19 14:16:58.230 D/testO   (27363): 	at com.android.launcher3.Launcher.setOrientation(Launcher.java:473)
08-19 14:16:58.230 D/testO   (27363): 	at com.android.launcher3.Launcher.onCreate(Launcher.java:602)
08-19 14:16:58.230 D/testO   (27363): 	at android.app.Activity.performCreate(Activity.java:5990)
08-19 14:16:58.230 D/testO   (27363): 	at android.app.Instrumentation.callActivityOnCreate(Instrumentation.java:1106)
08-19 14:16:58.230 D/testO   (27363): 	at android.app.ActivityThread.performLaunchActivity(ActivityThread.java:2278)
08-19 14:16:58.230 D/testO   (27363): 	at android.app.ActivityThread.handleLaunchActivity(ActivityThread.java:2387)
08-19 14:16:58.230 D/testO   (27363): 	at android.app.ActivityThread.access$800(ActivityThread.java:151)
08-19 14:16:58.230 D/testO   (27363): 	at android.app.ActivityThread$H.handleMessage(ActivityThread.java:1303)
08-19 14:16:58.230 D/testO   (27363): 	at android.os.Handler.dispatchMessage(Handler.java:102)
08-19 14:16:58.230 D/testO   (27363): 	at android.os.Looper.loop(Looper.java:135)
08-19 14:16:58.230 D/testO   (27363): 	at android.app.ActivityThread.main(ActivityThread.java:5254)
08-19 14:16:58.230 D/testO   (27363): 	at java.lang.reflect.Method.invoke(Native Method)
08-19 14:16:58.230 D/testO   (27363): 	at java.lang.reflect.Method.invoke(Method.java:372)
08-19 14:16:58.230 D/testO   (27363): 	at com.android.internal.os.ZygoteInit$MethodAndArgsCaller.run(ZygoteInit.java:1100)
08-19 14:16:58.230 D/testO   (27363): 	at com.android.internal.os.ZygoteInit.main(ZygoteInit.java:875)
08-19 14:16:58.230 D/testO   (27363): 	at de.robv.android.xposed.XposedBridge.main(XposedBridge.java:107)
08-19 14:16:58.230 D/BluetoothManagerService(26994): Message: 30
08-19 14:16:58.233 D/Launcher.Model(27363): loadWorkspace: loading default favorites
08-19 14:16:58.235 E/MYLuYouV2Service(26994): onCreate
08-19 14:16:58.236 I/FFmpegExtractor(26922): android-source:0xe7254700
08-19 14:16:58.237 E/TAG     (26994): getParam type=Boolean
08-19 14:16:58.238 E/TAG     (26994): getParam type=Boolean
08-19 14:16:58.244 I/FFMPEG  (26922): Input #0, ogg, from 'android-source:0xe7254700':
08-19 14:16:58.244 I/FFMPEG  (26922):   Duration: 00:00:00.11, start: 0.000000, bitrate: 462 kb/s
08-19 14:16:58.244 I/FFMPEG  (26922):     Stream #0:0: Audio: vorbis, 48000 Hz, mono, fltp, 140 kb/s
08-19 14:16:58.244 D/FFmpegExtractor(26922): FFmpegExtrator, url: android-source:0xe7254700, format_name: ogg, format_long_name: Ogg
08-19 14:16:58.244 I/FFmpegExtractor(26922): adjust mime(application/ogg -> audio/vorbis)
08-19 14:16:58.244 D/FFmpegExtractor(26922): suppoted codec(vorbis) by official Stagefright
08-19 14:16:58.244 D/FFmpegExtractor(26922): ffmpeg detected media content as 'audio/vorbis' with confidence 0.08
08-19 14:16:58.246 D/NuPlayerDriver(26922): start(0xe7255d80)
08-19 14:16:58.246 I/GenericSource(26922): start
08-19 14:16:58.247 I/OMX-VDEC-1080P( 1377): set_frame_rate: the current time is 141658
08-19 14:16:58.247 I/OMX-VDEC-1080P( 1377): set_frame_rate: the current time is 141658
08-19 14:16:58.253 I/AudioTrack( 1354): isLongTimeZoreData zoer date time 3 Seconds
08-19 14:16:58.264 D/BluetoothManagerService(26994): Message: 20
08-19 14:16:58.264 D/Launcher.Model(27363): loading model from content://com.android.launcher3.settings/favorites
08-19 14:16:58.265 D/BluetoothManagerService(26994): Added callback: android.bluetooth.IBluetoothManagerCallback$Stub$Proxy@288ec64d:true
08-19 14:16:58.265 D/OpenGLRenderer(27363): Use EGL_SWAP_BEHAVIOR_PRESERVED: true
08-19 14:16:58.267 D/BluetoothManagerService(26994): Message: 30
08-19 14:16:58.268 D/Launcher.Model(27363): title:1 Via
08-19 14:16:58.268 D/Launcher.Model(27363): cn:1 ComponentInfo{mark.via/mark.via.ui.activity.BrowserActivity}  intent.getPackage():mark.via
08-19 14:16:58.268 D/Launcher.Model(27363): cn:1 mark.via
08-19 14:16:58.270 D/BluetoothManagerService(26994): Trying to bind to profile: 1, while Bluetooth was disabled
08-19 14:16:58.272 D/Launcher.Model(27363): cn:1  validPkg:true   targetPackage:mark.via
08-19 14:16:58.272 D/Launcher.Model(27363): cn:1  intent:Intent { act=android.intent.action.MAIN cat=[android.intent.category.LAUNCHER] flg=0x10200000 pkg=mark.via cmp=mark.via/.ui.activity.BrowserActivity }  itemReplaced:false  restored:false
08-19 14:16:58.273 D/NuPlayerDriver(26922): reset(0xe7255d80)
08-19 14:16:58.278 D/Launcher.Model(27363): title:2 Via
08-19 14:16:58.281 D/NuPlayerDriver(26922): notifyResetComplete(0xe7255d80)
08-19 14:16:58.284 D/GraphicBuffer(27363): linker libui hostGraphicBuffer-------------------
08-19 14:16:58.284 D/GraphicBuffer(27363): linker libui Buffer->createGraphicBuffer be4f004d
08-19 14:16:58.284 D/Launcher.Model(27363): getNonNullIcon entry.icon: android.graphics.Bitmap@3cb7e777
08-19 14:16:58.284 D/GraphicBuffer(27363): linker libui Buffer->createGraphicBufferRequestorName c12fb129
08-19 14:16:58.284 D/GraphicBuffer(27363): linker libui Buffer->createGraphicBufferExistingHandle 0
08-19 14:16:58.284 D/GraphicBuffer(27363): linker libui Buffer->createGraphicBufferExistingANativeWindowBuffer 0
08-19 14:16:58.284 D/GraphicBuffer(27363): linker libui Buffer->initCheck be4f05e7
08-19 14:16:58.284 D/GraphicBuffer(27363): linker libui Buffer->getWidth 0
08-19 14:16:58.284 D/GraphicBuffer(27363): linker libui Buffer->getHeight 0
08-19 14:16:58.284 D/GraphicBuffer(27363): linker libui Buffer->getStride 0
08-19 14:16:58.284 D/GraphicBuffer(27363): linker libui Buffer->getUsage 0
08-19 14:16:58.284 D/GraphicBuffer(27363): linker libui Buffer->getPixelFormat 0
08-19 14:16:58.284 D/GraphicBuffer(27363): linker libui Buffer->getBounds 0
08-19 14:16:58.284 D/GraphicBuffer(27363): linker libui Buffer->getId c12fb525
08-19 14:16:58.284 D/GraphicBuffer(27363): linker libui Buffer->lock be4f073d
08-19 14:16:58.284 D/GraphicBuffer(27363): linker libui Buffer->lockWithRect be4f0785
08-19 14:16:58.284 D/GraphicBuffer(27363): linker libui Buffer->lockYCbCr be4f07f9
08-19 14:16:58.284 D/GraphicBuffer(27363): linker libui Buffer->lockYCbCrWithRect be4f0839
08-19 14:16:58.284 D/GraphicBuffer(27363): linker libui Buffer->unlock be4f08a9
08-19 14:16:58.284 D/GraphicBuffer(27363): linker libui Buffer->lockAsync be4f08b1
08-19 14:16:58.284 D/GraphicBuffer(27363): linker libui Buffer->lockAsyncWithRect be4f0909
08-19 14:16:58.284 D/GraphicBuffer(27363): linker libui Buffer->lockAsyncYCbCr be4f09e1
08-19 14:16:58.284 D/GraphicBuffer(27363): linker libui Buffer->lockAsyncYCbCrWithRect be4f0a25
08-19 14:16:58.285 D/GraphicBuffer(27363): linker libui Buffer->unlockAsync be4f0a95
08-19 14:16:58.285 D/GraphicBuffer(27363): linker libui Buffer->getNativeBuffer be4f05f1
08-19 14:16:58.285 D/GraphicBuffer(27363): linker libui Buffer->getFlattenedSize be4f0aa5
08-19 14:16:58.285 D/GraphicBuffer(27363): linker libui Buffer->getFdCount be4f0acd
08-19 14:16:58.285 D/shortInfo(27363): getIcon info.title:浏览器-android.graphics.Bitmap@3cb7e777
08-19 14:16:58.285 D/GraphicBuffer(27363): linker libui Buffer->flatten be4f0ad9
08-19 14:16:58.285 D/GraphicBuffer(27363): linker libui Buffer->unflatten be4f0bdd
08-19 14:16:58.285 D/GraphicBuffer(27363): linker libui Buffer->deleteGraphicBuffer 0
08-19 14:16:58.285 D/GraphicBuffer(27363): linker libui Buffer->initSize c12fb015
08-19 14:16:58.285 D/GraphicBuffer(27363): linker libui Buffer->mapperget c12fb125
08-19 14:16:58.285 D/GraphicBuffer(27363): linker libui Buffer->free_handle be4f0571
08-19 14:16:58.285 D/GraphicBuffer(27363): linker libui Buffer->initWithSize c12fb015
08-19 14:16:58.285 D/GraphicBuffer(27363): linker libui Buffer->newRefBase bd62bc5d
08-19 14:16:58.285 D/GraphicBuffer(27363): linker libui Buffer->releaseRefBase bd62bc89
08-19 14:16:58.285 D/GraphicBuffer(27363): linker libui Buffer->incStrong bd62b97b
08-19 14:16:58.285 D/GraphicBuffer(27363): linker libui Buffer->decStrong bd62b9cd
08-19 14:16:58.285 D/GraphicBufferMapper(27363): linker libui hostMapper-------------------
08-19 14:16:58.285 D/GraphicBufferMapper(27363): linker libui Mapper->get 0xbe4f2231
08-19 14:16:58.285 D/GraphicBufferMapper(27363): linker libui Mapper->createMapper 0x0
08-19 14:16:58.285 D/GraphicBufferMapper(27363): linker libui Mapper->registerBuffer 0x0
08-19 14:16:58.285 D/GraphicBufferMapper(27363): linker libui Mapper->unregisterBuffer 0x0
08-19 14:16:58.285 D/GraphicBufferMapper(27363): linker libui Mapper->lock 0xbe4f25e5
08-19 14:16:58.285 D/GraphicBufferMapper(27363): linker libui Mapper->lockYCbCr 0xbe4f26b9
08-19 14:16:58.285 D/GraphicBufferMapper(27363): linker libui Mapper->unlock 0xbe4f2765
08-19 14:16:58.285 D/GraphicBufferMapper(27363): linker libui Mapper->lockAsync 0xbe4f2651
08-19 14:16:58.285 D/GraphicBufferMapper(27363): linker libui Mapper->lockAsyncYCbCr 0xbe4f2711
08-19 14:16:58.285 D/GraphicBufferMapper(27363): linker libui Mapper->unlockAsync 0xbe4f27b1
08-19 14:16:58.289 I/FFmpegExtractor(26922): android-source:0xe7254480
08-19 14:16:58.289 D/Launcher.Model(27363): title:1 文件中转站
08-19 14:16:58.289 D/Launcher.Model(27363): cn:1 ComponentInfo{vmos.com.file/file.vmos.com.file.activity.MainActivity}  intent.getPackage():null
08-19 14:16:58.289 D/Launcher.Model(27363): cn:1 vmos.com.file
08-19 14:16:58.295 V/KeyguardUpdateMonitor(27244): action android.intent.action.SIM_STATE_CHANGED state: NOT_READY slotId: 0 subid: -2
08-19 14:16:58.298 D/Launcher.Model(27363): cn:1  validPkg:true   targetPackage:vmos.com.file
08-19 14:16:58.298 D/Launcher.Model(27363): cn:1  intent:Intent { act=android.intent.action.MAIN cat=[android.intent.category.LAUNCHER] flg=0x10200000 cmp=vmos.com.file/file.vmos.com.file.activity.MainActivity }  itemReplaced:false  restored:false
08-19 14:16:58.300 I/FFMPEG  (26922): Input #0, ogg, from 'android-source:0xe7254480':
08-19 14:16:58.300 I/FFMPEG  (26922):   Duration: 00:00:00.18, start: 0.000000, bitrate: 431 kb/s
08-19 14:16:58.300 I/FFMPEG  (26922):     Stream #0:0: Audio: vorbis, 44100 Hz, mono, fltp, 239 kb/s
08-19 14:16:58.300 I/FFMPEG  (26922):     Metadata:
08-19 14:16:58.300 I/FFMPEG  (26922):       ARTIST          : Copyright 2013 Android Open Source Project
08-19 14:16:58.300 D/FFmpegExtractor(26922): FFmpegExtrator, url: android-source:0xe7254480, format_name: ogg, format_long_name: Ogg
08-19 14:16:58.300 I/FFmpegExtractor(26922): adjust mime(application/ogg -> audio/vorbis)
08-19 14:16:58.300 D/FFmpegExtractor(26922): suppoted codec(vorbis) by official Stagefright
08-19 14:16:58.301 D/FFmpegExtractor(26922): ffmpeg detected media content as 'audio/vorbis' with confidence 0.08
08-19 14:16:58.303 D/NuPlayerDriver(26922): start(0xe7255d80)
08-19 14:16:58.304 I/GenericSource(26922): start
08-19 14:16:58.306 D/Launcher.Model(27363): title:2 文件中转站
08-19 14:16:58.310 D/Atlas   (27363): Validating map...
08-19 14:16:58.312 I/StatusBarManagerService(26994): registerStatusBar bar=com.android.internal.statusbar.IStatusBar$Stub$Proxy@1d6fc2b2
08-19 14:16:58.321 D/Launcher.Model(27363): getNonNullIcon entry.icon: android.graphics.Bitmap@29398413
08-19 14:16:58.321 D/shortInfo(27363): getIcon info.title:文件中转站-android.graphics.Bitmap@29398413
08-19 14:16:58.322 D/NuPlayerDriver(26922): reset(0xe7255d80)
08-19 14:16:58.323 D/Launcher.Model(27363): title:1 设置
08-19 14:16:58.323 D/Launcher.Model(27363): cn:1 ComponentInfo{com.vmos.setting/com.vmos.setting.MenuActivity}  intent.getPackage():null
08-19 14:16:58.323 D/Launcher.Model(27363): cn:1 com.vmos.setting
08-19 14:16:58.325 D/PagedView(27363): PagedView.onMeasure(): 1080, 2268
08-19 14:16:58.325 D/PagedView(27363): PagedView.scaledSize: 6480, 6480
08-19 14:16:58.325 D/PagedView(27363): PagedView.parentSize: 4536, 4536
08-19 14:16:58.325 D/PagedView(27363): PagedView.horizontalPadding: 44
08-19 14:16:58.325 D/PagedView(27363): PagedView.verticalPadding: 418
08-19 14:16:58.327 I/OMX-VDEC-1080P( 1377): set_frame_rate: the current time is 141658
08-19 14:16:58.329 D/Launcher.Model(27363): cn:1  validPkg:true   targetPackage:com.vmos.setting
08-19 14:16:58.329 D/Launcher.Model(27363): cn:1  intent:Intent { act=android.intent.action.MAIN cat=[android.intent.category.LAUNCHER] flg=0x10200000 cmp=com.vmos.setting/.MenuActivity }  itemReplaced:false  restored:false
08-19 14:16:58.329 D/NuPlayerDriver(26922): notifyResetComplete(0xe7255d80)
08-19 14:16:58.331 D/Launcher.Model(27363): title:2 设置
08-19 14:16:58.335 D/Launcher.Model(27363): getNonNullIcon entry.icon: android.graphics.Bitmap@3d917f68
08-19 14:16:58.335 D/shortInfo(27363): getIcon info.title:设置-android.graphics.Bitmap@3d917f68
08-19 14:16:58.336 D/Launcher.Model(27363): title:1 图库
08-19 14:16:58.336 D/Launcher.Model(27363): cn:1 ComponentInfo{com.android.gallery3d/com.android.gallery3d.app.GalleryActivity}  intent.getPackage():com.android.gallery3d
08-19 14:16:58.336 D/Launcher.Model(27363): cn:1 com.android.gallery3d
08-19 14:16:58.338 D/Launcher.Model(27363): cn:1  validPkg:true   targetPackage:com.android.gallery3d
08-19 14:16:58.338 D/Launcher.Model(27363): cn:1  intent:Intent { act=android.intent.action.MAIN cat=[android.intent.category.LAUNCHER] flg=0x10200000 pkg=com.android.gallery3d cmp=com.android.gallery3d/.app.GalleryActivity (has extras) }  itemReplaced:false  restored:false
08-19 14:16:58.339 D/Launcher.Model(27363): title:2 图库
08-19 14:16:58.342 D/Launcher.Model(27363): getNonNullIcon entry.icon: android.graphics.Bitmap@3e351f81
08-19 14:16:58.342 D/shortInfo(27363): getIcon info.title:图库-android.graphics.Bitmap@3e351f81
08-19 14:16:58.343 D/Launcher.Model(27363): title:1 通讯录
08-19 14:16:58.343 D/Launcher.Model(27363): cn:1 ComponentInfo{com.android.contacts/com.android.contacts.activities.PeopleActivity}  intent.getPackage():null
08-19 14:16:58.343 D/Launcher.Model(27363): cn:1 com.android.contacts
08-19 14:16:58.345 D/Launcher.Model(27363): cn:1  validPkg:true   targetPackage:com.android.contacts
08-19 14:16:58.346 D/Launcher.Model(27363): cn:1  intent:Intent { act=android.intent.action.MAIN cat=[android.intent.category.LAUNCHER] flg=0x10200000 cmp=com.android.contacts/.activities.PeopleActivity (has extras) }  itemReplaced:false  restored:false
08-19 14:16:58.347 I/AdrenoGLES-0(27363): QUALCOMM build                   : 191610ae03, Ic907de5ed0
08-19 14:16:58.347 I/AdrenoGLES-0(27363): Build Date                       : 09/17/20
08-19 14:16:58.347 I/AdrenoGLES-0(27363): OpenGL ES Shader Compiler Version: EV031.32.02.01
08-19 14:16:58.347 I/AdrenoGLES-0(27363): Local Branch                     : 
08-19 14:16:58.347 I/AdrenoGLES-0(27363): Remote Branch                    : refs/tags/AU_LINUX_ANDROID_LA.UM.9.12.10.00.00.582.274
08-19 14:16:58.347 I/AdrenoGLES-0(27363): Remote Branch                    : NONE
08-19 14:16:58.347 I/AdrenoGLES-0(27363): Reconstruct Branch               : NOTHING
08-19 14:16:58.347 I/AdrenoGLES-0(27363): Build Config                     : S P 10.0.5 AArch32
08-19 14:16:58.347 I/AdrenoGLES-0(27363): Driver Path                      : /vendor/lib/egl/libGLESv2_adreno.so
08-19 14:16:58.347 D/Launcher.Model(27363): title:2 通讯录
08-19 14:16:58.350 I/AdrenoGLES-0(27363): PFP: 0x016dd091, ME: 0x00000000
08-19 14:16:58.353 D/Launcher.Model(27363): getNonNullIcon entry.icon: android.graphics.Bitmap@afde826
08-19 14:16:58.353 D/shortInfo(27363): getIcon info.title:通讯录-android.graphics.Bitmap@afde826
08-19 14:16:58.353 D/Launcher.Model(27363): title:1 电话
08-19 14:16:58.353 D/Launcher.Model(27363): cn:1 ComponentInfo{com.android.dialer/com.android.dialer.DialtactsActivity}  intent.getPackage():null
08-19 14:16:58.353 D/Launcher.Model(27363): cn:1 com.android.dialer
08-19 14:16:58.354 D/Launcher.Model(27363): cn:1  validPkg:true   targetPackage:com.android.dialer
08-19 14:16:58.354 D/Launcher.Model(27363): cn:1  intent:Intent { act=android.intent.action.MAIN cat=[android.intent.category.LAUNCHER] flg=0x10200000 cmp=com.android.dialer/.DialtactsActivity (has extras) }  itemReplaced:false  restored:false
08-19 14:16:58.355 D/Launcher.Model(27363): title:2 电话
08-19 14:16:58.362 I/OpenGLRenderer(27363): Initialized EGL, version 1.5
08-19 14:16:58.363 D/OpenGLRenderer(27363): Enabling debug mode 0
08-19 14:16:58.364 D/Launcher.Model(27363): getNonNullIcon entry.icon: android.graphics.Bitmap@3e3b9c67
08-19 14:16:58.364 D/shortInfo(27363): getIcon info.title:电话-android.graphics.Bitmap@3e3b9c67
08-19 14:16:58.364 D/Launcher.Model(27363): title:1 设置
08-19 14:16:58.365 D/Launcher.Model(27363): cn:1 ComponentInfo{com.android.settings/com.android.settings.Settings}  intent.getPackage():null
08-19 14:16:58.365 D/Launcher.Model(27363): cn:1 com.android.settings
08-19 14:16:58.366 D/Launcher.Model(27363): cn:1  validPkg:true   targetPackage:com.android.settings
08-19 14:16:58.366 D/Launcher.Model(27363): cn:1  intent:Intent { act=android.intent.action.MAIN cat=[android.intent.category.LAUNCHER] flg=0x10200000 cmp=com.android.settings/.Settings (has extras) }  itemReplaced:false  restored:false
08-19 14:16:58.367 I/OMX-VDEC-1080P( 1377): set_frame_rate: the current time is 141658
08-19 14:16:58.369 D/PagedView(27363): PagedView.onMeasure(): 1080, 2400
08-19 14:16:58.369 D/PagedView(27363): PagedView.scaledSize: 6480, 6480
08-19 14:16:58.369 D/PagedView(27363): PagedView.parentSize: 4536, 4536
08-19 14:16:58.369 D/PagedView(27363): PagedView.horizontalPadding: 44
08-19 14:16:58.369 D/PagedView(27363): PagedView.verticalPadding: 418
08-19 14:16:58.370 D/PagedView(27363): PagedView.onLayout()
08-19 14:16:58.371 D/PagedView(27363): 	layout-child0: 2722, 2073
08-19 14:16:58.377 D/Launcher.Model(27363): title:2 设置
08-19 14:16:58.381 D/Launcher.Model(27363): getNonNullIcon entry.icon: android.graphics.Bitmap@7dfd5fe
08-19 14:16:58.382 D/shortInfo(27363): getIcon info.title:设置-android.graphics.Bitmap@7dfd5fe
08-19 14:16:58.382 D/Launcher.Model(27363): title:1 相机
08-19 14:16:58.382 D/Launcher.Model(27363): cn:1 ComponentInfo{com.android.camera/com.android.camera.Camera}  intent.getPackage():null
08-19 14:16:58.383 D/Launcher.Model(27363): cn:1 com.android.camera
08-19 14:16:58.384 D/Launcher.Model(27363): cn:1  validPkg:true   targetPackage:com.android.camera
08-19 14:16:58.384 D/Launcher.Model(27363): cn:1  intent:Intent { act=android.intent.action.MAIN cat=[android.intent.category.LAUNCHER] flg=0x10200000 cmp=com.android.camera/.Camera (has extras) }  itemReplaced:false  restored:false
08-19 14:16:58.386 D/Launcher.Model(27363): title:2 相机
08-19 14:16:58.394 D/PagedView(27363): PagedView.onMeasure(): 1080, 2400
08-19 14:16:58.394 D/PagedView(27363): PagedView.scaledSize: 6480, 6480
08-19 14:16:58.394 D/PagedView(27363): PagedView.parentSize: 4536, 4536
08-19 14:16:58.394 D/PagedView(27363): PagedView.horizontalPadding: 44
08-19 14:16:58.394 D/PagedView(27363): PagedView.verticalPadding: 418
08-19 14:16:58.395 D/Launcher.Model(27363): getNonNullIcon entry.icon: android.graphics.Bitmap@df5b15f
08-19 14:16:58.395 D/shortInfo(27363): getIcon info.title:相机-android.graphics.Bitmap@df5b15f
08-19 14:16:58.396 D/PagedView(27363): PagedView.onLayout()
08-19 14:16:58.396 D/PagedView(27363): 	layout-child0: 2722, 2073
08-19 14:16:58.396 D/Launcher.Model(27363): title:1 下载
08-19 14:16:58.397 D/Launcher.Model(27363): cn:1 ComponentInfo{com.android.providers.downloads.ui/com.android.providers.downloads.ui.DownloadList}  intent.getPackage():null
08-19 14:16:58.397 D/Launcher.Model(27363): cn:1 com.android.providers.downloads.ui
08-19 14:16:58.398 I/ActivityManager(26994): Displayed com.android.launcher3/.Launcher: +569ms
08-19 14:16:58.404 D/Launcher.Model(27363): cn:1  validPkg:true   targetPackage:com.android.providers.downloads.ui
08-19 14:16:58.404 D/Launcher.Model(27363): cn:1  intent:Intent { act=android.intent.action.MAIN cat=[android.intent.category.LAUNCHER] flg=0x10200000 cmp=com.android.providers.downloads.ui/.DownloadList (has extras) }  itemReplaced:false  restored:false
08-19 14:16:58.407 D/Launcher.Model(27363): title:2 下载
08-19 14:16:58.410 I/OMX-VDEC-1080P( 1377): set_frame_rate: the current time is 141658
08-19 14:16:58.410 I/OMX-VDEC-1080P( 1377): set_frame_rate: the current time is 141658
08-19 14:16:58.412 V/KeyguardServiceDelegate(26994): *** Keyguard started
08-19 14:16:58.412 W/KeyguardServiceDelegate(26994): onScreenTurnedOn(): no keyguard service!
08-19 14:16:58.414 D/Launcher.Model(27363): getNonNullIcon entry.icon: android.graphics.Bitmap@1c21a7ac
08-19 14:16:58.414 D/shortInfo(27363): getIcon info.title:下载-android.graphics.Bitmap@1c21a7ac
08-19 14:16:58.416 D/Launcher.Model(27363): title:1 意见反馈
08-19 14:16:58.417 D/Launcher.Model(27363): cn:1 ComponentInfo{vmos.com.feedback/vmos.com.feedback.MainActivity}  intent.getPackage():null
08-19 14:16:58.417 D/Launcher.Model(27363): cn:1 vmos.com.feedback
08-19 14:16:58.420 D/Launcher.Model(27363): cn:1  validPkg:true   targetPackage:vmos.com.feedback
08-19 14:16:58.420 D/Launcher.Model(27363): cn:1  intent:Intent { act=android.intent.action.MAIN cat=[android.intent.category.LAUNCHER] flg=0x10200000 cmp=vmos.com.feedback/.MainActivity (has extras) }  itemReplaced:false  restored:false
08-19 14:16:58.422 D/Launcher.Model(27363): title:2 意见反馈
08-19 14:16:58.426 E/TAG     (26994): getParam type=Boolean
08-19 14:16:58.426 E/getAllApps(26994): getAllApps
08-19 14:16:58.427 D/Launcher.Model(27363): getNonNullIcon entry.icon: android.graphics.Bitmap@1672fc75
08-19 14:16:58.428 D/shortInfo(27363): getIcon info.title:意见反馈-android.graphics.Bitmap@1672fc75
08-19 14:16:58.434 D/Launcher.Model(27363): title:1 备份与恢复
