08-19 14:16:50.951 I/ThermalSwitchHandler( 5940): writeThermalId success id=0
08-19 14:16:50.951 I/mi_thermald( 1323): generic_set_level: set generic device battery to 0
08-19 14:16:50.951 I/mi_thermald( 1323): generic_set_level: set generic device temp_state to 0
08-19 14:16:50.951 I/mi_thermald( 1323): special_target_modify: set generic device boost_limit to 0
08-19 14:16:50.951 I/mi_thermald( 1323): generic_set_level: set generic device gpu to 0
08-19 14:16:50.951 W/ActivityManager( 1783): Sending non-protected broadcast action_temp_state_change from system 5940:com.miui.powerkeeper/1000 pkg com.miui.powerkeeper. Callers=
08-19 14:16:50.951 W/ActivityManager( 1783): Sending non-protected broadcast action_temp_state_change from system 5940:com.miui.powerkeeper/1000 pkg com.miui.powerkeeper. Callers=
08-19 14:16:50.951 I/mi_thermald( 1323): generic_set_level: set generic device thermal_hbm_disabled to 0
08-19 14:16:50.951 I/mi_thermald( 1323): generic_set_level: set generic device backlight-clone to 0
08-19 14:16:50.951 I/mi_thermald( 1323): generic_set_level: set generic device modem_ul to 0
08-19 14:16:50.952 I/mi_thermald( 1323): generic_set_level: set generic device modem_dl to 0
08-19 14:16:50.952 I/mi_thermald( 1323): parse_thermal_config
08-19 14:16:50.952 I/mi_thermald( 1323): [MONTIOR-SENSOR0]
08-19 14:16:50.952 I/mi_thermald( 1323): algo_type	monitor
08-19 14:16:50.952 I/mi_thermald( 1323): sensor	VIRTUAL-SENSOR0
08-19 14:16:50.952 I/mi_thermald( 1323): device	VIRTUAL-SENSOR0
08-19 14:16:50.952 I/mi_thermald( 1323): polling	1000
08-19 14:16:50.952 I/mi_thermald( 1323): trig		25000	30000	35000	
08-19 14:16:50.952 I/mi_thermald( 1323): clr		23000	27000	32000	
08-19 14:16:50.952 I/mi_thermald( 1323): target	10000	5000	1000	
08-19 14:16:50.952 I/mi_thermald( 1323): 
08-19 14:16:50.952 I/mi_thermald( 1323): [SS-CPU4]
08-19 14:16:50.952 I/mi_thermald( 1323): algo_type	ss
08-19 14:16:50.952 I/mi_thermald( 1323): sensor	VIRTUAL-SENSOR0
08-19 14:16:50.952 I/mi_thermald( 1323): device	cpu4
08-19 14:16:50.952 I/mi_thermald( 1323): polling	1000
08-19 14:16:50.953 I/mi_thermald( 1323): trig		39000	41000	43000	45000	48000	
08-19 14:16:50.953 I/mi_thermald( 1323): clr		37000	39000	41000	43000	45000	
08-19 14:16:50.953 I/mi_thermald( 1323): target	2246400	1766400	1478400	1056000	710400	
08-19 14:16:50.953 I/mi_thermald( 1323): 
08-19 14:16:50.953 I/mi_thermald( 1323): [SS-CPU7]
08-19 14:16:50.953 I/mi_thermald( 1323): algo_type	ss
08-19 14:16:50.953 I/mi_thermald( 1323): sensor	VIRTUAL-SENSOR0
08-19 14:16:50.953 I/mi_thermald( 1323): device	cpu7
08-19 14:16:50.953 I/mi_thermald( 1323): polling	1000
08-19 14:16:50.953 I/mi_thermald( 1323): trig		39000	41000	43000	45000	48000	
08-19 14:16:50.953 I/mi_thermald( 1323): clr		37000	39000	41000	43000	45000	
08-19 14:16:50.953 I/mi_thermald( 1323): target	2457600	1862400	1401600	1075200	844800	
08-19 14:16:50.953 I/mi_thermald( 1323): 
08-19 14:16:50.953 I/mi_thermald( 1323): [MONITOR-BAT]
08-19 14:16:50.953 I/mi_thermald( 1323): algo_type	monitor
08-19 14:16:50.953 I/mi_thermald( 1323): sensor	VIRTUAL-SENSOR0
08-19 14:16:50.953 I/mi_thermald( 1323): device	battery
08-19 14:16:50.953 I/mi_thermald( 1323): polling	2000
08-19 14:16:50.953 I/mi_thermald( 1323): trig		37000	39000	40000	41000	43000	45000	48000	60000	
08-19 14:16:50.953 I/mi_thermald( 1323): clr		35000	37000	39000	40000	41000	43000	45000	48000	
08-19 14:16:50.953 I/mi_thermald( 1323): target	400	601	602	905	1410	1413	1414	1515	
08-19 14:16:50.953 I/mi_thermald( 1323): 
08-19 14:16:50.954 I/mi_thermald( 1323): [MONITOR-TEMP_STATE]
08-19 14:16:50.954 I/mi_thermald( 1323): algo_type	monitor
08-19 14:16:50.954 I/mi_thermald( 1323): sensor	VIRTUAL-SENSOR0
08-19 14:16:50.954 I/mi_thermald( 1323): device	temp_state
08-19 14:16:50.954 I/mi_thermald( 1323): polling	2000
08-19 14:16:50.954 I/mi_thermald( 1323): trig		45000	48000	52000	
08-19 14:16:50.954 I/mi_thermald( 1323): clr		43000	45000	50000	
08-19 14:16:50.954 I/mi_thermald( 1323): target	10100000	10100004	12400001	
08-19 14:16:50.954 I/mi_thermald( 1323): 
08-19 14:16:50.954 I/mi_thermald( 1323): [MONITOR-CCC]
08-19 14:16:50.954 I/mi_thermald( 1323): algo_type	monitor
08-19 14:16:50.954 I/mi_thermald( 1323): sensor	VIRTUAL-SENSOR0
08-19 14:16:50.954 I/mi_thermald( 1323): device	hotplug_cpu4+hotplug_cpu5+hotplug_cpu6+hotplug_cpu7
08-19 14:16:50.954 I/mi_thermald( 1323): polling	2000
08-19 14:16:50.954 I/mi_thermald( 1323): trig		50000	
08-19 14:16:50.954 I/mi_thermald( 1323): clr		48000	
08-19 14:16:50.954 I/mi_thermald( 1323): target	1+1+1+1	
08-19 14:16:50.954 I/mi_thermald( 1323): 
08-19 14:16:50.954 I/mi_thermald( 1323): [MONITOR-BOOST_LIMIT]
08-19 14:16:50.954 I/mi_thermald( 1323): algo_type	monitor
08-19 14:16:50.954 I/mi_thermald( 1323): sensor	VIRTUAL-SENSOR0
08-19 14:16:50.954 I/mi_thermald( 1323): device	boost_limit
08-19 14:16:50.954 I/mi_thermald( 1323): polling	2000
08-19 14:16:50.955 I/mi_thermald( 1323): trig		55000	
08-19 14:16:50.955 I/mi_thermald( 1323): clr		53000	
08-19 14:16:50.955 I/mi_thermald( 1323): target	1	
08-19 14:16:50.955 I/mi_thermald( 1323): 
08-19 14:16:50.955 I/mi_thermald( 1323): [MONITOR-BCL]
08-19 14:16:50.955 I/mi_thermald( 1323): algo_type	monitor
08-19 14:16:50.955 I/mi_thermald( 1323): sensor	BAT_SOC
08-19 14:16:50.955 I/mi_thermald( 1323): device	cpu4+hotplug_cpu5+hotplug_cpu6
08-19 14:16:50.955 I/mi_thermald( 1323): polling	2000
08-19 14:16:50.955 I/mi_thermald( 1323): trig		5	
08-19 14:16:50.955 I/mi_thermald( 1323): clr		6	
08-19 14:16:50.955 I/mi_thermald( 1323): target	1286400+1+1	
08-19 14:16:50.955 I/mi_thermald( 1323): reverse	1
08-19 14:16:50.955 I/mi_thermald( 1323): 
08-19 14:16:50.955 I/mi_thermald( 1323): [MONITOR-GPU]
08-19 14:16:50.955 I/mi_thermald( 1323): algo_type	monitor
08-19 14:16:50.955 I/mi_thermald( 1323): sensor	VIRTUAL-SENSOR0
08-19 14:16:50.955 I/mi_thermald( 1323): device	gpu
08-19 14:16:50.955 I/mi_thermald( 1323): polling	2000
08-19 14:16:50.955 I/mi_thermald( 1323): trig		41000	43000	45000	
08-19 14:16:50.955 I/mi_thermald( 1323): clr		39000	41000	43000	
08-19 14:16:50.955 I/mi_thermald( 1323): target	0	1	2	
08-19 14:16:50.955 I/mi_thermald( 1323): 
08-19 14:16:50.956 I/Camera3-Device( 1339): disconnectImpl: E
08-19 14:16:50.956 I/mi_thermald( 1323): [MONITOR-HBM]
08-19 14:16:50.956 I/mi_thermald( 1323): algo_type	monitor
08-19 14:16:50.956 I/mi_thermald( 1323): sensor	VIRTUAL-SENSOR0
08-19 14:16:50.956 I/mi_thermald( 1323): device	thermal_hbm_disabled
08-19 14:16:50.956 I/mi_thermald( 1323): polling	2000
08-19 14:16:50.956 I/mi_thermald( 1323): trig		40000	
08-19 14:16:50.956 I/mi_thermald( 1323): clr		38000	
08-19 14:16:50.956 I/mi_thermald( 1323): target	1	
08-19 14:16:50.956 I/mi_thermald( 1323): 
08-19 14:16:50.956 I/mi_thermald( 1323): [MONITOR-BACKLIGHT]
08-19 14:16:50.956 I/mi_thermald( 1323): algo_type	monitor
08-19 14:16:50.956 I/mi_thermald( 1323): sensor	VIRTUAL-SENSOR0
08-19 14:16:50.956 I/mi_thermald( 1323): device	backlight-clone
08-19 14:16:50.956 I/mi_thermald( 1323): polling	2000
08-19 14:16:50.956 I/mi_thermald( 1323): trig		37000	39000	42000	45000	47000	49000	
08-19 14:16:50.956 I/hwservicemanager(  601): getTransport: Cannot find entry vendor.display.config@1.9::IDisplayConfig/default in either framework or device manifest.
08-19 14:16:50.956 I/mi_thermald( 1323): clr		35000	37000	39000	42000	45000	47000	
08-19 14:16:50.956 E/CamX    (  918): [ERROR][FORMAT ] camxdisplayconfig.cpp:124 Initialize() IDisplayConfig service is NULL, version 1.9
08-19 14:16:50.956 I/mi_thermald( 1323): target	2048	4096	4914	6143	7044	7290	
08-19 14:16:50.956 I/mi_thermald( 1323): 
08-19 14:16:50.956 I/CameraProviderManager( 1339): Camera device device@3.5/legacy/0 torch status is now AVAILABLE_OFF
08-19 14:16:50.956 I/CameraService( 1339): onTorchStatusChangedLocked: Torch status changed for cameraId=0, newStatus=1
08-19 14:16:50.956 I/mi_thermald( 1323): [MODEM-UL]
08-19 14:16:50.956 I/mi_thermald( 1323): algo_type	monitor
08-19 14:16:50.956 I/mi_thermald( 1323): sensor	VIRTUAL-SENSOR0
08-19 14:16:50.956 I/CameraProviderManager( 1339): Camera device device@3.5/legacy/1 torch status is now AVAILABLE_OFF
08-19 14:16:50.956 I/CameraService( 1339): onTorchStatusChangedLocked: Torch status changed for cameraId=1, newStatus=1
08-19 14:16:50.956 E/CameraService( 1339): onTorchStatusChangedLocked: cannot get torch status of camera 1: No such file or directory (-2)
08-19 14:16:50.956 I/mi_thermald( 1323): device	modem_ul
08-19 14:16:50.956 I/CameraProviderManager( 1339): Camera device device@3.5/legacy/2 torch status is now AVAILABLE_OFF
08-19 14:16:50.956 I/mi_thermald( 1323): polling	2000
08-19 14:16:50.956 I/CameraService( 1339): onTorchStatusChangedLocked: Torch status changed for cameraId=2, newStatus=1
08-19 14:16:50.956 I/mi_thermald( 1323): trig		48000	
08-19 14:16:50.956 I/mi_thermald( 1323): clr		43000	
08-19 14:16:50.956 W/CameraManagerGlobal( 4507): ignore the torch status update of camera: 2
08-19 14:16:50.956 I/CameraProviderManager( 1339): Camera device device@3.5/legacy/3 torch status is now AVAILABLE_OFF
08-19 14:16:50.956 W/CameraManagerGlobal(27841): ignore the torch status update of camera: 2
08-19 14:16:50.956 I/mi_thermald( 1323): target	1	
08-19 14:16:50.956 I/CameraService( 1339): onTorchStatusChangedLocked: Torch status changed for cameraId=3, newStatus=1
08-19 14:16:50.957 W/CameraManagerGlobal(26302): ignore the torch status update of camera: 2
08-19 14:16:50.957 I/mi_thermald( 1323): 
08-19 14:16:50.957 I/mi_thermald( 1323): [MODEM-DL]
08-19 14:16:50.957 W/CameraManagerGlobal(21670): ignore the torch status update of camera: 2
08-19 14:16:50.957 I/CameraProviderManager( 1339): Camera device device@3.5/legacy/4 torch status is now AVAILABLE_OFF
08-19 14:16:50.957 W/CameraManagerGlobal(27841): ignore the torch status update of camera: 3
08-19 14:16:50.957 I/CameraService( 1339): onTorchStatusChangedLocked: Torch status changed for cameraId=4, newStatus=1
08-19 14:16:50.957 W/CameraManagerGlobal( 4507): ignore the torch status update of camera: 3
08-19 14:16:50.957 I/mi_thermald( 1323): algo_type	monitor
08-19 14:16:50.957 W/CameraManagerGlobal(26302): ignore the torch status update of camera: 3
08-19 14:16:50.957 I/mi_thermald( 1323): sensor	VIRTUAL-SENSOR0
08-19 14:16:50.957 W/CameraManagerGlobal( 4507): ignore the torch status update of camera: 4
08-19 14:16:50.957 W/CameraManagerGlobal(27841): ignore the torch status update of camera: 4
08-19 14:16:50.957 W/CameraManagerGlobal(21670): ignore the torch status update of camera: 3
08-19 14:16:50.957 I/mi_thermald( 1323): device	modem_dl
08-19 14:16:50.957 I/CameraProviderManager( 1339): Camera device device@3.5/legacy/5 torch status is now AVAILABLE_OFF
08-19 14:16:50.957 I/CameraService( 1339): onTorchStatusChangedLocked: Torch status changed for cameraId=5, newStatus=1
08-19 14:16:50.957 W/CameraManagerGlobal(26302): ignore the torch status update of camera: 4
08-19 14:16:50.957 I/mi_thermald( 1323): polling	2000
08-19 14:16:50.957 I/mi_thermald( 1323): trig		48000	
08-19 14:16:50.957 W/CameraManagerGlobal(21670): ignore the torch status update of camera: 4
08-19 14:16:50.957 W/CameraManagerGlobal( 4507): ignore the torch status update of camera: 5
08-19 14:16:50.957 I/CameraProviderManager( 1339): Camera device device@3.5/legacy/6 torch status is now AVAILABLE_OFF
08-19 14:16:50.957 I/CameraService( 1339): onTorchStatusChangedLocked: Torch status changed for cameraId=6, newStatus=1
08-19 14:16:50.957 I/mi_thermald( 1323): clr		43000	
08-19 14:16:50.957 W/CameraManagerGlobal(21670): ignore the torch status update of camera: 5
08-19 14:16:50.957 I/mi_thermald( 1323): target	1	
08-19 14:16:50.957 W/CameraManagerGlobal(26302): ignore the torch status update of camera: 5
08-19 14:16:50.957 W/CameraManagerGlobal(27841): ignore the torch status update of camera: 5
08-19 14:16:50.957 I/mi_thermald( 1323): 
08-19 14:16:50.957 W/CameraManagerGlobal(21670): ignore the torch status update of camera: 6
08-19 14:16:50.957 I/CameraProviderManager( 1339): Camera device device@3.5/legacy/7 torch status is now AVAILABLE_OFF
08-19 14:16:50.957 I/CameraService( 1339): onTorchStatusChangedLocked: Torch status changed for cameraId=7, newStatus=1
08-19 14:16:50.957 E/CameraService( 1339): onTorchStatusChangedLocked: cannot get torch status of camera 7: No such file or directory (-2)
08-19 14:16:50.957 I/mi_thermald( 1323): ss_algo_init
08-19 14:16:50.957 W/CameraManagerGlobal(26302): ignore the torch status update of camera: 6
08-19 14:16:50.957 W/CameraManagerGlobal(27841): ignore the torch status update of camera: 6
08-19 14:16:50.957 I/mi_thermald( 1323): monitor_algo_init
08-19 14:16:50.957 W/CameraManagerGlobal( 4507): ignore the torch status update of camera: 6
08-19 14:16:50.957 I/mi_thermald( 1323): v_algo_init
08-19 14:16:50.957 D/NxpTml  (  944): PN54X - Write requested.....
08-19 14:16:50.957 D/NxpTml  (  944): PN54X - Invoking I2C Write.....
08-19 14:16:50.957 I/Camera3-Device( 1339): disconnectImpl: X
08-19 14:16:50.957 I/mi_thermald( 1323): change to config file /data/vendor/thermal/config/thermal-normal.conf success
08-19 14:16:50.958 E/CameraManagerGlobal(21670): Camera 4 is not available. Ignore physical camera status change
08-19 14:16:50.958 I/CameraService( 1339): disconnect: Disconnected client for camera 0 for PID 26302
08-19 14:16:50.958 E/CameraService( 1339): setNfcPolling: E
08-19 14:16:50.958 E/CameraManagerGlobal(21670): Camera 5 is not available. Ignore physical camera status change
08-19 14:16:50.958 E/CameraManagerGlobal( 4507): Camera 4 is not available. Ignore physical camera status change
08-19 14:16:50.958 E/CameraService( 1339): setNfcPolling: defaultServiceManager 0xeff6a9e0, nfc status will be 0
08-19 14:16:50.958 E/CameraManagerGlobal( 4507): Camera 5 is not available. Ignore physical camera status change
08-19 14:16:50.958 W/VibratorManagementImpl( 1783): onCameraAvailable with id0
08-19 14:16:50.958 W/VibratorManagementImpl( 1783): remove from mCameraUnAvailableSet
08-19 14:16:50.958 W/SurfaceFlinger( 1001): eEarlyWakeup is deprecated. Use eExplicitEarlyWakeup[Start|End]
08-19 14:16:50.959 D/NxpTml  (  944): PN54X - I2C Read successful.....len = 4
08-19 14:16:50.959 D/NxpTml  (  944): Delay Read if write thread is busy
08-19 14:16:50.959 E/CameraManagerGlobal(26302): Camera 4 is not available. Ignore physical camera status change
08-19 14:16:50.959 I/NfcService( 4103): update polling: false, old: true
08-19 14:16:50.959 E/CameraManagerGlobal(26302): Camera 5 is not available. Ignore physical camera status change
08-19 14:16:50.959 E/CameraManagerGlobal(27841): Camera 4 is not available. Ignore physical camera status change
08-19 14:16:50.959 W/SurfaceFlinger( 1001): eEarlyWakeup is deprecated. Use eExplicitEarlyWakeup[Start|End]
08-19 14:16:50.959 D/NxpNciX (  944): len =   4 > 21060100
08-19 14:16:50.959 D/NxpTml  (  944): PN54X - I2C Write successful.....
08-19 14:16:50.959 D/NxpTml  (  944): PN54X - Posting Fresh Write message.....
08-19 14:16:50.959 D/NxpTml  (  944): PN54X - Tml Writer Thread Running................
08-19 14:16:50.959 D/NxpHal  (  944): write successful status = 0x0
08-19 14:16:50.959 E/CameraService( 1339): setNfcPolling: X
08-19 14:16:50.959 I/libnfc_nci( 4103): [INFO:nfa_dm_discover.cc(2833)] new state: DISCOVERY (1), disc_flags: 0x22
08-19 14:16:50.959 I/Camera2Client( 1339): Camera 0: Closed
08-19 14:16:50.959 I/libnfc_nci( 4103): [INFO:nfa_sys_ptim.cc(156)] nfa_sys_ptim_stop_timer 0x728ef3de70
08-19 14:16:50.959 I/libnfc_nci( 4103): [INFO:nfa_sys_ptim.cc(163)] ptim timer stop
08-19 14:16:50.959 I/libnfc_nci( 4103): [INFO:nfa_rw_act.cc(214)] Stopped presence check timer (if started)
08-19 14:16:50.959 I/Camera3-Device( 1339): disconnectImpl: E
08-19 14:16:50.959 E/CameraManagerGlobal(27841): Camera 5 is not available. Ignore physical camera status change
08-19 14:16:50.959 I/Camera2ClientBase( 1339): Closed Camera 0. Client was: com.vmos.app (PID 26302, UID 10288)
08-19 14:16:50.959 I/Camera3-Device( 1339): disconnectImpl: E
08-19 14:16:50.960 D/AppOpsAdapter(11833): using permission notify! 4096 , groundState 0
08-19 14:16:50.961 D/NxpNciR (  944): len =   4 > 41060100
08-19 14:16:50.961 D/NxpTml  (  944): PN54X - Posting read message.....
08-19 14:16:50.961 D/NxpHal  (  944): read successful status = 0x0
08-19 14:16:50.961 I/libnfc_nci( 4103): [INFO:nfc_ncif.cc(449)] NFC received rsp gid:1
08-19 14:16:50.961 I/libnfc_nci( 4103): [INFO:nfa_dm_discover.cc(3146)] p2p priority is running under bail out mode ONLY.
08-19 14:16:50.961 I/libnfc_nci( 4103): [INFO:nfc_main.cc(376)] nfc_set_state 4 (IDLE)->4 (IDLE)
08-19 14:16:50.961 I/BehaviorRecord-Monitor( 4989): com.vmos.app , perm: 4096 , active false , current size: 0 , foreground com.vmos.app
08-19 14:16:50.961 I/libnfc_nci( 4103): [INFO:nfa_dm_discover.cc(1892)] nfa_dm_disc_data_cback
08-19 14:16:50.961 I/libnfc_nci( 4103): [INFO:nfa_dm_discover.cc(801)] event:0x4005
08-19 14:16:50.961 I/libnfc_nci( 4103): [INFO:nfa_dm_discover.cc(2780)] state: DISCOVERY (1), event: DEACTIVATE_RSP(7) disc_flags: 0x22
08-19 14:16:50.961 I/libnfc_nci( 4103): [INFO:nfa_dm_discover.cc(1915)] old_state: DISCOVERY (1), new_state: IDLE (0) disc_flags: 0x2
08-19 14:16:50.961 I/libnfc_nci( 4103): [INFO:NativeNfcManager.cpp(443)] nfaConnectionCallback: event= 31
08-19 14:16:50.961 I/libnfc_nci( 4103): [INFO:NativeNfcManager.cpp(481)] nfaConnectionCallback: NFA_RF_DISCOVERY_STOPPED_EVT: status = 0
08-19 14:16:50.961 I/libnfc_nci( 4103): [INFO:nfa_dm_discover.cc(1029)] nfa_dm_start_rf_discover
08-19 14:16:50.961 I/libnfc_nci( 4103): [INFO:NativeNfcTag.cpp(2097)] nativeNfcTag_releaseRfInterfaceMutexLock: sRfInterfaceMutex unlock
08-19 14:16:50.961 D/NxpTml  (  944): PN54X - Read requested.....
08-19 14:16:50.961 D/NxpTml  (  944): PN54X - Invoking I2C Read.....
08-19 14:16:50.961 I/libnfc_nci( 4103): [INFO:NativeNfcTag.cpp(2079)] nativeNfcTag_acquireRfInterfaceMutexLock: try to acquire lock
08-19 14:16:50.961 I/libnfc_nci( 4103): [INFO:NativeNfcTag.cpp(2082)] nativeNfcTag_acquireRfInterfaceMutexLock: sRfInterfaceMutex lock
08-19 14:16:50.961 I/libnfc_nci( 4103): [INFO:NativeNfcManager.cpp(3420)] stopPolling_rfDiscoveryDisabled: disable polling
08-19 14:16:50.961 I/libnfc_nci( 4103): [INFO:nfa_dm_api.cc(609)] NFA_DisablePolling
08-19 14:16:50.961 I/libnfc_nci( 4103): [INFO:nfa_dm_discover.cc(2833)] new state: IDLE (0), disc_flags: 0x0
08-19 14:16:50.961 I/libnfc_nci( 4103): [INFO:nfa_sys_main.cc(77)] NFA got event 0x0107
08-19 14:16:50.961 I/libnfc_nci( 4103): [INFO:nfa_dm_main.cc(151)] event: NFA_DM_API_DISABLE_POLLING_EVT (0x07)
08-19 14:16:50.961 I/libnfc_nci( 4103): [INFO:nfa_dm_act.cc(1116)] nfa_dm_act_disable_polling
08-19 14:16:50.961 I/libnfc_nci( 4103): [INFO:nfa_dm_act.cc(1085)] nfa_dm_deactivate_polling
08-19 14:16:50.961 I/libnfc_nci( 4103): [INFO:nfa_dm_discover.cc(2961)] handle=0x3
08-19 14:16:50.961 I/libnfc_nci( 4103): [INFO:NativeNfcManager.cpp(443)] nfaConnectionCallback: event= 1
08-19 14:16:50.961 I/libnfc_nci( 4103): [INFO:NativeNfcManager.cpp(461)] nfaConnectionCallback: NFA_POLL_DISABLED_EVT: status = 0
08-19 14:16:50.961 I/libnfc_nci( 4103): [INFO:NativeNfcTag.cpp(2097)] nativeNfcTag_releaseRfInterfaceMutexLock: sRfInterfaceMutex unlock
08-19 14:16:50.961 I/libnfc_nci( 4103): [INFO:NativeNfcManager.cpp(3216)] startRfDiscovery: is start=1
08-19 14:16:50.961 I/libnfc_nci( 4103): [INFO:NativeNfcTag.cpp(2079)] nativeNfcTag_acquireRfInterfaceMutexLock: try to acquire lock
08-19 14:16:50.961 I/libnfc_nci( 4103): [INFO:NativeNfcTag.cpp(2082)] nativeNfcTag_acquireRfInterfaceMutexLock: sRfInterfaceMutex lock
08-19 14:16:50.961 I/libnfc_nci( 4103): [INFO:nfa_dm_api.cc(864)] NFA_StartRfDiscovery
08-19 14:16:50.961 I/libnfc_nci( 4103): [INFO:nfa_sys_main.cc(77)] NFA got event 0x010E
08-19 14:16:50.961 I/libnfc_nci( 4103): [INFO:nfa_dm_main.cc(151)] event: NFA_DM_API_START_RF_DISCOVERY_EVT (0x0e)
08-19 14:16:50.961 I/libnfc_nci( 4103): [INFO:nfa_dm_act.cc(1359)] nfa_dm_act_start_rf_discovery
08-19 14:16:50.961 I/libnfc_nci( 4103): [INFO:nfa_dm_discover.cc(1029)] nfa_dm_start_rf_discover
08-19 14:16:50.961 I/libnfc_nci( 4103): [INFO:nfa_ee_act.cc(3298)] 1
08-19 14:16:50.961 I/libnfc_nci( 4103): [INFO:nfa_ee_act.cc(3322)] 0xc0, 0xc0, 0xc0, 0x0
08-19 14:16:50.961 E/libnfc_nci( 4103): [ERROR:nfa_dm_discover.cc(1162)] nfa_dm_cb.disc_cb.entry[0].selected_disc_mask = 0x140000
08-19 14:16:50.961 E/libnfc_nci( 4103): [ERROR:nfa_dm_discover.cc(1162)] nfa_dm_cb.disc_cb.entry[1].selected_disc_mask = 0x340000
08-19 14:16:50.961 E/libnfc_nci( 4103): [ERROR:nfa_dm_discover.cc(1162)] nfa_dm_cb.disc_cb.entry[2].selected_disc_mask = 0x340000
08-19 14:16:50.961 I/libnfc_nci( 4103): [INFO:nfa_ee_main.cc(438)] nfa_ee_find_ecb
08-19 14:16:50.961 I/libnfc_nci( 4103): [INFO:nfa_ee_act.cc(2528)] Cannot find cb for given nfcee_id: 0x2
08-19 14:16:50.961 I/libnfc_nci( 4103): [INFO:nfa_ee_act.cc(2531)] supported tech list is 0x00 for given nfcee_id: 0x2 
08-19 14:16:50.961 I/libnfc_nci( 4103): [INFO:nfa_dm_discover.cc(1266)] fwdEnable:1,hostEnable:7
08-19 14:16:50.961 I/libnfc_nci( 4103): [INFO:nfa_dm_discover.cc(1269)] tech_list:0x0,dm_disc_mask:0x340000
08-19 14:16:50.961 I/libnfc_nci( 4103): [INFO:nfa_dm_discover.cc(1283)] dm_disc_mask : 0x340000
08-19 14:16:50.961 I/libnfc_nci( 4103): [INFO:nfa_dm_discover.cc(1205)] nfa_dm_start_rf_discover: finally dm_disc_mask = 0x00340000
08-19 14:16:50.961 I/libnfc_nci( 4103): [INFO:nfa_dm_discover.cc(383)] tech_proto_mask = 0x00340000
08-19 14:16:50.961 I/libnfc_nci( 4103): [INFO:nfa_dm_main.cc(255)] nfa_dm_check_set_config
08-19 14:16:50.961 I/libnfc_nci( 4103): [INFO:nfa_dm_discover.cc(473)] nfa_dm_set_total_duration
08-19 14:16:50.961 I/libnfc_nci( 4103): [INFO:nfa_dm_main.cc(255)] nfa_dm_check_set_config
08-19 14:16:50.961 I/libnfc_nci( 4103): [INFO:nfc_main.cc(1020)] NFC_DiscoveryStart
08-19 14:16:50.961 I/libnfc_nci( 4103): [INFO:NfcAdaptation.cc(973)] NfcAdaptation::HalPrediscover
08-19 14:16:50.961 I/libnfc_nci( 4103): [INFO:nfc_ncif.cc(382)] nfc_ncif_send_cmd()
08-19 14:16:50.961 I/libnfc_nci( 4103): [INFO:NfcAdaptation.cc(722)] NfcAdaptation::HalWrite
08-19 14:16:50.961 D/NxpHal  (  944): > Polling Loop Started
08-19 14:16:50.961 D/NxpTml  (  944): PN54X - Write requested.....
08-19 14:16:50.961 D/NxpTml  (  944): PN54X - Invoking I2C Write.....
08-19 14:16:50.962 W/TelephonyPermissions( 2989): reportAccessDeniedToReadIdentifiers:com.vmos.app:getDeviceId:1
08-19 14:16:50.962 W/TelephonyPermissions( 2989): reportAccessDeniedToReadIdentifiers:com.vmos.app:getSubscriberId:1
08-19 14:16:50.962 D/permode (26302): 761
08-19 14:16:50.963 D/NxpNciX (  944): len =  10 > 21030703800181018201
08-19 14:16:50.963 D/NxpTml  (  944): PN54X - I2C Write successful.....
08-19 14:16:50.963 D/NxpTml  (  944): PN54X - Posting Fresh Write message.....
08-19 14:16:50.963 D/NxpTml  (  944): PN54X - Tml Writer Thread Running................
08-19 14:16:50.963 D/NxpHal  (  944): write successful status = 0x0
08-19 14:16:50.963 I/libnfc_nci( 4103): [INFO:nfc_main.cc(1040)] NFC_DiscoveryStart status: 0xe3
08-19 14:16:50.964 D/NxpTml  (  944): PN54X - I2C Read successful.....len = 4
08-19 14:16:50.964 D/NxpNciR (  944): len =   4 > 41030100
08-19 14:16:50.964 D/NxpTml  (  944): PN54X - Posting read message.....
08-19 14:16:50.964 D/NxpHal  (  944): read successful status = 0x0
08-19 14:16:50.964 I/libnfc_nci( 4103): [INFO:nfc_ncif.cc(449)] NFC received rsp gid:1
08-19 14:16:50.964 I/libnfc_nci( 4103): [INFO:nfa_dm_discover.cc(3146)] p2p priority is running under bail out mode ONLY.
08-19 14:16:50.964 D/NxpTml  (  944): PN54X - Read requested.....
08-19 14:16:50.964 D/NxpTml  (  944): PN54X - Invoking I2C Read.....
08-19 14:16:50.964 I/libnfc_nci( 4103): [INFO:nfa_dm_discover.cc(801)] event:0x4000
08-19 14:16:50.964 I/libnfc_nci( 4103): [INFO:nfa_dm_discover.cc(2780)] state: IDLE (0), event: DISCOVER_RSP(1) disc_flags: 0x31
08-19 14:16:50.964 I/libnfc_nci( 4103): [INFO:nfa_dm_discover.cc(1915)] old_state: IDLE (0), new_state: DISCOVERY (1) disc_flags: 0x11
08-19 14:16:50.964 I/libnfc_nci( 4103): [INFO:NativeNfcManager.cpp(443)] nfaConnectionCallback: event= 30
08-19 14:16:50.964 I/libnfc_nci( 4103): [INFO:NativeNfcManager.cpp(471)] nfaConnectionCallback: NFA_RF_DISCOVERY_STARTED_EVT: status = 0
08-19 14:16:50.964 I/libnfc_nci( 4103): [INFO:nfa_dm_discover.cc(2833)] new state: DISCOVERY (1), disc_flags: 0x1
08-19 14:16:50.964 I/libnfc_nci( 4103): [INFO:NativeNfcTag.cpp(2097)] nativeNfcTag_releaseRfInterfaceMutexLock: sRfInterfaceMutex unlock
08-19 14:16:50.964 I/libnfc_nci( 4103): [INFO:PowerSwitch.cpp(258)] PowerSwitch::setModeOn(activated=0x1) : mCurrActivity=0x1
08-19 14:16:50.964 I/libnfc_nci( 4103): [INFO:NativeNfcManager.cpp(1799)] nfcManager_enableDiscovery: exit
08-19 14:16:50.965 D/NfcService( 4103): mDisablePolling=false, mScreenState=8
08-19 14:16:50.965 D/NfcService( 4103): applyRouting enter - false
08-19 14:16:50.965 D/NfcService( 4103): computeDiscoveryParameters() screenState=8
08-19 14:16:50.965 D/NfcService( 4103): mReaderModeParams is null, techMask=-1
08-19 14:16:50.965 I/libnfc_nci( 4103): [INFO:NativeNfcManager.cpp(3490)] storeLastDiscoveryParams: enter
08-19 14:16:50.965 I/libnfc_nci( 4103): [INFO:NativeNfcManager.cpp(1718)] nfcManager_enableDiscovery: enter; tech_mask = 4f
08-19 14:16:50.965 I/libnfc_nci( 4103): [INFO:PowerSwitch.cpp(154)] PowerSwitch::setLevel: level=PS-FULL (1)
08-19 14:16:50.965 I/libnfc_nci( 4103): [INFO:NativeNfcManager.cpp(3216)] startRfDiscovery: is start=0
08-19 14:16:50.965 I/libnfc_nci( 4103): [INFO:NativeNfcTag.cpp(2079)] nativeNfcTag_acquireRfInterfaceMutexLock: try to acquire lock
08-19 14:16:50.965 I/libnfc_nci( 4103): [INFO:NativeNfcTag.cpp(2082)] nativeNfcTag_acquireRfInterfaceMutexLock: sRfInterfaceMutex lock
08-19 14:16:50.965 I/libnfc_nci( 4103): [INFO:nfa_dm_api.cc(894)] NFA_StopRfDiscovery
08-19 14:16:50.965 I/libnfc_nci( 4103): [INFO:nfa_sys_main.cc(77)] NFA got event 0x010F
08-19 14:16:50.965 I/libnfc_nci( 4103): [INFO:nfa_dm_main.cc(151)] event: NFA_DM_API_STOP_RF_DISCOVERY_EVT (0x0f)
08-19 14:16:50.965 I/libnfc_nci( 4103): [INFO:nfa_dm_act.cc(1388)] nfa_dm_act_stop_rf_discovery
08-19 14:16:50.965 I/libnfc_nci( 4103): [INFO:nfa_dm_discover.cc(3015)] deactivate_type:0x0
08-19 14:16:50.965 I/libnfc_nci( 4103): [INFO:nfa_dm_discover.cc(2780)] state: DISCOVERY (1), event: DEACTIVATE_CMD(6) disc_flags: 0x2
08-19 14:16:50.965 I/libnfc_nci( 4103): [INFO:nfc_main.cc(1284)] NFC_Deactivate 4 (IDLE) deactivate_type:0
08-19 14:16:50.965 I/libnfc_nci( 4103): [INFO:nfc_ncif.cc(382)] nfc_ncif_send_cmd()
08-19 14:16:50.965 I/libnfc_nci( 4103): [INFO:NfcAdaptation.cc(722)] NfcAdaptation::HalWrite
08-19 14:16:50.967 D/NxpTml  (  944): PN54X - Write requested.....
08-19 14:16:50.967 D/NxpTml  (  944): PN54X - Invoking I2C Write.....
08-19 14:16:50.967 D/NdkImageReader( 3002): acquireImageLocked: Producer buffer usage: 333, doesn't cover all usage bits AImageReader configured: 100003
08-19 14:16:50.968 D/NxpNciX (  944): len =   4 > 21060100
08-19 14:16:50.968 D/NxpTml  (  944): PN54X - I2C Write successful.....
08-19 14:16:50.968 D/NxpTml  (  944): PN54X - Posting Fresh Write message.....
08-19 14:16:50.968 D/NxpTml  (  944): PN54X - Tml Writer Thread Running................
08-19 14:16:50.968 D/NxpHal  (  944): write successful status = 0x0
08-19 14:16:50.969 D/NxpTml  (  944): PN54X - I2C Read successful.....len = 4
08-19 14:16:50.969 I/libnfc_nci( 4103): [INFO:nfa_dm_discover.cc(2833)] new state: DISCOVERY (1), disc_flags: 0x22
08-19 14:16:50.969 I/libnfc_nci( 4103): [INFO:nfa_sys_ptim.cc(156)] nfa_sys_ptim_stop_timer 0x728ef3de70
08-19 14:16:50.969 I/libnfc_nci( 4103): [INFO:nfa_sys_ptim.cc(163)] ptim timer stop
08-19 14:16:50.969 I/libnfc_nci( 4103): [INFO:nfa_rw_act.cc(214)] Stopped presence check timer (if started)
08-19 14:16:50.973 D/NxpNciR (  944): len =   4 > 41060100
08-19 14:16:50.973 D/NxpTml  (  944): PN54X - Posting read message.....
08-19 14:16:50.973 D/NxpHal  (  944): read successful status = 0x0
08-19 14:16:50.974 D/NxpTml  (  944): PN54X - Read requested.....
08-19 14:16:50.974 D/NxpTml  (  944): PN54X - Invoking I2C Read.....
08-19 14:16:50.974 W/SurfaceFlinger( 1001): eEarlyWakeup is deprecated. Use eExplicitEarlyWakeup[Start|End]
08-19 14:16:50.977 I/libnfc_nci( 4103): [INFO:nfc_ncif.cc(449)] NFC received rsp gid:1
08-19 14:16:50.977 I/libnfc_nci( 4103): [INFO:nfa_dm_discover.cc(3146)] p2p priority is running under bail out mode ONLY.
08-19 14:16:50.977 I/libnfc_nci( 4103): [INFO:nfc_main.cc(376)] nfc_set_state 4 (IDLE)->4 (IDLE)
08-19 14:16:50.977 I/libnfc_nci( 4103): [INFO:nfa_dm_discover.cc(1892)] nfa_dm_disc_data_cback
08-19 14:16:50.977 I/libnfc_nci( 4103): [INFO:nfa_dm_discover.cc(801)] event:0x4005
08-19 14:16:50.977 I/libnfc_nci( 4103): [INFO:nfa_dm_discover.cc(2780)] state: DISCOVERY (1), event: DEACTIVATE_RSP(7) disc_flags: 0x22
08-19 14:16:50.977 I/libnfc_nci( 4103): [INFO:nfa_dm_discover.cc(1915)] old_state: DISCOVERY (1), new_state: IDLE (0) disc_flags: 0x2
08-19 14:16:50.977 I/libnfc_nci( 4103): [INFO:NativeNfcManager.cpp(443)] nfaConnectionCallback: event= 31
08-19 14:16:50.977 I/libnfc_nci( 4103): [INFO:NativeNfcManager.cpp(481)] nfaConnectionCallback: NFA_RF_DISCOVERY_STOPPED_EVT: status = 0
08-19 14:16:50.977 I/libnfc_nci( 4103): [INFO:nfa_dm_discover.cc(1029)] nfa_dm_start_rf_discover
08-19 14:16:50.977 W/SurfaceFlinger( 1001): eEarlyWakeup is deprecated. Use eExplicitEarlyWakeup[Start|End]
08-19 14:16:50.977 I/libnfc_nci( 4103): [INFO:nfa_dm_discover.cc(2833)] new state: IDLE (0), disc_flags: 0x0
08-19 14:16:50.978 I/libnfc_nci( 4103): [INFO:NativeNfcTag.cpp(2097)] nativeNfcTag_releaseRfInterfaceMutexLock: sRfInterfaceMutex unlock
08-19 14:16:50.978 I/libnfc_nci( 4103): [INFO:NativeNfcTag.cpp(2079)] nativeNfcTag_acquireRfInterfaceMutexLock: try to acquire lock
08-19 14:16:50.978 I/libnfc_nci( 4103): [INFO:NativeNfcTag.cpp(2082)] nativeNfcTag_acquireRfInterfaceMutexLock: sRfInterfaceMutex lock
08-19 14:16:50.978 I/libnfc_nci( 4103): [INFO:NativeNfcManager.cpp(3420)] stopPolling_rfDiscoveryDisabled: disable polling
08-19 14:16:50.978 I/libnfc_nci( 4103): [INFO:nfa_dm_api.cc(609)] NFA_DisablePolling
08-19 14:16:50.978 D/CrashReport(26302): >>> com.vmos.app.NewSurActivity onResumed <<<
08-19 14:16:50.978 I/CrashReport-Native(26302): jni_setNativeInfo: key is 14
08-19 14:16:50.979 I/CrashReport-Native(26302): Set native info: isAppForeground(true)
08-19 14:16:50.979 I/CrashReport(26302): [session] launch app one times (app in background 1629353810 seconds and over 30 seconds)
08-19 14:16:50.979 D/CrashReport(26302): [AsyncTaskHandler] Post a delay(time: 0ms) task: com.tencent.bugly.crashreport.biz.a$a
08-19 14:16:50.979 I/CrashReport(26302): add a timer to upload hot start user info
08-19 14:16:50.979 D/CrashReport(26302): [AsyncTaskHandler] Post a delay(time: 300000ms) task: com.tencent.bugly.crashreport.biz.a$a
08-19 14:16:50.979 D/CrashReport(26302): [UserInfo] Record user info.
08-19 14:16:50.980 I/libnfc_nci( 4103): [INFO:nfa_sys_main.cc(77)] NFA got event 0x0107
08-19 14:16:50.980 I/libnfc_nci( 4103): [INFO:nfa_dm_main.cc(151)] event: NFA_DM_API_DISABLE_POLLING_EVT (0x07)
08-19 14:16:50.980 I/libnfc_nci( 4103): [INFO:nfa_dm_act.cc(1116)] nfa_dm_act_disable_polling
08-19 14:16:50.980 I/libnfc_nci( 4103): [INFO:NativeNfcManager.cpp(443)] nfaConnectionCallback: event= 1
08-19 14:16:50.980 I/libnfc_nci( 4103): [INFO:NativeNfcManager.cpp(461)] nfaConnectionCallback: NFA_POLL_DISABLED_EVT: status = 3
08-19 14:16:50.981 I/libnfc_nci( 4103): [INFO:NativeNfcTag.cpp(2097)] nativeNfcTag_releaseRfInterfaceMutexLock: sRfInterfaceMutex unlock
08-19 14:16:50.981 I/libnfc_nci( 4103): [INFO:NativeNfcTag.cpp(2079)] nativeNfcTag_acquireRfInterfaceMutexLock: try to acquire lock
08-19 14:16:50.981 I/libnfc_nci( 4103): [INFO:NativeNfcTag.cpp(2082)] nativeNfcTag_acquireRfInterfaceMutexLock: sRfInterfaceMutex lock
08-19 14:16:50.981 I/libnfc_nci( 4103): [INFO:NativeNfcManager.cpp(3398)] startPolling_rfDiscoveryDisabled: enable polling
08-19 14:16:50.981 I/libnfc_nci( 4103): [INFO:nfa_dm_api.cc(575)] 0x4F
08-19 14:16:50.981 I/libnfc_nci( 4103): [INFO:NativeNfcManager.cpp(3402)] startPolling_rfDiscoveryDisabled: wait for enable event
08-19 14:16:50.981 I/libnfc_nci( 4103): [INFO:nfa_sys_main.cc(77)] NFA got event 0x0106
08-19 14:16:50.981 I/libnfc_nci( 4103): [INFO:nfa_dm_main.cc(151)] event: NFA_DM_API_ENABLE_POLLING_EVT (0x06)
08-19 14:16:50.981 I/libnfc_nci( 4103): [INFO:nfa_dm_act.cc(1051)] nfa_dm_act_enable_polling
08-19 14:16:50.981 I/libnfc_nci( 4103): [INFO:nfa_dm_act.cc(979)] nfa_dm_start_polling
08-19 14:16:50.981 I/libnfc_nci( 4103): [INFO:nfa_dm_discover.cc(2853)] disc_mask=0xe97f
08-19 14:16:50.981 I/libnfc_nci( 4103): [INFO:nfa_dm_discover.cc(2862)] requested_disc_mask=0x0000e97f
08-19 14:16:50.981 I/libnfc_nci( 4103): [INFO:NativeNfcManager.cpp(443)] nfaConnectionCallback: event= 0
08-19 14:16:50.981 I/libnfc_nci( 4103): [INFO:NativeNfcManager.cpp(452)] nfaConnectionCallback: NFA_POLL_ENABLED_EVT: status = 0
08-19 14:16:50.981 I/libnfc_nci( 4103): [INFO:NativeNfcTag.cpp(2097)] nativeNfcTag_releaseRfInterfaceMutexLock: sRfInterfaceMutex unlock
08-19 14:16:50.981 I/libnfc_nci( 4103): [INFO:NativeNfcManager.cpp(1743)] nfcManager_enableDiscovery: Enable p2pListening
08-19 14:16:50.981 I/libnfc_nci( 4103): [INFO:NativeNfcManager.cpp(3216)] startRfDiscovery: is start=1
08-19 14:16:50.981 I/libnfc_nci( 4103): [INFO:NativeNfcTag.cpp(2079)] nativeNfcTag_acquireRfInterfaceMutexLock: try to acquire lock
08-19 14:16:50.981 I/libnfc_nci( 4103): [INFO:NativeNfcTag.cpp(2082)] nativeNfcTag_acquireRfInterfaceMutexLock: sRfInterfaceMutex lock
08-19 14:16:50.981 I/libnfc_nci( 4103): [INFO:nfa_dm_api.cc(864)] NFA_StartRfDiscovery
08-19 14:16:50.981 I/libnfc_nci( 4103): [INFO:nfa_sys_main.cc(77)] NFA got event 0x010E
08-19 14:16:50.981 I/libnfc_nci( 4103): [INFO:nfa_dm_main.cc(151)] event: NFA_DM_API_START_RF_DISCOVERY_EVT (0x0e)
08-19 14:16:50.981 I/libnfc_nci( 4103): [INFO:nfa_dm_act.cc(1359)] nfa_dm_act_start_rf_discovery
08-19 14:16:50.981 I/libnfc_nci( 4103): [INFO:nfa_dm_discover.cc(1029)] nfa_dm_start_rf_discover
08-19 14:16:50.981 I/libnfc_nci( 4103): [INFO:nfa_ee_act.cc(3298)] 1
08-19 14:16:50.981 I/libnfc_nci( 4103): [INFO:nfa_ee_act.cc(3322)] 0xc0, 0xc0, 0xc0, 0x0
08-19 14:16:50.981 E/libnfc_nci( 4103): [ERROR:nfa_dm_discover.cc(1162)] nfa_dm_cb.disc_cb.entry[0].selected_disc_mask = 0x140000
08-19 14:16:50.981 E/libnfc_nci( 4103): [ERROR:nfa_dm_discover.cc(1162)] nfa_dm_cb.disc_cb.entry[1].selected_disc_mask = 0x340000
08-19 14:16:50.981 E/libnfc_nci( 4103): [ERROR:nfa_dm_discover.cc(1162)] nfa_dm_cb.disc_cb.entry[2].selected_disc_mask = 0x340000
08-19 14:16:50.981 E/libnfc_nci( 4103): [ERROR:nfa_dm_discover.cc(1162)] nfa_dm_cb.disc_cb.entry[3].selected_disc_mask = 0xe97f
08-19 14:16:50.981 I/libnfc_nci( 4103): [INFO:nfa_ee_main.cc(438)] nfa_ee_find_ecb
08-19 14:16:50.981 I/libnfc_nci( 4103): [INFO:nfa_ee_act.cc(2528)] Cannot find cb for given nfcee_id: 0x2
08-19 14:16:50.981 I/libnfc_nci( 4103): [INFO:nfa_ee_act.cc(2531)] supported tech list is 0x00 for given nfcee_id: 0x2 
08-19 14:16:50.981 I/libnfc_nci( 4103): [INFO:nfa_dm_discover.cc(1266)] fwdEnable:1,hostEnable:7
08-19 14:16:50.981 I/libnfc_nci( 4103): [INFO:nfa_dm_discover.cc(1269)] tech_list:0x0,dm_disc_mask:0x34e97f
08-19 14:16:50.981 I/libnfc_nci( 4103): [INFO:nfa_dm_discover.cc(1283)] dm_disc_mask : 0x34e97f
08-19 14:16:50.981 I/libnfc_nci( 4103): [INFO:nfa_p2p_main.cc(533)] nfa_p2p_set_config
08-19 14:16:50.981 I/libnfc_nci( 4103): [INFO:llcp_api.cc(252)] LLCP_GetDiscoveryConfig
08-19 14:16:50.981 I/libnfc_nci( 4103): [INFO:nfa_dm_main.cc(255)] nfa_dm_check_set_config
08-19 14:16:50.981 I/libnfc_nci( 4103): [INFO:nfa_dm_discover.cc(1205)] nfa_dm_start_rf_discover: finally dm_disc_mask = 0x0034e97f
08-19 14:16:50.981 I/libnfc_nci( 4103): [INFO:nfa_dm_discover.cc(383)] tech_proto_mask = 0x0034E97F
08-19 14:16:50.981 I/libnfc_nci( 4103): [INFO:nfa_dm_main.cc(255)] nfa_dm_check_set_config
08-19 14:16:50.981 I/libnfc_nci( 4103): [INFO:nfa_dm_discover.cc(473)] nfa_dm_set_total_duration
08-19 14:16:50.981 I/libnfc_nci( 4103): [INFO:nfa_dm_main.cc(255)] nfa_dm_check_set_config
08-19 14:16:50.981 I/libnfc_nci( 4103): [INFO:nfc_main.cc(1020)] NFC_DiscoveryStart
08-19 14:16:50.981 I/libnfc_nci( 4103): [INFO:NfcAdaptation.cc(973)] NfcAdaptation::HalPrediscover
08-19 14:16:50.981 I/libnfc_nci( 4103): [INFO:nfc_ncif.cc(382)] nfc_ncif_send_cmd()
08-19 14:16:50.981 I/libnfc_nci( 4103): [INFO:NfcAdaptation.cc(722)] NfcAdaptation::HalWrite
08-19 14:16:50.982 D/NxpHal  (  944): > Polling Loop Started
08-19 14:16:50.982 D/NxpTml  (  944): PN54X - Write requested.....
08-19 14:16:50.982 D/NxpTml  (  944): PN54X - Invoking I2C Write.....
08-19 14:16:50.982 D/CrashReport(26302): [Database] insert t_ui success.
08-19 14:16:50.982 D/CrashReport(26302): [Database] insert t_ui success with ID: 17
08-19 14:16:50.983 D/NxpNciX (  944): len =  20 > 2103110800010101020103018001810182010601
08-19 14:16:50.983 D/NxpTml  (  944): PN54X - I2C Write successful.....
08-19 14:16:50.983 D/NxpTml  (  944): PN54X - Posting Fresh Write message.....
08-19 14:16:50.983 D/NxpTml  (  944): PN54X - Tml Writer Thread Running................
08-19 14:16:50.983 D/NxpHal  (  944): write successful status = 0x0
08-19 14:16:50.983 I/libnfc_nci( 4103): [INFO:nfc_main.cc(1040)] NFC_DiscoveryStart status: 0xe3
08-19 14:16:50.984 D/CrashReport(26302): [Upload] Bugly version from headers is: bugly/1.0
08-19 14:16:50.984 D/CrashReport(26302): [Upload] Status from server is 0 (pid=26302 | tid=26397).
08-19 14:16:50.984 D/CrashReport(26302): [Upload] Received 96 bytes
08-19 14:16:50.984 D/CrashReport(26302): [Util] Unzip 96 bytes data with type Gzip
08-19 14:16:50.984 W/CrashReport(26302): Not in GZIP format
08-19 14:16:50.984 D/CrashReport(26302): [Upload] Response cmd is: 0, length of sBuffer is: 0
08-19 14:16:50.984 I/CrashReport(26302): [Upload] Success: userinfo
08-19 14:16:50.985 D/CrashReport(26302): [UploadManager] Local network consume: 6 KB
08-19 14:16:50.986 D/NxpTml  (  944): PN54X - I2C Read successful.....len = 4
08-19 14:16:50.986 D/NxpNciR (  944): len =   4 > 41030100
08-19 14:16:50.986 D/NxpTml  (  944): PN54X - Posting read message.....
08-19 14:16:50.986 D/NxpHal  (  944): read successful status = 0x0
08-19 14:16:50.986 I/libnfc_nci( 4103): [INFO:nfc_ncif.cc(449)] NFC received rsp gid:1
08-19 14:16:50.986 D/NxpTml  (  944): PN54X - Read requested.....
08-19 14:16:50.986 D/NxpTml  (  944): PN54X - Invoking I2C Read.....
08-19 14:16:50.986 I/libnfc_nci( 4103): [INFO:nfa_dm_discover.cc(3146)] p2p priority is running under bail out mode ONLY.
08-19 14:16:50.986 I/libnfc_nci( 4103): [INFO:nfa_dm_discover.cc(801)] event:0x4000
08-19 14:16:50.986 I/libnfc_nci( 4103): [INFO:nfa_dm_discover.cc(2780)] state: IDLE (0), event: DISCOVER_RSP(1) disc_flags: 0x31
08-19 14:16:50.986 I/libnfc_nci( 4103): [INFO:nfa_dm_discover.cc(1915)] old_state: IDLE (0), new_state: DISCOVERY (1) disc_flags: 0x11
08-19 14:16:50.986 I/libnfc_nci( 4103): [INFO:nfa_dm_act.cc(1686)] event:0x00
08-19 14:16:50.986 I/libnfc_nci( 4103): [INFO:NativeNfcManager.cpp(443)] nfaConnectionCallback: event= 30
08-19 14:16:50.986 I/libnfc_nci( 4103): [INFO:NativeNfcManager.cpp(471)] nfaConnectionCallback: NFA_RF_DISCOVERY_STARTED_EVT: status = 0
08-19 14:16:50.986 I/libnfc_nci( 4103): [INFO:nfa_dm_discover.cc(2833)] new state: DISCOVERY (1), disc_flags: 0x1
08-19 14:16:50.986 I/libnfc_nci( 4103): [INFO:NativeNfcTag.cpp(2097)] nativeNfcTag_releaseRfInterfaceMutexLock: sRfInterfaceMutex unlock
08-19 14:16:50.986 I/libnfc_nci( 4103): [INFO:PowerSwitch.cpp(258)] PowerSwitch::setModeOn(activated=0x1) : mCurrActivity=0x1
08-19 14:16:50.986 I/libnfc_nci( 4103): [INFO:NativeNfcManager.cpp(1799)] nfcManager_enableDiscovery: exit
08-19 14:16:50.987 D/CrashReport(26302): [Database] deleted t_lr data 1
08-19 14:16:50.988 D/CrashReport(26302): [Database] insert t_lr success.
08-19 14:16:50.988 D/CrashReport(26302): [UploadManager] Network total consume: 6 KB
08-19 14:16:50.988 D/CrashReport(26302): [UserInfo] Successfully uploaded user info.
08-19 14:16:50.989 D/CrashReport(26302): [Database] insert t_ui success.
08-19 14:16:50.989 D/CrashReport(26302): [Database] insert t_ui success with ID: 14
08-19 14:16:50.989 D/CrashReport(26302): [Database] insert t_ui success.
08-19 14:16:50.990 D/CrashReport(26302): [Database] insert t_ui success with ID: 15
08-19 14:16:50.991 W/SurfaceFlinger( 1001): eEarlyWakeup is deprecated. Use eExplicitEarlyWakeup[Start|End]
08-19 14:16:50.992 W/SurfaceFlinger( 1001): eEarlyWakeup is deprecated. Use eExplicitEarlyWakeup[Start|End]
08-19 14:16:50.993 D/RecentsImpl( 3002): mActivityStateObserver com.vmos.app.NewSurActivity
08-19 14:16:50.993 W/RecentsImpl( 3002): onResumed className=com.vmos.app.NewSurActivity   mIsInAnotherPro=false
08-19 14:16:50.993 D/RecentsImpl( 3002): showNavStubView
08-19 14:16:50.993 W/Looper  (26302): PerfMonitor looperActivity : package=com.vmos.app/.NewSurActivity time=0ms latency=504ms running=0ms  procState=2 ClientTransaction{ callbacks=[android.app.servertransaction.TopResumedActivityChangeItem] } historyMsgCount=3 (msgIndex=2 wall=194ms seq=2 running=75ms runnable=1ms io=19ms binder=31ms late=2ms h=android.app.ActivityThread$H w=110) (msgIndex=3 wall=309ms seq=3 running=90ms runnable=2ms io=13ms binder=196ms late=195ms h=android.app.ActivityThread$H w=159)
08-19 14:16:50.993 W/RecentsImpl( 3002): disableBackStubWindow    disableTouch=false
08-19 14:16:50.993 D/RecentsImpl( 3002): showBackStubWindow  mHasNavigationBar=true   mDisabledByDriveMode=false
08-19 14:16:50.994 W/GestureStubView( 3002): adaptRotation   currentRotation=0   mRotation=0
08-19 14:16:50.994 D/GestureStubView( 3002): resetRenderProperty: showGestureStub
08-19 14:16:50.994 D/GestureStubView( 3002): showGestureStub
08-19 14:16:50.994 W/GestureStubView( 3002): adaptRotation   currentRotation=0   mRotation=0
08-19 14:16:50.994 D/GestureStubView( 3002): resetRenderProperty: showGestureStub
08-19 14:16:50.994 D/GestureStubView( 3002): showGestureStub
08-19 14:16:50.995 D/CompatibilityInfo( 1783): mCompatibilityFlags - 0
08-19 14:16:50.995 D/CompatibilityInfo( 1783): applicationDensity - 440
08-19 14:16:50.995 D/CompatibilityInfo( 1783): applicationScale - 1.0
08-19 14:16:50.995 D/NdkImageReader( 3002): acquireImageLocked: Producer buffer usage: 333, doesn't cover all usage bits AImageReader configured: 100003
08-19 14:16:50.996 D/GnssLocationProviderInjector( 1783): caller name: com.vmos.app
08-19 14:16:50.996 D/SchedBoost( 1783): thread tid=3002, priority is set to -10
08-19 14:16:50.996 D/SchedBoost( 1783): thread tid=3147, priority is set to -10
08-19 14:16:50.996 W/SchedBoost( 1783): SchedBoost end: proc: 3002/3147 540 aff:[0, 1, 2, 3, 4, 5, 6, 7]
08-19 14:16:50.999 I/BehaviorRecord-Monitor( 4989): com.vmos.app , perm: 32 , active true , current size: 1 , foreground com.vmos.app
08-19 14:16:50.999 D/AppOpsAdapter(11833): using permission notify! 32 , groundState 0
08-19 14:16:50.999 I/AppOpsAdapter(11833): 0@com.vmos.app has start operation32
08-19 14:16:50.999 I/BehaviorRecord-Monitor( 4989): com.vmos.app , perm: 32 , active true , current size: 1 , foreground com.vmos.app
08-19 14:16:51.000 I/hpplay-java(26302): [main]:LelinkServiceManagerImpl:networkType:NETWORK_WIFI
08-19 14:16:51.001 I/hpplay-java(26302): [main]:AsyncHttpJob:onPostExecute object: HttpResult{resultType=0, result='{"status":200,"data":{"server_time":1629353811198,"expire_time":12,"prot_ver":"3.0","dmr_name":"lebo","scan_time":60,"tid":13723,"uid":"-3647525294672941166","hid":"1B647780CCD54069ECD986EA5690D1F6C","reg_time":1629349172140,"token":"c1fbfb2c11c8b8e71629353811","ip":"119.123.173.176"}}', responseCode=200}
08-19 14:16:51.001 I/hpplay-java(26302): [main]:AuthSDK:authSDK onRequestResult = {"status":200,"data":{"server_time":1629353811198,"expire_time":12,"prot_ver":"3.0","dmr_name":"lebo","scan_time":60,"tid":13723,"uid":"-3647525294672941166","hid":"1B647780CCD54069ECD986EA5690D1F6C","reg_time":1629349172140,"token":"c1fbfb2c11c8b8e71629353811","ip":"119.123.173.176"}}
08-19 14:16:51.001 W/hpplay-java(26302): [main]:AuthSDK:uid reduplicate with other device, use server uid instead
08-19 14:16:51.001 I/hpplay-java(26302): [main]:Session:updateUID use server uid
08-19 14:16:51.001 W/hpplay-java(26302): [main]:AuthSDK:hid reduplicate with other device, use server hid instead
08-19 14:16:51.001 I/hpplay-java(26302): [main]:Session:updateHID use server hid
08-19 14:16:51.001 I/hpplay-java(26302): [main]:AuthSDK:analysisVerifyData
08-19 14:16:51.001 D/hpplay-java(26302): [main]:LelinkServiceManagerImpl:initAuth onAuthSuccess
08-19 14:16:51.001 I/hpplay-java(26302): [main]:AuthSDK:reportLogin
08-19 14:16:51.002 D/Zygote  (  782): Forked child process 26498
08-19 14:16:51.003 I/ActivityManager( 1783): Start proc 26498:com.xiaomi.bsp.gps.nps/u0a166 for broadcast {com.xiaomi.bsp.gps.nps/com.xiaomi.bsp.gps.nps.GnssCallerNameEventReceiver} caller=android
08-19 14:16:51.004 W/Zygote  (26498): Unable to open libbeluga.so: dlopen failed: library "libbeluga.so" not found.
08-19 14:16:51.005 W/TelephonyPermissions( 2989): reportAccessDeniedToReadIdentifiers:com.vmos.app:getDeviceId:1
08-19 14:16:51.006 W/TelephonyPermissions( 1783): reportAccessDeniedToReadIdentifiers:com.vmos.app:getSerial:-1
08-19 14:16:51.006 I/MiuiNetworkPolicy( 1783): updateUidState uid = 10189, uidState = 5
08-19 14:16:51.006 I/MiuiNetworkPolicy( 1783): updateUidState uid = 10166, uidState = 19
08-19 14:16:51.007 W/SurfaceFlinger( 1001): eEarlyWakeup is deprecated. Use eExplicitEarlyWakeup[Start|End]
08-19 14:16:51.007 W/SurfaceFlinger( 1001): eEarlyWakeup is deprecated. Use eExplicitEarlyWakeup[Start|End]
08-19 14:16:51.010 D/CommandQueue( 2677): setStatus: setStatus: what = 0, action = upate_specail_mode, ext = Bundle[mParcelledData.dataSize=92][pkg = com.vmos.app[enable_config = false
08-19 14:16:51.011 D/GestureStubView( 3002): gatherTransparentRegion: need render w:54  h:1440
08-19 14:16:51.011 I/hpplay-java(26302): [AsyncTask #1]:HttpRequest:doGet responseCode:200  0
08-19 14:16:51.011 I/hpplay-java(26302): [AsyncTask #1]:AsyncHttpJob:doInBackground result: HttpResult{resultType=0, result='{"status":200,"data":{"server":"112.74.182.24"}}', responseCode=200}
08-19 14:16:51.012 I/CZL_META(LITE)(26302): 

08-19 14:16:51.012 I/CZL_META(LITE)(26302): [26302]    meta(200)

08-19 14:16:51.013 I/CameraService( 1339): checkAllClientsStoppedAndReclaimMem reclaim provider memory path: /proc/918/reclaim
08-19 14:16:51.014 D/GestureStubView( 3002): gatherTransparentRegion: need render w:54  h:1440
08-19 14:16:51.014 W/TelephonyPermissions( 2989): reportAccessDeniedToReadIdentifiers:com.vmos.app:getDeviceId:1
08-19 14:16:51.017 D/NdkImageReader( 3002): acquireImageLocked: Producer buffer usage: 333, doesn't cover all usage bits AImageReader configured: 100003
08-19 14:16:51.020 W/TelephonyPermissions( 1783): reportAccessDeniedToReadIdentifiers:com.vmos.app:getSerial:-1
08-19 14:16:51.021 E/QSAnimator( 2677): tileView is null custom(com.android.settings/.development.qstile.DevelopmentTiles$WirelessDebugging)
08-19 14:16:51.021 E/QSAnimator( 2677): tileView is null flashlight
08-19 14:16:51.021 E/QSAnimator( 2677): tileView is null mute
08-19 14:16:51.021 E/QSAnimator( 2677): tileView is null screenshot
08-19 14:16:51.021 E/QSAnimator( 2677): tileView is null airplane
08-19 14:16:51.021 E/QSAnimator( 2677): tileView is null screenlock
08-19 14:16:51.021 E/QSAnimator( 2677): tileView is null gps
08-19 14:16:51.021 E/QSAnimator( 2677): tileView is null rotation
08-19 14:16:51.021 E/QSAnimator( 2677): tileView is null scanner
08-19 14:16:51.021 E/QSAnimator( 2677): tileView is null papermode
08-19 14:16:51.021 E/QSAnimator( 2677): tileView is null night
08-19 14:16:51.021 E/QSAnimator( 2677): tileView is null quietmode
08-19 14:16:51.021 E/QSAnimator( 2677): tileView is null batterysaver
08-19 14:16:51.021 E/QSAnimator( 2677): tileView is null custom(com.miui.securitycenter/com.miui.superpower.notification.SuperPowerTileService)
08-19 14:16:51.021 E/QSAnimator( 2677): tileView is null custom(com.milink.service/com.milink.ui.service.MiLinkTileService)
08-19 14:16:51.021 E/QSAnimator( 2677): tileView is null custom(com.miui.mishare.connectivity/.tile.MiShareTileService)
08-19 14:16:51.021 E/QSAnimator( 2677): tileView is null freeformhang
08-19 14:16:51.021 E/QSAnimator( 2677): tileView is null custom(com.miui.screenrecorder/.service.QuickService)
08-19 14:16:51.021 E/QSAnimator( 2677): tileView is null vibrate
08-19 14:16:51.021 E/QSAnimator( 2677): tileView is null hotspot
08-19 14:16:51.021 E/QSAnimator( 2677): tileView is null nfc
08-19 14:16:51.021 E/QSAnimator( 2677): tileView is null edit
08-19 14:16:51.021 E/omi.bsp.gps.np(26498): Not starting debugger since process cannot load the jdwp agent.
08-19 14:16:51.025 W/SurfaceFlinger( 1001): eEarlyWakeup is deprecated. Use eExplicitEarlyWakeup[Start|End]
08-19 14:16:51.025 W/SurfaceFlinger( 1001): eEarlyWakeup is deprecated. Use eExplicitEarlyWakeup[Start|End]
08-19 14:16:51.026 W/DimLayer( 3002): removeDimLayer
08-19 14:16:51.030 W/TelephonyPermissions( 2989): reportAccessDeniedToReadIdentifiers:com.vmos.app:getDeviceId:1
08-19 14:16:51.030 I/Timeline( 1783): Timeline: App_transition_stopped time:8739606
08-19 14:16:51.034 E/LauncherAnimationRunner( 3002): finish: mFinishRunnable.run
08-19 14:16:51.035 D/CompatibilityInfo( 1783): mCompatibilityFlags - 0
08-19 14:16:51.035 D/CompatibilityInfo( 1783): applicationDensity - 440
08-19 14:16:51.035 D/CompatibilityInfo( 1783): applicationScale - 1.0
08-19 14:16:51.035 W/TelephonyPermissions( 2989): reportAccessDeniedToReadIdentifiers:com.vmos.app:getDeviceId:1
08-19 14:16:51.036 W/TelephonyPermissions( 1783): reportAccessDeniedToReadIdentifiers:com.vmos.app:getSerial:-1
