08-19 14:16:42.720 E/android.system.suspend@1.0-service(  668): Error opening kernel wakelock stats for: wakeup10: Permission denied
08-19 14:16:42.720 E/android.system.suspend@1.0-service(  668): Error opening kernel wakelock stats for: wakeup39: Permission denied
08-19 14:16:42.721 E/android.system.suspend@1.0-service(  668): Error opening kernel wakelock stats for: wakeup29: Permission denied
08-19 14:16:42.721 E/android.system.suspend@1.0-service(  668): Error opening kernel wakelock stats for: wakeup57: Permission denied
08-19 14:16:42.721 E/android.system.suspend@1.0-service(  668): Error opening kernel wakelock stats for: wakeup19: Permission denied
08-19 14:16:42.721 E/android.system.suspend@1.0-service(  668): Error opening kernel wakelock stats for: wakeup47: Permission denied
08-19 14:16:42.721 E/android.system.suspend@1.0-service(  668): Error opening kernel wakelock stats for: wakeup3: Permission denied
08-19 14:16:42.721 E/android.system.suspend@1.0-service(  668): Error opening kernel wakelock stats for: wakeup75: Permission denied
08-19 14:16:42.721 E/android.system.suspend@1.0-service(  668): Error opening kernel wakelock stats for: wakeup37: Permission denied
08-19 14:16:42.721 E/android.system.suspend@1.0-service(  668): Error opening kernel wakelock stats for: wakeup65: Permission denied
08-19 14:16:42.722 E/android.system.suspend@1.0-service(  668): Error opening kernel wakelock stats for: wakeup27: Permission denied
08-19 14:16:42.722 E/android.system.suspend@1.0-service(  668): Error opening kernel wakelock stats for: wakeup55: Permission denied
08-19 14:16:42.722 E/android.system.suspend@1.0-service(  668): Error opening kernel wakelock stats for: wakeup17: Permission denied
08-19 14:16:42.722 E/android.system.suspend@1.0-service(  668): Error opening kernel wakelock stats for: wakeup45: Permission denied
08-19 14:16:42.722 E/android.system.suspend@1.0-service(  668): Error opening kernel wakelock stats for: wakeup1: Permission denied
08-19 14:16:42.722 E/android.system.suspend@1.0-service(  668): Error opening kernel wakelock stats for: wakeup73: Permission denied
08-19 14:16:42.722 E/android.system.suspend@1.0-service(  668): Error opening kernel wakelock stats for: wakeup35: Permission denied
08-19 14:16:42.722 E/android.system.suspend@1.0-service(  668): Error opening kernel wakelock stats for: wakeup25: Permission denied
08-19 14:16:42.723 E/android.system.suspend@1.0-service(  668): Error opening kernel wakelock stats for: wakeup81: Permission denied
08-19 14:16:42.723 E/android.system.suspend@1.0-service(  668): Error opening kernel wakelock stats for: wakeup15: Permission denied
08-19 14:16:42.723 E/android.system.suspend@1.0-service(  668): Error opening kernel wakelock stats for: wakeup43: Permission denied
08-19 14:16:42.723 E/android.system.suspend@1.0-service(  668): Error opening kernel wakelock stats for: wakeup71: Permission denied
08-19 14:16:42.723 E/android.system.suspend@1.0-service(  668): Error opening kernel wakelock stats for: wakeup103: Permission denied
08-19 14:16:42.723 E/android.system.suspend@1.0-service(  668): Error opening kernel wakelock stats for: wakeup33: Permission denied
08-19 14:16:42.723 E/android.system.suspend@1.0-service(  668): Error opening kernel wakelock stats for: wakeup61: Permission denied
08-19 14:16:42.723 E/android.system.suspend@1.0-service(  668): Error opening kernel wakelock stats for: wakeup23: Permission denied
08-19 14:16:42.723 E/android.system.suspend@1.0-service(  668): Error opening kernel wakelock stats for: wakeup51: Permission denied
08-19 14:16:42.723 E/android.system.suspend@1.0-service(  668): Error opening kernel wakelock stats for: wakeup8: Permission denied
08-19 14:16:42.723 E/android.system.suspend@1.0-service(  668): Error opening kernel wakelock stats for: wakeup13: Permission denied
08-19 14:16:42.723 E/android.system.suspend@1.0-service(  668): Error opening kernel wakelock stats for: wakeup41: Permission denied
08-19 14:16:42.723 E/android.system.suspend@1.0-service(  668): Error opening kernel wakelock stats for: wakeup98: Permission denied
08-19 14:16:42.724 E/android.system.suspend@1.0-service(  668): Error opening kernel wakelock stats for: wakeup31: Permission denied
08-19 14:16:42.724 E/android.system.suspend@1.0-service(  668): Error opening kernel wakelock stats for: wakeup88: Permission denied
08-19 14:16:42.724 E/android.system.suspend@1.0-service(  668): Error opening kernel wakelock stats for: wakeup21: Permission denied
08-19 14:16:42.724 E/android.system.suspend@1.0-service(  668): Error opening kernel wakelock stats for: wakeup6: Permission denied
08-19 14:16:42.724 E/android.system.suspend@1.0-service(  668): Error opening kernel wakelock stats for: wakeup78: Permission denied
08-19 14:16:42.724 E/android.system.suspend@1.0-service(  668): Error opening kernel wakelock stats for: wakeup11: Permission denied
08-19 14:16:42.773 W/BatteryHistoryLoadMgr( 4989): get firstHistoryInfo time: 32031
08-19 14:16:42.774 D/BatteryHistoryLoadMgr( 4989): getHistoryInfo end
08-19 14:16:42.775 I/PowerUtils( 4989): Device name:alioth
08-19 14:16:42.775 W/PowerUtils( 4989): should not use this capacity value 4520
08-19 14:16:42.776 I/PowerUtils( 4989): Device name:alioth
08-19 14:16:42.776 W/PowerUtils( 4989): should not use this capacity value 4520
08-19 14:16:42.777 I/PowerUtils( 4989): Device name:alioth
08-19 14:16:42.777 W/PowerUtils( 4989): should not use this capacity value 4520
08-19 14:16:42.777 I/PowerUtils( 4989): Device name:alioth
08-19 14:16:42.777 W/PowerUtils( 4989): should not use this capacity value 4520
08-19 14:16:42.778 I/BatteryChargeTimeHelper( 4989): Mixed(default) charge time 0.3 1h6m22s488ms
08-19 14:16:42.778 I/PowerUtils( 4989): Device name:alioth
08-19 14:16:42.778 W/PowerUtils( 4989): should not use this capacity value 4520
08-19 14:16:42.778 W/BpBinder( 2677): PerfMonitor binderTransact :  time=225ms interface=android.content.IContentProvider code=21
08-19 14:16:42.779 I/KeyguardIndicationInjector( 2677): handleChargeTextAnimation: false;powerPluggedIn=true
08-19 14:16:43.564 I/MiuiNetworkPolicy( 1783): bandwidth: 0 KB/s, Max bandwidth: 4964 KB/s
08-19 14:16:44.367 W/Thread-21( 6397): type=1400 audit(0.0:1635434): avc: denied { read } for name="devices" dev="proc" ino=4026532038 scontext=u:r:untrusted_app_27:s0:c512,c768 tcontext=u:object_r:proc:s0 tclass=file permissive=0 app=com.tmri.app.main
08-19 14:16:45.206 D/NetworkSpeedTracker( 2989): receive actionandroid.intent.action.BATTERY_CHANGED
08-19 14:16:45.206 D/NetworkSpeedTracker( 2989): onReceive ACTION_BATTERY_CHANGED mBatteryLevel = 70;mIsCharging =true
08-19 14:16:45.207 D/KeyguardUpdateMonitor( 2677): received broadcast android.intent.action.BATTERY_CHANGED
08-19 14:16:45.207 D/BatteryController( 2677): onReceive: Intent = Intent { act=android.intent.action.BATTERY_CHANGED flg=0x60000010 (has extras) } action = android.intent.action.BATTERY_CHANGED
08-19 14:16:45.210 I/BatteryInfoReceiver( 4989): ACTION_BATTERY_CHANGED
08-19 14:16:45.210 D/UploadVoiceJobService( 3982): needUploadVoice timeSinceLastUpload = 2440846
08-19 14:16:45.211 D/PowerCheckerService( 5940): onBatteryChanged, mBatteryLevel = 70, status = 2, level = 70, plug = 1, scale = 100
08-19 14:16:45.213 D/DeviceStatisticsService( 2921): chargerType=1 batteryLevel=70 totalBatteryCapacity=4177900
08-19 14:16:45.213 D/DeviceInfoHidlClient( 2921): getPowerInfoSupportStatus()=1
08-19 14:16:45.213 D/DeviceInfoHidlClient( 2921): isRadioOn()=true
08-19 14:16:45.213 I/DeviceInfoHidlClient( 2921): isPowerInfoNeverSent=false batteryLevel=70 batteryLevelIndex=2 chargingMode=1 totalCapacity=4177900 powerSaveMode=false
08-19 14:16:45.355 I/cmd     (26152): oneway function results will be dropped but finished with status OK and parcel size 4
08-19 14:16:45.371 W/Thread-21( 6397): type=1400 audit(0.0:1635435): avc: denied { read } for name="devices" dev="proc" ino=4026532038 scontext=u:r:untrusted_app_27:s0:c512,c768 tcontext=u:object_r:proc:s0 tclass=file permissive=0 app=com.tmri.app.main
08-19 14:16:45.672 I/cmd     (26159): oneway function results will be dropped but finished with status OK and parcel size 4
08-19 14:16:45.807 I/cmd     (26164): oneway function results will be dropped but finished with status OK and parcel size 4
08-19 14:16:46.176 I/cmd     (26172): oneway function results will be dropped but finished with status OK and parcel size 4
08-19 14:16:46.379 W/Thread-21( 6397): type=1400 audit(0.0:1635436): avc: denied { read } for name="devices" dev="proc" ino=4026532038 scontext=u:r:untrusted_app_27:s0:c512,c768 tcontext=u:object_r:proc:s0 tclass=file permissive=0 app=com.tmri.app.main
08-19 14:16:46.474 E/QSAnimator( 2677): tileView is null custom(com.android.settings/.development.qstile.DevelopmentTiles$WirelessDebugging)
08-19 14:16:46.474 E/QSAnimator( 2677): tileView is null flashlight
08-19 14:16:46.474 E/QSAnimator( 2677): tileView is null mute
08-19 14:16:46.474 E/QSAnimator( 2677): tileView is null screenshot
08-19 14:16:46.474 E/QSAnimator( 2677): tileView is null airplane
08-19 14:16:46.474 E/QSAnimator( 2677): tileView is null screenlock
08-19 14:16:46.474 E/QSAnimator( 2677): tileView is null gps
08-19 14:16:46.474 E/QSAnimator( 2677): tileView is null rotation
08-19 14:16:46.474 E/QSAnimator( 2677): tileView is null scanner
08-19 14:16:46.474 E/QSAnimator( 2677): tileView is null papermode
08-19 14:16:46.474 E/QSAnimator( 2677): tileView is null night
08-19 14:16:46.474 E/QSAnimator( 2677): tileView is null quietmode
08-19 14:16:46.474 E/QSAnimator( 2677): tileView is null batterysaver
08-19 14:16:46.474 E/QSAnimator( 2677): tileView is null custom(com.miui.securitycenter/com.miui.superpower.notification.SuperPowerTileService)
08-19 14:16:46.474 E/QSAnimator( 2677): tileView is null custom(com.milink.service/com.milink.ui.service.MiLinkTileService)
08-19 14:16:46.474 E/QSAnimator( 2677): tileView is null custom(com.miui.mishare.connectivity/.tile.MiShareTileService)
08-19 14:16:46.474 E/QSAnimator( 2677): tileView is null freeformhang
08-19 14:16:46.474 E/QSAnimator( 2677): tileView is null custom(com.miui.screenrecorder/.service.QuickService)
08-19 14:16:46.474 E/QSAnimator( 2677): tileView is null vibrate
08-19 14:16:46.474 E/QSAnimator( 2677): tileView is null hotspot
08-19 14:16:46.474 E/QSAnimator( 2677): tileView is null nfc
08-19 14:16:46.474 E/QSAnimator( 2677): tileView is null edit
08-19 14:16:46.566 I/MiuiNetworkPolicy( 1783): bandwidth: 0 KB/s, Max bandwidth: 4964 KB/s
08-19 14:16:46.615 I/cmd     (26187): oneway function results will be dropped but finished with status OK and parcel size 4
08-19 14:16:47.073 I/cmd     (26195): oneway function results will be dropped but finished with status OK and parcel size 4
08-19 14:16:47.391 W/Thread-21( 6397): type=1400 audit(0.0:1635437): avc: denied { read } for name="devices" dev="proc" ino=4026532038 scontext=u:r:untrusted_app_27:s0:c512,c768 tcontext=u:object_r:proc:s0 tclass=file permissive=0 app=com.tmri.app.main
08-19 14:16:47.650 I/cmd     (26215): oneway function results will be dropped but finished with status OK and parcel size 4
08-19 14:16:48.146 D/MIUIInput( 1783): [MotionEvent] publisher action=0x4, 8736720, channel 'f5b9c2a LauncherOverlayWindow:com.miui.newhome (server)'
08-19 14:16:48.146 D/MIUIInput( 1783): [MotionEvent] publisher action=0x4, 8736720, channel 'bba92e9 LauncherOverlayWindow:com.miui.personalassistant (server)'
08-19 14:16:48.146 D/MIUIInput( 1783): [MotionEvent] publisher action=0x0, 8736720, channel 'e42bb1b com.miui.home/com.miui.home.launcher.Launcher (server)'
08-19 14:16:48.147 D/MIUIInput( 1783): [MotionEvent] publisher action=0x0, 8736720, channel 'f2c8d9c com.miui.miwallpaper.wallpaperservice.MiuiKeyguardPictorialWallpaper (server)'
08-19 14:16:48.147 D/MIUIInput( 1783): [MotionEvent] publisher action=0x0, 8736720, channel '42f0531 com.miui.miwallpaper.wallpaperservice.ImageWallpaper (server)'
08-19 14:16:48.147 D/EventBus( 3002): No subscribers registered for event class com.miui.home.launcher.common.messages.EndSpringAnimatorMessage
08-19 14:16:48.147 D/EventBus( 3002): No subscribers registered for event class org.greenrobot.eventbus.NoSubscriberEvent
08-19 14:16:48.149 D/Launcher.Feed( 3002): touchState : 0 scrolling : false normalEditing : false WidgetThumbnailViewShowing : false UninstallDialogShowing : false isMinusScreenShowing: false
08-19 14:16:48.150 D/Launcher.StatusBarController( 3002): try intercept touch, isProxySurvive=true
08-19 14:16:48.151 D/Launcher.Workspace( 3002): Workspace touch down
08-19 14:16:48.151 D/ScreenView_Workspace( 3002): onIntercept:0.0
08-19 14:16:48.151 D/ScreenView_Workspace( 3002): not intercept
08-19 14:16:48.219 I/ANDR-PERF-LM(  952): LMPerfGlue: perfmodule_submit_request() 132: perfmodule_submit_request()
08-19 14:16:48.219 I/ANDR-PERF-LM(  952): Core: getInstance() 84: LM getInstance
08-19 14:16:48.219 D/ANDR-PERF-LM(  952): Feature: lookup() 101: Feature Name = AppClassifier, total featuers = 3, featureFound = 1
08-19 14:16:48.220 D/ScreenView_Workspace( 3002): dispatchDraw:2168
08-19 14:16:48.220 D/ANDR-PERF-LM(  952): Feature: getData() 112: data.data = 0
08-19 14:16:48.220 I/ANDR-PERF-LM(  952): FeedbackAPI: getFeedback() 60: app:com.miui.home feature:AppClassifier feedback = 0
08-19 14:16:48.221 I/ANDR-PERF-LM(  952): LMPerfGlue: perfmodule_submit_request() 132: perfmodule_submit_request()
08-19 14:16:48.221 I/ANDR-PERF-LM(  952): Core: getInstance() 84: LM getInstance
08-19 14:16:48.221 I/ANDR-PERF-LM(  952): WQ: push() 59: LMTriggerQ push() size=0
08-19 14:16:48.221 I/ANDR-PERF-LM(  952): WQ: push() 61: LMTriggerQ push() done size=1
08-19 14:16:48.221 I/ANDR-PERF-LM(  952): WQ: pop() 42: LMTriggerQ pop() done size=0
08-19 14:16:48.221 I/ANDR-PERF-LM(  952): Core: lmMain() 373: Waiting on trigger Queue
08-19 14:16:48.221 I/ANDR-PERF-LM(  952): WQ: pop() 31: LMTriggerQ pop() size=0
08-19 14:16:48.221 I/ANDR-PERF-LM(  952): LMPerfGlue: perfmodule_submit_request() 132: perfmodule_submit_request()
08-19 14:16:48.221 I/ANDR-PERF-LM(  952): Core: getInstance() 84: LM getInstance
08-19 14:16:48.221 D/ANDR-PERF-LM(  952): Feature: lookup() 101: Feature Name = AppClassifier, total featuers = 3, featureFound = 1
08-19 14:16:48.222 D/ANDR-PERF-LM(  952): Feature: getData() 112: data.data = 0
08-19 14:16:48.222 I/ANDR-PERF-LM(  952): FeedbackAPI: getFeedback() 60: app:com.miui.home feature:AppClassifier feedback = 0
08-19 14:16:48.234 D/Launcher.StatusBarController( 3002): dx(-46.219604) over mTouchSlop(44.0), don't intercept
08-19 14:16:48.235 D/ScreenView_Workspace( 3002): dispatchDraw:2183
08-19 14:16:48.252 D/ScreenView_Workspace( 3002): dispatchDraw:2217
08-19 14:16:48.268 D/ScreenView_Workspace( 3002): dispatchDraw:2255
08-19 14:16:48.284 D/ScreenView_Workspace( 3002): dispatchDraw:2288
08-19 14:16:48.299 D/ScreenView_Workspace( 3002): dispatchDraw:2311
08-19 14:16:48.316 D/ScreenView_Workspace( 3002): dispatchDraw:2319
08-19 14:16:48.333 D/ScreenView_Workspace( 3002): dispatchDraw:2322
08-19 14:16:48.337 D/MIUIInput( 1783): [MotionEvent] publisher action=0x1, 8736912, channel 'e42bb1b com.miui.home/com.miui.home.launcher.Launcher (server)'
08-19 14:16:48.337 D/MIUIInput( 1783): [MotionEvent] publisher action=0x1, 8736912, channel 'f2c8d9c com.miui.miwallpaper.wallpaperservice.MiuiKeyguardPictorialWallpaper (server)'
08-19 14:16:48.337 D/MIUIInput( 1783): [MotionEvent] publisher action=0x1, 8736912, channel '42f0531 com.miui.miwallpaper.wallpaperservice.ImageWallpaper (server)'
08-19 14:16:48.337 D/Launcher_dispatchTouchEvent( 3002): [motionEvent action:(rawX,rawY)]  16:48.148[0(701.0,1344.0)] 16:48.169[2(701.0,1344.0)] 16:48.218[2(685.3,1344.0)] 16:48.234[2(654.8,1344.0)] 16:48.250[2(578.8,1344.0)] 16:48.266[2(475.1,1333.5)] 16:48.283[2(356.3,1310.2)] 16:48.299[2(246.3,1294.2)] 16:48.316[2(192.5,1287.6)] 16:48.332[2(175.0,1287.0)] 16:48.337[1(175.0,1287.0)] 
08-19 14:16:48.337 D/Launcher_Scrollto( 3002): [(rawX,rawY)|scrollX]  16:48.219[(685.3,1344.0)|x:2168] 16:48.234[(654.8,1344.0)|x:2183] 16:48.251[(578.8,1344.0)|x:2217] 16:48.267[(475.1,1333.5)|x:2255] 16:48.283[(356.3,1310.2)|x:2288] 16:48.299[(246.3,1294.2)|x:2311] 16:48.316[(192.5,1287.6)|x:2319] 16:48.333[(175.0,1287.0)|x:2322] 
08-19 14:16:48.337 D/Launcher.Workspace( 3002): Workspace touch up or cancel
08-19 14:16:48.337 D/ScreenView_Workspace( 3002): on touch up
08-19 14:16:48.337 D/ScreenView_Workspace( 3002): snapByVelocity
08-19 14:16:48.337 D/ScreenView_Workspace( 3002): startScroll:2160
08-19 14:16:48.338 I/ANDR-PERF-LM(  952): LMPerfGlue: perfmodule_submit_request() 132: perfmodule_submit_request()
08-19 14:16:48.338 I/ANDR-PERF-LM(  952): Core: getInstance() 84: LM getInstance
08-19 14:16:48.338 D/ANDR-PERF-LM(  952): Feature: lookup() 101: Feature Name = AppClassifier, total featuers = 3, featureFound = 1
08-19 14:16:48.338 D/StatusBarClockController( 3002): show status bar clock
08-19 14:16:48.338 D/ANDR-PERF-LM(  952): Feature: getData() 112: data.data = 0
08-19 14:16:48.338 I/ANDR-PERF-LM(  952): FeedbackAPI: getFeedback() 60: app:com.miui.home feature:AppClassifier feedback = 0
08-19 14:16:48.338 I/ANDR-PERF-LM(  952): LMPerfGlue: perfmodule_submit_request() 132: perfmodule_submit_request()
08-19 14:16:48.338 I/ANDR-PERF-LM(  952): Core: getInstance() 84: LM getInstance
08-19 14:16:48.338 I/ANDR-PERF-LM(  952): WQ: push() 59: LMTriggerQ push() size=0
08-19 14:16:48.338 I/ANDR-PERF-LM(  952): WQ: push() 61: LMTriggerQ push() done size=1
08-19 14:16:48.338 I/ANDR-PERF-LM(  952): WQ: pop() 42: LMTriggerQ pop() done size=0
08-19 14:16:48.338 I/ANDR-PERF-LM(  952): Core: lmMain() 373: Waiting on trigger Queue
08-19 14:16:48.338 I/ANDR-PERF-LM(  952): WQ: pop() 31: LMTriggerQ pop() size=0
08-19 14:16:48.339 I/ANDR-PERF-LM(  952): LMPerfGlue: perfmodule_submit_request() 132: perfmodule_submit_request()
08-19 14:16:48.339 I/ANDR-PERF-LM(  952): Core: getInstance() 84: LM getInstance
08-19 14:16:48.339 D/ANDR-PERF-LM(  952): Feature: lookup() 101: Feature Name = AppClassifier, total featuers = 3, featureFound = 1
08-19 14:16:48.339 D/ANDR-PERF-LM(  952): Feature: getData() 112: data.data = 0
08-19 14:16:48.339 I/ANDR-PERF-LM(  952): FeedbackAPI: getFeedback() 60: app:com.miui.home feature:AppClassifier feedback = 0
08-19 14:16:48.340 I/ANDR-PERF-LM(  952): LMPerfGlue: perfmodule_submit_request() 132: perfmodule_submit_request()
08-19 14:16:48.340 I/ANDR-PERF-LM(  952): Core: getInstance() 84: LM getInstance
08-19 14:16:48.340 I/ANDR-PERF-LM(  952): WQ: push() 59: LMTriggerQ push() size=0
08-19 14:16:48.340 I/ANDR-PERF-LM(  952): WQ: push() 61: LMTriggerQ push() done size=1
08-19 14:16:48.340 I/ANDR-PERF-LM(  952): WQ: pop() 42: LMTriggerQ pop() done size=0
08-19 14:16:48.340 I/ANDR-PERF-LM(  952): Core: lmMain() 373: Waiting on trigger Queue
08-19 14:16:48.341 I/ANDR-PERF-LM(  952): WQ: pop() 31: LMTriggerQ pop() size=0
08-19 14:16:48.341 I/ANDR-PERF-LM(  952): LMPerfGlue: perfmodule_submit_request() 132: perfmodule_submit_request()
08-19 14:16:48.341 I/ANDR-PERF-LM(  952): Core: getInstance() 84: LM getInstance
08-19 14:16:48.341 D/ANDR-PERF-LM(  952): Feature: lookup() 101: Feature Name = AppClassifier, total featuers = 3, featureFound = 1
08-19 14:16:48.341 D/ANDR-PERF-LM(  952): Feature: getData() 112: data.data = 0
08-19 14:16:48.341 I/ANDR-PERF-LM(  952): FeedbackAPI: getFeedback() 60: app:com.miui.home feature:AppClassifier feedback = 0
08-19 14:16:48.349 D/ScreenView_Workspace( 3002): dispatchDraw:2322
08-19 14:16:48.350 D/Launcher_WallpaperUtils( 3002): changeStatusBarMode:false
08-19 14:16:48.356 D/MiuiNetworkPolicy( 1783): updateLimit mLimitEnabled=true,enabled=false,mNetworkPriorityMode=1
08-19 14:16:48.383 D/ScreenView_Workspace( 3002): dispatchDraw:2302
08-19 14:16:48.399 D/ScreenView_Workspace( 3002): dispatchDraw:2285
08-19 14:16:48.415 D/ScreenView_Workspace( 3002): dispatchDraw:2266
08-19 14:16:48.432 D/ScreenView_Workspace( 3002): dispatchDraw:2247
08-19 14:16:48.431 W/Thread-21( 6397): type=1400 audit(0.0:1635438): avc: denied { read } for name="devices" dev="proc" ino=4026532038 scontext=u:r:untrusted_app_27:s0:c512,c768 tcontext=u:object_r:proc:s0 tclass=file permissive=0 app=com.tmri.app.main
08-19 14:16:48.448 D/ScreenView_Workspace( 3002): dispatchDraw:2231
08-19 14:16:48.465 D/ScreenView_Workspace( 3002): dispatchDraw:2216
08-19 14:16:48.482 D/ScreenView_Workspace( 3002): dispatchDraw:2203
08-19 14:16:48.498 D/ScreenView_Workspace( 3002): dispatchDraw:2193
08-19 14:16:48.514 D/ScreenView_Workspace( 3002): dispatchDraw:2185
08-19 14:16:48.531 D/ScreenView_Workspace( 3002): dispatchDraw:2179
08-19 14:16:48.548 D/ScreenView_Workspace( 3002): dispatchDraw:2173
08-19 14:16:48.564 D/ScreenView_Workspace( 3002): dispatchDraw:2169
08-19 14:16:48.581 D/ScreenView_Workspace( 3002): dispatchDraw:2166
08-19 14:16:48.597 D/ScreenView_Workspace( 3002): dispatchDraw:2164
08-19 14:16:48.614 D/ScreenView_Workspace( 3002): dispatchDraw:2163
08-19 14:16:48.631 D/ScreenView_Workspace( 3002): dispatchDraw:2161
08-19 14:16:48.646 D/ScreenView_Workspace( 3002): dispatchDraw:2161
08-19 14:16:48.663 D/ScreenView_Workspace( 3002): setCurrentScreenInner:2
08-19 14:16:48.663 I/RenderThread( 3002): RenderThread resumed
08-19 14:16:48.663 I/RenderThread( 3002): All controllers paused.
08-19 14:16:48.663 I/RenderThread( 3002): RenderThread paused, waiting for signal
08-19 14:16:48.681 D/ScreenView_Workspace( 3002): dispatchDraw:2160
08-19 14:16:48.939 D/MIUIInput( 1783): [MotionEvent] publisher action=0x4, 8737507, channel 'f5b9c2a LauncherOverlayWindow:com.miui.newhome (server)'
08-19 14:16:48.939 D/MIUIInput( 1783): [MotionEvent] publisher action=0x4, 8737507, channel 'bba92e9 LauncherOverlayWindow:com.miui.personalassistant (server)'
08-19 14:16:48.939 D/MIUIInput( 1783): [MotionEvent] publisher action=0x0, 8737507, channel 'e42bb1b com.miui.home/com.miui.home.launcher.Launcher (server)'
08-19 14:16:48.939 D/MIUIInput( 1783): [MotionEvent] publisher action=0x0, 8737507, channel 'f2c8d9c com.miui.miwallpaper.wallpaperservice.MiuiKeyguardPictorialWallpaper (server)'
08-19 14:16:48.939 D/MIUIInput( 1783): [MotionEvent] publisher action=0x0, 8737507, channel '42f0531 com.miui.miwallpaper.wallpaperservice.ImageWallpaper (server)'
08-19 14:16:48.939 D/EventBus( 3002): No subscribers registered for event class com.miui.home.launcher.common.messages.EndSpringAnimatorMessage
08-19 14:16:48.939 D/EventBus( 3002): No subscribers registered for event class org.greenrobot.eventbus.NoSubscriberEvent
08-19 14:16:48.940 D/Launcher.Feed( 3002): touchState : 0 scrolling : false normalEditing : false WidgetThumbnailViewShowing : false UninstallDialogShowing : false isMinusScreenShowing: false
08-19 14:16:48.941 D/Launcher.StatusBarController( 3002): try intercept touch, isProxySurvive=true
08-19 14:16:48.941 D/Launcher.Workspace( 3002): Workspace touch down
08-19 14:16:48.941 D/ScreenView_Workspace( 3002): onIntercept:0.0
08-19 14:16:48.941 D/ScreenView_Workspace( 3002): not intercept
08-19 14:16:48.966 E/AggregateListener( 4836): notification text&title is null, key = 0|com.tencent.mtt|83|null|10252
08-19 14:16:49.001 I/ANDR-PERF-LM(  952): LMPerfGlue: perfmodule_submit_request() 132: perfmodule_submit_request()
08-19 14:16:49.001 I/ANDR-PERF-LM(  952): Core: getInstance() 84: LM getInstance
08-19 14:16:49.001 D/ANDR-PERF-LM(  952): Feature: lookup() 101: Feature Name = AppClassifier, total featuers = 3, featureFound = 1
08-19 14:16:49.001 D/ANDR-PERF-LM(  952): Feature: getData() 112: data.data = 0
08-19 14:16:49.001 I/ANDR-PERF-LM(  952): FeedbackAPI: getFeedback() 60: app:com.miui.home feature:AppClassifier feedback = 0
08-19 14:16:49.002 I/ANDR-PERF-LM(  952): LMPerfGlue: perfmodule_submit_request() 132: perfmodule_submit_request()
08-19 14:16:49.002 I/ANDR-PERF-LM(  952): Core: getInstance() 84: LM getInstance
08-19 14:16:49.002 I/ANDR-PERF-LM(  952): WQ: push() 59: LMTriggerQ push() size=0
08-19 14:16:49.002 I/ANDR-PERF-LM(  952): WQ: push() 61: LMTriggerQ push() done size=1
08-19 14:16:49.002 I/ANDR-PERF-LM(  952): WQ: pop() 42: LMTriggerQ pop() done size=0
08-19 14:16:49.002 I/ANDR-PERF-LM(  952): Core: lmMain() 373: Waiting on trigger Queue
08-19 14:16:49.002 I/ANDR-PERF-LM(  952): WQ: pop() 31: LMTriggerQ pop() size=0
08-19 14:16:49.002 I/ANDR-PERF-LM(  952): LMPerfGlue: perfmodule_submit_request() 132: perfmodule_submit_request()
08-19 14:16:49.002 I/ANDR-PERF-LM(  952): Core: getInstance() 84: LM getInstance
08-19 14:16:49.002 D/ANDR-PERF-LM(  952): Feature: lookup() 101: Feature Name = AppClassifier, total featuers = 3, featureFound = 1
08-19 14:16:49.002 D/ANDR-PERF-LM(  952): Feature: getData() 112: data.data = 0
08-19 14:16:49.002 I/ANDR-PERF-LM(  952): FeedbackAPI: getFeedback() 60: app:com.miui.home feature:AppClassifier feedback = 0
08-19 14:16:49.010 D/Launcher.StatusBarController( 3002): dx(45.5) over mTouchSlop(44.0), don't intercept
08-19 14:16:49.013 D/ScreenView_Workspace( 3002): dispatchDraw:2115
08-19 14:16:49.028 D/ScreenView_Workspace( 3002): dispatchDraw:2055
08-19 14:16:49.044 D/ScreenView_Workspace( 3002): dispatchDraw:1978
08-19 14:16:49.059 D/ScreenView_Workspace( 3002): dispatchDraw:1890
08-19 14:16:49.077 D/ScreenView_Workspace( 3002): dispatchDraw:1829
08-19 14:16:49.092 D/ScreenView_Workspace( 3002): dispatchDraw:1769
08-19 14:16:49.109 D/ScreenView_Workspace( 3002): dispatchDraw:1732
08-19 14:16:49.126 D/ScreenView_Workspace( 3002): dispatchDraw:1708
08-19 14:16:49.143 D/ScreenView_Workspace( 3002): dispatchDraw:1691
08-19 14:16:49.159 D/ScreenView_Workspace( 3002): dispatchDraw:1685
08-19 14:16:49.171 V/onNotificationPostedCallBack( 4989): flags=610
08-19 14:16:49.172 V/n       ( 4989): ret=1
08-19 14:16:49.172 V/onNotificationPostedCallBack( 4989): 2flags=610
08-19 14:16:49.173 D/InterruptionStateProvider( 2677): No bubble up: not allowed to bubble: 0|com.tencent.mtt|83|null|10252
08-19 14:16:49.174 D/InterruptionStateProvider( 2677): No heads up: unimportant notification: 0|com.tencent.mtt|83|null|10252
08-19 14:16:49.178 W/AsyncLayoutInflater( 2677): Failed to inflate resource in the background! Retrying on the UI thread
08-19 14:16:49.178 W/AsyncLayoutInflater( 2677): android.view.InflateException: Binary XML file line #33 in com.android.systemui:layout/status_bar_notification_row: Animators may only be run on Looper threads
08-19 14:16:49.178 W/AsyncLayoutInflater( 2677): Caused by: android.util.AndroidRuntimeException: Animators may only be run on Looper threads
08-19 14:16:49.178 W/AsyncLayoutInflater( 2677): 	at android.animation.AnimatorSet.start(AnimatorSet.java:705)
08-19 14:16:49.178 W/AsyncLayoutInflater( 2677): 	at android.animation.AnimatorSet.start(AnimatorSet.java:684)
08-19 14:16:49.178 W/AsyncLayoutInflater( 2677): 	at android.animation.StateListAnimator.start(StateListAnimator.java:188)
08-19 14:16:49.178 W/AsyncLayoutInflater( 2677): 	at android.animation.StateListAnimator.setState(StateListAnimator.java:181)
08-19 14:16:49.178 W/AsyncLayoutInflater( 2677): 	at android.view.View.drawableStateChanged(View.java:23521)
08-19 14:16:49.178 W/AsyncLayoutInflater( 2677): 	at android.widget.TextView.drawableStateChanged(TextView.java:5853)
08-19 14:16:49.178 W/AsyncLayoutInflater( 2677): 	at android.view.View.originalRefreshDrawableState(View.java:23594)
08-19 14:16:49.178 W/AsyncLayoutInflater( 2677): 	at android.view.View$14.refreshDrawableState(View.java:30912)
08-19 14:16:49.178 W/AsyncLayoutInflater( 2677): 	at com.miui.internal.variable.v21.Android_View_View_class.callOriginalRefreshDrawableState(Android_View_View_class.java:61)
08-19 14:16:49.178 W/AsyncLayoutInflater( 2677): 	at com.miui.internal.variable.v16.Android_View_View_class_common.handleRefreshDrawableState(Android_View_View_class_common.java:90)
08-19 14:16:49.178 W/AsyncLayoutInflater( 2677): 	at com.miui.internal.variable.v21.Android_View_View_class.access$000(Android_View_View_class.java:22)
08-19 14:16:49.178 W/AsyncLayoutInflater( 2677): 	at com.miui.internal.variable.v21.Android_View_View_class$1.refreshDrawableState(Android_View_View_class.java:88)
08-19 14:16:49.178 W/AsyncLayoutInflater( 2677): 	at android.view.View.refreshDrawableState(View.java:23585)
08-19 14:16:49.178 W/AsyncLayoutInflater( 2677): 	at com.miui.internal.util.TaggingDrawableHelper.tagView(TaggingDrawableHelper.java:203)
08-19 14:16:49.178 W/AsyncLayoutInflater( 2677): 	at com.miui.internal.util.TaggingDrawableHelper.tagChildSequenceState(TaggingDrawableHelper.java:59)
08-19 14:16:49.178 W/AsyncLayoutInflater( 2677): 	at com.miui.internal.variable.v16.Android_View_ViewGroup_class.handleAddInArray(Android_View_ViewGroup_class.java:96)
08-19 14:16:49.178 W/AsyncLayoutInflater( 2677): 	at com.miui.internal.variable.v21.Android_View_ViewGroup_class.access$000(Android_View_ViewGroup_class.java:23)
08-19 14:16:49.178 W/AsyncLayoutInflater( 2677): 	at com.miui.internal.variable.v21.Android_View_ViewGroup_class$1.addInArray(Android_View_ViewGroup_class.java:171)
08-19 14:16:49.178 W/AsyncLayoutInflater( 2677): 	at android.view.ViewGroup.addInArray(ViewGroup.java:5380)
08-19 14:16:49.178 W/AsyncLayoutInflater( 2677): 	at android.view.ViewGroup.addViewInner(ViewGroup.java:5295)
08-19 14:16:49.178 W/AsyncLayoutInflater( 2677): 	at android.view.ViewGroup.addView(ViewGroup.java:5102)
08-19 14:16:49.178 W/AsyncLayoutInflater( 2677): 	at android.view.ViewGroup.addView(ViewGroup.java:5071)
08-19 14:16:49.178 W/AsyncLayoutInflater( 2677): 	at android.view.LayoutInflater.rInflate(LayoutInflater.java:1129)
08-19 14:16:49.178 W/AsyncLayoutInflater( 2677): 	at android.view.LayoutInflater.rInflateChildren(LayoutInflater.java:1086)
08-19 14:16:49.178 W/AsyncLayoutInflater( 2677): 	at android.view.LayoutInflater.inflate(LayoutInflater.java:684)
08-19 14:16:49.178 W/AsyncLayoutInflater( 2677): 	at android.view.LayoutInflater.inflate(LayoutInflater.java:536)
08-19 14:16:49.178 W/AsyncLayoutInflater( 2677): 	at androidx.asynclayoutinflater.view.AsyncLayoutInflater$InflateThread.runInner(AsyncLayoutInflater.java:189)
08-19 14:16:49.178 W/AsyncLayoutInflater( 2677): 	at androidx.asynclayoutinflater.view.AsyncLayoutInflater$InflateThread.run(AsyncLayoutInflater.java:203)
08-19 14:16:49.179 D/IMReply:Notif( 3982): onNotificationPosted before sbn = 83
08-19 14:16:49.179 D/IMReply:Notif( 3982): onNotificationPosted onNotificationRemoved sbn = 83
08-19 14:16:49.196 D/NotifBadge( 2677): update app badge num: com.tencent.mtt/,num=0,isAllowed=true,userId=0
08-19 14:16:49.197 W/ActivityManager( 1783): Sending non-protected broadcast android.intent.action.APPLICATION_MESSAGE_UPDATE from system 2677:com.android.systemui/1000 pkg com.android.systemui. Callers=
08-19 14:16:49.198 I/Launcher.ApplicationsMessage( 3002): onReceive true
08-19 14:16:49.198 I/Launcher.ApplicationsMessage( 3002): update com.tencent.mtt/ to null
08-19 14:16:49.261 I/cmd     (26260): oneway function results will be dropped but finished with status OK and parcel size 4
08-19 14:16:49.409 D/MIUIInput( 1783): [MotionEvent] publisher action=0x1, 8737984, channel 'e42bb1b com.miui.home/com.miui.home.launcher.Launcher (server)'
08-19 14:16:49.409 D/MIUIInput( 1783): [MotionEvent] publisher action=0x1, 8737984, channel 'f2c8d9c com.miui.miwallpaper.wallpaperservice.MiuiKeyguardPictorialWallpaper (server)'
08-19 14:16:49.409 D/MIUIInput( 1783): [MotionEvent] publisher action=0x1, 8737984, channel '42f0531 com.miui.miwallpaper.wallpaperservice.ImageWallpaper (server)'
08-19 14:16:49.411 I/ANDR-PERF-LM(  952): LMPerfGlue: perfmodule_submit_request() 132: perfmodule_submit_request()
08-19 14:16:49.411 I/ANDR-PERF-LM(  952): Core: getInstance() 84: LM getInstance
08-19 14:16:49.411 D/Launcher_dispatchTouchEvent( 3002): [motionEvent action:(rawX,rawY)]  16:48.940[0(408.0,1454.0)] 16:48.986[2(410.0,1454.0)] 16:49.009[2(453.5,1449.5)] 16:49.026[2(513.1,1440.2)] 16:49.042[2(590.1,1434.2)] 16:49.059[2(677.7,1431.0)] 16:49.075[2(739.1,1425.7)] 16:49.091[2(798.9,1425.0)] 16:49.108[2(835.7,1425.0)] 16:49.125[2(859.6,1425.0)] 16:49.141[2(877.2,1425.0)] 16:49.158[2(882.7,1425.0)] 16:49.411[1(882.0,1425.0)] 
08-19 14:16:49.411 D/ANDR-PERF-LM(  952): Feature: lookup() 101: Feature Name = AppClassifier, total featuers = 3, featureFound = 1
08-19 14:16:49.411 D/Launcher_Scrollto( 3002): [(rawX,rawY)|scrollX]  16:49.011[(453.5,1449.5)|x:2115] 16:49.027[(513.1,1440.2)|x:2055] 16:49.043[(590.1,1434.2)|x:1978] 16:49.059[(677.7,1431.0)|x:1890] 16:49.076[(739.1,1425.7)|x:1829] 16:49.092[(798.9,1425.0)|x:1769] 16:49.109[(835.7,1425.0)|x:1732] 16:49.125[(859.6,1425.0)|x:1708] 16:49.142[(877.2,1425.0)|x:1691] 16:49.158[(882.7,1425.0)|x:1685] 
08-19 14:16:49.411 D/Launcher.Workspace( 3002): Workspace touch up or cancel
08-19 14:16:49.411 D/ANDR-PERF-LM(  952): Feature: getData() 112: data.data = 0
08-19 14:16:49.411 I/ANDR-PERF-LM(  952): FeedbackAPI: getFeedback() 60: app:com.miui.home feature:AppClassifier feedback = 0
08-19 14:16:49.412 D/ScreenView_Workspace( 3002): on touch up
08-19 14:16:49.412 D/ScreenView_Workspace( 3002): snapByVelocity
08-19 14:16:49.412 I/ANDR-PERF-LM(  952): LMPerfGlue: perfmodule_submit_request() 132: perfmodule_submit_request()
08-19 14:16:49.412 I/ANDR-PERF-LM(  952): Core: getInstance() 84: LM getInstance
08-19 14:16:49.412 I/ANDR-PERF-LM(  952): WQ: push() 59: LMTriggerQ push() size=0
08-19 14:16:49.412 I/ANDR-PERF-LM(  952): WQ: push() 61: LMTriggerQ push() done size=1
08-19 14:16:49.412 D/ScreenView_Workspace( 3002): startScroll:2160
08-19 14:16:49.412 I/ANDR-PERF-LM(  952): WQ: pop() 42: LMTriggerQ pop() done size=0
08-19 14:16:49.412 I/ANDR-PERF-LM(  952): Core: lmMain() 373: Waiting on trigger Queue
08-19 14:16:49.412 I/ANDR-PERF-LM(  952): WQ: pop() 31: LMTriggerQ pop() size=0
08-19 14:16:49.413 I/ANDR-PERF-LM(  952): LMPerfGlue: perfmodule_submit_request() 132: perfmodule_submit_request()
08-19 14:16:49.413 I/ANDR-PERF-LM(  952): Core: getInstance() 84: LM getInstance
08-19 14:16:49.413 D/ANDR-PERF-LM(  952): Feature: lookup() 101: Feature Name = AppClassifier, total featuers = 3, featureFound = 1
08-19 14:16:49.413 D/ANDR-PERF-LM(  952): Feature: getData() 112: data.data = 0
08-19 14:16:49.413 I/ANDR-PERF-LM(  952): FeedbackAPI: getFeedback() 60: app:com.miui.home feature:AppClassifier feedback = 0
08-19 14:16:49.413 D/StatusBarClockController( 3002): show status bar clock
08-19 14:16:49.413 I/ANDR-PERF-LM(  952): LMPerfGlue: perfmodule_submit_request() 132: perfmodule_submit_request()
08-19 14:16:49.413 I/ANDR-PERF-LM(  952): Core: getInstance() 84: LM getInstance
08-19 14:16:49.413 I/ANDR-PERF-LM(  952): WQ: push() 59: LMTriggerQ push() size=0
08-19 14:16:49.413 I/ANDR-PERF-LM(  952): WQ: push() 61: LMTriggerQ push() done size=1
08-19 14:16:49.413 I/ANDR-PERF-LM(  952): WQ: pop() 42: LMTriggerQ pop() done size=0
08-19 14:16:49.413 I/ANDR-PERF-LM(  952): LMPerfGlue: perfmodule_submit_request() 132: perfmodule_submit_request()
08-19 14:16:49.414 I/ANDR-PERF-LM(  952): Core: getInstance() 84: LM getInstance
08-19 14:16:49.414 D/ANDR-PERF-LM(  952): Feature: lookup() 101: Feature Name = AppClassifier, total featuers = 3, featureFound = 1
08-19 14:16:49.414 D/ANDR-PERF-LM(  952): Feature: getData() 112: data.data = 0
08-19 14:16:49.414 I/ANDR-PERF-LM(  952): Core: lmMain() 373: Waiting on trigger Queue
08-19 14:16:49.414 I/ANDR-PERF-LM(  952): WQ: pop() 31: LMTriggerQ pop() size=0
08-19 14:16:49.414 I/ANDR-PERF-LM(  952): FeedbackAPI: getFeedback() 60: app:com.miui.home feature:AppClassifier feedback = 0
08-19 14:16:49.423 D/ScreenView_Workspace( 3002): dispatchDraw:1685
08-19 14:16:49.425 D/Launcher_WallpaperUtils( 3002): changeStatusBarMode:false
08-19 14:16:49.456 D/ScreenView_Workspace( 3002): dispatchDraw:1743
08-19 14:16:49.473 D/ScreenView_Workspace( 3002): dispatchDraw:1794
08-19 14:16:49.489 D/ScreenView_Workspace( 3002): dispatchDraw:1851
08-19 14:16:49.505 D/ScreenView_Workspace( 3002): dispatchDraw:1902
08-19 14:16:49.523 D/ScreenView_Workspace( 3002): dispatchDraw:1952
08-19 14:16:49.530 E/QSAnimator( 2677): tileView is null custom(com.android.settings/.development.qstile.DevelopmentTiles$WirelessDebugging)
08-19 14:16:49.530 E/QSAnimator( 2677): tileView is null flashlight
08-19 14:16:49.530 E/QSAnimator( 2677): tileView is null mute
08-19 14:16:49.530 E/QSAnimator( 2677): tileView is null screenshot
08-19 14:16:49.530 E/QSAnimator( 2677): tileView is null airplane
08-19 14:16:49.530 E/QSAnimator( 2677): tileView is null screenlock
08-19 14:16:49.530 E/QSAnimator( 2677): tileView is null gps
08-19 14:16:49.530 E/QSAnimator( 2677): tileView is null rotation
08-19 14:16:49.530 E/QSAnimator( 2677): tileView is null scanner
08-19 14:16:49.530 E/QSAnimator( 2677): tileView is null papermode
08-19 14:16:49.530 E/QSAnimator( 2677): tileView is null night
08-19 14:16:49.530 E/QSAnimator( 2677): tileView is null quietmode
08-19 14:16:49.530 E/QSAnimator( 2677): tileView is null batterysaver
08-19 14:16:49.530 E/QSAnimator( 2677): tileView is null custom(com.miui.securitycenter/com.miui.superpower.notification.SuperPowerTileService)
08-19 14:16:49.530 E/QSAnimator( 2677): tileView is null custom(com.milink.service/com.milink.ui.service.MiLinkTileService)
08-19 14:16:49.530 E/QSAnimator( 2677): tileView is null custom(com.miui.mishare.connectivity/.tile.MiShareTileService)
08-19 14:16:49.530 E/QSAnimator( 2677): tileView is null freeformhang
08-19 14:16:49.530 E/QSAnimator( 2677): tileView is null custom(com.miui.screenrecorder/.service.QuickService)
08-19 14:16:49.530 E/QSAnimator( 2677): tileView is null vibrate
08-19 14:16:49.530 E/QSAnimator( 2677): tileView is null hotspot
08-19 14:16:49.530 E/QSAnimator( 2677): tileView is null nfc
08-19 14:16:49.530 E/QSAnimator( 2677): tileView is null edit
08-19 14:16:49.539 D/ScreenView_Workspace( 3002): dispatchDraw:1994
08-19 14:16:49.555 D/ScreenView_Workspace( 3002): dispatchDraw:2031
08-19 14:16:49.568 I/MiuiNetworkPolicy( 1783): bandwidth: 0 KB/s, Max bandwidth: 4964 KB/s
08-19 14:16:49.571 D/ScreenView_Workspace( 3002): dispatchDraw:2060
08-19 14:16:49.588 D/ScreenView_Workspace( 3002): dispatchDraw:2085
08-19 14:16:49.604 D/ScreenView_Workspace( 3002): dispatchDraw:2104
08-19 14:16:49.622 D/ScreenView_Workspace( 3002): dispatchDraw:2120
08-19 14:16:49.638 D/ScreenView_Workspace( 3002): dispatchDraw:2130
08-19 14:16:49.654 D/ScreenView_Workspace( 3002): dispatchDraw:2139
08-19 14:16:49.671 D/ScreenView_Workspace( 3002): dispatchDraw:2146
08-19 14:16:49.687 D/ScreenView_Workspace( 3002): dispatchDraw:2151
08-19 14:16:49.695 W/Thread-21( 6397): type=1400 audit(0.0:1635439): avc: denied { read } for name="devices" dev="proc" ino=4026532038 scontext=u:r:untrusted_app_27:s0:c512,c768 tcontext=u:object_r:proc:s0 tclass=file permissive=0 app=com.tmri.app.main
08-19 14:16:49.703 D/ScreenView_Workspace( 3002): dispatchDraw:2154
08-19 14:16:49.720 D/ScreenView_Workspace( 3002): dispatchDraw:2156
08-19 14:16:49.737 D/ScreenView_Workspace( 3002): dispatchDraw:2158
08-19 14:16:49.753 D/ScreenView_Workspace( 3002): dispatchDraw:2159
08-19 14:16:49.769 D/ScreenView_Workspace( 3002): setCurrentScreenInner:2
08-19 14:16:49.769 D/ScreenView_Workspace( 3002): dispatchDraw:2160
08-19 14:16:49.770 I/RenderThread( 3002): RenderThread resumed
08-19 14:16:49.770 I/RenderThread( 3002): All controllers paused.
08-19 14:16:49.770 I/RenderThread( 3002): RenderThread paused, waiting for signal
08-19 14:16:49.786 D/ScreenView_Workspace( 3002): dispatchDraw:2160
08-19 14:16:50.142 I/cmd     (26284): oneway function results will be dropped but finished with status OK and parcel size 4
08-19 14:16:50.183 D/NotifBadge( 2677): update app badge num: com.tencent.mtt/,num=0,isAllowed=true,userId=0
08-19 14:16:50.185 W/ActivityManager( 1783): Sending non-protected broadcast android.intent.action.APPLICATION_MESSAGE_UPDATE from system 2677:com.android.systemui/1000 pkg com.android.systemui. Callers=
08-19 14:16:50.186 I/Launcher.ApplicationsMessage( 3002): onReceive true
08-19 14:16:50.186 I/Launcher.ApplicationsMessage( 3002): update com.tencent.mtt/ to null
08-19 14:16:50.348 D/MIUIInput( 1783): [MotionEvent] publisher action=0x4, 8738922, channel 'f5b9c2a LauncherOverlayWindow:com.miui.newhome (server)'
08-19 14:16:50.348 D/MIUIInput( 1783): [MotionEvent] publisher action=0x4, 8738922, channel 'bba92e9 LauncherOverlayWindow:com.miui.personalassistant (server)'
08-19 14:16:50.349 D/MIUIInput( 1783): [MotionEvent] publisher action=0x0, 8738922, channel 'e42bb1b com.miui.home/com.miui.home.launcher.Launcher (server)'
08-19 14:16:50.349 D/MIUIInput( 1783): [MotionEvent] publisher action=0x0, 8738922, channel 'f2c8d9c com.miui.miwallpaper.wallpaperservice.MiuiKeyguardPictorialWallpaper (server)'
08-19 14:16:50.349 D/MIUIInput( 1783): [MotionEvent] publisher action=0x0, 8738922, channel '42f0531 com.miui.miwallpaper.wallpaperservice.ImageWallpaper (server)'
08-19 14:16:50.349 D/EventBus( 3002): No subscribers registered for event class com.miui.home.launcher.common.messages.EndSpringAnimatorMessage
08-19 14:16:50.349 D/EventBus( 3002): No subscribers registered for event class org.greenrobot.eventbus.NoSubscriberEvent
08-19 14:16:50.351 D/Launcher.Feed( 3002): touchState : 0 scrolling : false normalEditing : false WidgetThumbnailViewShowing : false UninstallDialogShowing : false isMinusScreenShowing: false
08-19 14:16:50.352 D/Launcher.StatusBarController( 3002): try intercept touch, isProxySurvive=true
08-19 14:16:50.353 D/Launcher.Workspace( 3002): Workspace touch down
08-19 14:16:50.354 D/ScreenView_Workspace( 3002): onIntercept:0.0
08-19 14:16:50.354 D/ScreenView_Workspace( 3002): not intercept
08-19 14:16:50.354 D/Launcher.CellLayout( 3002): touch item:ShortcutInfo, id=82, itemType=0, user=UserHandle{0}, mIconType=0, pkgName=com.vmos.app, className=com.vmos.app.NewSurActivity, screenId=3, container=-100, cellX=1, cellY=0, spanX=1, spanY=1, isLandscapePos=false
08-19 14:16:50.354 D/Launcher.itemIcon( 3002): folmeDown
08-19 14:16:50.427 D/MIUIInput( 1783): [MotionEvent] publisher action=0x1, 8739001, channel 'e42bb1b com.miui.home/com.miui.home.launcher.Launcher (server)'
08-19 14:16:50.427 D/MIUIInput( 1783): [MotionEvent] publisher action=0x1, 8739001, channel 'f2c8d9c com.miui.miwallpaper.wallpaperservice.MiuiKeyguardPictorialWallpaper (server)'
08-19 14:16:50.427 D/MIUIInput( 1783): [MotionEvent] publisher action=0x1, 8739001, channel '42f0531 com.miui.miwallpaper.wallpaperservice.ImageWallpaper (server)'
08-19 14:16:50.428 D/Launcher_dispatchTouchEvent( 3002): [motionEvent action:(rawX,rawY)]  16:50.350[0(402.0,244.0)] 16:50.428[1(402.0,244.0)] 
08-19 14:16:50.428 D/Launcher_Scrollto( 3002): [(rawX,rawY)|scrollX]  
08-19 14:16:50.428 D/Launcher.Workspace( 3002): Workspace touch up or cancel
08-19 14:16:50.429 D/ScreenView_Workspace( 3002): oninterceput up
08-19 14:16:50.429 I/RenderThread( 3002): RenderThread resumed
08-19 14:16:50.429 I/RenderThread( 3002): All controllers paused.
08-19 14:16:50.429 I/RenderThread( 3002): RenderThread paused, waiting for signal
08-19 14:16:50.429 D/Launcher.itemIcon( 3002): folmeUp
08-19 14:16:50.429 D/Launcher.ShortcutInfo( 3002): isMiuiAppStub is false
08-19 14:16:50.430 E/QuickstepAppTransitionManagerImpl( 3002): getActivityLaunchOptions   iconLoc=Rect(333, 185 - 501, 353)
08-19 14:16:50.430 I/Timeline( 3002): Timeline: Activity_launch_request time:8739006
08-19 14:16:50.434 I/ActivityTaskManager( 1783): START u0 {act=android.intent.action.MAIN cat=[android.intent.category.LAUNCHER] flg=0x10200000 cmp=com.vmos.app/.NewSurActivity bnds=[333,185][501,353] (has extras)} from uid 10103
08-19 14:16:50.435 D/MiuiMultiWindowAdapter( 1783): MiuiMultiWindowAdapter::getFreeformBlackList::sSmallWindowBlackList = [com.miui.securitycenter, com.miui.weather2, com.miui.miservice, com.android.calendar, com.xiaomi.calendar, com.android.contacts, com.miui.mishare.connectivity, com.android.settings, com.android.printspooler, com.miui.backup, com.miui.huanji, com.miui.calculator, com.android.deskclock, com.android.thememanager, com.mfashiongallery.emag, com.miui.virtualsim, com.miui.smarttravel, com.mi.health, com.android.camera, com.lbe.security.miui, com.miui.cleanmaster, com.miui.newhome, com.miui.voiceassist, com.android.phone, com.miui.yellowpage, com.android.updater, com.miui.tsmclient, com.miui.securitycore, com.xiaomi.account, com.xiaomi.shop, com.mipay.wallet, com.xiaomi.youpin, com.xiaomi.hm.health, com.miui.bugreport, com.xiaomi.mibrain.speech, com.xiaomi.mimoji, com.xiaomi.scanner, com.duokan.phone.remotecontroller, com.miui.hybrid, com.android.incallui, com.miui.video, com.miui.videoplayer, com.miui.player, com.miui.fm, com.miui.packageinstaller, com.mi.android.globallauncher, com.google.android.dialer, com.google.android.apps.magazines, com.miui.compass, com.miui.greenguard, com.kiteguard, com.google.android.apps.prodcasts, com.google.ar.lens, com.xiangkan.android, com.android.bankabc, com.sohu.inputmethod.sogou, com.tencent.mtt, com.shyz.toutiao, com.netease.mc.mi, com.outfit7.talkingtomgoldrun.mi, com.doudz.mi, com.wepie.snake.new.mi, cn.jj, com.standddz002.mi, com.miHoYo.bh3.mi, com.qqgame.hlddz, com.happyelements.AndroidAnimal, com.minitech.miniworld.TMobile.mi, com.mfp.jelly.xiaomi, com.lilithgames.afk.mi, com.tencent.peng, com.teenpatti.hd.gold, blockpuzzle.jewelgames.jewelslegend, com.playgendary.tanks, com.chillingo.robberybobfree.android.row, com.episodeinteractive.android.catalog, com.playrix.township, com.ansangha.drdriving, com.google.android.youtube, com.gbits.atm.mi]
08-19 14:16:50.441 I/ANDR-PERF-LM(  952): LMPerfGlue: perfmodule_submit_request() 132: perfmodule_submit_request()
08-19 14:16:50.441 I/ANDR-PERF-LM(  952): Core: getInstance() 84: LM getInstance
08-19 14:16:50.441 I/ANDR-PERF-LM(  952): WQ: push() 59: LMTriggerQ push() size=0
08-19 14:16:50.441 I/ANDR-PERF-LM(  952): WQ: push() 61: LMTriggerQ push() done size=1
08-19 14:16:50.441 I/ANDR-PERF-LM(  952): LMPerfGlue: perfmodule_submit_request() 132: perfmodule_submit_request()
08-19 14:16:50.441 I/ANDR-PERF-LM(  952): Core: getInstance() 84: LM getInstance
08-19 14:16:50.441 I/ANDR-PERF-LM(  952): WQ: push() 59: LMTriggerQ push() size=1
08-19 14:16:50.441 I/ANDR-PERF-LM(  952): WQ: push() 61: LMTriggerQ push() done size=2
08-19 14:16:50.441 I/ANDR-PERF-LM(  952): WQ: pop() 42: LMTriggerQ pop() done size=1
08-19 14:16:50.441 I/ANDR-PERF-LM(  952): LMPerfGlue: perfmodule_submit_request() 132: perfmodule_submit_request()
08-19 14:16:50.441 I/ANDR-PERF-LM(  952): Core: lmMain() 381: Calling runAsync for AdaptLaunch
08-19 14:16:50.441 I/ANDR-PERF-LM(  952): Core: getInstance() 84: LM getInstance
08-19 14:16:50.441 D/ANDR-PERF-LM(  952): Feature: lookup() 101: Feature Name = AppClassifier, total featuers = 3, featureFound = 1
08-19 14:16:50.441 D/ANDR-PERF-LM(  952): Feature: lookup() 101: Feature Name = AppClassifier, total featuers = 3, featureFound = 1
08-19 14:16:50.442 D/ANDR-PERF-LM(  952): Feature: getData() 112: data.data = 1
08-19 14:16:50.442 I/ANDR-PERF-LM(  952): FeedbackAPI: getFeedback() 60: app:com.vmos.app feature:AppClassifier feedback = 1
08-19 14:16:50.442 I/ANDR-PERF-LM(  952): LMPerfGlue: perfmodule_submit_request() 132: perfmodule_submit_request()
08-19 14:16:50.442 I/ANDR-PERF-LM(  952): Core: getInstance() 84: LM getInstance
08-19 14:16:50.442 I/ANDR-PERF-LM(  952): WQ: push() 59: LMTriggerQ push() size=1
08-19 14:16:50.442 I/ANDR-PERF-LM(  952): WQ: push() 61: LMTriggerQ push() done size=2
08-19 14:16:50.442 D/ANDR-PERF-LM(  952): Feature: getData() 112: data.data = 1
08-19 14:16:50.442 I/ANDR-PERF-LM(  952): Core: lmMain() 391: runAsync for AdaptLaunch returned
08-19 14:16:50.442 I/ANDR-PERF-LM(  952): Core: lmMain() 373: Waiting on trigger Queue
08-19 14:16:50.442 I/ANDR-PERF-LM(  952): WQ: pop() 31: LMTriggerQ pop() size=2
08-19 14:16:50.442 I/ANDR-PERF-LM(  952): WQ: pop() 42: LMTriggerQ pop() done size=1
08-19 14:16:50.442 I/ANDR-PERF-LM(  952): Core: lmMain() 381: Calling runAsync for AdaptLaunch
08-19 14:16:50.442 E/ANDR-PERF-JNI( 1783): com_qualcomm_qtiperformance_native_perf_io_prefetch_start
08-19 14:16:50.442 I/ANDR-PERF-LM(  952): MetaMeter: isValidAsync() 194: AsyncInfo: hintID = 4225
08-19 14:16:50.442 I/ANDR-PERF-LM(  952): hintType: 2
08-19 14:16:50.442 I/ANDR-PERF-LM(  952): isPrimary = 0
08-19 14:16:50.442 I/ANDR-PERF-LM(  952): MetaMeter: isValidAsync() 203: Invalid (hintID,hintType,appName,duration,appPID,appThreadTID) = (4225, 2,com.vmos.app,-1,1783,2451)
08-19 14:16:50.442 E/ANDR-PERF-LM(  952): MetaMeter: handleAsync() 164: AdaptLaunch Invalid Async
08-19 14:16:50.442 I/ANDR-PERF-LM(  952): Core: lmMain() 391: runAsync for AdaptLaunch returned
08-19 14:16:50.442 I/ANDR-PERF-LM(  952): Core: lmMain() 373: Waiting on trigger Queue
08-19 14:16:50.442 I/ANDR-PERF-LM(  952): WQ: pop() 31: LMTriggerQ pop() size=1
08-19 14:16:50.442 I/ANDR-PERF-LM(  952): WQ: pop() 42: LMTriggerQ pop() done size=0
08-19 14:16:50.442 I/ANDR-PERF-LM(  952): Core: lmMain() 381: Calling runAsync for AdaptLaunch
08-19 14:16:50.442 I/ANDR-PERF-LM(  952): MetaMeter: isValidAsync() 194: AsyncInfo: hintID = 4225
08-19 14:16:50.442 I/ANDR-PERF-LM(  952): hintType: 3
08-19 14:16:50.442 I/ANDR-PERF-LM(  952): isPrimary = 0
08-19 14:16:50.442 I/ANDR-PERF-LM(  952): MetaMeter: isValidAsync() 203: Invalid (hintID,hintType,appName,duration,appPID,appThreadTID) = (4225, 3,com.vmos.app,-1,1783,2451)
08-19 14:16:50.442 E/ANDR-PERF-LM(  952): MetaMeter: handleAsync() 164: AdaptLaunch Invalid Async
08-19 14:16:50.443 I/ANDR-PERF-LM(  952): Core: lmMain() 391: runAsync for AdaptLaunch returned
08-19 14:16:50.443 I/ANDR-PERF-LM(  952): Core: lmMain() 373: Waiting on trigger Queue
08-19 14:16:50.443 I/ANDR-PERF-LM(  952): WQ: pop() 31: LMTriggerQ pop() size=0
08-19 14:16:50.445 I/ANDR-PERF-LM(  952): LMPerfGlue: perfmodule_submit_request() 132: perfmodule_submit_request()
