08-19 14:16:54.535 V/msm8974_platform(  902): platform_set_parameters: enter: cal_persist=1;cal_devid=2;cal_moduleid=0x1000a100;cal_caltype=0;cal_apptype=69940;cal_paramid=0x1000a101;cal_topoid=0x1000a100;cal_samplerate=44100;cal_data=AAAAAA
08-19 14:16:54.535 D/msm8974_platform(  902): Setting audio calibration for snd_device(2) acdb_id(10011)
08-19 14:16:54.535 D/android.hardware.audio.service(  902): Failed to fetch the lookup information of the device 0000271B 
08-19 14:16:54.535 E/ACDB-LOADER(  902): [acdb_loader_store_set_audio_cal] ACDB settting parameters failed -1
08-19 14:16:54.535 D/audio_hw_hfp(  902): hfp_set_parameters: enter
08-19 14:16:54.535 D/audio_hw_hfp(  902): hfp_set_parameters: enter
08-19 14:16:54.535 V/a2dp_offload(  902): end of a2dp setparam
08-19 14:16:54.535 D/audio_hw_cspl_cal(  902): cirrus_cal_setparameters: enter 0xee803600
08-19 14:16:54.535 D/audio_hw_extn(  902): audio_extn_fm_set_parameters: Enter
08-19 14:16:54.535 D/audio_hw_hfp(  902): hfp_set_parameters: enter
08-19 14:16:54.535 V/a2dp_offload(  902): end of a2dp setparam
08-19 14:16:54.535 D/audio_hw_primary(  902): adev_set_parameters: exit with code(0)
08-19 14:16:54.535 E/AudioFlinger(  996): open /proc/26302/cmdline error
08-19 14:16:54.535 I/AudioFlinger(  996): setAppName(), name=[], active=[1]
08-19 14:16:54.535 I/EffectMiSound(  902): MiSoundSetParameterThread: sleep
08-19 14:16:54.535 W/SQLiteLog(26302): (28) double-quoted string literal: "NZTvr2LrR3QcQxXDQfEtp/4MFdCOblDPRBeqfAf/9PSUB67UISx+bzjRrgoFqUPLF6EHW8K1AGh/
08-19 14:16:54.535 W/SQLiteLog(26302): yr5yYfq7Fc3AZI1ZiMtGQxPjfOTFDtMPsgEwW4/DFEstYfKm0pwluP6XocczZlJ8Mi8TJmjdLxE6
08-19 14:16:54.535 W/SQLiteLog(26302): AsQVQ/kJCJmXx4ydhhM=
08-19 14:16:54.535 W/SQLiteLog(26302): "
08-19 14:16:54.535 W/SQLiteLog(26302): (28) double-quoted string literal: "DC15D767304113684E1CCC36C373B430"
08-19 14:16:54.535 V/EffectMiSound(  902): MiSound_command() start, cmdCode=24
08-19 14:16:54.535 V/EffectMiSound(  902): MiSound_Command EFFECT_CMD_SET_APP_NAME: stream=3, name=+
08-19 14:16:54.535 I/Timeline( 1783): Timeline: App_transition_ready time:8743111
08-19 14:16:54.535 D/AudioFlinger(  996): updateWakeLockUids_l AudioOut_1D uids:10288 
08-19 14:16:54.536 I/system_server( 1783): oneway function results will be dropped but finished with status OK and parcel size 4
08-19 14:16:54.536 E/volume_listener(  902): check_and_set_gain_dep_cal: Failed to set gain dep cal level
08-19 14:16:54.538 I/PowerCheckerService( 5940): uid:10288 change to active
08-19 14:16:54.538 I/AppActiveChecker( 5940): uid:10288 change to active
08-19 14:16:54.540 D/audio_hw_primary(  902): start_output_stream: enter: stream(0xed61a000)usecase(0: deep-buffer-playback) devices(0x2) is_haptic_usecase(0)
08-19 14:16:54.540 D/audio_hw_primary(  902): select_devices for use case (deep-buffer-playback)
08-19 14:16:54.540 D/ultrasound_extn(  902): ultrasound_select_devices_pre ultrasound_enabled:0 usecase(deep-buffer-playback), devices:2 in_snd_device(0, ), out_snd_device(2, speaker)
08-19 14:16:54.540 D/ultrasound_extn(  902): dump_usecase_list: start ======================================
08-19 14:16:54.540 D/ultrasound_extn(  902): dump_usecase_list: enter sensor_activated:0 hw_port_enabled:0 suspended:0
08-19 14:16:54.540 D/ultrasound_extn(  902): dump_usecase_list: select_devices_pre usecase[#0]:(0, deep-buffer-playback) in_dev:(0, ) out_dv:(0, )
08-19 14:16:54.540 D/ultrasound_extn(  902): dump_usecase_list: end ======================================
08-19 14:16:54.540 I/msm8974_platform(  902): platform_check_and_set_codec_backend_cfg:becf: afe: bitwidth 24, samplerate 48000 channels 2, backend_idx 1 usecase = 0 device (speaker)
08-19 14:16:54.540 D/msm8974_platform(  902): platform_split_snd_device: snd_device(2) num devices(1) new_snd_devices(0)
08-19 14:16:54.540 I/msm8974_platform(  902): platform_check_and_set_codec_backend_cfg: new_snd_devices[0] is 2
08-19 14:16:54.540 I/msm8974_platform(  902): platform_check_codec_backend_cfg:becf: afe: bitwidth 24, samplerate 48000 channels 2, backend_idx 1 usecase = 0 device (speaker)
08-19 14:16:54.541 D/CrashReport(26302): >>> com.vmos.app.RendererActivity onCreated <<<
08-19 14:16:54.542 D/ViewContentFactory(26302): initViewContentFetcherClass
08-19 14:16:54.542 I/ContentCatcher(26302): ViewContentFetcher : ViewContentFetcher
08-19 14:16:54.542 D/ViewContentFactory(26302): createInterceptor took 0ms
08-19 14:16:54.542 W/Settings(26302): Setting android_id has moved from android.provider.Settings.System to android.provider.Settings.Secure, returning read-only value.
08-19 14:16:54.542 W/Settings(26302): Setting android_id has moved from android.provider.Settings.System to android.provider.Settings.Secure, returning read-only value.
08-19 14:16:54.543 D/audio_hw_extn(  902): audio_extn_enable_hifi_filter: mixer_value set 0
08-19 14:16:54.543 D/msm8974_platform(  902): platform_check_codec_backend_cfg:becf: updated afe: bitwidth 24, samplerate 48000 channels 2,backend_idx 1 usecase = 0 device (speaker)
08-19 14:16:54.543 D/msm8974_platform(  902): platform_check_codec_backend_cfg:becf: afe: restrict playback on handset and speaker to Sample Rate(96k)
08-19 14:16:54.543 D/ultrasound_extn(  902): ultrasound_check_and_set_codec_backend_cfg check use case (deep-buffer-playback), snd_device(2, speaker)
08-19 14:16:54.543 D/ultrasound_extn(  902): ultrasound_check_and_set_codec_backend_cfg  do not change BE setting for speaker
08-19 14:16:54.543 I/msm8974_platform(  902): platform_check_codec_backend_cfg:becf: afe: Codec selected backend: 1 updated bit width: 24 and sample rate: 96000
08-19 14:16:54.543 D/audio_hw_primary(  902): check_usecases_codec_backend:becf: force routing 0
08-19 14:16:54.543 E/msm8974_platform(  902): platform_check_backends_match: Invalid snd_device = 
08-19 14:16:54.543 D/audio_hw_primary(  902): check_usecases_codec_backend:becf: (100) check_usecases curr device: speaker, usecase device: backends match 0
08-19 14:16:54.543 D/audio_hw_primary(  902): @@: usecase[0xeea508f0]=deep-buffer-playback, uc_info[0xeea508f0]=deep-buffer-playback
08-19 14:16:54.543 D/audio_hw_primary(  902): check_usecases_codec_backend:becf: check_usecases num.of Usecases to switch 0
08-19 14:16:54.543 D/hardware_info(  902): hw_info_append_hw_type : device_name = speaker
08-19 14:16:54.543 D/msm8974_platform(  902): platform_split_snd_device: snd_device(2) num devices(0) new_snd_devices(0)
08-19 14:16:54.543 D/audio_hw_primary(  902): enable_snd_device: snd_device(2: speaker)[SND_DEVICE_OUT_SPEAKER]
08-19 14:16:54.543 D/msm8974_platform(  902): platform_get_island_cfg_on_device:island cfg status on snd_device = (speaker 0)
08-19 14:16:54.543 I/soundtrigger(  902): audio_extn_sound_trigger_update_device_status: device 0x2 of type 0 for Event 1, with Raise=0
08-19 14:16:54.543 D/audio_route(  902): Apply path: speaker
08-19 14:16:54.543 E/audio_route(  902): Path: speaker, length: 16
08-19 14:16:54.543 E/audio_route(  902):   id=0: ctl=TERT_TDM_RX_0 Channels
08-19 14:16:54.543 E/audio_route(  902):     id=0 value=1
08-19 14:16:54.543 E/audio_route(  902):   id=1: ctl=TERT_TDM_RX_0 Format
08-19 14:16:54.543 E/audio_route(  902):     id=0 value=1
08-19 14:16:54.543 E/audio_route(  902):   id=2: ctl=TERT_TDM_RX_0 SampleRate
08-19 14:16:54.543 E/audio_route(  902):     id=0 value=4
08-19 14:16:54.543 E/audio_route(  902):   id=3: ctl=PCM Source
08-19 14:16:54.543 E/audio_route(  902):     id=0 value=2
08-19 14:16:54.543 E/audio_route(  902):   id=4: ctl=RCV PCM Source
08-19 14:16:54.543 E/audio_route(  902):     id=0 value=2
08-19 14:16:54.543 E/audio_route(  902):   id=5: ctl=ASP TX2 Source
08-19 14:16:54.543 E/audio_route(  902):     id=0 value=6
08-19 14:16:54.543 E/audio_route(  902):   id=6: ctl=DSP RX1 Source
08-19 14:16:54.543 E/audio_route(  902):     id=0 value=1
08-19 14:16:54.543 E/audio_route(  902):   id=7: ctl=DSP RX2 Source
08-19 14:16:54.543 E/audio_route(  902):     id=0 value=1
08-19 14:16:54.543 E/audio_route(  902):   id=8: ctl=ASPRX1 Slot Position
08-19 14:16:54.543 E/audio_route(  902):     id=0 value=1
08-19 14:16:54.543 E/audio_route(  902):   id=9: ctl=ASPTX Ref
08-19 14:16:54.543 E/audio_route(  902):     id=0 value=1
08-19 14:16:54.543 E/audio_route(  902):   id=10: ctl=RCV DSP RX1 Source
08-19 14:16:54.543 E/audio_route(  902):     id=0 value=1
08-19 14:16:54.543 E/audio_route(  902):   id=11: ctl=RCV DSP RX2 Source
08-19 14:16:54.543 E/audio_route(  902):     id=0 value=2
08-19 14:16:54.543 E/audio_route(  902):   id=12: ctl=RCV ASP TX1 Source
08-19 14:16:54.543 E/audio_route(  902):     id=0 value=6
08-19 14:16:54.543 E/audio_route(  902):   id=13: ctl=RCV ASPRX1 Slot Position
08-19 14:16:54.543 E/audio_route(  902):     id=0 value=0
08-19 14:16:54.543 E/audio_route(  902):   id=14: ctl=RCV ASPRX2 Slot Position
08-19 14:16:54.543 E/audio_route(  902):     id=0 value=2
08-19 14:16:54.543 E/audio_route(  902):   id=15: ctl=RCV ASPTX Ref
08-19 14:16:54.543 E/audio_route(  902):     id=0 value=1
08-19 14:16:54.543 D/audio_route(  902): audio_route_apply_and_update_path name speaker
08-19 14:16:54.546 W/Settings(26302): Setting android_id has moved from android.provider.Settings.System to android.provider.Settings.Secure, returning read-only value.
08-19 14:16:54.546 W/Settings(26302): Setting android_id has moved from android.provider.Settings.System to android.provider.Settings.Secure, returning read-only value.
08-19 14:16:54.547 I/audio_hw_utils(  902): audio_extn_utils_update_stream_output_app_type_cfg Allowing 24 and above bits playback on speaker ONLY at default sampling rate
08-19 14:16:54.547 E/soundtrigger(  902): audio_extn_sound_trigger_update_stream_status: invalid input device 0x0, for event 3
08-19 14:16:54.547 D/soundtrigger(  902): audio_extn_sound_trigger_update_stream_status: uc_info->id 0 of type 0 for Event 3, with Raise=1
08-19 14:16:54.547 I/sound_trigger_platform(  902): platform_stdev_check_and_update_concurrency: Received STREAM event, event type 3, usecase type 0
08-19 14:16:54.547 D/sound_trigger_platform(  902): platform_stdev_get_capture_device: Device = 0x80000004
08-19 14:16:54.547 D/sound_trigger_platform(  902): platform_stdev_get_capture_device: Available device = 0x80000004
08-19 14:16:54.547 D/sound_trigger_platform(  902): platform_stdev_check_and_update_concurrency: dedicated path 0, reset backend 1, tx 0, rx 1, concurrency session allowed
08-19 14:16:54.547 D/audio_hw_utils(  902): audio_extn_utils_send_app_type_cfg: usecase->out_snd_device speaker
08-19 14:16:54.547 D/msm8974_platform(  902): platform_split_snd_device: snd_device(2) num devices(0) new_snd_devices(0)
08-19 14:16:54.547 D/audio_hw_utils(  902): audio_extn_btsco_get_sample_rate:Not a BT SCO device, need not update sampling rate
08-19 14:16:54.547 I/audio_hw_utils(  902): send_app_type_cfg_for_device PLAYBACK app_type 69940, acdb_dev_id 10011, sample_rate 48000, snd_device_be_idx 87
08-19 14:16:54.547 D/msm8974_platform(  902): platform_split_snd_device: snd_device(2) num devices(1) new_snd_devices(0)
08-19 14:16:54.547 D/audio_hw_utils(  902): audio_extn_btsco_get_sample_rate:Not a BT SCO device, need not update sampling rate
08-19 14:16:54.547 D/DlbQdspGefDriver(  902): eventCallback(): audio device 0x00000002 (sample rate 48000, channelMask 0x00000003, ACDB device id 10011, app type 0x11134, data 0) becomes active!
08-19 14:16:54.547 D/DlbQdspGefDriver(  902): setDevice(device=0x00000002): old device 0x00000002
08-19 14:16:54.547 D/ACDB-LOADER(  902): ACDB -> send_audio_cal, acdb_id = 10011, path = 0, app id = 0x11134, sample rate = 48000, afe_sample_rate = 96000
08-19 14:16:54.547 D/ACDB-LOADER(  902): ACDB -> send_asm_topology
08-19 14:16:54.547 D/ACDB-LOADER(  902): ACDB -> ACDB_CMD_GET_AUDPROC_STREAM_TOPOLOGY_ID
08-19 14:16:54.547 D/ACDB-LOADER(  902): ACDB -> send_adm_topology
08-19 14:16:54.547 D/ACDB-LOADER(  902): ACDB -> ACDB_CMD_GET_AUDPROC_COMMON_TOPOLOGY_ID
08-19 14:16:54.547 D/ACDB-LOADER(  902): ACDB -> send_audtable
08-19 14:16:54.547 D/ACDB-LOADER(  902): ACDB -> ACDB_CMD_GET_AUDPROC_INSTANCE_COMMON_TABLE_SIZE
08-19 14:16:54.547 D/ACDB-LOADER(  902): ACDB -> ACDB_CMD_GET_AUDPROC_INSTANCE_COMMON_TABLE
08-19 14:16:54.547 D/ACDB-LOADER(  902): ACDB -> AUDIO_SET_AUDPROC_CAL cal_type[11] acdb_id[10011] app_type[69940]
08-19 14:16:54.547 D/ACDB-LOADER(  902): ACDB -> send_audvoltable
08-19 14:16:54.547 D/ACDB-LOADER(  902): ACDB -> ACDB_CMD_GET_AUDPROC_INSTANCE_GAIN_DEP_STEP_TABLE_SIZE
08-19 14:16:54.547 D/android.hardware.audio.service(  902): Failed to fetch the lookup information of the device 0000271B 
08-19 14:16:54.547 D/ACDB-LOADER(  902): Error: ACDB_CMD_GET_AUDPROC_INSTANCE_GAIN_DEP_STEP_TABLE_SIZE Returned = -19
08-19 14:16:54.547 D/ACDB-LOADER(  902): ACDB -> ACDB_CMD_GET_AUDPROC_INSTANCE_GAIN_DEP_STEP_TABLE, vol index 0
08-19 14:16:54.547 D/android.hardware.audio.service(  902): Failed to fetch the lookup information of the device 0000271B 
08-19 14:16:54.547 D/ACDB-LOADER(  902): Error: ACDB AudProc vol returned = -19
08-19 14:16:54.547 D/ACDB-LOADER(  902): ACDB -> AUDIO_SET_VOL_CAL cal type = 12
08-19 14:16:54.547 D/ACDB-LOADER(  902): ACDB -> ACDB_CMD_GET_AUDPROC_INSTANCE_STREAM_TABLE_SIZE
08-19 14:16:54.547 D/ACDB-LOADER(  902): ACDB -> send_audstrmtable
08-19 14:16:54.547 D/ACDB-LOADER(  902): ACDB -> ACDB_CMD_GET_AUDPROC_INSTANCE_STREAM_TABLE
08-19 14:16:54.547 D/ACDB-LOADER(  902): ACDB -> audstrm_cal->cal_type.cal_data.cal_size = 20
08-19 14:16:54.547 D/ACDB-LOADER(  902): ACDB -> send_afe_topology
08-19 14:16:54.547 D/ACDB-LOADER(  902): ACDB -> ACDB_CMD_GET_AFE_TOPOLOGY_ID
08-19 14:16:54.547 D/ACDB-LOADER(  902): ACDB -> GET_AFE_TOPOLOGY_ID for adcd_id 10011, Topology Id 112fc
08-19 14:16:54.547 D/ACDB-LOADER(  902): ACDB -> send_afe_cal
08-19 14:16:54.547 D/ACDB-LOADER(  902): ACDB -> ACDB_CMD_GET_AFE_INSTANCE_COMMON_TABLE_SIZE
08-19 14:16:54.547 D/android.hardware.audio.service(  902): Failed to fetch the lookup information of the device 0000271B 
08-19 14:16:54.547 D/ACDB-LOADER(  902): Error: ACDB_CMD_GET_AFE_INSTANCE_COMMON_TABLE_SIZE Returned = -19
08-19 14:16:54.547 D/ACDB-LOADER(  902): ACDB -> ACDB_CMD_GET_AFE_INSTANCE_COMMON_TABLE
08-19 14:16:54.547 D/android.hardware.audio.service(  902): Failed to fetch the lookup information of the device 0000271B 
08-19 14:16:54.547 D/ACDB-LOADER(  902): Error: ACDB AFE returned = -19
08-19 14:16:54.547 D/ACDB-LOADER(  902): ACDB -> AUDIO_SET_AFE_CAL cal_type[16] acdb_id[10011]
08-19 14:16:54.547 D/ACDB-LOADER(  902): ACDB -> send_hw_delay : acdb_id = 10011 path = 0
08-19 14:16:54.547 D/ACDB-LOADER(  902): ACDB -> ACDB_AVSYNC_INFO: ACDB_CMD_GET_DEVICE_PROPERTY
08-19 14:16:54.547 D/msm8974_platform(  902): platform_split_snd_device: snd_device(2) num devices(0) new_snd_devices(0)
08-19 14:16:54.547 I/msm8974_platform(  902): platform_get_custom_mtmx_params: no matching param with id 0 ip_ch 2 op_ch 2 uc_id 0 snd_dev 2
08-19 14:16:54.547 D/audio_hw_primary(  902): enable_audio_route: apply mixer and update path: deep-buffer-playback speaker
08-19 14:16:54.547 D/audio_route(  902): Apply path: deep-buffer-playback speaker
08-19 14:16:54.547 E/audio_route(  902): Path: deep-buffer-playback speaker, length: 1
08-19 14:16:54.547 E/audio_route(  902):   id=0: ctl=TERT_TDM_RX_0 Audio Mixer MultiMedia1
08-19 14:16:54.547 E/audio_route(  902):     id=0 value=1
08-19 14:16:54.547 E/audio_route(  902):     id=1 value=1
08-19 14:16:54.547 D/audio_route(  902): audio_route_apply_and_update_path name deep-buffer-playback speaker
08-19 14:16:54.548 D/ultrasound_extn(  902): ultrasound_select_devices_post: enter: engine_suspended: 0
08-19 14:16:54.548 D/ultrasound_extn(  902): dump_usecase_list: start ======================================
08-19 14:16:54.548 D/ultrasound_extn(  902): dump_usecase_list: enter sensor_activated:0 hw_port_enabled:0 suspended:0
08-19 14:16:54.548 D/ultrasound_extn(  902): dump_usecase_list: select_devices_post usecase[#0]:(0, deep-buffer-playback) in_dev:(0, ) out_dv:(2, speaker)
08-19 14:16:54.548 D/ultrasound_extn(  902): dump_usecase_list: TERT_TDM_RX_0 SampleRate		 KHZ_96
08-19 14:16:54.548 D/ultrasound_extn(  902): dump_usecase_list: TERT_TDM_RX_0 Format		 S24_LE
08-19 14:16:54.548 D/ultrasound_extn(  902): dump_usecase_list: TERT_TDM_RX_0 Channels		 Two
08-19 14:16:54.548 D/ultrasound_extn(  902): dump_usecase_list: TERT_TDM_RX_1 SampleRate		 KHZ_96
08-19 14:16:54.548 D/ultrasound_extn(  902): dump_usecase_list: TERT_TDM_RX_1 Format		 S24_LE
08-19 14:16:54.549 D/ultrasound_extn(  902): dump_usecase_list: TERT_TDM_RX_1 Channels		 One
08-19 14:16:54.549 D/ultrasound_extn(  902): dump_usecase_list: end ======================================
08-19 14:16:54.549 D/audio_hw_primary(  902): select_devices: done
08-19 14:16:54.553 W/SQLiteQueryBuilder( 4515): Allowing abusive custom column: or
08-19 14:16:54.553 W/SQLiteQueryBuilder( 4515): Allowing abusive custom column: or
08-19 14:16:54.558 D/MIUIInput( 1783): [FoucsChange]: Display  0 FocusedWindow From Window{67617b0 mode=0 rootTaskId=230 u0 com.vmos.app/com.vmos.app.LauncherActivity}(1,1)  to null(0,0)
08-19 14:16:54.596 E/BitmapFactory(26302): Unable to decode stream: java.io.FileNotFoundException: /system/media/theme/miui_mod_icons/com.miui.screenrecorder/2.png: open failed: ENOENT (No such file or directory)
08-19 14:16:54.635 D/msm8974_platform(  902): platform_set_channel_map mixer_ctl_name:Playback Channel Map0
08-19 14:16:54.635 D/msm8974_platform(  902): platform_set_channel_map: set mapping(1 2 0 0 0 0 0 0) for channel:2
08-19 14:16:54.636 D/audio_hw_primary(  902): check_and_set_karaok_parameters: is karaok rx device 0, is karaok tx device 0
08-19 14:16:54.636 D/audio_hw_primary(  902): start_output_stream: exit
08-19 14:16:54.636 D/adsp_utils(  902): set_channel_reverse mode: 0
08-19 14:16:54.636 V/msm8974_platform(  902): platform_set_parameters: enter: cal_persist=0;cal_devid=2;cal_moduleid=0x1000a106;cal_caltype=0;cal_instanceid=0x0;cal_apptype=69940;cal_paramid=0x1000a198;cal_topoid=0x1000a100;cal_samplerate=48000;cal_data=AAAAAA==
08-19 14:16:54.636 D/msm8974_platform(  902): Setting audio calibration for snd_device(2) acdb_id(10011)
08-19 14:16:54.637 D/AppMiniWindowManager( 2677): topActivity updated in onTaskStackChanged
08-19 14:16:54.637 D/audio_hw_hfp(  902): hfp_set_parameters: enter
08-19 14:16:54.637 V/msm8974_platform(  902): platform_set_parameters: enter: cal_persist=0;cal_devid=2;cal_moduleid=0x1000a106;cal_caltype=0;cal_instanceid=0x0;cal_apptype=69940;cal_paramid=0x1000a198;cal_topoid=0x1000a106;cal_samplerate=48000;cal_data=AAAAAA==
08-19 14:16:54.637 D/msm8974_platform(  902): Setting audio calibration for snd_device(2) acdb_id(10011)
08-19 14:16:54.637 E/ACDB-LOADER(  902): [acdb_loader_adsp_set_audio_cal] active device/stream not found (result=-100) for topology 0x1000a106 and apptype 0x11134
08-19 14:16:54.637 E/ACDB-LOADER(  902): [acdb_loader_adsp_set_audio_cal] set parameters failed with status -100
08-19 14:16:54.637 D/audio_hw_hfp(  902): hfp_set_parameters: enter
08-19 14:16:54.637 V/msm8974_platform(  902): platform_set_parameters: enter: cal_persist=0;cal_devid=2;cal_moduleid=0x1000a106;cal_caltype=0;cal_instanceid=0x0;cal_apptype=69937;cal_paramid=0x1000a198;cal_topoid=0x1000a106;cal_samplerate=48000;cal_data=AAAAAA==
08-19 14:16:54.637 D/msm8974_platform(  902): Setting audio calibration for snd_device(2) acdb_id(10011)
08-19 14:16:54.637 E/ACDB-LOADER(  902): [acdb_loader_adsp_set_audio_cal] active device/stream not found (result=-100) for topology 0x1000a106 and apptype 0x11131
08-19 14:16:54.637 E/ACDB-LOADER(  902): [acdb_loader_adsp_set_audio_cal] set parameters failed with status -100
08-19 14:16:54.637 D/audio_hw_hfp(  902): hfp_set_parameters: enter
08-19 14:16:54.637 V/msm8974_platform(  902): platform_set_parameters: enter: cal_persist=0;cal_devid=2;cal_moduleid=0x1000a100;cal_caltype=0;cal_instanceid=0x0;cal_apptype=69940;cal_paramid=0x1000a114;cal_topoid=0x1000a100;cal_samplerate=48000;cal_data=AAAAAA==
08-19 14:16:54.637 D/msm8974_platform(  902): Setting audio calibration for snd_device(2) acdb_id(10011)
08-19 14:16:54.637 D/audio_hw_hfp(  902): hfp_set_parameters: enter
08-19 14:16:54.637 D/audio_hw_primary(  902): check_and_set_karaok_parameters: is karaok rx device 0, is karaok tx device 0
08-19 14:16:54.637 E/audio_hw_primary(  902): add bigdata RBI start
08-19 14:16:54.637 V/send_data_to_xlog(  902): send_haptic_data_to_xlog
08-19 14:16:54.637 V/send_data_to_xlog(  902): send_EarsCompensation_dailyuse_to_xlog
08-19 14:16:54.637 E/send_data_to_xlog(  902): get_int_by_key: unable to get property persist.vendor.audio.scenario
08-19 14:16:54.637 I/send_data_to_xlog(  902): get property key: persist.vendor.audio.ears.compensation.state, value: 0 
08-19 14:16:54.637 E/send_data_to_xlog(  902): the EarsCompensation is closed
08-19 14:16:54.637 V/send_data_to_xlog(  902): send_EarsCompensation_to_xlog
08-19 14:16:54.637 V/send_data_to_xlog(  902): getCurrentDate
08-19 14:16:54.637 V/send_data_to_xlog(  902): current time is : 2021 year, 8 month, 19 daty
08-19 14:16:54.637 V/send_data_to_xlog(  902): do not need to seed data to xlog
08-19 14:16:54.637 V/send_data_to_xlog(  902): send_music_playback_to_xlog
08-19 14:16:54.637 E/send_data_to_xlog(  902): get_int_by_key: unable to get property persist.vendor.audio.scenario
08-19 14:16:54.637 I/send_data_to_xlog(  902): get property key: persist.vendor.audio.scenario, value: 4 
08-19 14:16:54.637 I/send_data_to_xlog(  902): get_headset_type the type is speaker
08-19 14:16:54.637 E/send_data_to_xlog(  902): send_music_playback_to_xlog, the headset type is speaker
08-19 14:16:54.637 V/xlog_client(  902):  xlog_send  msg_id: 10
08-19 14:16:54.637 V/xlog_client(  902):  xlog_send 
08-19 14:16:54.638 V/xlog_client(  902): xlog_open fd = 68
08-19 14:16:54.638 D/xlog_client(  902): xlog_format_msg: send msg 10
08-19 14:16:54.638 D/xlog_client(  902): _xlog_write_flat_msg: send msg {"name":"music_playback","audio_event":{"headset_type":"speaker","scenario_mode":"intelligent","volume":"0"},"dgt":"null","audio_ext":"null" }
08-19 14:16:54.638 V/xlog_client(  902): xlog_close 68
08-19 14:16:54.638 D/send_data_to_xlog(  902): send_misound_data_to_xlog: enter: usecase(0)
08-19 14:16:54.638 E/audio_hw_primary(  902): add bigdata RBI end
08-19 14:16:54.638 D/audio_hw_primary(  902): out_write: retry previous failed cal level set
08-19 14:16:54.638 D/msm8974_platform(  902): platform_split_snd_device: snd_device(2) num devices(1) new_snd_devices(0)
08-19 14:16:54.638 D/ACDB-LOADER(  902): ACDB -> send_audvoltable
08-19 14:16:54.638 D/ACDB-LOADER(  902): ACDB -> ACDB_CMD_GET_AUDPROC_INSTANCE_GAIN_DEP_STEP_TABLE_SIZE
08-19 14:16:54.638 D/android.hardware.audio.service(  902): Failed to fetch the lookup information of the device 0000271B 
08-19 14:16:54.638 D/ACDB-LOADER(  902): Error: ACDB_CMD_GET_AUDPROC_INSTANCE_GAIN_DEP_STEP_TABLE_SIZE Returned = -19
08-19 14:16:54.638 D/ACDB-LOADER(  902): ACDB -> ACDB_CMD_GET_AUDPROC_INSTANCE_GAIN_DEP_STEP_TABLE, vol index 5
08-19 14:16:54.638 D/android.hardware.audio.service(  902): Failed to fetch the lookup information of the device 0000271B 
08-19 14:16:54.638 D/ACDB-LOADER(  902): Error: ACDB AudProc vol returned = -19
08-19 14:16:54.638 D/ACDB-LOADER(  902): ACDB -> AUDIO_SET_VOL_CAL cal type = 40
08-19 14:16:54.639 D/RendererActivity(26302): Width = 1080
08-19 14:16:54.639 D/RendererActivity(26302): Height = 2400
08-19 14:16:54.639 D/RendererActivity(26302): Json Content = {"DPI":440,"Height":2400,"Width":1080,"isselect":0}
08-19 14:16:54.645 I/cmd     (26748): oneway function results will be dropped but finished with status OK and parcel size 4
08-19 14:16:54.654 W/Settings(26302): Setting android_id has moved from android.provider.Settings.System to android.provider.Settings.Secure, returning read-only value.
08-19 14:16:54.654 W/Settings(26302): Setting android_id has moved from android.provider.Settings.System to android.provider.Settings.Secure, returning read-only value.
08-19 14:16:54.655 D/CompatibilityInfo( 1783): mCompatibilityFlags - 0
08-19 14:16:54.655 D/CompatibilityInfo( 1783): applicationDensity - 440
08-19 14:16:54.655 D/CompatibilityInfo( 1783): applicationScale - 1.0
08-19 14:16:54.663 E/BitmapFactory(26302): Unable to decode stream: java.io.FileNotFoundException: /system/media/theme/miui_mod_icons/com.tmri.app.main/2.png: open failed: ENOENT (No such file or directory)
08-19 14:16:54.678 W/audio_hw_primary(  902): out_get_presentation_position: avail:3840 > kernel_buffer_size:3840 clamping!
08-19 14:16:54.678 W/audio_hw_primary(  902): out_write: underrun(13) frames_by_time(1265) > out->last_fifo_frames_remaining(0)
08-19 14:16:54.686 E/BitmapFactory(26302): Unable to decode stream: java.io.FileNotFoundException: /system/media/theme/miui_mod_icons/com.youku.phone/2.png: open failed: ENOENT (No such file or directory)
08-19 14:16:54.698 W/audio_hw_primary(  902): out_get_presentation_position: avail:3840 > kernel_buffer_size:3840 clamping!
08-19 14:16:54.699 W/audio_hw_primary(  902): out_write: underrun(14) frames_by_time(330) > out->last_fifo_frames_remaining(0)
08-19 14:16:54.704 E/BitmapFactory(26302): Unable to decode stream: java.io.FileNotFoundException: /system/media/theme/miui_mod_icons/air.tv.douyu.android/2.png: open failed: ENOENT (No such file or directory)
08-19 14:16:54.710 W/Glide   (26302): Failed to find GeneratedAppGlideModule. You should include an annotationProcessor compile dependency on com.github.bumptech.glide:compiler in your application and a @GlideModule annotated AppGlideModule implementation or LibraryGlideModules will be silently ignored
08-19 14:16:54.719 D/adC     (26302): getProgressAd 
08-19 14:16:54.719 I/MyFullDialog(26302): onCreate: [{"parentTagId":0,"reorder":1,"subVmTag":[{"parentTagId":1,"reorder":1,"selected":false,"subVmTag":[],"tagId":2,"tagName":"影视综艺","tagType":2,"wallpaperUrl":""},{"parentTagId":1,"reorder":2,"selected":false,"subVmTag":[],"tagId":3,"tagName":"音乐","tagType":2,"wallpaperUrl":""},{"parentTagId":1,"reorder":3,"selected":false,"subVmTag":[],"tagId":4,"tagName":"动漫","tagType":2,"wallpaperUrl":""},{"parentTagId":1,"reorder":4,"selected":false,"subVmTag":[],"tagId":5,"tagName":"游戏","tagType":2,"wallpaperUrl":""},{"parentTagId":1,"reorder":5,"selected":false,"subVmTag":[],"tagId":17,"tagName":"阅读","tagType":2,"wallpaperUrl":""},{"parentTagId":1,"reorder":6,"selected":false,"subVmTag":[],"tagId":18,"tagName":"美食","tagType":2,"wallpaperUrl":""},{"parentTagId":1,"reorder":7,"selected":false,"subVmTag":[],"tagId":19,"tagName":"摄影","tagType":2,"wallpaperUrl":""},{"parentTagId":1,"reorder":8,"selected":false,"subVmTag":[{"parentTagId":6,"reorder":1,"selected":false,"subVmTag":[],"tagId":14,"tagName":"香港","tagType":3,"wallpaperUrl":""},{"parentTagId":6,"reorder":2,"selected":false,"subVmTag":[],"tagId":15,"tagName":"澳门","tagType":3,"wallpaperUrl":""},{"parentTagId":6,"reorder":3,"selected":false,"subVmTag":[],"tagId":23,"tagName":"台湾","tagType":3,"wallpaperUrl":""},{"parentTagId":6,"reorder":4,"selected":false,"subVmTag":[],"tagId":16,"tagName":"日本","tagType":3,"wallpaperUrl":""},{"parentTagId":6,"reorder":4,"selected":false,"subVmTag":[],"tagId":24,"tagName":"韩国","tagType":3,"wallpaperUrl":""},{"parentTagId":6,"reorder":7,"selected":false,"subVmTag":[],"tagId":26,"tagName":"俄罗斯","tagType":3,"wallpaperUrl":""},{"parentTagId":6,"reorder":8,"selected":false,"subVmTag":[],"tagId":27,"tagName":"欧洲","tagType":3,"wallpaperUrl":""},{"parentTagId":6,"reorder":9,"selected":false,"subVmTag":[],"tagId":28,"tagName":"北美","tagType":3,"wallpaperUrl":""},{"parentTagId":6,"reorder":10,"selected":false,"subVmTag":[],"tagId":29,"tagName":"澳大利亚、新西兰","tagType":3,"wallpaperUrl":""}],"tagId":6,"tagName":"旅行","tagType":2,"wallpaperUrl":""},{"parentTagId":1,"reorder":9,"selected":false,"subVmTag":[],"tagId":20,"tagName":"体育","tagType":2,"wallpaperUrl":""},{"parentTagId":1,"reorder":10,"selected":false,"subVmTag":[],"tagId":21,"tagName":"电子竞技","tagType":2,"wallpaperUrl":""},{"parentTagId":1,"reorder":11,"selected":false,"subVmTag":[],"tagId":22,"tagName":"玩机","tagType":2,"wallpaperUrl":""}],"tagId":1,"tagName":"娱乐方式","tagType":1,"wallpaperUrl":""},{"parentTagId":0,"reorder":2,"subVmTag":[{"parentTagId":7,"reorder":1,"selected":false,"subVmTag":[],"tagId":8,"tagName":"健康","tagType":2,"wallpaperUrl":""},{"parentTagId":7,"reorder":2,"selected":false,"subVmTag":[],"tagId":30,"tagName":"社区","tagType":2,"wallpaperUrl":""},{"parentTagId":7,"reorder":3,"selected":false,"subVmTag":[],"tagId":31,"tagName":"婚恋","tagType":2,"wallpaperUrl":""},{"parentTagId":7,"reorder":4,"selected":false,"subVmTag":[],"tagId":32,"tagName":"健身减脂","tagType":2,"wallpaperUrl":""},{"parentTagId":7,"reorder":5,"selected":false,"subVmTag":[],"tagId":9,"tagName":"家居","tagType":2,"wallpaperUrl":""},{"parentTagId":7,"reorder":6,"selected":false,"subVmTag":[],"tagId":33,"tagName":"母婴亲子","tagType":2,"wallpaperUrl":""},{"parentTagId":7,"reorder":7,"selected":false,"subVmTag":[],"tagId":34,"tagName":"汽车","tagType":2,"wallpaperUrl":""},{"parentTagId":7,"reorder":8,"selected":false,"subVmTag":[],"tagId":10,"tagName":"办公","tagType":2,"wallpaperUrl":""},{"parentTagId":7,"reorder":9,"selected":false,"subVmTag":[],"tagId":35,"tagName":"网购","tagType":2,"wallpaperUrl":""}],"tagId":7,"tagName":"生活方式","tagType":1,"wallpaperUrl":""},{"parentTagId":0,"reorder":3,"subVmTag":[{"parentTagId":11,"reorder":1,"selected":false,"subVmTag":[],"tagId":53,"tagName":"default","tagType":2,"wallpaperUrl":"http://vmosfiles.vmos.cn/vmmaster/wallpaper/2021010517095611288.png"},{"parentTagId":11,"reorder":1,"selected":false
08-19 14:16:54.720 D/adC     (26302): loadProgressAd adBean:ADBean{adFirmId='1109302853', adId='9091001359144042', adPlaceCode='progress'}
08-19 14:16:54.720 D/adC     (26302): loadProgressAd progressAd:AdProgressLlh
08-19 14:16:54.720 W/Settings(26302): Setting android_id has moved from android.provider.Settings.System to android.provider.Settings.Secure, returning read-only value.
08-19 14:16:54.721 W/Settings(26302): Setting android_id has moved from android.provider.Settings.System to android.provider.Settings.Secure, returning read-only value.
08-19 14:16:54.726 E/gdt_ad_mob(26302): 此构造方法即将废弃，请在 Application 中初始化 SDK 后，使用不带 appId 的构造方法，详细请参考Demo
08-19 14:16:54.730 E/SocketServerManager(26302): registerAction action == 65523  ReceiverListener:com.vmos.app.RendererActivity$8@808dc30
08-19 14:16:54.730 E/s_filter(26302): onReceiver registerReceiver socketBean:{"action":65523,"action_id":65523,"method":1}  receiverAction:com.vmos.app.RendererActivity$8@808dc30
08-19 14:16:54.730 E/SocketServerManager(26302): registerAction action == 65522  ReceiverListener:com.vmos.app.RendererActivity$9@a53462e
08-19 14:16:54.730 E/s_filter(26302): onReceiver registerReceiver socketBean:{"action":65522,"action_id":65522,"method":1}  receiverAction:com.vmos.app.RendererActivity$9@a53462e
08-19 14:16:54.730 E/SocketServerManager(26302): registerAction action == 65520  ReceiverListener:com.vmos.app.RendererActivity$10@d578b5c
08-19 14:16:54.730 E/s_filter(26302): onReceiver registerReceiver socketBean:{"action":65520,"action_id":65520,"method":1}  receiverAction:com.vmos.app.RendererActivity$10@d578b5c
08-19 14:16:54.731 W/Settings(26302): Setting android_id has moved from android.provider.Settings.System to android.provider.Settings.Secure, returning read-only value.
08-19 14:16:54.731 W/Settings(26302): Setting android_id has moved from android.provider.Settings.System to android.provider.Settings.Secure, returning read-only value.
08-19 14:16:54.742 E/BitmapFactory(26302): Unable to decode stream: java.io.FileNotFoundException: /system/media/theme/miui_mod_icons/com.tencent.qqmusic/2.png: open failed: ENOENT (No such file or directory)
08-19 14:16:54.742 D/CrashReport(26302): >>> com.vmos.app.RendererActivity onResumed <<<
08-19 14:16:54.742 I/CrashReport-Native(26302): jni_setNativeInfo: key is 14
08-19 14:16:54.742 I/CrashReport-Native(26302): Set native info: isAppForeground(true)
08-19 14:16:54.744 E/SocketServerManager(26302): sendData serverBean: {"action":10004,"action_id":0,"data":1,"method":0}
08-19 14:16:54.744 E/SocketServerManager(26302): socketServerConnect == null 
08-19 14:16:54.748 W/SQLiteLog(26302): (28) double-quoted string literal: "DC15D767304113684E1CCC36C373B430"
08-19 14:16:54.748 W/SQLiteLog(26302): (28) double-quoted string literal: ""
08-19 14:16:54.748 W/SQLiteLog(26302): (28) double-quoted string literal: "DC15D767304113684E1CCC36C373B430"
08-19 14:16:54.748 W/SQLiteLog(26302): (28) double-quoted string literal: "-1"
08-19 14:16:54.749 D/RecentsImpl( 3002): mActivityStateObserver com.vmos.app.RendererActivity
08-19 14:16:54.749 W/RecentsImpl( 3002): onResumed className=com.vmos.app.RendererActivity   mIsInAnotherPro=false
08-19 14:16:54.749 D/RecentsImpl( 3002): showNavStubView
08-19 14:16:54.749 W/RecentsImpl( 3002): disableBackStubWindow    disableTouch=false
08-19 14:16:54.749 D/RecentsImpl( 3002): showBackStubWindow  mHasNavigationBar=true   mDisabledByDriveMode=false
08-19 14:16:54.749 E/onNext  (26302): onNext: OK
08-19 14:16:54.749 W/GestureStubView( 3002): adaptRotation   currentRotation=0   mRotation=0
08-19 14:16:54.749 D/GestureStubView( 3002): resetRenderProperty: showGestureStub
08-19 14:16:54.749 D/GestureStubView( 3002): showGestureStub
08-19 14:16:54.749 W/GestureStubView( 3002): adaptRotation   currentRotation=0   mRotation=0
08-19 14:16:54.749 D/GestureStubView( 3002): resetRenderProperty: showGestureStub
08-19 14:16:54.749 D/GestureStubView( 3002): showGestureStub
08-19 14:16:54.754 D/NuPlayerDriver( 1354): NuPlayerDriver(0xf1636aa0) created, clientPid(26302)
08-19 14:16:54.758 I/Timeline( 1783): Timeline: App_transition_ready time:8743334
08-19 14:16:54.759 D/GestureStubView( 3002): gatherTransparentRegion: need render w:54  h:1440
08-19 14:16:54.761 E/BitmapFactory(26302): Unable to decode stream: java.io.FileNotFoundException: /system/media/theme/miui_mod_icons/com.android.soundrecorder/2.png: open failed: ENOENT (No such file or directory)
08-19 14:16:54.763 E/AudioSystem( 1354): invalid attributes { Content type: AUDIO_CONTENT_TYPE_UNKNOWN Usage: AUDIO_USAGE_UNKNOWN Source: -1 Flags: 0x800 Tags:  } when converting to stream
08-19 14:16:54.764 I/Timeline( 1783): Timeline: App_transition_ready time:8743339
08-19 14:16:54.764 D/GenericSource( 1354): FileSource remote
08-19 14:16:54.765 D/GestureStubView( 3002): gatherTransparentRegion: need render w:54  h:1440
08-19 14:16:54.765 I/MMParserExtractor( 1352): Created(0xb400007d01067620)
08-19 14:16:54.776 E/AggregateListener( 4836): notification text&title is null, key = 0|com.vmos.app|102|null|10288
08-19 14:16:54.776 E/AggregateListener( 4836): notification text&title is null, key = 0|com.vmos.app|102|null|10288
08-19 14:16:54.777 E/onNext  (26302): onNext: OK
08-19 14:16:54.784 I/Timeline( 1783): Timeline: App_transition_ready time:8743359
08-19 14:16:54.785 I/Timeline( 1783): Timeline: App_transition_ready time:8743361
08-19 14:16:54.786 I/Timeline( 1783): Timeline: App_transition_ready time:8743362
08-19 14:16:54.789 D/GestureStubView( 3002): gatherTransparentRegion: need render w:54  h:1440
08-19 14:16:54.790 D/GestureStubView( 3002): gatherTransparentRegion: need render w:54  h:1440
08-19 14:16:54.790 D/StatusBar( 2677): disable<e i a s b h r c s > disable2<q i n >
08-19 14:16:54.790 D/NavStubView( 3002): gatherTransparentRegion: need render w:1080  h:35
08-19 14:16:54.790 W/NavStubView( 3002): onComputeInternalInsets  bounds=Rect(0, 0 - 1080, 35)   mHideGestureLine=true   mIsShowNavBar=true
08-19 14:16:54.790 W/ActivityManager( 1783): Sending non-protected broadcast com.android.systemui.fullscreen.statechange from system 2677:com.android.systemui/1000 pkg com.android.systemui. Callers=
08-19 14:16:54.792 I/Timeline( 1783): Timeline: App_transition_ready time:8743368
08-19 14:16:54.795 I/Timeline( 1783): Timeline: App_transition_ready time:8743371
08-19 14:16:54.802 I/Timeline( 1783): Timeline: App_transition_ready time:8743378
08-19 14:16:54.790 W/ActivityManager( 1783): Sending non-protected broadcast com.android.systemui.fullscreen.statechange from system 2677:com.android.systemui/1000 pkg com.android.systemui. Callers=
08-19 14:16:54.808 D/SurfaceView(26302): UPDATE null, mIsCastMode = false
08-19 14:16:54.811 W/MY_DEBUG_OPENGL(26302): egl: 1 5
08-19 14:16:54.812 W/MY_DEBUG_OPENGL(26302): getGLES1ExtensionString: Found config 0xb8028fd8
08-19 14:16:54.828 W/MY_DEBUG_OPENGL(26302): egl: 1 5
08-19 14:16:54.829 W/MY_DEBUG_OPENGL(26302): getGLES1ExtensionString: Found config 0xb8028fd8
08-19 14:16:54.834 I/SHENG_DEBUG_OPENGL_D(26302): init_nativebuffer_server init
08-19 14:16:54.835 E/NDL     (26302): path=/data/data/com.vmos.app/lib:/system/lib:/system_ext/lib
08-19 14:16:54.837 E/SHENG   (26302): planB dlui=e95bdd1
08-19 14:16:54.837 E/SHENG   (26302): planB HostcreateGraphicBuffer=0xe9af004d Hostunflatten=0x0
08-19 14:16:54.837 I/SHENG_DEBUG_OPENGL_D(26302): init_nativebuffer_server init end
08-19 14:16:54.837 W/MY_DEBUG_OPENGL_E(26302): RendererActivity start_renderer: win=b2ce9408
08-19 14:16:54.837 W/MY_DEBUG_OPENGL_E(26302): RendererActivity removeSubWindow: m_subWin=0 m_apiwin=b2ce9408
08-19 14:16:54.837 E/libEGL  (26302): eglDestroySurfaceImpl:896 error 300d (EGL_BAD_SURFACE)
08-19 14:16:54.837 W/MY_DEBUG_OPENGL_E(26302): RendererActivity removeSubWindow: removeSubWindow=0
08-19 14:16:54.837 W/MY_DEBUG_OPENGL_E(26302): RendererActivity setupSubWindow: m_subWin=b2ce9408
08-19 14:16:54.839 W/MY_DEBUG_OPENGL_E(26302): initOpenGLRenderer: 
08-19 14:16:54.839 W/MY_DEBUG_OPENGL_E(26302): RendererActivity removeSubWindow: m_subWin=0 m_apiwin=b2ce9408
08-19 14:16:54.839 W/MY_DEBUG_OPENGL_E(26302): RendererActivity removeSubWindow: removeSubWindow=0
08-19 14:16:54.840 W/MY_DEBUG_OPENGL_E(26302): RendererActivity setupSubWindow: m_subWin=b2ce9408
08-19 14:16:54.842 W/System  (26302): A resource failed to call close. 
08-19 14:16:54.848 I/Timeline( 1783): Timeline: App_transition_ready time:8743424
08-19 14:16:54.848 I/chatty  (26302): uid=10288(com.vmos.app) FinalizerDaemon identical 12 lines
08-19 14:16:54.848 W/System  (26302): A resource failed to call close. 
08-19 14:16:54.853 I/ANDR-PERF-LM(  952): LMPerfGlue: perfmodule_submit_request() 132: perfmodule_submit_request()
08-19 14:16:54.853 I/ANDR-PERF-LM(  952): Core: getInstance() 84: LM getInstance
08-19 14:16:54.853 I/ANDR-PERF-LM(  952): WQ: push() 59: LMTriggerQ push() size=0
08-19 14:16:54.853 I/ANDR-PERF-LM(  952): WQ: push() 61: LMTriggerQ push() done size=1
08-19 14:16:54.853 I/ANDR-PERF-LM(  952): WQ: pop() 42: LMTriggerQ pop() done size=0
08-19 14:16:54.853 I/ANDR-PERF-LM(  952): Core: lmMain() 373: Waiting on trigger Queue
08-19 14:16:54.853 I/ANDR-PERF-LM(  952): WQ: pop() 31: LMTriggerQ pop() size=0
08-19 14:16:54.853 W/TelephonyPermissions( 2989): reportAccessDeniedToReadIdentifiers:com.vmos.app:getDeviceId:1
08-19 14:16:54.853 I/Timeline( 1783): Timeline: App_transition_ready time:8743429
08-19 14:16:54.853 I/ActivityTaskManager( 1783): Displayed com.vmos.app/.RendererActivity: +334ms
08-19 14:16:54.853 I/ANDR-PERF-LM(  952): LMPerfGlue: perfmodule_submit_request() 132: perfmodule_submit_request()
08-19 14:16:54.853 I/ANDR-PERF-LM(  952): Core: getInstance() 84: LM getInstance
08-19 14:16:54.853 D/ANDR-PERF-LM(  952): Feature: lookup() 101: Feature Name = AppClassifier, total featuers = 3, featureFound = 1
08-19 14:16:54.853 D/ANDR-PERF-LM(  952): Feature: getData() 112: data.data = 1
08-19 14:16:54.853 I/ANDR-PERF-LM(  952): FeedbackAPI: getFeedback() 60: app:com.vmos.app feature:AppClassifier feedback = 1
08-19 14:16:54.855 W/TelephonyPermissions( 2989): reportAccessDeniedToReadIdentifiers:com.vmos.app:getSubscriberId:1
08-19 14:16:54.856 W/TelephonyPermissions( 2989): reportAccessDeniedToReadIdentifiers:com.vmos.app:getDeviceId:1
08-19 14:16:54.857 E/BitmapFactory(26302): Unable to decode stream: java.io.FileNotFoundException: /system/media/theme/miui_mod_icons/com.miui.huanji/2.png: open failed: ENOENT (No such file or directory)
08-19 14:16:54.858 D/MiuiPhoneStatusBarPolicy( 2677): updateManagedProfile: secondSpace = false
08-19 14:16:54.858 W/TelephonyPermissions( 2989): reportAccessDeniedToReadIdentifiers:com.vmos.app:getDeviceId:-1
08-19 14:16:54.860 W/TelephonyPermissions( 2989): reportAccessDeniedToReadIdentifiers:com.vmos.app:getImeiForSlot:1
08-19 14:16:54.861 W/TelephonyPermissions( 2989): reportAccessDeniedToReadIdentifiers:com.vmos.app:getImeiForSlot:1
08-19 14:16:54.862 W/TelephonyPermissions( 2989): reportAccessDeniedToReadIdentifiers:com.vmos.app:getImeiForSlot:-1
08-19 14:16:54.863 W/TelephonyPermissions( 2989): reportAccessDeniedToReadIdentifiers:com.vmos.app:getSubscriberId:1
08-19 14:16:54.864 W/TelephonyPermissions( 2989): reportAccessDeniedToReadIdentifiers:com.vmos.app:getSubscriberId:0
08-19 14:16:54.864 W/TelephonyPermissions( 2989): reportAccessDeniedToReadIdentifiers:com.vmos.app:getSubscriberId:1
08-19 14:16:54.865 W/TelephonyPermissions( 2989): reportAccessDeniedToReadIdentifiers:com.vmos.app:getMeidForSlot:1
08-19 14:16:54.865 D/TelephonyManager(26302): getMeid: return null because MEID is not available
08-19 14:16:54.867 W/TelephonyPermissions( 2989): reportAccessDeniedToReadIdentifiers:com.vmos.app:getMeidForSlot:1
08-19 14:16:54.867 D/TelephonyManager(26302): getMeid: return null because MEID is not available
08-19 14:16:54.868 W/TelephonyPermissions( 2989): reportAccessDeniedToReadIdentifiers:com.vmos.app:getMeidForSlot:-1
08-19 14:16:54.868 D/TelephonyManager(26302): getMeid: return null because MEID is not available
08-19 14:16:54.872 D/MIUIInput( 1783): [FoucsChange]: Display  0 FocusedWindow From null(0,0)  to Window{49536c1 mode=0 rootTaskId=230 u0 com.vmos.app/com.vmos.app.RendererActivity}(1,1)
08-19 14:16:54.875 E/BitmapFactory(26302): Unable to decode stream: java.io.FileNotFoundException: /system/media/theme/miui_mod_icons/com.baidu.searchbox/2.png: open failed: ENOENT (No such file or directory)
08-19 14:16:54.878 E/ball_location(26302): ball_location initImagefloat
08-19 14:16:54.878 E/ball_location(26302): initImagefloat paramsX=472
08-19 14:16:54.878 E/ball_location(26302): initImagefloat paramsY=589
08-19 14:16:54.878 E/tag     (26302): FloatBallLocationSaveUtils.getInstance().isStart_phone()=true
08-19 14:16:54.878 E/tag     (26302): FloatBallLocationSaveUtils.getInstance().isVirtual_inputMethodState()=false
08-19 14:16:54.878 E/ball_location(26302):  initImagefloat 1111111
08-19 14:16:54.878 E/ball_location(26302): addFImagelayout 1111
08-19 14:16:54.883 E/ball_location(26302): addFImagelayout Gone
08-19 14:16:54.883 E/ball_location(26302): addFImagelayout params.x=472 params.y=589
08-19 14:16:54.883 I/------------>(26302): run: 2620
08-19 14:16:54.889 E/onNext  (26302): onNext: 系统异常
08-19 14:16:54.896 D/SurfaceView(26302): UPDATE Surface(name=SurfaceView - com.vmos.app/com.vmos.app.RendererActivity)/@0xc653b7a, mIsProjectionMode = false
08-19 14:16:54.899 W/linker  (26800): /system/bin/rfserver: unused DT entry: type 0x6ffffffe arg 0xbb0
08-19 14:16:54.899 W/linker  (26800): /system/bin/rfserver: unused DT entry: type 0x6fffffff arg 0x1
08-19 14:16:54.900 W/linker  (26801): /system/bin/logcat: unused DT entry: type 0x6ffffffe arg 0xcf4
08-19 14:16:54.900 W/linker  (26801): /system/bin/logcat: unused DT entry: type 0x6fffffff arg 0x1
08-19 14:16:54.900 W/linker  (26796): /system/bin/vold: unused DT entry: type 0x6ffffffe arg 0x2314
08-19 14:16:54.900 W/linker  (26796): /system/bin/vold: unused DT entry: type 0x6fffffff arg 0x1
08-19 14:16:54.900 I/SHENG_RF_SOCKET(26800): rfbListenOnUnixPort socket
08-19 14:16:54.900 I/SHENG_RF_SOCKET(26800): rfbListenOnUnixPort bind
08-19 14:16:54.901 E/SHENG_RF_SOCKET(26800): rfbConnectOnUnixJavaPort connect errorConnection refused
08-19 14:16:54.901 E/SHENG_RF_SOCKET(26800): rfbConnectOnUnixJavaPort connect errorBad file number
08-19 14:16:54.902 I/chatty  (26800): uid=10288(com.vmos.app) initlinker32 identical 8 lines
08-19 14:16:54.902 E/SHENG_RF_SOCKET(26800): rfbConnectOnUnixJavaPort connect errorBad file number
08-19 14:16:54.902 E/onNext  (26302): onNext: OK
08-19 14:16:54.903 E/SHENG_RF_SOCKET(26800): rfbConnectOnUnixJavaPort connect errorBad file number
08-19 14:16:54.904 I/chatty  (26800): uid=10288(com.vmos.app) initlinker32 identical 7 lines
08-19 14:16:54.904 E/SHENG_RF_SOCKET(26800): rfbConnectOnUnixJavaPort connect errorBad file number
08-19 14:16:54.904 E/onNext  (26302): onNext: OK
08-19 14:16:54.904 E/SHENG_RF_SOCKET(26800): rfbConnectOnUnixJavaPort connect errorBad file number
08-19 14:16:54.912 I/chatty  (26800): uid=10288(com.vmos.app) initlinker32 identical 66 lines
08-19 14:16:54.912 E/SHENG_RF_SOCKET(26800): rfbConnectOnUnixJavaPort connect errorBad file number
08-19 14:16:54.912 W/linker  (26798): /system/bin/netd: unused DT entry: type 0x6ffffffe arg 0x1c58
08-19 14:16:54.912 E/SHENG_RF_SOCKET(26800): rfbConnectOnUnixJavaPort connect errorBad file number
08-19 14:16:54.912 W/linker  (26798): /system/bin/netd: unused DT entry: type 0x6fffffff arg 0x1
08-19 14:16:54.912 E/SHENG_RF_SOCKET(26800): rfbConnectOnUnixJavaPort connect errorBad file number
08-19 14:16:54.913 I/chatty  (26800): uid=10288(com.vmos.app) initlinker32 identical 10 lines
08-19 14:16:54.913 E/SHENG_RF_SOCKET(26800): rfbConnectOnUnixJavaPort connect errorBad file number
08-19 14:16:54.915 W/linker  (26803): /system/bin/hostuitls: unused DT entry: type 0x6ffffffe arg 0x470
08-19 14:16:54.915 W/linker  (26803): /system/bin/hostuitls: unused DT entry: type 0x6fffffff arg 0x1
08-19 14:16:54.916 D/CrashReport(26302): checkServerTrusted
08-19 14:16:54.922 E/Vold    (26796): Vold 2.1 (the revenge) firing up
08-19 14:16:54.924 I/Netd    (26798): Netd 1.0 starting
08-19 14:16:54.924 E/Vold    (26796): failed to open /fstab.smdk4x12
08-19 14:16:54.924 E/Vold    (26796): Error reading configuration (No such file or directory)... continuing anyways
08-19 14:16:54.925 E/Netd    (26798): Failed to open /proc/sys/net/ipv6/conf/default/accept_ra: Permission denied
08-19 14:16:54.925 E/InterfaceController(26798): Can't list /proc/sys/net/ipv6/conf: Permission denied
08-19 14:16:54.925 E/Netd    (26798): Failed to open /proc/sys/net/ipv6/conf/default/accept_ra_rt_table: Permission denied
08-19 14:16:54.925 E/InterfaceController(26798): Can't list /proc/sys/net/ipv6/conf: Permission denied
08-19 14:16:54.925 E/Netd    (26798): Failed to open /proc/sys/net/ipv6/conf/default/optimistic_dad: Permission denied
08-19 14:16:54.925 E/InterfaceController(26798): Can't list /proc/sys/net/ipv6/conf: Permission denied
08-19 14:16:54.925 E/Netd    (26798): Failed to open /proc/sys/net/ipv6/conf/default/use_optimistic: Permission denied
08-19 14:16:54.925 E/InterfaceController(26798): Can't list /proc/sys/net/ipv6/conf: Permission denied
08-19 14:16:54.926 D/VirtualBinder(26798): connect bis failed. errno2
08-19 14:16:54.947 W/linker  (26816): /system/bin/iptables: unused DT entry: type 0x6ffffffe arg 0x11e4
08-19 14:16:54.947 W/linker  (26816): /system/bin/iptables: unused DT entry: type 0x6fffffff arg 0x1
08-19 14:16:54.949 E/BitmapFactory(26302): Unable to decode stream: java.io.FileNotFoundException: /system/media/theme/miui_mod_icons/com.miui.virtualsim/2.png: open failed: ENOENT (No such file or directory)
08-19 14:16:54.962 W/linker  (26820): /system/bin/iptables: unused DT entry: type 0x6ffffffe arg 0x11e4
08-19 14:16:54.962 W/linker  (26820): /system/bin/iptables: unused DT entry: type 0x6fffffff arg 0x1
08-19 14:16:54.974 W/linker  (26821): /system/bin/ip: unused DT entry: type 0x6ffffffe arg 0x2cf4
08-19 14:16:54.974 W/linker  (26821): /system/bin/ip: unused DT entry: type 0x6fffffff arg 0x1
08-19 14:16:54.976 W/NotificationHistory( 1783): Attempted to add notif for locked/gone/disabled user 0
08-19 14:16:54.979 D/IMReply:Notif( 3982): onNotificationPosted before sbn = 102
08-19 14:16:54.979 D/IMReply:Notif( 3982): onNotificationPosted before sbn = 102
08-19 14:16:54.979 V/onNotificationPostedCallBack( 4989): flags=114
08-19 14:16:54.981 E/Netd    (26798): failed to flush rules
08-19 14:16:54.981 E/CommandListener(26798): failed to initialize RouteController (Remote I/O error)
08-19 14:16:54.984 V/n       ( 4989): ret=0
08-19 14:16:54.984 D/MDnsDS  (26798): MDnsSdListener::Hander starting up
08-19 14:16:54.984 V/onNotificationPostedCallBack( 4989): flags=114
08-19 14:16:54.984 D/MDnsDS  (26798): MDnsSdListener starting to monitor
08-19 14:16:54.984 D/MDnsDS  (26798): Going to poll with pollCount 1
08-19 14:16:54.985 V/n       ( 4989): ret=0
08-19 14:16:54.985 D/InterruptionStateProvider( 2677): No bubble up: not allowed to bubble: 0|com.vmos.app|102|null|10288
08-19 14:16:54.986 D/InterruptionStateProvider( 2677): No heads up: unimportant notification: 0|com.vmos.app|102|null|10288
08-19 14:16:54.988 W/AsyncLayoutInflater( 2677): Failed to inflate resource in the background! Retrying on the UI thread
08-19 14:16:54.988 W/AsyncLayoutInflater( 2677): android.view.InflateException: Binary XML file line #33 in com.android.systemui:layout/status_bar_notification_row: Animators may only be run on Looper threads
08-19 14:16:54.988 W/AsyncLayoutInflater( 2677): Caused by: android.util.AndroidRuntimeException: Animators may only be run on Looper threads
08-19 14:16:54.988 W/AsyncLayoutInflater( 2677): 	at android.animation.AnimatorSet.start(AnimatorSet.java:705)
08-19 14:16:54.988 W/AsyncLayoutInflater( 2677): 	at android.animation.AnimatorSet.start(AnimatorSet.java:684)
08-19 14:16:54.988 W/AsyncLayoutInflater( 2677): 	at android.animation.StateListAnimator.start(StateListAnimator.java:188)
08-19 14:16:54.988 W/AsyncLayoutInflater( 2677): 	at android.animation.StateListAnimator.setState(StateListAnimator.java:181)
