08-19 14:16:54.532 D/audio_hw_hfp(  902): hfp_set_parameters: enter
08-19 14:16:54.532 V/a2dp_offload(  902): end of a2dp setparam
08-19 14:16:54.532 V/EffectMiSound(  902): MiSound_command() start, cmdCode=11
08-19 14:16:54.532 V/EffectMiSound(  902): MiSound_Command EFFECT_CMD_SET_AUDIO_MODE: 0
08-19 14:16:54.532 D/audio_hw_cspl_cal(  902): cirrus_cal_setparameters: enter 0xee803600
08-19 14:16:54.532 D/audio_hw_extn(  902): audio_extn_fm_set_parameters: Enter
08-19 14:16:54.532 D/audio_hw_hfp(  902): hfp_set_parameters: enter
08-19 14:16:54.532 V/a2dp_offload(  902): end of a2dp setparam
08-19 14:16:54.532 D/audio_hw_primary(  902): adev_set_parameters: exit with code(0)
08-19 14:16:54.532 I/EffectMiSound(  902): Thread: setParam No.2
08-19 14:16:54.532 I/EffectMiSound(  902): MiSoundsetParameters_request: cal_devid=2;cal_apptype=69936;cal_caltype=0;cal_samplerate=48000;cal_topoid=0x1000a100;cal_moduleid=0x1000a100;cal_paramid=0x1000a101;cal_persist=0;cal_data=AAAAAA;
08-19 14:16:54.532 D/EffectMiSound(  902): clientRequest: write to server 264
08-19 14:16:54.532 W/audio_hw_con(  902): audio_handle_client_sock received client connect 57
08-19 14:16:54.532 D/audio_hw_primary(  902): adev_set_parameters: enter: cal_devid=2;cal_apptype=69936;cal_caltype=0;cal_samplerate=48000;cal_topoid=0x1000a100;cal_moduleid=0x1000a100;cal_paramid=0x1000a101;cal_persist=0;cal_data=AAAAAA;
08-19 14:16:54.532 D/DlbDlbEffect(  902): effectCommand(handle=0xed8c49b8, cmdCode=5, cmdSize=20, pCmdData=0xed128cf8, replySize=4, pReplyData=0xed886010)
08-19 14:16:54.532 V/msm8974_platform(  902): platform_set_parameters: enter: cal_persist=0;cal_devid=2;cal_moduleid=0x1000a100;cal_caltype=0;cal_apptype=69936;cal_paramid=0x1000a101;cal_topoid=0x1000a100;cal_samplerate=48000;cal_data=AAAAAA
08-19 14:16:54.532 D/DlbDlbEffect(  902): handle_EFFECT_CMD_SET_PARAM()
08-19 14:16:54.532 D/DlbQdspGefDriver(  902): setPreferredOffType(type=2)
08-19 14:16:54.532 D/msm8974_platform(  902): Setting audio calibration for snd_device(2) acdb_id(10011)
08-19 14:16:54.532 E/ACDB-LOADER(  902): [acdb_loader_adsp_set_audio_cal] active device/stream not found (result=-100) for topology 0x1000a100 and apptype 0x11130
08-19 14:16:54.532 E/ACDB-LOADER(  902): [acdb_loader_adsp_set_audio_cal] set parameters failed with status -100
08-19 14:16:54.532 D/audio_hw_hfp(  902): hfp_set_parameters: enter
08-19 14:16:54.532 D/audio_hw_hfp(  902): hfp_set_parameters: enter
08-19 14:16:54.532 V/a2dp_offload(  902): end of a2dp setparam
08-19 14:16:54.532 D/audio_hw_cspl_cal(  902): cirrus_cal_setparameters: enter 0xee803600
08-19 14:16:54.532 D/audio_hw_extn(  902): audio_extn_fm_set_parameters: Enter
08-19 14:16:54.532 D/audio_hw_hfp(  902): hfp_set_parameters: enter
08-19 14:16:54.532 V/a2dp_offload(  902): end of a2dp setparam
08-19 14:16:54.532 D/audio_hw_primary(  902): adev_set_parameters: exit with code(0)
08-19 14:16:54.532 I/EffectMiSound(  902): Thread: setParam No.3
08-19 14:16:54.532 I/EffectMiSound(  902): MiSoundsetParameters_request: cal_devid=2;cal_apptype=69936;cal_caltype=0;cal_samplerate=44100;cal_topoid=0x1000a100;cal_moduleid=0x1000a100;cal_paramid=0x1000a101;cal_persist=1;cal_data=AAAAAA;
08-19 14:16:54.532 D/EffectMiSound(  902): clientRequest: write to server 264
08-19 14:16:54.532 W/audio_hw_con(  902): audio_handle_client_sock received client connect 57
08-19 14:16:54.532 D/audio_hw_primary(  902): adev_set_parameters: enter: cal_devid=2;cal_apptype=69936;cal_caltype=0;cal_samplerate=44100;cal_topoid=0x1000a100;cal_moduleid=0x1000a100;cal_paramid=0x1000a101;cal_persist=1;cal_data=AAAAAA;
08-19 14:16:54.532 D/DlbDlbEffect(  902): effectCommand(handle=0xed8c49b8, cmdCode=4, cmdSize=0, pCmdData=0x0, replySize=4, pReplyData=0xed8864d0)
08-19 14:16:54.532 D/DlbDlbEffect(  902): handle_EFFECT_CMD_DISABLE()
08-19 14:16:54.532 V/msm8974_platform(  902): platform_set_parameters: enter: cal_persist=1;cal_devid=2;cal_moduleid=0x1000a100;cal_caltype=0;cal_apptype=69936;cal_paramid=0x1000a101;cal_topoid=0x1000a100;cal_samplerate=44100;cal_data=AAAAAA
08-19 14:16:54.532 D/DlbQdspGefDriver(  902): setEnabled(enable=0)
08-19 14:16:54.532 D/DlbQdspGefDriver(  902): setEnabled(): Skip the transient enabled state 0
08-19 14:16:54.532 D/msm8974_platform(  902): Setting audio calibration for snd_device(2) acdb_id(10011)
08-19 14:16:54.532 D/android.hardware.audio.service(  902): Failed to fetch the lookup information of the device 0000271B 
08-19 14:16:54.532 E/ACDB-LOADER(  902): [acdb_loader_store_set_audio_cal] ACDB settting parameters failed -1
08-19 14:16:54.532 D/audio_hw_hfp(  902): hfp_set_parameters: enter
08-19 14:16:54.532 D/audio_hw_hfp(  902): hfp_set_parameters: enter
08-19 14:16:54.532 V/a2dp_offload(  902): end of a2dp setparam
08-19 14:16:54.532 D/audio_hw_cspl_cal(  902): cirrus_cal_setparameters: enter 0xee803600
08-19 14:16:54.532 D/audio_hw_extn(  902): audio_extn_fm_set_parameters: Enter
08-19 14:16:54.532 D/audio_hw_hfp(  902): hfp_set_parameters: enter
08-19 14:16:54.532 V/a2dp_offload(  902): end of a2dp setparam
08-19 14:16:54.532 D/audio_hw_primary(  902): adev_set_parameters: exit with code(0)
08-19 14:16:54.532 I/EffectMiSound(  902): Thread: setParam No.4
08-19 14:16:54.532 I/EffectMiSound(  902): MiSoundsetParameters_request: cal_devid=2;cal_apptype=69940;cal_caltype=0;cal_samplerate=44100;cal_topoid=0x1000a100;cal_moduleid=0x1000a100;cal_paramid=0x1000a101;cal_persist=1;cal_data=AAAAAA;
08-19 14:16:54.532 D/EffectMiSound(  902): clientRequest: write to server 264
08-19 14:16:54.532 W/audio_hw_con(  902): audio_handle_client_sock received client connect 57
08-19 14:16:54.532 D/audio_hw_primary(  902): adev_set_parameters: enter: cal_devid=2;cal_apptype=69940;cal_caltype=0;cal_samplerate=44100;cal_topoid=0x1000a100;cal_moduleid=0x1000a100;cal_paramid=0x1000a101;cal_persist=1;cal_data=AAAAAA;
08-19 14:16:54.532 D/DlbDlbEffect(  902): effectCommand(handle=0xed8c49b8, cmdCode=20, cmdSize=8, pCmdData=0xed886750, replySize=4, pReplyData=0xed27a358)
08-19 14:16:54.532 D/DlbDlbEffect(  902): handle_EFFECT_CMD_OFFLOAD(offload=0, ioHandle=29)
08-19 14:16:54.532 V/msm8974_platform(  902): platform_set_parameters: enter: cal_persist=1;cal_devid=2;cal_moduleid=0x1000a100;cal_caltype=0;cal_apptype=69940;cal_paramid=0x1000a101;cal_topoid=0x1000a100;cal_samplerate=44100;cal_data=AAAAAA
08-19 14:16:54.532 D/msm8974_platform(  902): Setting audio calibration for snd_device(2) acdb_id(10011)
08-19 14:16:54.532 D/android.hardware.audio.service(  902): Failed to fetch the lookup information of the device 0000271B 
08-19 14:16:54.532 E/ACDB-LOADER(  902): [acdb_loader_store_set_audio_cal] ACDB settting parameters failed -1
08-19 14:16:54.532 D/audio_hw_hfp(  902): hfp_set_parameters: enter
08-19 14:16:54.532 D/audio_hw_hfp(  902): hfp_set_parameters: enter
08-19 14:16:54.532 V/a2dp_offload(  902): end of a2dp setparam
08-19 14:16:54.532 D/audio_hw_cspl_cal(  902): cirrus_cal_setparameters: enter 0xee803600
08-19 14:16:54.532 D/audio_hw_extn(  902): audio_extn_fm_set_parameters: Enter
08-19 14:16:54.532 D/audio_hw_hfp(  902): hfp_set_parameters: enter
08-19 14:16:54.532 V/a2dp_offload(  902): end of a2dp setparam
08-19 14:16:54.532 D/audio_hw_primary(  902): adev_set_parameters: exit with code(0)
08-19 14:16:54.532 I/EffectMiSound(  902): Thread: setParam No.5
08-19 14:16:54.532 I/EffectMiSound(  902): MiSoundsetParameters_request: cal_devid=2;cal_apptype=69940;cal_caltype=0;cal_samplerate=48000;cal_topoid=0x1000a100;cal_moduleid=0x1000a100;cal_paramid=0x1000a101;cal_persist=1;cal_data=AAAAAA;
08-19 14:16:54.532 D/EffectMiSound(  902): clientRequest: write to server 264
08-19 14:16:54.532 W/audio_hw_con(  902): audio_handle_client_sock received client connect 57
08-19 14:16:54.532 D/audio_hw_primary(  902): adev_set_parameters: enter: cal_devid=2;cal_apptype=69940;cal_caltype=0;cal_samplerate=48000;cal_topoid=0x1000a100;cal_moduleid=0x1000a100;cal_paramid=0x1000a101;cal_persist=1;cal_data=AAAAAA;
08-19 14:16:54.532 V/EffectMiSound(  902): MiSound_command() start, cmdCode=1
08-19 14:16:54.532 D/CompatibilityInfo( 1783): mCompatibilityFlags - 0
08-19 14:16:54.532 V/EffectMiSound(  902): MiSound_setConfig start
08-19 14:16:54.532 D/CompatibilityInfo( 1783): applicationDensity - 440
08-19 14:16:54.532 I/EffectMiSound(  902): MiSound_updateState(), enable=0, hifi=0, device=0x2, headset=0, samplingRate=48000
08-19 14:16:54.532 V/msm8974_platform(  902): platform_set_parameters: enter: cal_persist=1;cal_devid=2;cal_moduleid=0x1000a100;cal_caltype=0;cal_apptype=69940;cal_paramid=0x1000a101;cal_topoid=0x1000a100;cal_samplerate=48000;cal_data=AAAAAA
08-19 14:16:54.532 W/SQLiteLog(26302): (28) double-quoted string literal: "DC15D767304113684E1CCC36C373B430"
08-19 14:16:54.532 I/EffectMiSound(  902): MiSound_updateState(), mode=0, music=0, movie=0, reset=0
08-19 14:16:54.532 D/EffectMiSound(  902): Set speak Enable: 0
08-19 14:16:54.532 D/msm8974_platform(  902): Setting audio calibration for snd_device(2) acdb_id(10011)
08-19 14:16:54.532 V/EffectMiSound(  902): SetParam No.2
08-19 14:16:54.532 V/EffectMiSound(  902): SetParam No.3
08-19 14:16:54.532 D/CompatibilityInfo( 1783): applicationScale - 1.0
08-19 14:16:54.532 V/EffectMiSound(  902): SetParam No.4
08-19 14:16:54.532 V/EffectMiSound(  902): SetParam No.5
08-19 14:16:54.532 V/EffectMiSound(  902): SetParam No.13
08-19 14:16:54.532 V/EffectMiSound(  902): SetParam No.14
08-19 14:16:54.532 V/EffectMiSound(  902): SetParam No.15
08-19 14:16:54.532 V/EffectMiSound(  902): SetParam No.16
08-19 14:16:54.532 V/EffectMiSound(  902): SetParam No.17
08-19 14:16:54.532 V/EffectMiSound(  902): SetParam No.18
08-19 14:16:54.532 V/EffectMiSound(  902): SetParam No.19
08-19 14:16:54.532 V/EffectMiSound(  902): SetParam No.20
08-19 14:16:54.532 V/EffectMiSound(  902): SetParam No.21
08-19 14:16:54.532 I/EffectMiSound(  902): MiSound_updateState(), Speaker Dual Mode is not supported. Stop update state.
08-19 14:16:54.532 D/audio_hw_hfp(  902): hfp_set_parameters: enter
08-19 14:16:54.532 D/audio_hw_hfp(  902): hfp_set_parameters: enter
08-19 14:16:54.532 V/a2dp_offload(  902): end of a2dp setparam
08-19 14:16:54.532 D/audio_hw_cspl_cal(  902): cirrus_cal_setparameters: enter 0xee803600
08-19 14:16:54.532 D/audio_hw_extn(  902): audio_extn_fm_set_parameters: Enter
08-19 14:16:54.532 D/audio_hw_hfp(  902): hfp_set_parameters: enter
08-19 14:16:54.532 V/a2dp_offload(  902): end of a2dp setparam
08-19 14:16:54.532 D/audio_hw_primary(  902): adev_set_parameters: exit with code(0)
08-19 14:16:54.532 I/EffectMiSound(  902): Thread: setParam No.6
08-19 14:16:54.532 I/EffectMiSound(  902): MiSoundsetParameters_request: cal_devid=2;cal_apptype=69936;cal_caltype=0;cal_samplerate=88200;cal_topoid=0x1000a100;cal_moduleid=0x1000a100;cal_paramid=0x1000a101;cal_persist=1;cal_data=AAAAAA;
08-19 14:16:54.532 D/EffectMiSound(  902): clientRequest: write to server 264
08-19 14:16:54.532 W/audio_hw_con(  902): audio_handle_client_sock received client connect 57
08-19 14:16:54.532 D/audio_hw_primary(  902): adev_set_parameters: enter: cal_devid=2;cal_apptype=69936;cal_caltype=0;cal_samplerate=88200;cal_topoid=0x1000a100;cal_moduleid=0x1000a100;cal_paramid=0x1000a101;cal_persist=1;cal_data=AAAAAA;
08-19 14:16:54.532 V/msm8974_platform(  902): platform_set_parameters: enter: cal_persist=1;cal_devid=2;cal_moduleid=0x1000a100;cal_caltype=0;cal_apptype=69936;cal_paramid=0x1000a101;cal_topoid=0x1000a100;cal_samplerate=88200;cal_data=AAAAAA
08-19 14:16:54.533 D/msm8974_platform(  902): Setting audio calibration for snd_device(2) acdb_id(10011)
08-19 14:16:54.533 D/android.hardware.audio.service(  902): Failed to fetch the lookup information of the device 0000271B 
08-19 14:16:54.533 E/ACDB-LOADER(  902): [acdb_loader_store_set_audio_cal] ACDB settting parameters failed -1
08-19 14:16:54.533 D/audio_hw_hfp(  902): hfp_set_parameters: enter
08-19 14:16:54.533 D/audio_hw_hfp(  902): hfp_set_parameters: enter
08-19 14:16:54.533 D/DlbDlbEffect(  902): effectCommand(handle=0xed8c49b8, cmdCode=1, cmdSize=64, pCmdData=0xe997bbd0, replySize=4, pReplyData=0xe997bb8c)
08-19 14:16:54.533 V/a2dp_offload(  902): end of a2dp setparam
08-19 14:16:54.533 D/DlbDlbEffect(  902): handle_EFFECT_CMD_SET_CONFIG()
08-19 14:16:54.533 D/audio_hw_cspl_cal(  902): cirrus_cal_setparameters: enter 0xee803600
08-19 14:16:54.533 D/audio_hw_extn(  902): audio_extn_fm_set_parameters: Enter
08-19 14:16:54.533 D/audio_hw_hfp(  902): hfp_set_parameters: enter
08-19 14:16:54.533 V/a2dp_offload(  902): end of a2dp setparam
08-19 14:16:54.533 D/audio_hw_primary(  902): adev_set_parameters: exit with code(0)
08-19 14:16:54.533 I/EffectMiSound(  902): Thread: setParam No.7
08-19 14:16:54.533 I/EffectMiSound(  902): MiSoundsetParameters_request: cal_devid=2;cal_apptype=69940;cal_caltype=0;cal_samplerate=88200;cal_topoid=0x1000a100;cal_moduleid=0x1000a100;cal_paramid=0x1000a101;cal_persist=1;cal_data=AAAAAA;
08-19 14:16:54.533 D/EffectMiSound(  902): clientRequest: write to server 264
08-19 14:16:54.533 W/audio_hw_con(  902): audio_handle_client_sock received client connect 57
08-19 14:16:54.533 D/audio_hw_primary(  902): adev_set_parameters: enter: cal_devid=2;cal_apptype=69940;cal_caltype=0;cal_samplerate=88200;cal_topoid=0x1000a100;cal_moduleid=0x1000a100;cal_paramid=0x1000a101;cal_persist=1;cal_data=AAAAAA;
08-19 14:16:54.533 V/msm8974_platform(  902): platform_set_parameters: enter: cal_persist=1;cal_devid=2;cal_moduleid=0x1000a100;cal_caltype=0;cal_apptype=69940;cal_paramid=0x1000a101;cal_topoid=0x1000a100;cal_samplerate=88200;cal_data=AAAAAA
08-19 14:16:54.533 D/msm8974_platform(  902): Setting audio calibration for snd_device(2) acdb_id(10011)
08-19 14:16:54.533 D/android.hardware.audio.service(  902): Failed to fetch the lookup information of the device 0000271B 
08-19 14:16:54.533 E/ACDB-LOADER(  902): [acdb_loader_store_set_audio_cal] ACDB settting parameters failed -1
08-19 14:16:54.533 D/audio_hw_hfp(  902): hfp_set_parameters: enter
08-19 14:16:54.533 D/audio_hw_hfp(  902): hfp_set_parameters: enter
08-19 14:16:54.533 V/a2dp_offload(  902): end of a2dp setparam
08-19 14:16:54.533 D/audio_hw_cspl_cal(  902): cirrus_cal_setparameters: enter 0xee803600
08-19 14:16:54.533 D/audio_hw_extn(  902): audio_extn_fm_set_parameters: Enter
08-19 14:16:54.533 D/audio_hw_hfp(  902): hfp_set_parameters: enter
08-19 14:16:54.533 V/a2dp_offload(  902): end of a2dp setparam
08-19 14:16:54.533 D/audio_hw_primary(  902): adev_set_parameters: exit with code(0)
08-19 14:16:54.533 I/EffectMiSound(  902): Thread: setParam No.8
08-19 14:16:54.533 I/EffectMiSound(  902): MiSoundsetParameters_request: cal_devid=2;cal_apptype=69936;cal_caltype=0;cal_samplerate=96000;cal_topoid=0x1000a100;cal_moduleid=0x1000a100;cal_paramid=0x1000a101;cal_persist=1;cal_data=AAAAAA;
08-19 14:16:54.533 D/EffectMiSound(  902): clientRequest: write to server 264
08-19 14:16:54.533 W/audio_hw_con(  902): audio_handle_client_sock received client connect 57
08-19 14:16:54.533 D/audio_hw_primary(  902): adev_set_parameters: enter: cal_devid=2;cal_apptype=69936;cal_caltype=0;cal_samplerate=96000;cal_topoid=0x1000a100;cal_moduleid=0x1000a100;cal_paramid=0x1000a101;cal_persist=1;cal_data=AAAAAA;
08-19 14:16:54.533 V/msm8974_platform(  902): platform_set_parameters: enter: cal_persist=1;cal_devid=2;cal_moduleid=0x1000a100;cal_caltype=0;cal_apptype=69936;cal_paramid=0x1000a101;cal_topoid=0x1000a100;cal_samplerate=96000;cal_data=AAAAAA
08-19 14:16:54.533 D/msm8974_platform(  902): Setting audio calibration for snd_device(2) acdb_id(10011)
08-19 14:16:54.533 D/audio_hw_hfp(  902): hfp_set_parameters: enter
08-19 14:16:54.533 D/audio_hw_hfp(  902): hfp_set_parameters: enter
08-19 14:16:54.533 V/a2dp_offload(  902): end of a2dp setparam
08-19 14:16:54.533 D/audio_hw_cspl_cal(  902): cirrus_cal_setparameters: enter 0xee803600
08-19 14:16:54.533 D/audio_hw_extn(  902): audio_extn_fm_set_parameters: Enter
08-19 14:16:54.533 D/audio_hw_hfp(  902): hfp_set_parameters: enter
08-19 14:16:54.533 V/a2dp_offload(  902): end of a2dp setparam
08-19 14:16:54.533 D/audio_hw_primary(  902): adev_set_parameters: exit with code(0)
08-19 14:16:54.533 I/EffectMiSound(  902): Thread: setParam No.9
08-19 14:16:54.533 I/EffectMiSound(  902): MiSoundsetParameters_request: cal_devid=2;cal_apptype=69940;cal_caltype=0;cal_samplerate=96000;cal_topoid=0x1000a100;cal_moduleid=0x1000a100;cal_paramid=0x1000a101;cal_persist=1;cal_data=AAAAAA;
08-19 14:16:54.533 D/EffectMiSound(  902): clientRequest: write to server 264
08-19 14:16:54.533 W/audio_hw_con(  902): audio_handle_client_sock received client connect 57
08-19 14:16:54.533 D/audio_hw_primary(  902): adev_set_parameters: enter: cal_devid=2;cal_apptype=69940;cal_caltype=0;cal_samplerate=96000;cal_topoid=0x1000a100;cal_moduleid=0x1000a100;cal_paramid=0x1000a101;cal_persist=1;cal_data=AAAAAA;
08-19 14:16:54.533 V/msm8974_platform(  902): platform_set_parameters: enter: cal_persist=1;cal_devid=2;cal_moduleid=0x1000a100;cal_caltype=0;cal_apptype=69940;cal_paramid=0x1000a101;cal_topoid=0x1000a100;cal_samplerate=96000;cal_data=AAAAAA
08-19 14:16:54.533 D/msm8974_platform(  902): Setting audio calibration for snd_device(2) acdb_id(10011)
08-19 14:16:54.533 W/SQLiteLog(26302): (28) double-quoted string literal: "NZTvr2LrR3QcQxXDQfEtp/4MFdCOblDPRBeqfAf/9PSUB67UISx+bzjRrgoFqUPLF6EHW8K1AGh/
08-19 14:16:54.533 W/SQLiteLog(26302): yr5yYfq7Fc3AZI1ZiMtGQxPjfOTFDtMPsgEwW4/DFEstYfKm0pwluP6XocczZlJ8Mi8TJmjdL9h/
08-19 14:16:54.533 W/SQLiteLog(26302): m9JvB0sE5w7OvNWPolg=
08-19 14:16:54.533 W/SQLiteLog(26302): "
08-19 14:16:54.533 W/SQLiteLog(26302): (28) double-quoted string literal: "DC15D767304113684E1CCC36C373B430"
08-19 14:16:54.533 D/audio_hw_hfp(  902): hfp_set_parameters: enter
08-19 14:16:54.533 D/audio_hw_hfp(  902): hfp_set_parameters: enter
08-19 14:16:54.533 V/a2dp_offload(  902): end of a2dp setparam
08-19 14:16:54.533 D/audio_hw_cspl_cal(  902): cirrus_cal_setparameters: enter 0xee803600
08-19 14:16:54.533 D/audio_hw_extn(  902): audio_extn_fm_set_parameters: Enter
08-19 14:16:54.533 D/audio_hw_hfp(  902): hfp_set_parameters: enter
08-19 14:16:54.533 V/a2dp_offload(  902): end of a2dp setparam
08-19 14:16:54.533 D/audio_hw_primary(  902): adev_set_parameters: exit with code(0)
08-19 14:16:54.533 I/EffectMiSound(  902): Thread: setParam No.10
08-19 14:16:54.533 I/EffectMiSound(  902): MiSoundsetParameters_request: cal_devid=2;cal_apptype=69936;cal_caltype=0;cal_samplerate=192000;cal_topoid=0x1000a100;cal_moduleid=0x1000a100;cal_paramid=0x1000a101;cal_persist=1;cal_data=AAAAAA;
08-19 14:16:54.533 D/EffectMiSound(  902): clientRequest: write to server 264
08-19 14:16:54.533 W/audio_hw_con(  902): audio_handle_client_sock received client connect 57
08-19 14:16:54.533 D/audio_hw_primary(  902): adev_set_parameters: enter: cal_devid=2;cal_apptype=69936;cal_caltype=0;cal_samplerate=192000;cal_topoid=0x1000a100;cal_moduleid=0x1000a100;cal_paramid=0x1000a101;cal_persist=1;cal_data=AAAAAA;
08-19 14:16:54.533 D/DlbDlbEffect(  902): effectCommand(handle=0xed8c49b8, cmdCode=9, cmdSize=4, pCmdData=0xed886010, replySize=4, pReplyData=0xed8864d0)
08-19 14:16:54.533 V/msm8974_platform(  902): platform_set_parameters: enter: cal_persist=1;cal_devid=2;cal_moduleid=0x1000a100;cal_caltype=0;cal_apptype=69936;cal_paramid=0x1000a101;cal_topoid=0x1000a100;cal_samplerate=192000;cal_data=AAAAAA
08-19 14:16:54.533 D/DlbDlbEffect(  902): handle_EFFECT_CMD_SET_DEVICE(device=0x00000002)
08-19 14:16:54.533 D/msm8974_platform(  902): Setting audio calibration for snd_device(2) acdb_id(10011)
08-19 14:16:54.533 D/DlbQdspGefDriver(  902): setDevice(device=0x00000002): old device 0x00000002
08-19 14:16:54.533 D/audio_hw_hfp(  902): hfp_set_parameters: enter
08-19 14:16:54.533 D/audio_hw_hfp(  902): hfp_set_parameters: enter
08-19 14:16:54.533 V/a2dp_offload(  902): end of a2dp setparam
08-19 14:16:54.533 D/audio_hw_cspl_cal(  902): cirrus_cal_setparameters: enter 0xee803600
08-19 14:16:54.533 D/audio_hw_extn(  902): audio_extn_fm_set_parameters: Enter
08-19 14:16:54.533 D/audio_hw_hfp(  902): hfp_set_parameters: enter
08-19 14:16:54.533 V/a2dp_offload(  902): end of a2dp setparam
08-19 14:16:54.533 D/audio_hw_primary(  902): adev_set_parameters: exit with code(0)
08-19 14:16:54.533 I/EffectMiSound(  902): Thread: setParam No.11
08-19 14:16:54.533 I/EffectMiSound(  902): MiSoundsetParameters_request: cal_devid=2;cal_apptype=69940;cal_caltype=0;cal_samplerate=192000;cal_topoid=0x1000a100;cal_moduleid=0x1000a100;cal_paramid=0x1000a101;cal_persist=1;cal_data=AAAAAA;
08-19 14:16:54.533 D/EffectMiSound(  902): clientRequest: write to server 264
08-19 14:16:54.533 W/audio_hw_con(  902): audio_handle_client_sock received client connect 57
08-19 14:16:54.533 D/audio_hw_primary(  902): adev_set_parameters: enter: cal_devid=2;cal_apptype=69940;cal_caltype=0;cal_samplerate=192000;cal_topoid=0x1000a100;cal_moduleid=0x1000a100;cal_paramid=0x1000a101;cal_persist=1;cal_data=AAAAAA;
08-19 14:16:54.533 D/DMSService(  943): setActiveDevice called with device = 0x2 (original 0x2)
08-19 14:16:54.533 V/msm8974_platform(  902): platform_set_parameters: enter: cal_persist=1;cal_devid=2;cal_moduleid=0x1000a100;cal_caltype=0;cal_apptype=69940;cal_paramid=0x1000a101;cal_topoid=0x1000a100;cal_samplerate=192000;cal_data=AAAAAA
08-19 14:16:54.533 D/msm8974_platform(  902): Setting audio calibration for snd_device(2) acdb_id(10011)
08-19 14:16:54.533 D/audio_hw_hfp(  902): hfp_set_parameters: enter
08-19 14:16:54.533 D/audio_hw_hfp(  902): hfp_set_parameters: enter
08-19 14:16:54.533 V/a2dp_offload(  902): end of a2dp setparam
08-19 14:16:54.533 D/audio_hw_cspl_cal(  902): cirrus_cal_setparameters: enter 0xee803600
08-19 14:16:54.533 D/audio_hw_extn(  902): audio_extn_fm_set_parameters: Enter
08-19 14:16:54.533 D/audio_hw_hfp(  902): hfp_set_parameters: enter
08-19 14:16:54.533 V/a2dp_offload(  902): end of a2dp setparam
08-19 14:16:54.533 D/audio_hw_primary(  902): adev_set_parameters: exit with code(0)
08-19 14:16:54.533 I/EffectMiSound(  902): Thread: setParam No.12
08-19 14:16:54.533 I/EffectMiSound(  902): MiSoundsetParameters_request: cal_devid=2;cal_apptype=69940;cal_caltype=0;cal_samplerate=192000;cal_topoid=0x1000a100;cal_moduleid=0x1000a100;cal_paramid=0x1000a109;cal_persist=1;cal_data=/////w;
08-19 14:16:54.533 D/EffectMiSound(  902): clientRequest: write to server 264
08-19 14:16:54.533 W/audio_hw_con(  902): audio_handle_client_sock received client connect 57
08-19 14:16:54.533 D/audio_hw_primary(  902): adev_set_parameters: enter: cal_devid=2;cal_apptype=69940;cal_caltype=0;cal_samplerate=192000;cal_topoid=0x1000a100;cal_moduleid=0x1000a100;cal_paramid=0x1000a109;cal_persist=1;cal_data=/////w;
08-19 14:16:54.533 V/msm8974_platform(  902): platform_set_parameters: enter: cal_persist=1;cal_devid=2;cal_moduleid=0x1000a100;cal_caltype=0;cal_apptype=69940;cal_paramid=0x1000a109;cal_topoid=0x1000a100;cal_samplerate=192000;cal_data=/////w
08-19 14:16:54.533 D/msm8974_platform(  902): Setting audio calibration for snd_device(2) acdb_id(10011)
08-19 14:16:54.533 D/msm8974_platform(  902): misound scenario disable auto mode
08-19 14:16:54.533 D/audio_hw_hfp(  902): hfp_set_parameters: enter
08-19 14:16:54.533 D/audio_hw_hfp(  902): hfp_set_parameters: enter
08-19 14:16:54.533 V/a2dp_offload(  902): end of a2dp setparam
08-19 14:16:54.533 D/audio_hw_cspl_cal(  902): cirrus_cal_setparameters: enter 0xee803600
08-19 14:16:54.533 D/audio_hw_extn(  902): audio_extn_fm_set_parameters: Enter
08-19 14:16:54.533 D/audio_hw_hfp(  902): hfp_set_parameters: enter
08-19 14:16:54.533 V/a2dp_offload(  902): end of a2dp setparam
08-19 14:16:54.533 D/audio_hw_primary(  902): adev_set_parameters: exit with code(0)
08-19 14:16:54.533 I/EffectMiSound(  902): Thread: setParam No.13
08-19 14:16:54.533 I/EffectMiSound(  902): MiSoundsetParameters_request: cal_devid=2;cal_apptype=69936;cal_caltype=0;cal_samplerate=48000;cal_topoid=0x1000a100;cal_moduleid=0x1000a100;cal_paramid=0x1000a101;cal_persist=1;cal_data=AAAAAA;
08-19 14:16:54.533 D/EffectMiSound(  902): clientRequest: write to server 264
08-19 14:16:54.533 W/audio_hw_con(  902): audio_handle_client_sock received client connect 57
08-19 14:16:54.533 D/audio_hw_primary(  902): adev_set_parameters: enter: cal_devid=2;cal_apptype=69936;cal_caltype=0;cal_samplerate=48000;cal_topoid=0x1000a100;cal_moduleid=0x1000a100;cal_paramid=0x1000a101;cal_persist=1;cal_data=AAAAAA;
08-19 14:16:54.533 V/msm8974_platform(  902): platform_set_parameters: enter: cal_persist=1;cal_devid=2;cal_moduleid=0x1000a100;cal_caltype=0;cal_apptype=69936;cal_paramid=0x1000a101;cal_topoid=0x1000a100;cal_samplerate=48000;cal_data=AAAAAA
08-19 14:16:54.533 D/msm8974_platform(  902): Setting audio calibration for snd_device(2) acdb_id(10011)
08-19 14:16:54.533 D/audio_hw_hfp(  902): hfp_set_parameters: enter
08-19 14:16:54.533 D/audio_hw_hfp(  902): hfp_set_parameters: enter
08-19 14:16:54.533 D/DlbDlbEffect(  902): effectCommand(handle=0xed8c49b8, cmdCode=11, cmdSize=4, pCmdData=0xed886750, replySize=4, pReplyData=0xed27a358)
08-19 14:16:54.533 V/a2dp_offload(  902): end of a2dp setparam
08-19 14:16:54.533 D/audio_hw_cspl_cal(  902): cirrus_cal_setparameters: enter 0xee803600
08-19 14:16:54.533 D/audio_hw_extn(  902): audio_extn_fm_set_parameters: Enter
08-19 14:16:54.533 D/audio_hw_hfp(  902): hfp_set_parameters: enter
08-19 14:16:54.533 V/a2dp_offload(  902): end of a2dp setparam
08-19 14:16:54.533 D/audio_hw_primary(  902): adev_set_parameters: exit with code(0)
08-19 14:16:54.533 I/EffectMiSound(  902): Thread: setParam No.14
08-19 14:16:54.533 I/EffectMiSound(  902): MiSoundsetParameters_request: cal_devid=2;cal_apptype=69940;cal_caltype=0;cal_samplerate=48000;cal_topoid=0x1000a100;cal_moduleid=0x1000a100;cal_paramid=0x1000a101;cal_persist=1;cal_data=AAAAAA;
08-19 14:16:54.533 D/EffectMiSound(  902): clientRequest: write to server 264
08-19 14:16:54.533 W/audio_hw_con(  902): audio_handle_client_sock received client connect 57
08-19 14:16:54.533 D/audio_hw_primary(  902): adev_set_parameters: enter: cal_devid=2;cal_apptype=69940;cal_caltype=0;cal_samplerate=48000;cal_topoid=0x1000a100;cal_moduleid=0x1000a100;cal_paramid=0x1000a101;cal_persist=1;cal_data=AAAAAA;
08-19 14:16:54.533 V/msm8974_platform(  902): platform_set_parameters: enter: cal_persist=1;cal_devid=2;cal_moduleid=0x1000a100;cal_caltype=0;cal_apptype=69940;cal_paramid=0x1000a101;cal_topoid=0x1000a100;cal_samplerate=48000;cal_data=AAAAAA
08-19 14:16:54.533 D/msm8974_platform(  902): Setting audio calibration for snd_device(2) acdb_id(10011)
08-19 14:16:54.533 D/DlbDlbEffect(  902): effectCommand(handle=0xed8c49b8, cmdCode=20, cmdSize=8, pCmdData=0xed886010, replySize=4, pReplyData=0xed8864d0)
08-19 14:16:54.533 D/DlbDlbEffect(  902): handle_EFFECT_CMD_OFFLOAD(offload=1, ioHandle=29)
08-19 14:16:54.533 D/audio_hw_hfp(  902): hfp_set_parameters: enter
08-19 14:16:54.533 D/audio_hw_hfp(  902): hfp_set_parameters: enter
08-19 14:16:54.533 V/a2dp_offload(  902): end of a2dp setparam
08-19 14:16:54.533 D/audio_hw_cspl_cal(  902): cirrus_cal_setparameters: enter 0xee803600
08-19 14:16:54.533 D/audio_hw_extn(  902): audio_extn_fm_set_parameters: Enter
08-19 14:16:54.533 D/audio_hw_hfp(  902): hfp_set_parameters: enter
08-19 14:16:54.533 V/a2dp_offload(  902): end of a2dp setparam
08-19 14:16:54.533 D/audio_hw_primary(  902): adev_set_parameters: exit with code(0)
08-19 14:16:54.533 I/EffectMiSound(  902): Thread: setParam No.15
08-19 14:16:54.533 I/EffectMiSound(  902): MiSoundsetParameters_request: cal_devid=2;cal_apptype=69936;cal_caltype=0;cal_samplerate=88200;cal_topoid=0x1000a100;cal_moduleid=0x1000a100;cal_paramid=0x1000a101;cal_persist=1;cal_data=AAAAAA;
08-19 14:16:54.533 D/EffectMiSound(  902): clientRequest: write to server 264
08-19 14:16:54.533 W/audio_hw_con(  902): audio_handle_client_sock received client connect 57
08-19 14:16:54.533 D/audio_hw_primary(  902): adev_set_parameters: enter: cal_devid=2;cal_apptype=69936;cal_caltype=0;cal_samplerate=88200;cal_topoid=0x1000a100;cal_moduleid=0x1000a100;cal_paramid=0x1000a101;cal_persist=1;cal_data=AAAAAA;
08-19 14:16:54.533 D/DlbDlbEffect(  902): effectCommand(handle=0xed8c49b8, cmdCode=3, cmdSize=0, pCmdData=0x0, replySize=4, pReplyData=0xed27a358)
08-19 14:16:54.533 D/DlbDlbEffect(  902): handle_EFFECT_CMD_ENABLE()
08-19 14:16:54.533 V/msm8974_platform(  902): platform_set_parameters: enter: cal_persist=1;cal_devid=2;cal_moduleid=0x1000a100;cal_caltype=0;cal_apptype=69936;cal_paramid=0x1000a101;cal_topoid=0x1000a100;cal_samplerate=88200;cal_data=AAAAAA
08-19 14:16:54.533 D/DlbQdspGefDriver(  902): setEnabled(enable=1)
08-19 14:16:54.533 D/DlbQdspGefDriver(  902): setEnabled(): the enabled state is already 1
08-19 14:16:54.533 D/msm8974_platform(  902): Setting audio calibration for snd_device(2) acdb_id(10011)
08-19 14:16:54.533 D/android.hardware.audio.service(  902): Failed to fetch the lookup information of the device 0000271B 
08-19 14:16:54.533 E/ACDB-LOADER(  902): [acdb_loader_store_set_audio_cal] ACDB settting parameters failed -1
08-19 14:16:54.533 D/audio_hw_hfp(  902): hfp_set_parameters: enter
08-19 14:16:54.533 D/audio_hw_hfp(  902): hfp_set_parameters: enter
08-19 14:16:54.533 V/a2dp_offload(  902): end of a2dp setparam
08-19 14:16:54.533 D/audio_hw_cspl_cal(  902): cirrus_cal_setparameters: enter 0xee803600
08-19 14:16:54.533 D/audio_hw_extn(  902): audio_extn_fm_set_parameters: Enter
08-19 14:16:54.533 D/audio_hw_hfp(  902): hfp_set_parameters: enter
08-19 14:16:54.533 V/a2dp_offload(  902): end of a2dp setparam
08-19 14:16:54.533 D/audio_hw_primary(  902): adev_set_parameters: exit with code(0)
08-19 14:16:54.533 I/EffectMiSound(  902): Thread: setParam No.16
08-19 14:16:54.533 I/EffectMiSound(  902): MiSoundsetParameters_request: cal_devid=2;cal_apptype=69940;cal_caltype=0;cal_samplerate=88200;cal_topoid=0x1000a100;cal_moduleid=0x1000a100;cal_paramid=0x1000a101;cal_persist=1;cal_data=AAAAAA;
08-19 14:16:54.533 D/EffectMiSound(  902): clientRequest: write to server 264
08-19 14:16:54.533 W/audio_hw_con(  902): audio_handle_client_sock received client connect 57
08-19 14:16:54.533 D/audio_hw_primary(  902): adev_set_parameters: enter: cal_devid=2;cal_apptype=69940;cal_caltype=0;cal_samplerate=88200;cal_topoid=0x1000a100;cal_moduleid=0x1000a100;cal_paramid=0x1000a101;cal_persist=1;cal_data=AAAAAA;
08-19 14:16:54.533 V/msm8974_platform(  902): platform_set_parameters: enter: cal_persist=1;cal_devid=2;cal_moduleid=0x1000a100;cal_caltype=0;cal_apptype=69940;cal_paramid=0x1000a101;cal_topoid=0x1000a100;cal_samplerate=88200;cal_data=AAAAAA
08-19 14:16:54.533 D/msm8974_platform(  902): Setting audio calibration for snd_device(2) acdb_id(10011)
08-19 14:16:54.533 D/android.hardware.audio.service(  902): Failed to fetch the lookup information of the device 0000271B 
08-19 14:16:54.533 E/ACDB-LOADER(  902): [acdb_loader_store_set_audio_cal] ACDB settting parameters failed -1
08-19 14:16:54.533 D/audio_hw_hfp(  902): hfp_set_parameters: enter
08-19 14:16:54.533 D/audio_hw_hfp(  902): hfp_set_parameters: enter
08-19 14:16:54.533 V/a2dp_offload(  902): end of a2dp setparam
08-19 14:16:54.533 D/audio_hw_cspl_cal(  902): cirrus_cal_setparameters: enter 0xee803600
08-19 14:16:54.533 D/audio_hw_extn(  902): audio_extn_fm_set_parameters: Enter
08-19 14:16:54.533 D/audio_hw_hfp(  902): hfp_set_parameters: enter
08-19 14:16:54.533 V/a2dp_offload(  902): end of a2dp setparam
08-19 14:16:54.533 D/audio_hw_primary(  902): adev_set_parameters: exit with code(0)
08-19 14:16:54.533 I/EffectMiSound(  902): Thread: setParam No.17
08-19 14:16:54.533 I/EffectMiSound(  902): MiSoundsetParameters_request: cal_devid=2;cal_apptype=69936;cal_caltype=0;cal_samplerate=96000;cal_topoid=0x1000a100;cal_moduleid=0x1000a100;cal_paramid=0x1000a101;cal_persist=1;cal_data=AAAAAA;
08-19 14:16:54.533 D/EffectMiSound(  902): clientRequest: write to server 264
08-19 14:16:54.533 W/audio_hw_con(  902): audio_handle_client_sock received client connect 57
08-19 14:16:54.533 D/audio_hw_primary(  902): adev_set_parameters: enter: cal_devid=2;cal_apptype=69936;cal_caltype=0;cal_samplerate=96000;cal_topoid=0x1000a100;cal_moduleid=0x1000a100;cal_paramid=0x1000a101;cal_persist=1;cal_data=AAAAAA;
08-19 14:16:54.533 V/msm8974_platform(  902): platform_set_parameters: enter: cal_persist=1;cal_devid=2;cal_moduleid=0x1000a100;cal_caltype=0;cal_apptype=69936;cal_paramid=0x1000a101;cal_topoid=0x1000a100;cal_samplerate=96000;cal_data=AAAAAA
08-19 14:16:54.533 D/msm8974_platform(  902): Setting audio calibration for snd_device(2) acdb_id(10011)
08-19 14:16:54.533 D/APM_AudioPolicyManager(  996): getNewOutputDevices selected devices {type:0x2,@:}
08-19 14:16:54.533 D/audio_hw_hfp(  902): hfp_set_parameters: enter
08-19 14:16:54.533 D/audio_hw_hfp(  902): hfp_set_parameters: enter
08-19 14:16:54.533 V/a2dp_offload(  902): end of a2dp setparam
08-19 14:16:54.534 D/audio_hw_cspl_cal(  902): cirrus_cal_setparameters: enter 0xee803600
08-19 14:16:54.534 D/audio_hw_extn(  902): audio_extn_fm_set_parameters: Enter
08-19 14:16:54.534 D/audio_hw_hfp(  902): hfp_set_parameters: enter
08-19 14:16:54.534 V/a2dp_offload(  902): end of a2dp setparam
08-19 14:16:54.534 D/APM_AudioPolicyManager(  996): setOutputDevices device {type:0x2,@:} delayMs 0 force 0
08-19 14:16:54.534 D/audio_hw_primary(  902): adev_set_parameters: exit with code(0)
08-19 14:16:54.534 I/EffectMiSound(  902): Thread: setParam No.18
08-19 14:16:54.534 I/EffectMiSound(  902): MiSoundsetParameters_request: cal_devid=2;cal_apptype=69940;cal_caltype=0;cal_samplerate=96000;cal_topoid=0x1000a100;cal_moduleid=0x1000a100;cal_paramid=0x1000a101;cal_persist=1;cal_data=AAAAAA;
08-19 14:16:54.534 D/EffectMiSound(  902): clientRequest: write to server 264
08-19 14:16:54.534 D/APM_AudioPolicyManager(  996): setOutputDevices setting same device {type:0x2,@:} or null device, force=0, patch handle=8
08-19 14:16:54.534 W/audio_hw_con(  902): audio_handle_client_sock received client connect 57
08-19 14:16:54.534 D/audio_hw_primary(  902): adev_set_parameters: enter: cal_devid=2;cal_apptype=69940;cal_caltype=0;cal_samplerate=96000;cal_topoid=0x1000a100;cal_moduleid=0x1000a100;cal_paramid=0x1000a101;cal_persist=1;cal_data=AAAAAA;
08-19 14:16:54.534 D/AudioPolicyManagerCustom(  996): checkAndSetVolume() set volumeSource 4 volume index 0 for device 0x2, volumeDb=-758.000000
08-19 14:16:54.534 V/msm8974_platform(  902): platform_set_parameters: enter: cal_persist=1;cal_devid=2;cal_moduleid=0x1000a100;cal_caltype=0;cal_apptype=69940;cal_paramid=0x1000a101;cal_topoid=0x1000a100;cal_samplerate=96000;cal_data=AAAAAA
08-19 14:16:54.534 D/msm8974_platform(  902): Setting audio calibration for snd_device(2) acdb_id(10011)
08-19 14:16:54.534 D/audio_hw_hfp(  902): hfp_set_parameters: enter
08-19 14:16:54.534 D/audio_hw_hfp(  902): hfp_set_parameters: enter
08-19 14:16:54.534 V/a2dp_offload(  902): end of a2dp setparam
08-19 14:16:54.534 D/audio_hw_cspl_cal(  902): cirrus_cal_setparameters: enter 0xee803600
08-19 14:16:54.534 D/audio_hw_extn(  902): audio_extn_fm_set_parameters: Enter
08-19 14:16:54.534 D/audio_hw_hfp(  902): hfp_set_parameters: enter
08-19 14:16:54.534 V/a2dp_offload(  902): end of a2dp setparam
08-19 14:16:54.534 D/audio_hw_primary(  902): adev_set_parameters: exit with code(0)
08-19 14:16:54.534 I/EffectMiSound(  902): Thread: setParam No.19
08-19 14:16:54.534 I/EffectMiSound(  902): MiSoundsetParameters_request: cal_devid=2;cal_apptype=69936;cal_caltype=0;cal_samplerate=192000;cal_topoid=0x1000a100;cal_moduleid=0x1000a100;cal_paramid=0x1000a101;cal_persist=1;cal_data=AAAAAA;
08-19 14:16:54.534 D/EffectMiSound(  902): clientRequest: write to server 264
08-19 14:16:54.534 W/audio_hw_con(  902): audio_handle_client_sock received client connect 57
08-19 14:16:54.534 D/audio_hw_primary(  902): adev_set_parameters: enter: cal_devid=2;cal_apptype=69936;cal_caltype=0;cal_samplerate=192000;cal_topoid=0x1000a100;cal_moduleid=0x1000a100;cal_paramid=0x1000a101;cal_persist=1;cal_data=AAAAAA;
08-19 14:16:54.534 V/msm8974_platform(  902): platform_set_parameters: enter: cal_persist=1;cal_devid=2;cal_moduleid=0x1000a100;cal_caltype=0;cal_apptype=69936;cal_paramid=0x1000a101;cal_topoid=0x1000a100;cal_samplerate=192000;cal_data=AAAAAA
08-19 14:16:54.534 D/msm8974_platform(  902): Setting audio calibration for snd_device(2) acdb_id(10011)
08-19 14:16:54.534 D/audio_hw_hfp(  902): hfp_set_parameters: enter
08-19 14:16:54.534 D/audio_hw_hfp(  902): hfp_set_parameters: enter
08-19 14:16:54.534 V/a2dp_offload(  902): end of a2dp setparam
08-19 14:16:54.534 D/audio_hw_cspl_cal(  902): cirrus_cal_setparameters: enter 0xee803600
08-19 14:16:54.534 D/audio_hw_extn(  902): audio_extn_fm_set_parameters: Enter
08-19 14:16:54.534 D/audio_hw_hfp(  902): hfp_set_parameters: enter
08-19 14:16:54.534 V/a2dp_offload(  902): end of a2dp setparam
08-19 14:16:54.534 D/audio_hw_primary(  902): adev_set_parameters: exit with code(0)
08-19 14:16:54.534 I/EffectMiSound(  902): Thread: setParam No.20
08-19 14:16:54.534 I/EffectMiSound(  902): MiSoundsetParameters_request: cal_devid=2;cal_apptype=69940;cal_caltype=0;cal_samplerate=192000;cal_topoid=0x1000a100;cal_moduleid=0x1000a100;cal_paramid=0x1000a101;cal_persist=1;cal_data=AAAAAA;
08-19 14:16:54.534 D/EffectMiSound(  902): clientRequest: write to server 264
08-19 14:16:54.534 W/audio_hw_con(  902): audio_handle_client_sock received client connect 57
08-19 14:16:54.534 D/audio_hw_primary(  902): adev_set_parameters: enter: cal_devid=2;cal_apptype=69940;cal_caltype=0;cal_samplerate=192000;cal_topoid=0x1000a100;cal_moduleid=0x1000a100;cal_paramid=0x1000a101;cal_persist=1;cal_data=AAAAAA;
08-19 14:16:54.534 I/AudioFlinger(  996): setGameParameters keyvalue: volume_change=0;flags=8
08-19 14:16:54.534 V/msm8974_platform(  902): platform_set_parameters: enter: cal_persist=1;cal_devid=2;cal_moduleid=0x1000a100;cal_caltype=0;cal_apptype=69940;cal_paramid=0x1000a101;cal_topoid=0x1000a100;cal_samplerate=192000;cal_data=AAAAAA
08-19 14:16:54.534 D/msm8974_platform(  902): Setting audio calibration for snd_device(2) acdb_id(10011)
08-19 14:16:54.534 D/audio_hw_hfp(  902): hfp_set_parameters: enter
08-19 14:16:54.534 D/audio_hw_hfp(  902): hfp_set_parameters: enter
08-19 14:16:54.534 V/a2dp_offload(  902): end of a2dp setparam
08-19 14:16:54.534 D/audio_hw_cspl_cal(  902): cirrus_cal_setparameters: enter 0xee803600
08-19 14:16:54.534 D/audio_hw_extn(  902): audio_extn_fm_set_parameters: Enter
08-19 14:16:54.534 D/audio_hw_hfp(  902): hfp_set_parameters: enter
08-19 14:16:54.534 V/a2dp_offload(  902): end of a2dp setparam
08-19 14:16:54.534 D/audio_hw_primary(  902): adev_set_parameters: exit with code(0)
08-19 14:16:54.534 D/audio_hw_primary(  902): adev_set_parameters: enter: flags=8;volume_change=0
08-19 14:16:54.534 I/EffectMiSound(  902): Thread: setParam No.21
08-19 14:16:54.534 I/EffectMiSound(  902): MiSoundsetParameters_request: cal_devid=2;cal_apptype=69940;cal_caltype=0;cal_samplerate=192000;cal_topoid=0x1000a100;cal_moduleid=0x1000a100;cal_paramid=0x1000a109;cal_persist=1;cal_data=/////w;
08-19 14:16:54.534 D/EffectMiSound(  902): clientRequest: write to server 264
08-19 14:16:54.534 W/audio_hw_con(  902): audio_handle_client_sock received client connect 57
08-19 14:16:54.534 D/audio_hw_primary(  902): adev_set_parameters: enter: cal_devid=2;cal_apptype=69940;cal_caltype=0;cal_samplerate=192000;cal_topoid=0x1000a100;cal_moduleid=0x1000a100;cal_paramid=0x1000a109;cal_persist=1;cal_data=/////w;
08-19 14:16:54.534 V/msm8974_platform(  902): platform_set_parameters: enter: flags=8;volume_change=0
08-19 14:16:54.534 D/audio_hw_hfp(  902): hfp_set_parameters: enter
08-19 14:16:54.534 D/audio_hw_hfp(  902): hfp_set_parameters: enter
08-19 14:16:54.534 V/a2dp_offload(  902): end of a2dp setparam
08-19 14:16:54.534 D/audio_hw_cspl_cal(  902): cirrus_cal_setparameters: enter 0xee803600
08-19 14:16:54.534 D/audio_hw_extn(  902): audio_extn_fm_set_parameters: Enter
08-19 14:16:54.534 D/audio_hw_hfp(  902): hfp_set_parameters: enter
08-19 14:16:54.534 V/a2dp_offload(  902): end of a2dp setparam
08-19 14:16:54.534 D/audio_hw_primary(  902): adev_set_parameters: exit with code(0)
08-19 14:16:54.534 V/msm8974_platform(  902): platform_set_parameters: enter: cal_persist=1;cal_devid=2;cal_moduleid=0x1000a100;cal_caltype=0;cal_apptype=69940;cal_paramid=0x1000a109;cal_topoid=0x1000a100;cal_samplerate=192000;cal_data=/////w
08-19 14:16:54.534 D/msm8974_platform(  902): Setting audio calibration for snd_device(2) acdb_id(10011)
08-19 14:16:54.534 D/msm8974_platform(  902): misound scenario disable auto mode
08-19 14:16:54.534 D/audio_hw_hfp(  902): hfp_set_parameters: enter
08-19 14:16:54.534 D/audio_hw_hfp(  902): hfp_set_parameters: enter
08-19 14:16:54.534 V/a2dp_offload(  902): end of a2dp setparam
08-19 14:16:54.534 D/audio_hw_cspl_cal(  902): cirrus_cal_setparameters: enter 0xee803600
08-19 14:16:54.534 D/audio_hw_extn(  902): audio_extn_fm_set_parameters: Enter
08-19 14:16:54.534 D/audio_hw_hfp(  902): hfp_set_parameters: enter
08-19 14:16:54.534 V/a2dp_offload(  902): end of a2dp setparam
08-19 14:16:54.534 D/audio_hw_primary(  902): adev_set_parameters: exit with code(0)
08-19 14:16:54.534 I/EffectMiSound(  902): Thread: setParam No.1
08-19 14:16:54.534 I/EffectMiSound(  902): MiSoundsetParameters_request: cal_devid=2;cal_apptype=69936;cal_caltype=0;cal_samplerate=48000;cal_topoid=0x1000a100;cal_moduleid=0x1000a100;cal_paramid=0x1000a101;cal_persist=1;cal_data=AAAAAA;
08-19 14:16:54.534 D/EffectMiSound(  902): clientRequest: write to server 264
08-19 14:16:54.534 W/audio_hw_con(  902): audio_handle_client_sock received client connect 57
08-19 14:16:54.534 D/audio_hw_primary(  902): adev_set_parameters: enter: cal_devid=2;cal_apptype=69936;cal_caltype=0;cal_samplerate=48000;cal_topoid=0x1000a100;cal_moduleid=0x1000a100;cal_paramid=0x1000a101;cal_persist=1;cal_data=AAAAAA;
08-19 14:16:54.534 W/APM::AudioPolicyEngine(  996): getDevicesForStrategy() unknown strategy: -1
08-19 14:16:54.534 W/APM::AudioPolicyEngine(  996): getDevicesForStrategy() unknown strategy: -1
08-19 14:16:54.534 V/msm8974_platform(  902): platform_set_parameters: enter: cal_persist=1;cal_devid=2;cal_moduleid=0x1000a100;cal_caltype=0;cal_apptype=69936;cal_paramid=0x1000a101;cal_topoid=0x1000a100;cal_samplerate=48000;cal_data=AAAAAA
08-19 14:16:54.534 D/msm8974_platform(  902): Setting audio calibration for snd_device(2) acdb_id(10011)
08-19 14:16:54.534 D/audio_hw_hfp(  902): hfp_set_parameters: enter
08-19 14:16:54.534 D/audio_hw_hfp(  902): hfp_set_parameters: enter
08-19 14:16:54.534 V/a2dp_offload(  902): end of a2dp setparam
08-19 14:16:54.534 D/audio_hw_cspl_cal(  902): cirrus_cal_setparameters: enter 0xee803600
08-19 14:16:54.535 D/audio_hw_extn(  902): audio_extn_fm_set_parameters: Enter
08-19 14:16:54.535 D/audio_hw_hfp(  902): hfp_set_parameters: enter
08-19 14:16:54.535 V/a2dp_offload(  902): end of a2dp setparam
08-19 14:16:54.535 D/audio_hw_primary(  902): adev_set_parameters: exit with code(0)
08-19 14:16:54.535 I/EffectMiSound(  902): Thread: setParam No.2
08-19 14:16:54.535 I/EffectMiSound(  902): MiSoundsetParameters_request: cal_devid=2;cal_apptype=69940;cal_caltype=0;cal_samplerate=48000;cal_topoid=0x1000a100;cal_moduleid=0x1000a100;cal_paramid=0x1000a101;cal_persist=0;cal_data=AAAAAA;
08-19 14:16:54.535 D/EffectMiSound(  902): clientRequest: write to server 264
08-19 14:16:54.535 W/audio_hw_con(  902): audio_handle_client_sock received client connect 57
08-19 14:16:54.535 D/audio_hw_primary(  902): adev_set_parameters: enter: cal_devid=2;cal_apptype=69940;cal_caltype=0;cal_samplerate=48000;cal_topoid=0x1000a100;cal_moduleid=0x1000a100;cal_paramid=0x1000a101;cal_persist=0;cal_data=AAAAAA;
08-19 14:16:54.535 V/msm8974_platform(  902): platform_set_parameters: enter: cal_persist=0;cal_devid=2;cal_moduleid=0x1000a100;cal_caltype=0;cal_apptype=69940;cal_paramid=0x1000a101;cal_topoid=0x1000a100;cal_samplerate=48000;cal_data=AAAAAA
08-19 14:16:54.535 D/msm8974_platform(  902): Setting audio calibration for snd_device(2) acdb_id(10011)
08-19 14:16:54.535 E/ACDB-LOADER(  902): [acdb_loader_adsp_set_audio_cal] active device/stream not found (result=-100) for topology 0x1000a100 and apptype 0x11134
08-19 14:16:54.535 E/ACDB-LOADER(  902): [acdb_loader_adsp_set_audio_cal] set parameters failed with status -100
08-19 14:16:54.535 D/audio_hw_hfp(  902): hfp_set_parameters: enter
08-19 14:16:54.535 D/audio_hw_hfp(  902): hfp_set_parameters: enter
08-19 14:16:54.535 V/a2dp_offload(  902): end of a2dp setparam
08-19 14:16:54.535 D/audio_hw_cspl_cal(  902): cirrus_cal_setparameters: enter 0xee803600
08-19 14:16:54.535 D/audio_hw_extn(  902): audio_extn_fm_set_parameters: Enter
08-19 14:16:54.535 D/audio_hw_hfp(  902): hfp_set_parameters: enter
08-19 14:16:54.535 V/a2dp_offload(  902): end of a2dp setparam
08-19 14:16:54.535 D/audio_hw_primary(  902): adev_set_parameters: exit with code(0)
08-19 14:16:54.535 I/EffectMiSound(  902): Thread: setParam No.3
08-19 14:16:54.535 I/EffectMiSound(  902): MiSoundsetParameters_request: cal_devid=2;cal_apptype=69936;cal_caltype=0;cal_samplerate=48000;cal_topoid=0x1000a100;cal_moduleid=0x1000a100;cal_paramid=0x1000a101;cal_persist=0;cal_data=AAAAAA;
08-19 14:16:54.535 D/EffectMiSound(  902): clientRequest: write to server 264
08-19 14:16:54.535 W/audio_hw_con(  902): audio_handle_client_sock received client connect 57
08-19 14:16:54.535 D/audio_hw_primary(  902): adev_set_parameters: enter: cal_devid=2;cal_apptype=69936;cal_caltype=0;cal_samplerate=48000;cal_topoid=0x1000a100;cal_moduleid=0x1000a100;cal_paramid=0x1000a101;cal_persist=0;cal_data=AAAAAA;
08-19 14:16:54.535 W/SQLiteLog(26302): (28) double-quoted string literal: "DC15D767304113684E1CCC36C373B430"
08-19 14:16:54.535 V/msm8974_platform(  902): platform_set_parameters: enter: cal_persist=0;cal_devid=2;cal_moduleid=0x1000a100;cal_caltype=0;cal_apptype=69936;cal_paramid=0x1000a101;cal_topoid=0x1000a100;cal_samplerate=48000;cal_data=AAAAAA
08-19 14:16:54.535 D/msm8974_platform(  902): Setting audio calibration for snd_device(2) acdb_id(10011)
08-19 14:16:54.535 E/ACDB-LOADER(  902): [acdb_loader_adsp_set_audio_cal] active device/stream not found (result=-100) for topology 0x1000a100 and apptype 0x11130
08-19 14:16:54.535 E/ACDB-LOADER(  902): [acdb_loader_adsp_set_audio_cal] set parameters failed with status -100
08-19 14:16:54.535 D/audio_hw_hfp(  902): hfp_set_parameters: enter
08-19 14:16:54.535 D/audio_hw_hfp(  902): hfp_set_parameters: enter
08-19 14:16:54.535 V/a2dp_offload(  902): end of a2dp setparam
08-19 14:16:54.535 D/audio_hw_cspl_cal(  902): cirrus_cal_setparameters: enter 0xee803600
08-19 14:16:54.535 D/audio_hw_extn(  902): audio_extn_fm_set_parameters: Enter
08-19 14:16:54.535 D/audio_hw_hfp(  902): hfp_set_parameters: enter
08-19 14:16:54.535 V/a2dp_offload(  902): end of a2dp setparam
08-19 14:16:54.535 D/audio_hw_primary(  902): adev_set_parameters: exit with code(0)
08-19 14:16:54.535 I/EffectMiSound(  902): Thread: setParam No.4
08-19 14:16:54.535 I/EffectMiSound(  902): MiSoundsetParameters_request: cal_devid=2;cal_apptype=69936;cal_caltype=0;cal_samplerate=44100;cal_topoid=0x1000a100;cal_moduleid=0x1000a100;cal_paramid=0x1000a101;cal_persist=1;cal_data=AAAAAA;
08-19 14:16:54.535 D/EffectMiSound(  902): clientRequest: write to server 264
08-19 14:16:54.535 D/DlbDlbEffect(  902): effectCommand(handle=0xed8c49b8, cmdCode=10, cmdSize=8, pCmdData=0xed886800, replySize=0, pReplyData=0x0)
08-19 14:16:54.535 W/audio_hw_con(  902): audio_handle_client_sock received client connect 57
08-19 14:16:54.535 D/audio_hw_primary(  902): adev_set_parameters: enter: cal_devid=2;cal_apptype=69936;cal_caltype=0;cal_samplerate=44100;cal_topoid=0x1000a100;cal_moduleid=0x1000a100;cal_paramid=0x1000a101;cal_persist=1;cal_data=AAAAAA;
08-19 14:16:54.535 V/msm8974_platform(  902): platform_set_parameters: enter: cal_persist=1;cal_devid=2;cal_moduleid=0x1000a100;cal_caltype=0;cal_apptype=69936;cal_paramid=0x1000a101;cal_topoid=0x1000a100;cal_samplerate=44100;cal_data=AAAAAA
08-19 14:16:54.535 D/msm8974_platform(  902): Setting audio calibration for snd_device(2) acdb_id(10011)
08-19 14:16:54.535 D/android.hardware.audio.service(  902): Failed to fetch the lookup information of the device 0000271B 
08-19 14:16:54.535 E/ACDB-LOADER(  902): [acdb_loader_store_set_audio_cal] ACDB settting parameters failed -1
08-19 14:16:54.535 D/audio_hw_hfp(  902): hfp_set_parameters: enter
08-19 14:16:54.535 D/audio_hw_hfp(  902): hfp_set_parameters: enter
08-19 14:16:54.535 V/a2dp_offload(  902): end of a2dp setparam
08-19 14:16:54.535 D/audio_hw_cspl_cal(  902): cirrus_cal_setparameters: enter 0xee803600
08-19 14:16:54.535 D/audio_hw_extn(  902): audio_extn_fm_set_parameters: Enter
08-19 14:16:54.535 D/audio_hw_hfp(  902): hfp_set_parameters: enter
08-19 14:16:54.535 V/a2dp_offload(  902): end of a2dp setparam
08-19 14:16:54.535 D/audio_hw_primary(  902): adev_set_parameters: exit with code(0)
08-19 14:16:54.535 I/EffectMiSound(  902): Thread: setParam No.5
08-19 14:16:54.535 I/EffectMiSound(  902): MiSoundsetParameters_request: cal_devid=2;cal_apptype=69940;cal_caltype=0;cal_samplerate=44100;cal_topoid=0x1000a100;cal_moduleid=0x1000a100;cal_paramid=0x1000a101;cal_persist=1;cal_data=AAAAAA;
08-19 14:16:54.535 D/EffectMiSound(  902): clientRequest: write to server 264
08-19 14:16:54.535 W/audio_hw_con(  902): audio_handle_client_sock received client connect 57
08-19 14:16:54.535 D/audio_hw_primary(  902): adev_set_parameters: enter: cal_devid=2;cal_apptype=69940;cal_caltype=0;cal_samplerate=44100;cal_topoid=0x1000a100;cal_moduleid=0x1000a100;cal_paramid=0x1000a101;cal_persist=1;cal_data=AAAAAA;
