08-19 14:18:29.291 W/Thread-89(26994): type=1400 audit(0.0:1642962): avc: granted { open } for path="/dev/ashmem" dev="tmpfs" ino=1135 scontext=u:r:untrusted_app_27:s0:c32,c257,c512,c768 tcontext=u:object_r:ashmem_device:s0 tclass=chr_file app=com.vmos.app
08-19 14:18:29.441 I/cmd     (30999): oneway function results will be dropped but finished with status OK and parcel size 4
08-19 14:18:29.703 W/Thread-21( 6397): type=1400 audit(0.0:1642963): avc: denied { read } for name="devices" dev="proc" ino=4026532038 scontext=u:r:untrusted_app_27:s0:c512,c768 tcontext=u:object_r:proc:s0 tclass=file permissive=0 app=com.tmri.app.main
08-19 14:18:30.032 I/cmd     (31016): oneway function results will be dropped but finished with status OK and parcel size 4
08-19 14:18:30.375 I/cmd     (31020): oneway function results will be dropped but finished with status OK and parcel size 4
08-19 14:18:30.715 W/Thread-21( 6397): type=1400 audit(0.0:1642964): avc: denied { read } for name="devices" dev="proc" ino=4026532038 scontext=u:r:untrusted_app_27:s0:c512,c768 tcontext=u:object_r:proc:s0 tclass=file permissive=0 app=com.tmri.app.main
08-19 14:18:30.759 W/Thread-110(26994): type=1400 audit(0.0:1642965): avc: granted { open } for path="/dev/ashmem" dev="tmpfs" ino=1135 scontext=u:r:untrusted_app_27:s0:c32,c257,c512,c768 tcontext=u:object_r:ashmem_device:s0 tclass=chr_file app=com.vmos.app
08-19 14:18:30.833 I/cmd     (31036): oneway function results will be dropped but finished with status OK and parcel size 4
08-19 14:18:31.660 I/MiuiNetworkPolicy( 1783): bandwidth: 0 KB/s, Max bandwidth: 4964 KB/s
08-19 14:18:31.669 D/hpplay-java(26302): [Thread-45]:IMSDK:AbstractBlockingClient:heartBeatWrite
08-19 14:18:31.690 D/NetworkSpeedTracker( 2989): receive actionandroid.intent.action.BATTERY_CHANGED
08-19 14:18:31.690 D/NetworkSpeedTracker( 2989): onReceive ACTION_BATTERY_CHANGED mBatteryLevel = 70;mIsCharging =true
08-19 14:18:31.691 D/KeyguardUpdateMonitor( 2677): received broadcast android.intent.action.BATTERY_CHANGED
08-19 14:18:31.691 D/BatteryController( 2677): onReceive: Intent = Intent { act=android.intent.action.BATTERY_CHANGED flg=0x60000010 (has extras) } action = android.intent.action.BATTERY_CHANGED
08-19 14:18:31.694 I/BatteryInfoReceiver( 4989): ACTION_BATTERY_CHANGED
08-19 14:18:31.696 D/PowerCheckerService( 5940): onBatteryChanged, mBatteryLevel = 70, status = 2, level = 70, plug = 1, scale = 100
08-19 14:18:31.696 D/hpplay-java(26302): [pool-17-thread-1]:IMSDK:MessageClient:heartBeatReceived
08-19 14:18:31.696 D/UploadVoiceJobService( 3982): needUploadVoice timeSinceLastUpload = 7827
08-19 14:18:31.707 D/DeviceStatisticsService( 2921): chargerType=1 batteryLevel=70 totalBatteryCapacity=4222600
08-19 14:18:31.708 D/DeviceInfoHidlClient( 2921): getPowerInfoSupportStatus()=1
08-19 14:18:31.708 D/DeviceInfoHidlClient( 2921): isRadioOn()=true
08-19 14:18:31.708 I/DeviceInfoHidlClient( 2921): isPowerInfoNeverSent=false batteryLevel=70 batteryLevelIndex=2 chargingMode=1 totalCapacity=4222600 powerSaveMode=false
08-19 14:18:31.727 I/cmd     (31059): oneway function results will be dropped but finished with status OK and parcel size 4
08-19 14:18:31.755 W/Thread-21( 6397): type=1400 audit(0.0:1642966): avc: denied { read } for name="devices" dev="proc" ino=4026532038 scontext=u:r:untrusted_app_27:s0:c512,c768 tcontext=u:object_r:proc:s0 tclass=file permissive=0 app=com.tmri.app.main
08-19 14:18:31.867 I/cmd     (31067): oneway function results will be dropped but finished with status OK and parcel size 4
08-19 14:18:32.133 I/service:synclo(30786): ProcessProfilingInfo new_methods=0 is saved saved_to_disk=0 resolve_classes_delay=8000
08-19 14:18:32.188 I/cmd     (31071): oneway function results will be dropped but finished with status OK and parcel size 4
08-19 14:18:32.321 I/cmd     (31075): oneway function results will be dropped but finished with status OK and parcel size 4
08-19 14:18:32.753 I/cmd     (31090): oneway function results will be dropped but finished with status OK and parcel size 4
08-19 14:18:32.783 W/Thread-21( 6397): type=1400 audit(0.0:1642967): avc: denied { read } for name="devices" dev="proc" ino=4026532038 scontext=u:r:untrusted_app_27:s0:c512,c768 tcontext=u:object_r:proc:s0 tclass=file permissive=0 app=com.tmri.app.main
08-19 14:18:33.082 I/cmd     (31094): oneway function results will be dropped but finished with status OK and parcel size 4
08-19 14:18:33.695 I/cmd     (31113): oneway function results will be dropped but finished with status OK and parcel size 4
08-19 14:18:33.791 W/Thread-21( 6397): type=1400 audit(0.0:1642968): avc: denied { read } for name="devices" dev="proc" ino=4026532038 scontext=u:r:untrusted_app_27:s0:c512,c768 tcontext=u:object_r:proc:s0 tclass=file permissive=0 app=com.tmri.app.main
08-19 14:18:33.917 D/CompatibilityChangeReporter(26302): Compat change id reported: 150939131; UID 10288; state: DISABLED
08-19 14:18:33.918 E/DBLogUtil(26302): Observer::真机文件出现变动 + content://media/external/file/585
08-19 14:18:33.954 D/CompatibilityInfo( 1783): mCompatibilityFlags - 0
08-19 14:18:33.954 D/CompatibilityInfo( 1783): applicationDensity - 440
08-19 14:18:33.954 D/CompatibilityInfo( 1783): applicationScale - 1.0
08-19 14:18:33.959 I/NetworkScheduler.Stats( 3549): Task com.google.android.gms/com.google.android.gms.ipa.base.IpaGcmTaskService started execution. cause:9 exec_start_elapsed_seconds: 8940 [CONTEXT service_id=218 ]
08-19 14:18:33.962 D/CompatibilityInfo( 1783): mCompatibilityFlags - 0
08-19 14:18:33.962 D/CompatibilityInfo( 1783): applicationDensity - 440
08-19 14:18:33.962 D/CompatibilityInfo( 1783): applicationScale - 1.0
08-19 14:18:33.964 I/NetworkScheduler.Stats( 3549): Task com.google.android.gms/com.google.android.gms.ipa.base.IpaGcmTaskService finished executing. cause:9 result: 1 elapsed_millis: 19 uptime_millis: 19 exec_start_elapsed_seconds: 8940 [CONTEXT service_id=218 ]
08-19 14:18:33.965 I/ActivityManager( 1783): Killing 29288:com.miui.screenrecorder/1000 (adj 985): empty #25
08-19 14:18:33.967 I/ANDR-PERF-LM(  952): LMPerfGlue: perfmodule_submit_request() 132: perfmodule_submit_request()
08-19 14:18:33.967 I/ANDR-PERF-LM(  952): Core: getInstance() 84: LM getInstance
08-19 14:18:33.967 I/ANDR-PERF-LM(  952): WQ: push() 59: LMTriggerQ push() size=0
08-19 14:18:33.967 I/ANDR-PERF-LM(  952): WQ: push() 61: LMTriggerQ push() done size=1
08-19 14:18:33.971 I/ANDR-PERF-LM(  952): WQ: pop() 42: LMTriggerQ pop() done size=0
08-19 14:18:33.971 I/ANDR-PERF-LM(  952): Core: lmMain() 373: Waiting on trigger Queue
08-19 14:18:33.971 I/ANDR-PERF-LM(  952): WQ: pop() 31: LMTriggerQ pop() size=0
08-19 14:18:33.982 W/SQLiteQueryBuilder( 4515): Allowing abusive custom column: like
08-19 14:18:33.982 W/SQLiteQueryBuilder( 4515): Allowing abusive custom column: or
08-19 14:18:33.982 W/SQLiteQueryBuilder( 4515): Allowing abusive custom column: like
08-19 14:18:33.982 W/SQLiteQueryBuilder( 4515): Allowing abusive custom column: or
08-19 14:18:33.982 W/SQLiteQueryBuilder( 4515): Allowing abusive custom column: like
08-19 14:18:33.995 I/ANDR-PERF-LM(  952): LMPerfGlue: perfmodule_submit_request() 132: perfmodule_submit_request()
08-19 14:18:33.995 I/ANDR-PERF-LM(  952): Core: getInstance() 84: LM getInstance
08-19 14:18:33.995 I/ANDR-PERF-LM(  952): WQ: push() 59: LMTriggerQ push() size=0
08-19 14:18:33.995 I/ANDR-PERF-LM(  952): WQ: push() 61: LMTriggerQ push() done size=1
08-19 14:18:33.995 I/ANDR-PERF-LM(  952): WQ: pop() 42: LMTriggerQ pop() done size=0
08-19 14:18:33.995 I/ANDR-PERF-LM(  952): Core: lmMain() 373: Waiting on trigger Queue
08-19 14:18:33.995 I/ANDR-PERF-LM(  952): WQ: pop() 31: LMTriggerQ pop() size=0
08-19 14:18:33.995 I/Zygote  (  782): Process 29288 exited due to signal 9 (Killed)
08-19 14:18:33.997 I/com.xiaomi.xms( 4754): oneway function results will be dropped but finished with status UNKNOWN_TRANSACTION and parcel size 0
08-19 14:18:33.997 I/libprocessgroup( 1783): Successfully killed process cgroup uid 1000 pid 29288 in 31ms
08-19 14:18:34.005 D/CompatibilityInfo( 1783): mCompatibilityFlags - 0
08-19 14:18:34.005 D/CompatibilityInfo( 1783): applicationDensity - 440
08-19 14:18:34.005 D/CompatibilityInfo( 1783): applicationScale - 1.0
08-19 14:18:34.008 E/com.vmos.app(26302): Invalid ID 0x00000000.
08-19 14:18:34.013 I/NetworkScheduler.Stats( 3549): Task com.google.android.gms/com.google.android.gms.auth.account.be.legacy.AuthCronService started execution. cause:5 exec_start_elapsed_seconds: 8940 [CONTEXT service_id=218 ]
08-19 14:18:34.013 I/NetworkScheduler.Stats( 3549): Task com.google.android.gms/com.google.android.gms.auth.account.be.legacy.AuthCronService finished executing. cause:5 result: 1 elapsed_millis: 17 uptime_millis: 17 exec_start_elapsed_seconds: 8940 [CONTEXT service_id=218 ]
08-19 14:18:34.315 W/Thread-89(26994): type=1400 audit(0.0:1642969): avc: granted { open } for path="/dev/ashmem" dev="tmpfs" ino=1135 scontext=u:r:untrusted_app_27:s0:c32,c257,c512,c768 tcontext=u:object_r:ashmem_device:s0 tclass=chr_file app=com.vmos.app
08-19 14:18:34.441 I/cmd     (31137): oneway function results will be dropped but finished with status OK and parcel size 4
08-19 14:18:34.664 I/MiuiNetworkPolicy( 1783): bandwidth: 0 KB/s, Max bandwidth: 4964 KB/s
08-19 14:18:34.799 W/Thread-21( 6397): type=1400 audit(0.0:1642970): avc: denied { read } for name="devices" dev="proc" ino=4026532038 scontext=u:r:untrusted_app_27:s0:c512,c768 tcontext=u:object_r:proc:s0 tclass=file permissive=0 app=com.tmri.app.main
08-19 14:18:35.778 I/cmd     (31175): oneway function results will be dropped but finished with status OK and parcel size 4
08-19 14:18:35.795 W/Thread-110(26994): type=1400 audit(0.0:1642971): avc: granted { open } for path="/dev/ashmem" dev="tmpfs" ino=1135 scontext=u:r:untrusted_app_27:s0:c32,c257,c512,c768 tcontext=u:object_r:ashmem_device:s0 tclass=chr_file app=com.vmos.app
08-19 14:18:35.839 W/Thread-21( 6397): type=1400 audit(0.0:1642972): avc: denied { read } for name="devices" dev="proc" ino=4026532038 scontext=u:r:untrusted_app_27:s0:c512,c768 tcontext=u:object_r:proc:s0 tclass=file permissive=0 app=com.tmri.app.main
08-19 14:18:35.905 I/cmd     (31179): oneway function results will be dropped but finished with status OK and parcel size 4
08-19 14:18:36.345 I/cmd     (31191): oneway function results will be dropped but finished with status OK and parcel size 4
08-19 14:18:36.851 W/Thread-21( 6397): type=1400 audit(0.0:1642973): avc: denied { read } for name="devices" dev="proc" ino=4026532038 scontext=u:r:untrusted_app_27:s0:c512,c768 tcontext=u:object_r:proc:s0 tclass=file permissive=0 app=com.tmri.app.main
08-19 14:18:37.233 I/cmd     (31214): oneway function results will be dropped but finished with status OK and parcel size 4
08-19 14:18:37.668 I/MiuiNetworkPolicy( 1783): bandwidth: 0 KB/s, Max bandwidth: 4964 KB/s
08-19 14:18:37.931 W/Thread-21( 6397): type=1400 audit(0.0:1642974): avc: denied { read } for name="devices" dev="proc" ino=4026532038 scontext=u:r:untrusted_app_27:s0:c512,c768 tcontext=u:object_r:proc:s0 tclass=file permissive=0 app=com.tmri.app.main
08-19 14:18:38.437 E/CamX    (  918): [ERROR][NCS    ] camxncsservice.cpp:594 EnqueueJob() Can not enqueue jobs when thread is stopped
08-19 14:18:38.480 I/cmd     (31245): oneway function results will be dropped but finished with status OK and parcel size 4
08-19 14:18:38.590 I/cmd     (31249): oneway function results will be dropped but finished with status OK and parcel size 4
08-19 14:18:38.918 E/QSAnimator( 2677): tileView is null custom(com.android.settings/.development.qstile.DevelopmentTiles$WirelessDebugging)
08-19 14:18:38.918 E/QSAnimator( 2677): tileView is null flashlight
08-19 14:18:38.918 E/QSAnimator( 2677): tileView is null mute
08-19 14:18:38.918 E/QSAnimator( 2677): tileView is null screenshot
08-19 14:18:38.918 E/QSAnimator( 2677): tileView is null airplane
08-19 14:18:38.918 E/QSAnimator( 2677): tileView is null screenlock
08-19 14:18:38.918 E/QSAnimator( 2677): tileView is null gps
08-19 14:18:38.918 E/QSAnimator( 2677): tileView is null rotation
08-19 14:18:38.918 E/QSAnimator( 2677): tileView is null scanner
08-19 14:18:38.918 E/QSAnimator( 2677): tileView is null papermode
08-19 14:18:38.918 E/QSAnimator( 2677): tileView is null night
08-19 14:18:38.918 E/QSAnimator( 2677): tileView is null quietmode
08-19 14:18:38.918 E/QSAnimator( 2677): tileView is null batterysaver
08-19 14:18:38.918 E/QSAnimator( 2677): tileView is null custom(com.miui.securitycenter/com.miui.superpower.notification.SuperPowerTileService)
08-19 14:18:38.918 E/QSAnimator( 2677): tileView is null custom(com.milink.service/com.milink.ui.service.MiLinkTileService)
08-19 14:18:38.918 E/QSAnimator( 2677): tileView is null custom(com.miui.mishare.connectivity/.tile.MiShareTileService)
08-19 14:18:38.918 E/QSAnimator( 2677): tileView is null freeformhang
08-19 14:18:38.918 E/QSAnimator( 2677): tileView is null custom(com.miui.screenrecorder/.service.QuickService)
08-19 14:18:38.918 E/QSAnimator( 2677): tileView is null vibrate
08-19 14:18:38.918 E/QSAnimator( 2677): tileView is null hotspot
08-19 14:18:38.918 E/QSAnimator( 2677): tileView is null nfc
08-19 14:18:38.919 E/QSAnimator( 2677): tileView is null edit
08-19 14:18:38.939 W/Thread-21( 6397): type=1400 audit(0.0:1642975): avc: denied { read } for name="devices" dev="proc" ino=4026532038 scontext=u:r:untrusted_app_27:s0:c512,c768 tcontext=u:object_r:proc:s0 tclass=file permissive=0 app=com.tmri.app.main
08-19 14:18:39.343 W/Thread-89(26994): type=1400 audit(0.0:1642976): avc: granted { open } for path="/dev/ashmem" dev="tmpfs" ino=1135 scontext=u:r:untrusted_app_27:s0:c32,c257,c512,c768 tcontext=u:object_r:ashmem_device:s0 tclass=chr_file app=com.vmos.app
08-19 14:18:39.876 D/NetworkSpeedTracker( 2989): receive actionandroid.intent.action.BATTERY_CHANGED
08-19 14:18:39.876 D/NetworkSpeedTracker( 2989): onReceive ACTION_BATTERY_CHANGED mBatteryLevel = 70;mIsCharging =true
08-19 14:18:39.876 D/KeyguardUpdateMonitor( 2677): received broadcast android.intent.action.BATTERY_CHANGED
08-19 14:18:39.877 D/BatteryController( 2677): onReceive: Intent = Intent { act=android.intent.action.BATTERY_CHANGED flg=0x60000010 (has extras) } action = android.intent.action.BATTERY_CHANGED
08-19 14:18:39.879 I/BatteryInfoReceiver( 4989): ACTION_BATTERY_CHANGED
08-19 14:18:39.880 D/PowerCheckerService( 5940): onBatteryChanged, mBatteryLevel = 70, status = 2, level = 70, plug = 1, scale = 100
08-19 14:18:39.882 D/UploadVoiceJobService( 3982): needUploadVoice timeSinceLastUpload = 16013
08-19 14:18:39.883 W/BatteryStatsImpl(26994): Couldn't get kernel wake lock stats
08-19 14:18:39.892 D/DeviceStatisticsService( 2921): chargerType=1 batteryLevel=70 totalBatteryCapacity=4226500
08-19 14:18:39.892 D/DeviceInfoHidlClient( 2921): getPowerInfoSupportStatus()=1
08-19 14:18:39.892 D/DeviceInfoHidlClient( 2921): isRadioOn()=true
08-19 14:18:39.892 I/DeviceInfoHidlClient( 2921): isPowerInfoNeverSent=false batteryLevel=70 batteryLevelIndex=2 chargingMode=1 totalCapacity=4226500 powerSaveMode=false
08-19 14:18:39.891 W/ActivityManager(26994): type=1400 audit(0.0:1642977): avc: denied { read } for name="loadavg" dev="proc" ino=4026532259 scontext=u:r:untrusted_app_27:s0:c32,c257,c512,c768 tcontext=u:object_r:proc_loadavg:s0 tclass=file permissive=0 app=com.vmos.app
08-19 14:18:39.884 W/BatteryStatsImpl(26994): Couldn't get kernel wake lock stats
08-19 14:18:39.897 I/EntropyMixer(26994): Writing entropy...
08-19 14:18:39.971 W/Thread-21( 6397): type=1400 audit(0.0:1642978): avc: denied { read } for name="devices" dev="proc" ino=4026532038 scontext=u:r:untrusted_app_27:s0:c512,c768 tcontext=u:object_r:proc:s0 tclass=file permissive=0 app=com.tmri.app.main
08-19 14:18:40.228 I/cmd     (31283): oneway function results will be dropped but finished with status OK and parcel size 4
08-19 14:18:40.237 E/CamX    (  918): [ERROR][NCS    ] camxncsservice.cpp:594 EnqueueJob() Can not enqueue jobs when thread is stopped
08-19 14:18:40.670 I/MiuiNetworkPolicy( 1783): bandwidth: 0 KB/s, Max bandwidth: 4964 KB/s
08-19 14:18:40.831 W/Thread-110(26994): type=1400 audit(0.0:1642979): avc: granted { open } for path="/dev/ashmem" dev="tmpfs" ino=1135 scontext=u:r:untrusted_app_27:s0:c32,c257,c512,c768 tcontext=u:object_r:ashmem_device:s0 tclass=chr_file app=com.vmos.app
08-19 14:18:40.975 W/Thread-21( 6397): type=1400 audit(0.0:1642980): avc: denied { read } for name="devices" dev="proc" ino=4026532038 scontext=u:r:untrusted_app_27:s0:c512,c768 tcontext=u:object_r:proc:s0 tclass=file permissive=0 app=com.tmri.app.main
08-19 14:18:41.122 I/cmd     (31306): oneway function results will be dropped but finished with status OK and parcel size 4
08-19 14:18:41.237 E/CamX    (  918): [ERROR][NCS    ] camxncsservice.cpp:594 EnqueueJob() Can not enqueue jobs when thread is stopped
08-19 14:18:41.927 E/QSAnimator( 2677): tileView is null custom(com.android.settings/.development.qstile.DevelopmentTiles$WirelessDebugging)
08-19 14:18:41.927 E/QSAnimator( 2677): tileView is null flashlight
08-19 14:18:41.927 E/QSAnimator( 2677): tileView is null mute
08-19 14:18:41.927 E/QSAnimator( 2677): tileView is null screenshot
08-19 14:18:41.927 E/QSAnimator( 2677): tileView is null airplane
08-19 14:18:41.927 E/QSAnimator( 2677): tileView is null screenlock
08-19 14:18:41.927 E/QSAnimator( 2677): tileView is null gps
08-19 14:18:41.927 E/QSAnimator( 2677): tileView is null rotation
08-19 14:18:41.927 E/QSAnimator( 2677): tileView is null scanner
08-19 14:18:41.927 E/QSAnimator( 2677): tileView is null papermode
08-19 14:18:41.927 E/QSAnimator( 2677): tileView is null night
08-19 14:18:41.927 E/QSAnimator( 2677): tileView is null quietmode
08-19 14:18:41.927 E/QSAnimator( 2677): tileView is null batterysaver
08-19 14:18:41.927 E/QSAnimator( 2677): tileView is null custom(com.miui.securitycenter/com.miui.superpower.notification.SuperPowerTileService)
08-19 14:18:41.927 E/QSAnimator( 2677): tileView is null custom(com.milink.service/com.milink.ui.service.MiLinkTileService)
08-19 14:18:41.927 E/QSAnimator( 2677): tileView is null custom(com.miui.mishare.connectivity/.tile.MiShareTileService)
08-19 14:18:41.927 E/QSAnimator( 2677): tileView is null freeformhang
08-19 14:18:41.927 E/QSAnimator( 2677): tileView is null custom(com.miui.screenrecorder/.service.QuickService)
08-19 14:18:41.927 E/QSAnimator( 2677): tileView is null vibrate
08-19 14:18:41.927 E/QSAnimator( 2677): tileView is null hotspot
08-19 14:18:41.927 E/QSAnimator( 2677): tileView is null nfc
08-19 14:18:41.927 E/QSAnimator( 2677): tileView is null edit
08-19 14:18:41.995 W/Thread-21( 6397): type=1400 audit(0.0:1642981): avc: denied { read } for name="devices" dev="proc" ino=4026532038 scontext=u:r:untrusted_app_27:s0:c512,c768 tcontext=u:object_r:proc:s0 tclass=file permissive=0 app=com.tmri.app.main
08-19 14:18:42.673 I/cmd     (31349): oneway function results will be dropped but finished with status OK and parcel size 4
08-19 14:18:43.003 W/Thread-21( 6397): type=1400 audit(0.0:1642982): avc: denied { read } for name="devices" dev="proc" ino=4026532038 scontext=u:r:untrusted_app_27:s0:c512,c768 tcontext=u:object_r:proc:s0 tclass=file permissive=0 app=com.tmri.app.main
08-19 14:18:43.008 I/cmd     (31353): oneway function results will be dropped but finished with status OK and parcel size 4
08-19 14:18:43.139 I/cmd     (31357): oneway function results will be dropped but finished with status OK and parcel size 4
08-19 14:18:43.488 I/cmd     (31368): oneway function results will be dropped but finished with status OK and parcel size 4
08-19 14:18:43.610 I/cmd     (31372): oneway function results will be dropped but finished with status OK and parcel size 4
08-19 14:18:43.673 I/MiuiNetworkPolicy( 1783): bandwidth: 0 KB/s, Max bandwidth: 4964 KB/s
08-19 14:18:44.007 W/Thread-21( 6397): type=1400 audit(0.0:1642983): avc: denied { read } for name="devices" dev="proc" ino=4026532038 scontext=u:r:untrusted_app_27:s0:c512,c768 tcontext=u:object_r:proc:s0 tclass=file permissive=0 app=com.tmri.app.main
08-19 14:18:44.049 I/cmd     (31384): oneway function results will be dropped but finished with status OK and parcel size 4
08-19 14:18:44.367 W/Thread-89(26994): type=1400 audit(0.0:1642984): avc: granted { open } for path="/dev/ashmem" dev="tmpfs" ino=1135 scontext=u:r:untrusted_app_27:s0:c32,c257,c512,c768 tcontext=u:object_r:ashmem_device:s0 tclass=chr_file app=com.vmos.app
08-19 14:18:44.504 I/cmd     (31395): oneway function results will be dropped but finished with status OK and parcel size 4
08-19 14:18:44.834 I/cmd     (31403): oneway function results will be dropped but finished with status OK and parcel size 4
08-19 14:18:44.990 E/QSAnimator( 2677): tileView is null custom(com.android.settings/.development.qstile.DevelopmentTiles$WirelessDebugging)
08-19 14:18:44.990 E/QSAnimator( 2677): tileView is null flashlight
08-19 14:18:44.990 E/QSAnimator( 2677): tileView is null mute
08-19 14:18:44.990 E/QSAnimator( 2677): tileView is null screenshot
08-19 14:18:44.990 E/QSAnimator( 2677): tileView is null airplane
08-19 14:18:44.990 E/QSAnimator( 2677): tileView is null screenlock
08-19 14:18:44.990 E/QSAnimator( 2677): tileView is null gps
08-19 14:18:44.990 E/QSAnimator( 2677): tileView is null rotation
08-19 14:18:44.990 E/QSAnimator( 2677): tileView is null scanner
08-19 14:18:44.990 E/QSAnimator( 2677): tileView is null papermode
08-19 14:18:44.990 E/QSAnimator( 2677): tileView is null night
08-19 14:18:44.990 E/QSAnimator( 2677): tileView is null quietmode
08-19 14:18:44.990 E/QSAnimator( 2677): tileView is null batterysaver
08-19 14:18:44.990 E/QSAnimator( 2677): tileView is null custom(com.miui.securitycenter/com.miui.superpower.notification.SuperPowerTileService)
08-19 14:18:44.990 E/QSAnimator( 2677): tileView is null custom(com.milink.service/com.milink.ui.service.MiLinkTileService)
08-19 14:18:44.990 E/QSAnimator( 2677): tileView is null custom(com.miui.mishare.connectivity/.tile.MiShareTileService)
08-19 14:18:44.990 E/QSAnimator( 2677): tileView is null freeformhang
08-19 14:18:44.990 E/QSAnimator( 2677): tileView is null custom(com.miui.screenrecorder/.service.QuickService)
08-19 14:18:44.990 E/QSAnimator( 2677): tileView is null vibrate
08-19 14:18:44.990 E/QSAnimator( 2677): tileView is null hotspot
08-19 14:18:44.990 E/QSAnimator( 2677): tileView is null nfc
08-19 14:18:44.990 E/QSAnimator( 2677): tileView is null edit
08-19 14:18:45.047 W/Thread-21( 6397): type=1400 audit(0.0:1642985): avc: denied { read } for name="devices" dev="proc" ino=4026532038 scontext=u:r:untrusted_app_27:s0:c512,c768 tcontext=u:object_r:proc:s0 tclass=file permissive=0 app=com.tmri.app.main
08-19 14:18:45.856 I/cmd     (31430): oneway function results will be dropped but finished with status OK and parcel size 4
08-19 14:18:45.867 W/Thread-110(26994): type=1400 audit(0.0:1642986): avc: granted { open } for path="/dev/ashmem" dev="tmpfs" ino=1135 scontext=u:r:untrusted_app_27:s0:c32,c257,c512,c768 tcontext=u:object_r:ashmem_device:s0 tclass=chr_file app=com.vmos.app
08-19 14:18:45.955 I/com.miui.daemo( 4064): oneway function results will be dropped but finished with status OK and parcel size 4
08-19 14:18:45.956 I/com.miui.daemo( 4064): oneway function results will be dropped but finished with status OK and parcel size 4
08-19 14:18:46.051 W/Thread-21( 6397): type=1400 audit(0.0:1642987): avc: denied { read } for name="devices" dev="proc" ino=4026532038 scontext=u:r:untrusted_app_27:s0:c512,c768 tcontext=u:object_r:proc:s0 tclass=file permissive=0 app=com.tmri.app.main
08-19 14:18:46.186 I/cmd     (31438): oneway function results will be dropped but finished with status OK and parcel size 4
08-19 14:18:46.677 I/MiuiNetworkPolicy( 1783): bandwidth: 0 KB/s, Max bandwidth: 4964 KB/s
08-19 14:18:46.751 I/cmd     (31454): oneway function results will be dropped but finished with status OK and parcel size 4
08-19 14:18:47.051 W/Thread-21( 6397): type=1400 audit(0.0:1642988): avc: denied { read } for name="devices" dev="proc" ino=4026532038 scontext=u:r:untrusted_app_27:s0:c512,c768 tcontext=u:object_r:proc:s0 tclass=file permissive=0 app=com.tmri.app.main
08-19 14:18:47.219 I/cmd     (31467): oneway function results will be dropped but finished with status OK and parcel size 4
08-19 14:18:48.003 I/cmd     (31488): oneway function results will be dropped but finished with status OK and parcel size 4
08-19 14:18:48.069 D/KeyguardUpdateMonitor( 2677): received broadcast android.intent.action.BATTERY_CHANGED
08-19 14:18:48.070 D/NetworkSpeedTracker( 2989): receive actionandroid.intent.action.BATTERY_CHANGED
08-19 14:18:48.070 D/BatteryController( 2677): onReceive: Intent = Intent { act=android.intent.action.BATTERY_CHANGED flg=0x60000010 (has extras) } action = android.intent.action.BATTERY_CHANGED
08-19 14:18:48.070 D/NetworkSpeedTracker( 2989): onReceive ACTION_BATTERY_CHANGED mBatteryLevel = 70;mIsCharging =true
08-19 14:18:48.072 D/PowerCheckerService( 5940): onBatteryChanged, mBatteryLevel = 70, status = 2, level = 70, plug = 1, scale = 100
08-19 14:18:48.073 I/BatteryInfoReceiver( 4989): ACTION_BATTERY_CHANGED
08-19 14:18:48.074 D/UploadVoiceJobService( 3982): needUploadVoice timeSinceLastUpload = 24205
08-19 14:18:48.083 D/DeviceStatisticsService( 2921): chargerType=1 batteryLevel=70 totalBatteryCapacity=4230200
08-19 14:18:48.083 D/DeviceInfoHidlClient( 2921): getPowerInfoSupportStatus()=1
08-19 14:18:48.083 D/DeviceInfoHidlClient( 2921): isRadioOn()=true
08-19 14:18:48.083 I/DeviceInfoHidlClient( 2921): isPowerInfoNeverSent=false batteryLevel=70 batteryLevelIndex=2 chargingMode=1 totalCapacity=4230200 powerSaveMode=false
08-19 14:18:48.091 W/Thread-21( 6397): type=1400 audit(0.0:1642989): avc: denied { read } for name="devices" dev="proc" ino=4026532038 scontext=u:r:untrusted_app_27:s0:c512,c768 tcontext=u:object_r:proc:s0 tclass=file permissive=0 app=com.tmri.app.main
08-19 14:18:48.414 D/MiuiNetworkPolicy( 1783): updateLimit mLimitEnabled=true,enabled=false,mNetworkPriorityMode=1
08-19 14:18:48.440 I/cmd     (31500): oneway function results will be dropped but finished with status OK and parcel size 4
08-19 14:18:49.006 I/cmd     (31517): oneway function results will be dropped but finished with status OK and parcel size 4
08-19 14:18:49.043 E/AggregateListener( 4836): notification text&title is null, key = 0|com.tencent.mtt|83|null|10252
08-19 14:18:49.127 W/Thread-21( 6397): type=1400 audit(0.0:1642990): avc: denied { read } for name="devices" dev="proc" ino=4026532038 scontext=u:r:untrusted_app_27:s0:c512,c768 tcontext=u:object_r:proc:s0 tclass=file permissive=0 app=com.tmri.app.main
08-19 14:18:49.249 V/onNotificationPostedCallBack( 4989): flags=610
08-19 14:18:49.250 V/n       ( 4989): ret=1
08-19 14:18:49.250 V/onNotificationPostedCallBack( 4989): 2flags=610
08-19 14:18:49.251 D/IMReply:Notif( 3982): onNotificationPosted before sbn = 83
08-19 14:18:49.256 D/IMReply:Notif( 3982): onNotificationPosted onNotificationRemoved sbn = 83
08-19 14:18:49.257 D/InterruptionStateProvider( 2677): No bubble up: not allowed to bubble: 0|com.tencent.mtt|83|null|10252
08-19 14:18:49.257 E/WifiStateMachine(26994): WifiStateMachine CMD_START_SCAN source -2 txSuccessRate=-0.00 rxSuccessRate=-0.00 targetRoamBSSID=any RSSI=-45
08-19 14:18:49.258 D/InterruptionStateProvider( 2677): No heads up: unimportant notification: 0|com.tencent.mtt|83|null|10252
08-19 14:18:49.262 W/AsyncLayoutInflater( 2677): Failed to inflate resource in the background! Retrying on the UI thread
08-19 14:18:49.262 W/AsyncLayoutInflater( 2677): android.view.InflateException: Binary XML file line #33 in com.android.systemui:layout/status_bar_notification_row: Animators may only be run on Looper threads
08-19 14:18:49.262 W/AsyncLayoutInflater( 2677): Caused by: android.util.AndroidRuntimeException: Animators may only be run on Looper threads
08-19 14:18:49.262 W/AsyncLayoutInflater( 2677): 	at android.animation.AnimatorSet.start(AnimatorSet.java:705)
08-19 14:18:49.262 W/AsyncLayoutInflater( 2677): 	at android.animation.AnimatorSet.start(AnimatorSet.java:684)
08-19 14:18:49.262 W/AsyncLayoutInflater( 2677): 	at android.animation.StateListAnimator.start(StateListAnimator.java:188)
08-19 14:18:49.262 W/AsyncLayoutInflater( 2677): 	at android.animation.StateListAnimator.setState(StateListAnimator.java:181)
08-19 14:18:49.262 W/AsyncLayoutInflater( 2677): 	at android.view.View.drawableStateChanged(View.java:23521)
08-19 14:18:49.262 W/AsyncLayoutInflater( 2677): 	at android.widget.TextView.drawableStateChanged(TextView.java:5853)
08-19 14:18:49.262 W/AsyncLayoutInflater( 2677): 	at android.view.View.originalRefreshDrawableState(View.java:23594)
08-19 14:18:49.262 W/AsyncLayoutInflater( 2677): 	at android.view.View$14.refreshDrawableState(View.java:30912)
08-19 14:18:49.262 W/AsyncLayoutInflater( 2677): 	at com.miui.internal.variable.v21.Android_View_View_class.callOriginalRefreshDrawableState(Android_View_View_class.java:61)
08-19 14:18:49.262 W/AsyncLayoutInflater( 2677): 	at com.miui.internal.variable.v16.Android_View_View_class_common.handleRefreshDrawableState(Android_View_View_class_common.java:90)
08-19 14:18:49.262 W/AsyncLayoutInflater( 2677): 	at com.miui.internal.variable.v21.Android_View_View_class.access$000(Android_View_View_class.java:22)
08-19 14:18:49.262 W/AsyncLayoutInflater( 2677): 	at com.miui.internal.variable.v21.Android_View_View_class$1.refreshDrawableState(Android_View_View_class.java:88)
08-19 14:18:49.262 W/AsyncLayoutInflater( 2677): 	at android.view.View.refreshDrawableState(View.java:23585)
08-19 14:18:49.262 W/AsyncLayoutInflater( 2677): 	at com.miui.internal.util.TaggingDrawableHelper.tagView(TaggingDrawableHelper.java:203)
08-19 14:18:49.262 W/AsyncLayoutInflater( 2677): 	at com.miui.internal.util.TaggingDrawableHelper.tagChildSequenceState(TaggingDrawableHelper.java:59)
08-19 14:18:49.262 W/AsyncLayoutInflater( 2677): 	at com.miui.internal.variable.v16.Android_View_ViewGroup_class.handleAddInArray(Android_View_ViewGroup_class.java:96)
08-19 14:18:49.262 W/AsyncLayoutInflater( 2677): 	at com.miui.internal.variable.v21.Android_View_ViewGroup_class.access$000(Android_View_ViewGroup_class.java:23)
08-19 14:18:49.262 W/AsyncLayoutInflater( 2677): 	at com.miui.internal.variable.v21.Android_View_ViewGroup_class$1.addInArray(Android_View_ViewGroup_class.java:171)
08-19 14:18:49.262 W/AsyncLayoutInflater( 2677): 	at android.view.ViewGroup.addInArray(ViewGroup.java:5380)
08-19 14:18:49.262 W/AsyncLayoutInflater( 2677): 	at android.view.ViewGroup.addViewInner(ViewGroup.java:5295)
08-19 14:18:49.262 W/AsyncLayoutInflater( 2677): 	at android.view.ViewGroup.addView(ViewGroup.java:5102)
08-19 14:18:49.262 W/AsyncLayoutInflater( 2677): 	at android.view.ViewGroup.addView(ViewGroup.java:5071)
08-19 14:18:49.262 W/AsyncLayoutInflater( 2677): 	at android.view.LayoutInflater.rInflate(LayoutInflater.java:1129)
08-19 14:18:49.262 W/AsyncLayoutInflater( 2677): 	at android.view.LayoutInflater.rInflateChildren(LayoutInflater.java:1086)
08-19 14:18:49.262 W/AsyncLayoutInflater( 2677): 	at android.view.LayoutInflater.inflate(LayoutInflater.java:684)
08-19 14:18:49.262 W/AsyncLayoutInflater( 2677): 	at android.view.LayoutInflater.inflate(LayoutInflater.java:536)
08-19 14:18:49.262 W/AsyncLayoutInflater( 2677): 	at androidx.asynclayoutinflater.view.AsyncLayoutInflater$InflateThread.runInner(AsyncLayoutInflater.java:189)
08-19 14:18:49.262 W/AsyncLayoutInflater( 2677): 	at androidx.asynclayoutinflater.view.AsyncLayoutInflater$InflateThread.run(AsyncLayoutInflater.java:203)
08-19 14:18:49.293 D/NotifBadge( 2677): update app badge num: com.tencent.mtt/,num=0,isAllowed=true,userId=0
08-19 14:18:49.294 W/ActivityManager( 1783): Sending non-protected broadcast android.intent.action.APPLICATION_MESSAGE_UPDATE from system 2677:com.android.systemui/1000 pkg com.android.systemui. Callers=
08-19 14:18:49.295 I/Launcher.ApplicationsMessage( 3002): onReceive true
08-19 14:18:49.295 I/Launcher.ApplicationsMessage( 3002): update com.tencent.mtt/ to null
08-19 14:18:49.391 W/Thread-89(26994): type=1400 audit(0.0:1642991): avc: granted { open } for path="/dev/ashmem" dev="tmpfs" ino=1135 scontext=u:r:untrusted_app_27:s0:c32,c257,c512,c768 tcontext=u:object_r:ashmem_device:s0 tclass=chr_file app=com.vmos.app
08-19 14:18:49.680 I/MiuiNetworkPolicy( 1783): bandwidth: 0 KB/s, Max bandwidth: 4964 KB/s
08-19 14:18:49.898 I/cmd     (31542): oneway function results will be dropped but finished with status OK and parcel size 4
08-19 14:18:50.050 I/com.miui.daemo( 4064): oneway function results will be dropped but finished with status OK and parcel size 4
08-19 14:18:50.054 I/com.miui.daemo( 4064): oneway function results will be dropped but finished with status OK and parcel size 4
08-19 14:18:50.131 W/Thread-21( 6397): type=1400 audit(0.0:1642992): avc: denied { read } for name="devices" dev="proc" ino=4026532038 scontext=u:r:untrusted_app_27:s0:c512,c768 tcontext=u:object_r:proc:s0 tclass=file permissive=0 app=com.tmri.app.main
08-19 14:18:50.215 I/cmd     (31546): oneway function results will be dropped but finished with status OK and parcel size 4
08-19 14:18:50.259 D/NotifBadge( 2677): update app badge num: com.tencent.mtt/,num=0,isAllowed=true,userId=0
08-19 14:18:50.260 W/ActivityManager( 1783): Sending non-protected broadcast android.intent.action.APPLICATION_MESSAGE_UPDATE from system 2677:com.android.systemui/1000 pkg com.android.systemui. Callers=
08-19 14:18:50.261 I/Launcher.ApplicationsMessage( 3002): onReceive true
08-19 14:18:50.261 I/Launcher.ApplicationsMessage( 3002): update com.tencent.mtt/ to null
08-19 14:18:50.326 I/cmd     (31550): oneway function results will be dropped but finished with status OK and parcel size 4
08-19 14:18:50.750 D/AppOpsAdapter(11833): using permission notify! 32 , groundState 0
08-19 14:18:50.899 W/Thread-110(26994): type=1400 audit(0.0:1642993): avc: granted { open } for path="/dev/ashmem" dev="tmpfs" ino=1135 scontext=u:r:untrusted_app_27:s0:c32,c257,c512,c768 tcontext=u:object_r:ashmem_device:s0 tclass=chr_file app=com.vmos.app
08-19 14:18:51.067 E/QSAnimator( 2677): tileView is null custom(com.android.settings/.development.qstile.DevelopmentTiles$WirelessDebugging)
08-19 14:18:51.067 E/QSAnimator( 2677): tileView is null flashlight
08-19 14:18:51.067 E/QSAnimator( 2677): tileView is null mute
08-19 14:18:51.067 E/QSAnimator( 2677): tileView is null screenshot
08-19 14:18:51.067 E/QSAnimator( 2677): tileView is null airplane
08-19 14:18:51.067 E/QSAnimator( 2677): tileView is null screenlock
08-19 14:18:51.067 E/QSAnimator( 2677): tileView is null gps
08-19 14:18:51.067 E/QSAnimator( 2677): tileView is null rotation
08-19 14:18:51.067 E/QSAnimator( 2677): tileView is null scanner
08-19 14:18:51.067 E/QSAnimator( 2677): tileView is null papermode
08-19 14:18:51.067 E/QSAnimator( 2677): tileView is null night
08-19 14:18:51.067 E/QSAnimator( 2677): tileView is null quietmode
08-19 14:18:51.067 E/QSAnimator( 2677): tileView is null batterysaver
08-19 14:18:51.067 E/QSAnimator( 2677): tileView is null custom(com.miui.securitycenter/com.miui.superpower.notification.SuperPowerTileService)
08-19 14:18:51.067 E/QSAnimator( 2677): tileView is null custom(com.milink.service/com.milink.ui.service.MiLinkTileService)
08-19 14:18:51.067 E/QSAnimator( 2677): tileView is null custom(com.miui.mishare.connectivity/.tile.MiShareTileService)
08-19 14:18:51.067 E/QSAnimator( 2677): tileView is null freeformhang
08-19 14:18:51.067 E/QSAnimator( 2677): tileView is null custom(com.miui.screenrecorder/.service.QuickService)
08-19 14:18:51.067 E/QSAnimator( 2677): tileView is null vibrate
08-19 14:18:51.067 E/QSAnimator( 2677): tileView is null hotspot
08-19 14:18:51.067 E/QSAnimator( 2677): tileView is null nfc
08-19 14:18:51.067 E/QSAnimator( 2677): tileView is null edit
08-19 14:18:51.095 I/cmd     (31569): oneway function results will be dropped but finished with status OK and parcel size 4
08-19 14:18:51.131 W/Thread-21( 6397): type=1400 audit(0.0:1642994): avc: denied { read } for name="devices" dev="proc" ino=4026532038 scontext=u:r:untrusted_app_27:s0:c512,c768 tcontext=u:object_r:proc:s0 tclass=file permissive=0 app=com.tmri.app.main
08-19 14:18:51.153 I/TeaLog  (26302): p worked:true 60000
08-19 14:18:51.197 I/cmd     (31577): oneway function results will be dropped but finished with status OK and parcel size 4
08-19 14:18:51.246 I/TeaLog  (26302): s0 0
08-19 14:18:51.246 I/TeaLog  (26302): s worked:true 60000
08-19 14:18:51.531 I/cmd     (31581): oneway function results will be dropped but finished with status OK and parcel size 4
08-19 14:18:52.131 W/Thread-21( 6397): type=1400 audit(0.0:1642995): avc: denied { read } for name="devices" dev="proc" ino=4026532038 scontext=u:r:untrusted_app_27:s0:c512,c768 tcontext=u:object_r:proc:s0 tclass=file permissive=0 app=com.tmri.app.main
08-19 14:18:52.681 I/MiuiNetworkPolicy( 1783): bandwidth: 0 KB/s, Max bandwidth: 4964 KB/s
08-19 14:18:52.914 I/cmd     (31619): oneway function results will be dropped but finished with status OK and parcel size 4
08-19 14:18:53.037 I/cmd     (31623): oneway function results will be dropped but finished with status OK and parcel size 4
08-19 14:18:53.143 W/Thread-21( 6397): type=1400 audit(0.0:1642996): avc: denied { read } for name="devices" dev="proc" ino=4026532038 scontext=u:r:untrusted_app_27:s0:c512,c768 tcontext=u:object_r:proc:s0 tclass=file permissive=0 app=com.tmri.app.main
08-19 14:18:53.347 I/cmd     (31631): oneway function results will be dropped but finished with status OK and parcel size 4
08-19 14:18:53.420 D/MiuiNetworkPolicy( 1783): updateLimit mLimitEnabled=false,enabled=true,mNetworkPriorityMode=1
08-19 14:18:53.806 I/cmd     (31639): oneway function results will be dropped but finished with status OK and parcel size 4
08-19 14:18:54.151 W/Thread-21( 6397): type=1400 audit(0.0:1642997): avc: denied { read } for name="devices" dev="proc" ino=4026532038 scontext=u:r:untrusted_app_27:s0:c512,c768 tcontext=u:object_r:proc:s0 tclass=file permissive=0 app=com.tmri.app.main
08-19 14:18:54.383 I/cmd     (31658): oneway function results will be dropped but finished with status OK and parcel size 4
08-19 14:18:54.415 W/Thread-89(26994): type=1400 audit(0.0:1642998): avc: granted { open } for path="/dev/ashmem" dev="tmpfs" ino=1135 scontext=u:r:untrusted_app_27:s0:c32,c257,c512,c768 tcontext=u:object_r:ashmem_device:s0 tclass=chr_file app=com.vmos.app
08-19 14:18:54.721 I/cmd     (31662): oneway function results will be dropped but finished with status OK and parcel size 4
08-19 14:18:54.845 I/cmd     (31671): oneway function results will be dropped but finished with status OK and parcel size 4
08-19 14:18:55.183 W/Thread-21( 6397): type=1400 audit(0.0:1642999): avc: denied { read } for name="devices" dev="proc" ino=4026532038 scontext=u:r:untrusted_app_27:s0:c512,c768 tcontext=u:object_r:proc:s0 tclass=file permissive=0 app=com.tmri.app.main
08-19 14:18:55.685 I/MiuiNetworkPolicy( 1783): bandwidth: 0 KB/s, Max bandwidth: 4964 KB/s
08-19 14:18:55.927 W/Thread-110(26994): type=1400 audit(0.0:1643000): avc: granted { open } for path="/dev/ashmem" dev="tmpfs" ino=1135 scontext=u:r:untrusted_app_27:s0:c32,c257,c512,c768 tcontext=u:object_r:ashmem_device:s0 tclass=chr_file app=com.vmos.app
08-19 14:18:56.183 W/Thread-21( 6397): type=1400 audit(0.0:1643001): avc: denied { read } for name="devices" dev="proc" ino=4026532038 scontext=u:r:untrusted_app_27:s0:c512,c768 tcontext=u:object_r:proc:s0 tclass=file permissive=0 app=com.tmri.app.main
08-19 14:18:56.253 D/NetworkSpeedTracker( 2989): receive actionandroid.intent.action.BATTERY_CHANGED
08-19 14:18:56.253 D/NetworkSpeedTracker( 2989): onReceive ACTION_BATTERY_CHANGED mBatteryLevel = 70;mIsCharging =true
08-19 14:18:56.254 D/KeyguardUpdateMonitor( 2677): received broadcast android.intent.action.BATTERY_CHANGED
08-19 14:18:56.254 D/BatteryController( 2677): onReceive: Intent = Intent { act=android.intent.action.BATTERY_CHANGED flg=0x60000010 (has extras) } action = android.intent.action.BATTERY_CHANGED
08-19 14:18:56.256 I/BatteryInfoReceiver( 4989): ACTION_BATTERY_CHANGED
08-19 14:18:56.257 D/PowerCheckerService( 5940): onBatteryChanged, mBatteryLevel = 70, status = 2, level = 70, plug = 1, scale = 100
08-19 14:18:56.257 D/UploadVoiceJobService( 3982): needUploadVoice timeSinceLastUpload = 32388
08-19 14:18:56.260 D/DeviceStatisticsService( 2921): chargerType=1 batteryLevel=70 totalBatteryCapacity=4233800
08-19 14:18:56.260 D/DeviceInfoHidlClient( 2921): getPowerInfoSupportStatus()=1
08-19 14:18:56.260 D/DeviceInfoHidlClient( 2921): isRadioOn()=true
08-19 14:18:56.260 I/DeviceInfoHidlClient( 2921): isPowerInfoNeverSent=false batteryLevel=70 batteryLevelIndex=2 chargingMode=1 totalCapacity=4233800 powerSaveMode=false
08-19 14:18:56.263 D/        (26994): set_light_battery: Not implemented.
08-19 14:18:56.264 D/        (26994): set_light_battery: Not implemented.
08-19 14:18:57.195 W/Thread-21( 6397): type=1400 audit(0.0:1643002): avc: denied { read } for name="devices" dev="proc" ino=4026532038 scontext=u:r:untrusted_app_27:s0:c512,c768 tcontext=u:object_r:proc:s0 tclass=file permissive=0 app=com.tmri.app.main
08-19 14:18:57.361 I/cmd     (31737): oneway function results will be dropped but finished with status OK and parcel size 4
08-19 14:18:57.472 I/cmd     (31741): oneway function results will be dropped but finished with status OK and parcel size 4
08-19 14:18:57.927 W/ThreadPoolForeg(27040): type=1400 audit(0.0:1643003): avc: denied { write } for name="traced_producer" dev="tmpfs" ino=20309 scontext=u:r:platform_app:s0:c512,c768 tcontext=u:object_r:traced_producer_socket:s0 tclass=sock_file permissive=0 app=com.android.browser
08-19 14:18:58.215 W/Thread-21( 6397): type=1400 audit(0.0:1643004): avc: denied { read } for name="devices" dev="proc" ino=4026532038 scontext=u:r:untrusted_app_27:s0:c512,c768 tcontext=u:object_r:proc:s0 tclass=file permissive=0 app=com.tmri.app.main
08-19 14:18:58.382 I/cmd     (31764): oneway function results will be dropped but finished with status OK and parcel size 4
08-19 14:18:58.688 I/MiuiNetworkPolicy( 1783): bandwidth: 0 KB/s, Max bandwidth: 4964 KB/s
08-19 14:18:59.227 W/Thread-21( 6397): type=1400 audit(0.0:1643005): avc: denied { read } for name="devices" dev="proc" ino=4026532038 scontext=u:r:untrusted_app_27:s0:c512,c768 tcontext=u:object_r:proc:s0 tclass=file permissive=0 app=com.tmri.app.main
08-19 14:18:59.455 W/Thread-89(26994): type=1400 audit(0.0:1643006): avc: granted { open } for path="/dev/ashmem" dev="tmpfs" ino=1135 scontext=u:r:untrusted_app_27:s0:c32,c257,c512,c768 tcontext=u:object_r:ashmem_device:s0 tclass=chr_file app=com.vmos.app
08-19 14:19:00.025 D/KeyguardUpdateMonitor( 2677): received broadcast android.intent.action.TIME_TICK
08-19 14:19:00.029 D/KeyguardUpdateMonitor( 2677): handleTimeUpdate
08-19 14:19:00.045 I/CNSS    ( 1320): cnss_open_log_file: directory /data/vendor/wlan_logs/ created
08-19 14:19:00.050 E/QSAnimator( 2677): tileView is null custom(com.android.settings/.development.qstile.DevelopmentTiles$WirelessDebugging)
08-19 14:19:00.050 E/QSAnimator( 2677): tileView is null flashlight
08-19 14:19:00.051 E/QSAnimator( 2677): tileView is null mute
08-19 14:19:00.051 E/QSAnimator( 2677): tileView is null screenshot
08-19 14:19:00.051 E/QSAnimator( 2677): tileView is null airplane
08-19 14:19:00.051 E/QSAnimator( 2677): tileView is null screenlock
08-19 14:19:00.051 E/QSAnimator( 2677): tileView is null gps
08-19 14:19:00.051 E/QSAnimator( 2677): tileView is null rotation
08-19 14:19:00.051 E/QSAnimator( 2677): tileView is null scanner
08-19 14:19:00.051 E/QSAnimator( 2677): tileView is null papermode
08-19 14:19:00.051 E/QSAnimator( 2677): tileView is null night
08-19 14:19:00.051 E/QSAnimator( 2677): tileView is null quietmode
08-19 14:19:00.051 E/QSAnimator( 2677): tileView is null batterysaver
08-19 14:19:00.051 E/QSAnimator( 2677): tileView is null custom(com.miui.securitycenter/com.miui.superpower.notification.SuperPowerTileService)
08-19 14:19:00.051 E/QSAnimator( 2677): tileView is null custom(com.milink.service/com.milink.ui.service.MiLinkTileService)
08-19 14:19:00.051 E/QSAnimator( 2677): tileView is null custom(com.miui.mishare.connectivity/.tile.MiShareTileService)
08-19 14:19:00.051 E/QSAnimator( 2677): tileView is null freeformhang
08-19 14:19:00.051 E/QSAnimator( 2677): tileView is null custom(com.miui.screenrecorder/.service.QuickService)
08-19 14:19:00.051 E/QSAnimator( 2677): tileView is null vibrate
08-19 14:19:00.051 E/QSAnimator( 2677): tileView is null hotspot
08-19 14:19:00.051 E/QSAnimator( 2677): tileView is null nfc
08-19 14:19:00.051 E/QSAnimator( 2677): tileView is null edit
08-19 14:19:00.170 I/cmd     (31811): oneway function results will be dropped but finished with status OK and parcel size 4
08-19 14:19:00.263 W/Thread-21( 6397): type=1400 audit(0.0:1643007): avc: denied { read } for name="devices" dev="proc" ino=4026532038 scontext=u:r:untrusted_app_27:s0:c512,c768 tcontext=u:object_r:proc:s0 tclass=file permissive=0 app=com.tmri.app.main
08-19 14:19:00.585 I/cmd     (31826): oneway function results will be dropped but finished with status OK and parcel size 4
08-19 14:19:00.951 W/Thread-110(26994): type=1400 audit(0.0:1643008): avc: granted { open } for path="/dev/ashmem" dev="tmpfs" ino=1135 scontext=u:r:untrusted_app_27:s0:c32,c257,c512,c768 tcontext=u:object_r:ashmem_device:s0 tclass=chr_file app=com.vmos.app
08-19 14:19:01.376 I/cmd     (31850): oneway function results will be dropped but finished with status OK and parcel size 4
08-19 14:19:01.493 I/cmd     (31854): oneway function results will be dropped but finished with status OK and parcel size 4
08-19 14:19:01.503 W/Thread-21( 6397): type=1400 audit(0.0:1643009): avc: denied { read } for name="devices" dev="proc" ino=4026532038 scontext=u:r:untrusted_app_27:s0:c512,c768 tcontext=u:object_r:proc:s0 tclass=file permissive=0 app=com.tmri.app.main
08-19 14:19:01.691 I/MiuiNetworkPolicy( 1783): bandwidth: 0 KB/s, Max bandwidth: 4964 KB/s
08-19 14:19:01.803 I/cmd     (31858): oneway function results will be dropped but finished with status OK and parcel size 4
08-19 14:19:02.241 I/cmd     (31870): oneway function results will be dropped but finished with status OK and parcel size 4
08-19 14:19:02.362 I/cmd     (31877): oneway function results will be dropped but finished with status OK and parcel size 4
08-19 14:19:02.507 W/Thread-21( 6397): type=1400 audit(0.0:1643010): avc: denied { read } for name="devices" dev="proc" ino=4026532038 scontext=u:r:untrusted_app_27:s0:c512,c768 tcontext=u:object_r:proc:s0 tclass=file permissive=0 app=com.tmri.app.main
08-19 14:19:03.121 I/cmd     (31893): oneway function results will be dropped but finished with status OK and parcel size 4
08-19 14:19:03.236 I/cmd     (31897): oneway function results will be dropped but finished with status OK and parcel size 4
08-19 14:19:03.523 W/Thread-21( 6397): type=1400 audit(0.0:1643011): avc: denied { read } for name="devices" dev="proc" ino=4026532038 scontext=u:r:untrusted_app_27:s0:c512,c768 tcontext=u:object_r:proc:s0 tclass=file permissive=0 app=com.tmri.app.main
08-19 14:19:03.967 D/CompatibilityInfo( 1783): mCompatibilityFlags - 0
08-19 14:19:03.967 D/CompatibilityInfo( 1783): applicationDensity - 440
08-19 14:19:03.967 D/CompatibilityInfo( 1783): applicationScale - 1.0
08-19 14:19:03.976 I/GmscoreIpa( 5110): Starting mediastore instant index [CONTEXT service_id=255 ]
08-19 14:19:04.049 I/cmd     (31918): oneway function results will be dropped but finished with status OK and parcel size 4
08-19 14:19:04.167 I/cmd     (31926): oneway function results will be dropped but finished with status OK and parcel size 4
08-19 14:19:04.447 D/NetworkSpeedTracker( 2989): receive actionandroid.intent.action.BATTERY_CHANGED
08-19 14:19:04.447 D/NetworkSpeedTracker( 2989): onReceive ACTION_BATTERY_CHANGED mBatteryLevel = 70;mIsCharging =true
08-19 14:19:04.447 D/KeyguardUpdateMonitor( 2677): received broadcast android.intent.action.BATTERY_CHANGED
08-19 14:19:04.448 D/BatteryController( 2677): onReceive: Intent = Intent { act=android.intent.action.BATTERY_CHANGED flg=0x60000010 (has extras) } action = android.intent.action.BATTERY_CHANGED
08-19 14:19:04.452 I/BatteryInfoReceiver( 4989): ACTION_BATTERY_CHANGED
08-19 14:19:04.454 D/PowerCheckerService( 5940): onBatteryChanged, mBatteryLevel = 70, status = 2, level = 70, plug = 1, scale = 100
08-19 14:19:04.457 D/        (26994): set_light_battery: Not implemented.
08-19 14:19:04.457 D/UploadVoiceJobService( 3982): needUploadVoice timeSinceLastUpload = 40588
08-19 14:19:04.463 W/BatteryStatsImpl(26994): Couldn't get kernel wake lock stats
08-19 14:19:04.465 D/DeviceStatisticsService( 2921): chargerType=1 batteryLevel=70 totalBatteryCapacity=4237500
08-19 14:19:04.465 D/DeviceInfoHidlClient( 2921): getPowerInfoSupportStatus()=1
08-19 14:19:04.465 D/DeviceInfoHidlClient( 2921): isRadioOn()=true
08-19 14:19:04.465 I/DeviceInfoHidlClient( 2921): isPowerInfoNeverSent=false batteryLevel=70 batteryLevelIndex=2 chargingMode=1 totalCapacity=4237500 powerSaveMode=false
08-19 14:19:04.469 D/        (26994): set_light_battery: Not implemented.
08-19 14:19:04.467 W/ActivityManager(26994): type=1400 audit(0.0:1643012): avc: denied { read } for name="loadavg" dev="proc" ino=4026532259 scontext=u:r:untrusted_app_27:s0:c32,c257,c512,c768 tcontext=u:object_r:proc_loadavg:s0 tclass=file permissive=0 app=com.vmos.app
08-19 14:19:04.471 W/android.bg(26994): type=1400 audit(0.0:1643013): avc: granted { open } for path="/dev/ashmem" dev="tmpfs" ino=1135 scontext=u:r:untrusted_app_27:s0:c32,c257,c512,c768 tcontext=u:object_r:ashmem_device:s0 tclass=chr_file app=com.vmos.app
