08-19 14:16:56.229 D/GraphicBuffer(26916): linker libui Buffer->unlockAsync bdb6ea95
08-19 14:16:56.229 D/GraphicBuffer(26916): linker libui Buffer->getNativeBuffer bdb6e5f1
08-19 14:16:56.229 D/GraphicBuffer(26916): linker libui Buffer->getFlattenedSize bdb6eaa5
08-19 14:16:56.229 D/GraphicBuffer(26916): linker libui Buffer->getFdCount bdb6eacd
08-19 14:16:56.229 D/GraphicBuffer(26916): linker libui Buffer->flatten bdb6ead9
08-19 14:16:56.229 D/GraphicBuffer(26916): linker libui Buffer->unflatten bdb6ebdd
08-19 14:16:56.229 D/GraphicBuffer(26916): linker libui Buffer->deleteGraphicBuffer 0
08-19 14:16:56.229 D/GraphicBuffer(26916): linker libui Buffer->initSize c1d62015
08-19 14:16:56.229 D/GraphicBuffer(26916): linker libui Buffer->mapperget c1d62125
08-19 14:16:56.229 D/GraphicBuffer(26916): linker libui Buffer->free_handle bdb6e571
08-19 14:16:56.229 D/GraphicBuffer(26916): linker libui Buffer->initWithSize c1d62015
08-19 14:16:56.229 D/GraphicBuffer(26916): linker libui Buffer->newRefBase be6e8c5d
08-19 14:16:56.229 D/GraphicBuffer(26916): linker libui Buffer->releaseRefBase be6e8c89
08-19 14:16:56.229 D/GraphicBuffer(26916): linker libui Buffer->incStrong be6e897b
08-19 14:16:56.230 D/GraphicBuffer(26916): linker libui Buffer->decStrong be6e89cd
08-19 14:16:56.230 D/GraphicBufferMapper(26916): linker libui hostMapper-------------------
08-19 14:16:56.230 D/GraphicBufferMapper(26916): linker libui Mapper->get 0xbdb70231
08-19 14:16:56.230 D/GraphicBufferMapper(26916): linker libui Mapper->createMapper 0x0
08-19 14:16:56.230 D/GraphicBufferMapper(26916): linker libui Mapper->registerBuffer 0x0
08-19 14:16:56.230 D/GraphicBufferMapper(26916): linker libui Mapper->unregisterBuffer 0x0
08-19 14:16:56.230 D/GraphicBufferMapper(26916): linker libui Mapper->lock 0xbdb705e5
08-19 14:16:56.230 D/GraphicBufferMapper(26916): linker libui Mapper->lockYCbCr 0xbdb706b9
08-19 14:16:56.230 D/GraphicBufferMapper(26916): linker libui Mapper->unlock 0xbdb70765
08-19 14:16:56.230 D/GraphicBufferMapper(26916): linker libui Mapper->lockAsync 0xbdb70651
08-19 14:16:56.230 D/GraphicBufferMapper(26916): linker libui Mapper->lockAsyncYCbCr 0xbdb70711
08-19 14:16:56.230 D/GraphicBufferMapper(26916): linker libui Mapper->unlockAsync 0xbdb707b1
08-19 14:16:56.233 D/SurfaceFlinger(26916): log buf[1]=1080 buf[2]=2400 buf[3]=1088 buf[4]=1
08-19 14:16:56.233 D/SurfaceFlinger(26916): send ret=0 anwb->handle->numInts=22 gbp->getFdCount()=2 size=140 fds=-322136576 FdCount=2
08-19 14:16:56.233 D/SurfaceFlinger(26916): connect=30 once=0
08-19 14:16:56.233 I/SHENG_DEBUG_OPENGL_D(26302): nDebugrecvServer=26965
08-19 14:16:56.233 I/SHENG_DEBUG_OPENGL_D(26302): gnumFds=2 gnumInts=22
08-19 14:16:56.233 E/SurfaceFlinger(26916): sunlog sennd fd[0] = 28
08-19 14:16:56.233 E/SurfaceFlinger(26916): sunlog sennd fd[1] = 29
08-19 14:16:56.233 E/SurfaceFlinger(26916): sunlog sendmsg size = 140
08-19 14:16:56.233 E/SHENG_DEBUG_OPENGL_E(26302): before unflatem
08-19 14:16:56.233 D/SurfaceFlinger(26916): send=140
08-19 14:16:56.233 E/SHENG_DEBUG_OPENGL_E(26302): after unflatem
08-19 14:16:56.233 I/SHENG_DEBUG_OPENGL_D(26302): 'GB01'=47423031 'GBFR'=47424652 buf[0]=47423031
08-19 14:16:56.233 I/SHENG_DEBUG_OPENGL_D(26302): 
08-19 14:16:56.233 I/SHENG_DEBUG_OPENGL_D(26302): [0]bba6d008=5f626672 
08-19 14:16:56.233 I/SHENG_DEBUG_OPENGL_D(26302): [1]bba6d00c=60 
08-19 14:16:56.233 I/SHENG_DEBUG_OPENGL_D(26302): [2]bba6d010=0 
08-19 14:16:56.233 I/SHENG_DEBUG_OPENGL_D(26302): [3]bba6d014=0 
08-19 14:16:56.233 I/SHENG_DEBUG_OPENGL_D(26302): [4]bba6d018=0 
08-19 14:16:56.233 I/SHENG_DEBUG_OPENGL_D(26302): [5]bba6d01c=0 
08-19 14:16:56.233 I/SHENG_DEBUG_OPENGL_D(26302): [6]bba6d020=e9af0f2d 
08-19 14:16:56.233 I/SHENG_DEBUG_OPENGL_D(26302): [7]bba6d024=e9af0f39 
08-19 14:16:56.233 I/SHENG_DEBUG_OPENGL_D(26302): [8]bba6d028=438 
08-19 14:16:56.233 I/SHENG_DEBUG_OPENGL_D(26302): [9]bba6d02c=960 
08-19 14:16:56.233 I/SHENG_DEBUG_OPENGL_D(26302): 
08-19 14:16:56.233 I/SHENG_DEBUG_OPENGL_D(26302): [10]bba6d030=440 
08-19 14:16:56.233 I/SHENG_DEBUG_OPENGL_D(26302): [11]bba6d034=1 
08-19 14:16:56.233 I/SHENG_DEBUG_OPENGL_D(26302): [12]bba6d038=1a00 
08-19 14:16:56.233 I/SHENG_DEBUG_OPENGL_D(26302): [13]bba6d03c=1 
08-19 14:16:56.233 I/SHENG_DEBUG_OPENGL_D(26302): [14]bba6d040=0 
08-19 14:16:56.233 I/SHENG_DEBUG_OPENGL_D(26302): [15]bba6d044=eb191a30 
08-19 14:16:56.233 I/SHENG_DEBUG_OPENGL_D(26302): [16]bba6d048=1a00 
08-19 14:16:56.233 I/SHENG_DEBUG_OPENGL_D(26302): [17]bba6d04c=0 
08-19 14:16:56.233 I/SHENG_DEBUG_OPENGL_D(26302): [18]bba6d050=0 
08-19 14:16:56.233 I/SHENG_DEBUG_OPENGL_D(26302): [19]bba6d054=0 
08-19 14:16:56.233 I/SHENG_DEBUG_OPENGL_D(26302): 
08-19 14:16:56.233 I/SHENG_DEBUG_OPENGL_D(26302): [20]bba6d058=0 
08-19 14:16:56.233 I/SHENG_DEBUG_OPENGL_D(26302): [21]bba6d05c=0 
08-19 14:16:56.233 I/SHENG_DEBUG_OPENGL_D(26302): [22]bba6d060=0 
08-19 14:16:56.233 I/SHENG_DEBUG_OPENGL_D(26302): [23]bba6d064=0 
08-19 14:16:56.233 I/SHENG_DEBUG_OPENGL_D(26302): [24]bba6d068=1 
08-19 14:16:56.233 I/SHENG_DEBUG_OPENGL_D(26302): [25]bba6d06c=d5c70128 
08-19 14:16:56.233 I/SHENG_DEBUG_OPENGL_D(26302): [26]bba6d070=0 
08-19 14:16:56.233 I/SHENG_DEBUG_OPENGL_D(26302): [27]bba6d074=2 
08-19 14:16:56.233 I/SHENG_DEBUG_OPENGL_D(26302): [28]bba6d078=16 
08-19 14:16:56.233 I/SHENG_DEBUG_OPENGL_D(26302): [29]bba6d07c=0 
08-19 14:16:56.233 I/SHENG_DEBUG_OPENGL_D(26302): 
08-19 14:16:56.233 I/SHENG_DEBUG_OPENGL_D(26302): [30]bba6d080=0 
08-19 14:16:56.233 I/SHENG_DEBUG_OPENGL_D(26302): [31]bba6d084=6924 
08-19 14:16:56.233 I/SHENG_DEBUG_OPENGL_D(26302): log x1=1600284274 version=96
08-19 14:16:56.233 I/SHENG_DEBUG_OPENGL_D(26302): recv ANativeWindowBuffer = 0xbba6d008
08-19 14:16:56.233 I/SHENG_DEBUG_OPENGL_D(26302): recv ANativeWindowBuffer h=2400(0x960) w=1080(0x438)
08-19 14:16:56.233 I/SHENG_DEBUG_OPENGL_D(26302): recv ANativeWindowBuffer buffer[1]=1080 buffer[2]=2400
08-19 14:16:56.233 E/SHENG_DEBUG_OPENGL_E(26302): recv colorbuffer=1 fd_count=0
08-19 14:16:56.233 I/SHENG_DEBUG_OPENGL_D(26302): send ok ANativeWindowBuffer
08-19 14:16:56.233 W/MY_DEBUG_OPENGL_E(26302): CreateNATIVE_BUFFEREGLImage2 error anwb->handle=0xeb191a30 w=1080 int h=2400 int format=1908 int usage=1a00
08-19 14:16:56.234 W/MY_DEBUG_OPENGL_E(26302): EGLClientBuffer NATIVE_Image tang 13 0xb3ad0ac0 12288
08-19 14:16:56.243 D/SurfaceFlinger(26916): log buf[1]=1080 buf[2]=2400 buf[3]=1088 buf[4]=1
08-19 14:16:56.243 D/SurfaceFlinger(26916): send ret=0 anwb->handle->numInts=22 gbp->getFdCount()=2 size=140 fds=-1076772864 FdCount=2
08-19 14:16:56.243 D/SurfaceFlinger(26916): connect=33 once=1
08-19 14:16:56.244 E/SurfaceFlinger(26916): sunlog sennd fd[0] = 34
08-19 14:16:56.244 E/SurfaceFlinger(26916): sunlog sennd fd[1] = 35
08-19 14:16:56.244 E/SurfaceFlinger(26916): sunlog sendmsg size = 140
08-19 14:16:56.244 E/SHENG_DEBUG_OPENGL_E(26302): before unflatem
08-19 14:16:56.244 E/SHENG_DEBUG_OPENGL_E(26302): after unflatem
08-19 14:16:56.244 I/SHENG_DEBUG_OPENGL_D(26302): 'GB01'=47423031 'GBFR'=47424652 buf[0]=47423031
08-19 14:16:56.244 D/SurfaceFlinger(26916): send=140
08-19 14:16:56.244 I/SHENG_DEBUG_OPENGL_D(26302): 
08-19 14:16:56.244 I/SHENG_DEBUG_OPENGL_D(26302): [0]bd560808=5f626672 
08-19 14:16:56.244 I/SHENG_DEBUG_OPENGL_D(26302): [1]bd56080c=60 
08-19 14:16:56.244 I/SHENG_DEBUG_OPENGL_D(26302): [2]bd560810=0 
08-19 14:16:56.244 I/SHENG_DEBUG_OPENGL_D(26302): [3]bd560814=0 
08-19 14:16:56.244 I/SHENG_DEBUG_OPENGL_D(26302): [4]bd560818=0 
08-19 14:16:56.245 I/SHENG_DEBUG_OPENGL_D(26302): [5]bd56081c=0 
08-19 14:16:56.245 I/SHENG_DEBUG_OPENGL_D(26302): [6]bd560820=e9af0f2d 
08-19 14:16:56.245 I/SHENG_DEBUG_OPENGL_D(26302): [7]bd560824=e9af0f39 
08-19 14:16:56.245 I/SHENG_DEBUG_OPENGL_D(26302): [8]bd560828=438 
08-19 14:16:56.245 I/SHENG_DEBUG_OPENGL_D(26302): [9]bd56082c=960 
08-19 14:16:56.245 I/SHENG_DEBUG_OPENGL_D(26302): 
08-19 14:16:56.245 I/SHENG_DEBUG_OPENGL_D(26302): [10]bd560830=440 
08-19 14:16:56.245 I/SHENG_DEBUG_OPENGL_D(26302): [11]bd560834=1 
08-19 14:16:56.245 I/SHENG_DEBUG_OPENGL_D(26302): [12]bd560838=1a00 
08-19 14:16:56.245 I/SHENG_DEBUG_OPENGL_D(26302): [13]bd56083c=1 
08-19 14:16:56.245 I/SHENG_DEBUG_OPENGL_D(26302): [14]bd560840=6e0061 
08-19 14:16:56.245 I/SHENG_DEBUG_OPENGL_D(26302): [15]bd560844=bb878030 
08-19 14:16:56.245 I/SHENG_DEBUG_OPENGL_D(26302): [16]bd560848=1a00 
08-19 14:16:56.245 I/SHENG_DEBUG_OPENGL_D(26302): [17]bd56084c=0 
08-19 14:16:56.245 I/SHENG_DEBUG_OPENGL_D(26302): [18]bd560850=69006d 
08-19 14:16:56.245 I/SHENG_DEBUG_OPENGL_D(26302): [19]bd560854=5f006e 
08-19 14:16:56.245 I/SHENG_DEBUG_OPENGL_D(26302): 
08-19 14:16:56.245 I/SHENG_DEBUG_OPENGL_D(26302): [20]bd560858=730061 
08-19 14:16:56.245 I/SHENG_DEBUG_OPENGL_D(26302): [21]bd56085c=650070 
08-19 14:16:56.245 I/SHENG_DEBUG_OPENGL_D(26302): [22]bd560860=740063 
08-19 14:16:56.245 I/SHENG_DEBUG_OPENGL_D(26302): [23]bd560864=0 
08-19 14:16:56.245 I/SHENG_DEBUG_OPENGL_D(26302): [24]bd560868=1 
08-19 14:16:56.245 I/SHENG_DEBUG_OPENGL_D(26302): [25]bd56086c=d5c70128 
08-19 14:16:56.245 I/SHENG_DEBUG_OPENGL_D(26302): [26]bd560870=0 
08-19 14:16:56.245 I/SHENG_DEBUG_OPENGL_D(26302): [27]bd560874=2 
08-19 14:16:56.245 I/SHENG_DEBUG_OPENGL_D(26302): [28]bd560878=16 
08-19 14:16:56.245 I/SHENG_DEBUG_OPENGL_D(26302): [29]bd56087c=4f004d 
08-19 14:16:56.245 I/SHENG_DEBUG_OPENGL_D(26302): 
08-19 14:16:56.245 I/SHENG_DEBUG_OPENGL_D(26302): [30]bd560880=1 
08-19 14:16:56.245 I/SHENG_DEBUG_OPENGL_D(26302): [31]bd560884=6924 
08-19 14:16:56.245 I/SHENG_DEBUG_OPENGL_D(26302): log x1=1600284274 version=96
08-19 14:16:56.245 I/SHENG_DEBUG_OPENGL_D(26302): recv ANativeWindowBuffer = 0xbd560808
08-19 14:16:56.245 I/SHENG_DEBUG_OPENGL_D(26302): recv ANativeWindowBuffer h=2400(0x960) w=1080(0x438)
08-19 14:16:56.245 I/SHENG_DEBUG_OPENGL_D(26302): recv ANativeWindowBuffer buffer[1]=1080 buffer[2]=2400
08-19 14:16:56.245 E/SHENG_DEBUG_OPENGL_E(26302): recv colorbuffer=2 fd_count=0
08-19 14:16:56.245 I/SHENG_DEBUG_OPENGL_D(26302): send ok ANativeWindowBuffer
08-19 14:16:56.246 W/MY_DEBUG_OPENGL_E(26302): CreateNATIVE_BUFFEREGLImage2 error anwb->handle=0xbb878030 w=1080 int h=2400 int format=1908 int usage=1a00
08-19 14:16:56.246 W/MY_DEBUG_OPENGL_E(26302): EGLClientBuffer NATIVE_Image tang 13 0xb3ad0b00 12288
08-19 14:16:56.247 D/libEGL  (26954): loaded /vendor/lib/egl/libEGL_adreno.so
08-19 14:16:56.247 I/OMX-VDEC-1080P( 1377): set_frame_rate: the current time is 141656
08-19 14:16:56.250 D/libEGL  (26954): loaded /vendor/lib/egl/libGLESv1_CM_adreno.so
08-19 14:16:56.253 D/libEGL  (26954): loaded /vendor/lib/egl/libGLESv2_adreno.so
08-19 14:16:56.255 E/Xposed  (26926): Cannot load any modules because /data/data/de.robv.android.xposed.installer/conf/modules.list was not found
08-19 14:16:56.255 I/SamplingProfilerIntegration(26926): Profiling disabled.
08-19 14:16:56.255 D/Zygote  (26926): throw new ispre
08-19 14:16:56.256 D/Zygote  (26926): socketname ispre=zygote
08-19 14:16:56.256 D/Zygote  (26926): socketname ispre end
08-19 14:16:56.256 D/Zygote  (26926): begin preload
08-19 14:16:56.256 I/Zygote  (26926): Preloading classes...
08-19 14:16:56.256 I/art     (26926): Counter: 1
08-19 14:16:56.272 I/AdrenoGLES-0(26954): QUALCOMM build                   : 191610ae03, Ic907de5ed0
08-19 14:16:56.272 I/AdrenoGLES-0(26954): Build Date                       : 09/17/20
08-19 14:16:56.272 I/AdrenoGLES-0(26954): OpenGL ES Shader Compiler Version: EV031.32.02.01
08-19 14:16:56.272 I/AdrenoGLES-0(26954): Local Branch                     : 
08-19 14:16:56.272 I/AdrenoGLES-0(26954): Remote Branch                    : refs/tags/AU_LINUX_ANDROID_LA.UM.9.12.10.00.00.582.274
08-19 14:16:56.272 I/AdrenoGLES-0(26954): Remote Branch                    : NONE
08-19 14:16:56.272 I/AdrenoGLES-0(26954): Reconstruct Branch               : NOTHING
08-19 14:16:56.272 I/AdrenoGLES-0(26954): Build Config                     : S P 10.0.5 AArch32
08-19 14:16:56.272 I/AdrenoGLES-0(26954): Driver Path                      : /vendor/lib/egl/libGLESv2_adreno.so
08-19 14:16:56.275 W/BpBinder( 1354): PerfMonitor binderTransact :  time=273ms interface=android.media.IMediaHTTPConnection code=3
08-19 14:16:56.277 I/AdrenoGLES-0(26954): PFP: 0x016dd091, ME: 0x00000000
08-19 14:16:56.286 E/cutils-trace(26954): Error opening trace file: No such file or directory (2)
08-19 14:16:56.287 I/OMX-VDEC-1080P( 1377): set_frame_rate: the current time is 141656
08-19 14:16:56.308 D/GraphicBuffer(26954): linker libui hostGraphicBuffer-------------------
08-19 14:16:56.308 D/GraphicBuffer(26954): linker libui Buffer->createGraphicBuffer bdfaf04d
08-19 14:16:56.308 D/GraphicBuffer(26954): linker libui Buffer->createGraphicBufferRequestorName c1dc8129
08-19 14:16:56.308 D/GraphicBuffer(26954): linker libui Buffer->createGraphicBufferExistingHandle 0
08-19 14:16:56.308 D/GraphicBuffer(26954): linker libui Buffer->createGraphicBufferExistingANativeWindowBuffer 0
08-19 14:16:56.308 D/GraphicBuffer(26954): linker libui Buffer->initCheck bdfaf5e7
08-19 14:16:56.308 D/GraphicBuffer(26954): linker libui Buffer->getWidth 0
08-19 14:16:56.308 D/GraphicBuffer(26954): linker libui Buffer->getHeight 0
08-19 14:16:56.308 D/GraphicBuffer(26954): linker libui Buffer->getStride 0
08-19 14:16:56.308 D/GraphicBuffer(26954): linker libui Buffer->getUsage 0
08-19 14:16:56.308 D/GraphicBuffer(26954): linker libui Buffer->getPixelFormat 0
08-19 14:16:56.308 D/GraphicBuffer(26954): linker libui Buffer->getBounds 0
08-19 14:16:56.308 D/GraphicBuffer(26954): linker libui Buffer->getId c1dc8525
08-19 14:16:56.308 D/GraphicBuffer(26954): linker libui Buffer->lock bdfaf73d
08-19 14:16:56.308 D/GraphicBuffer(26954): linker libui Buffer->lockWithRect bdfaf785
08-19 14:16:56.308 D/GraphicBuffer(26954): linker libui Buffer->lockYCbCr bdfaf7f9
08-19 14:16:56.308 D/GraphicBuffer(26954): linker libui Buffer->lockYCbCrWithRect bdfaf839
08-19 14:16:56.308 D/GraphicBuffer(26954): linker libui Buffer->unlock bdfaf8a9
08-19 14:16:56.308 D/GraphicBuffer(26954): linker libui Buffer->lockAsync bdfaf8b1
08-19 14:16:56.309 D/GraphicBuffer(26954): linker libui Buffer->lockAsyncWithRect bdfaf909
08-19 14:16:56.309 D/GraphicBuffer(26954): linker libui Buffer->lockAsyncYCbCr bdfaf9e1
08-19 14:16:56.309 E/Minikin (26926): addFont failed to create font /system/fonts/NotoSansGujarati-Regular.ttf
08-19 14:16:56.309 D/GraphicBuffer(26954): linker libui Buffer->lockAsyncYCbCrWithRect bdfafa25
08-19 14:16:56.309 D/GraphicBuffer(26954): linker libui Buffer->unlockAsync bdfafa95
08-19 14:16:56.309 D/GraphicBuffer(26954): linker libui Buffer->getNativeBuffer bdfaf5f1
08-19 14:16:56.309 E/Minikin (26926): addFont failed to create font /system/fonts/NotoSansGujarati-Bold.ttf
08-19 14:16:56.309 D/GraphicBuffer(26954): linker libui Buffer->getFlattenedSize bdfafaa5
08-19 14:16:56.309 D/GraphicBuffer(26954): linker libui Buffer->getFdCount bdfafacd
08-19 14:16:56.309 E/Minikin (26926): addFont failed to create font /system/fonts/NotoSansGujaratiUI-Regular.ttf
08-19 14:16:56.309 D/GraphicBuffer(26954): linker libui Buffer->flatten bdfafad9
08-19 14:16:56.309 D/GraphicBuffer(26954): linker libui Buffer->unflatten bdfafbdd
08-19 14:16:56.309 D/GraphicBuffer(26954): linker libui Buffer->deleteGraphicBuffer 0
08-19 14:16:56.309 E/Minikin (26926): addFont failed to create font /system/fonts/NotoSansGujaratiUI-Bold.ttf
08-19 14:16:56.309 D/GraphicBuffer(26954): linker libui Buffer->initSize c1dc8015
08-19 14:16:56.309 D/GraphicBuffer(26954): linker libui Buffer->mapperget c1dc8125
08-19 14:16:56.309 E/Minikin (26926): addFont failed to create font /system/fonts/NotoSansGurmukhi-Regular.ttf
08-19 14:16:56.309 D/GraphicBuffer(26954): linker libui Buffer->free_handle bdfaf571
08-19 14:16:56.309 D/GraphicBuffer(26954): linker libui Buffer->initWithSize c1dc8015
08-19 14:16:56.309 E/Minikin (26926): addFont failed to create font /system/fonts/NotoSansGurmukhi-Bold.ttf
08-19 14:16:56.309 D/GraphicBuffer(26954): linker libui Buffer->newRefBase bdf20c5d
08-19 14:16:56.309 D/GraphicBuffer(26954): linker libui Buffer->releaseRefBase bdf20c89
08-19 14:16:56.309 D/GraphicBuffer(26954): linker libui Buffer->incStrong bdf2097b
08-19 14:16:56.309 E/Minikin (26926): addFont failed to create font /system/fonts/NotoSansGurmukhiUI-Regular.ttf
08-19 14:16:56.309 D/GraphicBuffer(26954): linker libui Buffer->decStrong bdf209cd
08-19 14:16:56.309 D/GraphicBufferMapper(26954): linker libui hostMapper-------------------
08-19 14:16:56.309 E/Minikin (26926): addFont failed to create font /system/fonts/NotoSansGurmukhiUI-Bold.ttf
08-19 14:16:56.309 D/GraphicBufferMapper(26954): linker libui Mapper->get 0xbdfb1231
08-19 14:16:56.309 D/GraphicBufferMapper(26954): linker libui Mapper->createMapper 0x0
08-19 14:16:56.309 D/GraphicBufferMapper(26954): linker libui Mapper->registerBuffer 0x0
08-19 14:16:56.309 D/GraphicBufferMapper(26954): linker libui Mapper->unregisterBuffer 0x0
08-19 14:16:56.309 D/GraphicBufferMapper(26954): linker libui Mapper->lock 0xbdfb15e5
08-19 14:16:56.309 D/GraphicBufferMapper(26954): linker libui Mapper->lockYCbCr 0xbdfb16b9
08-19 14:16:56.309 D/GraphicBufferMapper(26954): linker libui Mapper->unlock 0xbdfb1765
08-19 14:16:56.309 D/GraphicBufferMapper(26954): linker libui Mapper->lockAsync 0xbdfb1651
08-19 14:16:56.309 D/GraphicBufferMapper(26954): linker libui Mapper->lockAsyncYCbCr 0xbdfb1711
08-19 14:16:56.309 D/GraphicBufferMapper(26954): linker libui Mapper->unlockAsync 0xbdfb17b1
08-19 14:16:56.310 E/Minikin (26926): addFont failed to create font /system/fonts/NotoSansSinhala-Regular.ttf
08-19 14:16:56.310 E/Minikin (26926): addFont failed to create font /system/fonts/NotoSansSinhala-Bold.ttf
08-19 14:16:56.311 E/Minikin (26926): addFont failed to create font /system/fonts/NotoSansThaana-Regular.ttf
08-19 14:16:56.311 E/Minikin (26926): addFont failed to create font /system/fonts/NotoSansThaana-Bold.ttf
08-19 14:16:56.311 E/Minikin (26926): addFont failed to create font /system/fonts/NotoSansCham-Regular.ttf
08-19 14:16:56.311 E/Minikin (26926): addFont failed to create font /system/fonts/NotoSansCham-Bold.ttf
08-19 14:16:56.311 E/Minikin (26926): addFont failed to create font /system/fonts/NotoSansBalinese-Regular.ttf
08-19 14:16:56.312 E/Minikin (26926): addFont failed to create font /system/fonts/NotoSansBatak-Regular.ttf
08-19 14:16:56.312 E/Minikin (26926): addFont failed to create font /system/fonts/NotoSansBuginese-Regular.ttf
08-19 14:16:56.312 E/Minikin (26926): addFont failed to create font /system/fonts/NotoSansBuhid-Regular.ttf
08-19 14:16:56.312 E/Minikin (26926): addFont failed to create font /system/fonts/NotoSansCanadianAboriginal-Regular.ttf
08-19 14:16:56.312 E/Minikin (26926): addFont failed to create font /system/fonts/NotoSansCherokee-Regular.ttf
08-19 14:16:56.312 E/Minikin (26926): addFont failed to create font /system/fonts/NotoSansCoptic-Regular.ttf
08-19 14:16:56.312 E/Minikin (26926): addFont failed to create font /system/fonts/NotoSansGlagolitic-Regular.ttf
08-19 14:16:56.312 E/Minikin (26926): addFont failed to create font /system/fonts/NotoSansHanunoo-Regular.ttf
08-19 14:16:56.312 E/Minikin (26926): addFont failed to create font /system/fonts/NotoSansJavanese-Regular.ttf
08-19 14:16:56.312 E/Minikin (26926): addFont failed to create font /system/fonts/NotoSansKayahLi-Regular.ttf
08-19 14:16:56.312 E/Minikin (26926): addFont failed to create font /system/fonts/NotoSansLepcha-Regular.ttf
08-19 14:16:56.312 E/Minikin (26926): addFont failed to create font /system/fonts/NotoSansLimbu-Regular.ttf
08-19 14:16:56.312 E/Minikin (26926): addFont failed to create font /system/fonts/NotoSansMeeteiMayek-Regular.ttf
08-19 14:16:56.313 E/Minikin (26926): addFont failed to create font /system/fonts/NotoSansOlChiki-Regular.ttf
08-19 14:16:56.313 E/Minikin (26926): addFont failed to create font /system/fonts/NotoSansRejang-Regular.ttf
08-19 14:16:56.313 E/Minikin (26926): addFont failed to create font /system/fonts/NotoSansSaurashtra-Regular.ttf
08-19 14:16:56.313 E/Minikin (26926): addFont failed to create font /system/fonts/NotoSansSundanese-Regular.ttf
08-19 14:16:56.313 E/Minikin (26926): addFont failed to create font /system/fonts/NotoSansSylotiNagri-Regular.ttf
08-19 14:16:56.313 E/Minikin (26926): addFont failed to create font /system/fonts/NotoSansTagbanwa-Regular.ttf
08-19 14:16:56.313 E/Minikin (26926): addFont failed to create font /system/fonts/NotoSansTaiTham-Regular.ttf
08-19 14:16:56.313 E/Minikin (26926): addFont failed to create font /system/fonts/NotoSansTaiViet-Regular.ttf
08-19 14:16:56.313 E/Minikin (26926): addFont failed to create font /system/fonts/NotoSansTifinagh-Regular.ttf
08-19 14:16:56.313 E/Minikin (26926): addFont failed to create font /system/fonts/NotoSansYi-Regular.ttf
08-19 14:16:56.313 E/Minikin (26926): addFont failed to create font /system/fonts/Lohit-Odia.ttf
08-19 14:16:56.313 E/Minikin (26926): addFont failed to create font /system/fonts/NotoSansHans-Regular.otf
08-19 14:16:56.313 E/Minikin (26926): addFont failed to create font /system/fonts/NotoSansHant-Regular.otf
08-19 14:16:56.313 E/Minikin (26926): addFont failed to create font /system/fonts/NotoSansJP-Regular.otf
08-19 14:16:56.313 E/Minikin (26926): addFont failed to create font /system/fonts/NotoSansKR-Regular.otf
08-19 14:16:56.314 E/Minikin (26926): addFont failed to create font /system/fonts/NotoSansTaiLe-Regular.ttf
08-19 14:16:56.329 I/OMX-VDEC-1080P( 1377): set_frame_rate: the current time is 141656
08-19 14:16:56.329 I/OMX-VDEC-1080P( 1377): set_frame_rate: the current time is 141656
08-19 14:16:56.355 I/AudioTrack( 1354): isLongTimeZoreData zoer date time 1 Seconds
08-19 14:16:56.362 I/art     (26926): Thread[1,tid=26926,WaitingForJniOnLoad,Thread*=0xea6a1000,peer=0x12c31100,"main"] recursive attempt to load library "/system/lib/libmedia_jni.so"
08-19 14:16:56.362 D/MtpDeviceJNI(26926): register_android_mtp_MtpDevice
08-19 14:16:56.363 I/art     (26926): Thread[1,tid=26926,WaitingForJniOnLoad,Thread*=0xea6a1000,peer=0x12c31100,"main"] recursive attempt to load library "/system/lib/libmedia_jni.so"
08-19 14:16:56.363 I/art     (26926): Thread[1,tid=26926,WaitingForJniOnLoad,Thread*=0xea6a1000,peer=0x12c31100,"main"] recursive attempt to load library "/system/lib/libmedia_jni.so"
08-19 14:16:56.366 I/cmd     (26970): oneway function results will be dropped but finished with status OK and parcel size 4
08-19 14:16:56.370 I/TrafficManageService( 4989): mina mTrafficStatsReceiver onReceive
08-19 14:16:56.396 E/EmojiFactory_jni(26926): Failed to load libemoji.so: dlopen failed: library "libemoji.so" not found
08-19 14:16:56.407 I/OMX-VDEC-1080P( 1377): set_frame_rate: the current time is 141656
08-19 14:16:56.420 E/com.vmos.app(26302): Invalid ID 0x00000000.
08-19 14:16:56.448 I/OMX-VDEC-1080P( 1377): set_frame_rate: the current time is 141656
08-19 14:16:56.468 I/System  (26926): Loaded time zone names for "" in 15ms (14ms in ICU)
08-19 14:16:56.476 I/System  (26926): Loaded time zone names for "en_US" in 8ms (8ms in ICU)
08-19 14:16:56.486 I/System  (26926): Loaded time zone names for "zh_CN" in 9ms (9ms in ICU)
08-19 14:16:56.488 I/OMX-VDEC-1080P( 1377): set_frame_rate: the current time is 141656
08-19 14:16:56.488 I/OMX-VDEC-1080P( 1377): set_frame_rate: the current time is 141656
08-19 14:16:56.491 I/cmd     (26977): oneway function results will be dropped but finished with status OK and parcel size 4
08-19 14:16:56.495 I/Zygote  (26926): ...preloaded 3005 classes in 239ms.
08-19 14:16:56.495 I/art     (26926): VMRuntime.preloadDexCaches starting
08-19 14:16:56.512 I/art     (26926): VMRuntime.preloadDexCaches strings total=209494 before=39415 after=39415
08-19 14:16:56.512 I/art     (26926): VMRuntime.preloadDexCaches types total=18197 before=6266 after=6306
08-19 14:16:56.512 I/art     (26926): VMRuntime.preloadDexCaches fields total=85344 before=32094 after=32477
08-19 14:16:56.512 I/art     (26926): VMRuntime.preloadDexCaches methods total=150806 before=65975 after=66954
08-19 14:16:56.512 I/art     (26926): VMRuntime.preloadDexCaches finished
08-19 14:16:56.516 I/art     (26926): Counter: 0
08-19 14:16:56.516 I/art     (26926): Counter: 1
08-19 14:16:56.516 I/Zygote  (26926): Preloading resources...
08-19 14:16:56.528 I/Zygote  (26926): ...preloaded 41 resources in 12ms.
08-19 14:16:56.530 I/Zygote  (26926): ...preloaded 41 resources in 2ms.
08-19 14:16:56.530 I/art     (26926): Counter: 0
08-19 14:16:56.538 D/libEGL  (26926): loaded /vendor/lib/egl/libEGL_adreno.so
08-19 14:16:56.540 D/libEGL  (26926): loaded /vendor/lib/egl/libGLESv1_CM_adreno.so
08-19 14:16:56.543 D/libEGL  (26926): loaded /vendor/lib/egl/libGLESv2_adreno.so
08-19 14:16:56.558 I/Zygote  (26926): Preloading shared libraries...
08-19 14:16:56.565 D/Zygote  (26926): end preload
08-19 14:16:56.567 I/OMX-VDEC-1080P( 1377): set_frame_rate: the current time is 141656
08-19 14:16:56.568 I/art     (26926): Explicit concurrent mark sweep GC freed 6888(272KB) AllocSpace objects, 0(0B) LOS objects, 66% free, 1844KB/5MB, paused 36us total 2.912ms
08-19 14:16:56.575 I/art     (26926): Explicit concurrent mark sweep GC freed 1275(60KB) AllocSpace objects, 0(0B) LOS objects, 66% free, 1784KB/5MB, paused 39us total 2.502ms
08-19 14:16:56.577 I/art     (26926): Explicit concurrent mark sweep GC freed 5(160B) AllocSpace objects, 0(0B) LOS objects, 66% free, 1784KB/5MB, paused 34us total 2.394ms
08-19 14:16:56.585 W/BpBinder( 1354): PerfMonitor binderTransact :  time=296ms interface=android.media.IMediaHTTPConnection code=3
08-19 14:16:56.589 I/NuCachedSource2( 1354): caching reached eos.
08-19 14:16:56.607 I/OMX-VDEC-1080P( 1377): set_frame_rate: the current time is 141656
08-19 14:16:56.613 I/Zygote  (26926): System server process 26994 has been created
08-19 14:16:56.615 D/Zygote  (26926): throw new isHuawei
08-19 14:16:56.615 I/Zygote  (26926): into loop pre=0
08-19 14:16:56.625 I/InstallerConnection(26994): disconnecting...
08-19 14:16:56.646 D/VirtualBinder(26798): binder_filp_open ----pid==26994--------
08-19 14:16:56.647 I/OMX-VDEC-1080P( 1377): set_frame_rate: the current time is 141656
08-19 14:16:56.647 I/OMX-VDEC-1080P( 1377): set_frame_rate: the current time is 141656
08-19 14:16:56.650 E/Zygote  (26994): Zygote MethodAndArgsCaller xxx
08-19 14:16:56.651 I/SystemServer(26994): Entered the Android system server!
08-19 14:16:56.673 V/Fingerprint-JNI(26994): FingerprintManager JNI ready.
08-19 14:16:56.674 D/SensorService(26994): nuSensorService starting...
08-19 14:16:56.674 E/HAL     (26994): enter gralloc class_id=sensors
08-19 14:16:56.676 E/HAL     (26994): loaded HAL id=sensors path=/system/lib/hw/sensors.smdk4x12.so hmi=0x0 handle=0xe91a92c4
08-19 14:16:56.678 D/SensorService(26994): new thread SensorEventAckReceiver
08-19 14:16:56.678 D/SensorService(26994): nuSensorService thread starting...
08-19 14:16:56.682 I/SystemServiceManager(26994): Starting com.android.server.pm.Installer
08-19 14:16:56.683 I/Installer(26994): Waiting for installd to be ready.
08-19 14:16:56.683 I/InstallerConnection(26994): connecting...
08-19 14:16:56.683 I/installd(26924): new connection
08-19 14:16:56.683 I/SystemServiceManager(26994): Starting com.android.server.am.ActivityManagerService$Lifecycle
08-19 14:16:56.687 I/ActivityManager(26994): Memory class: 400
08-19 14:16:56.693 W/BatteryStatsImpl(26994): Couldn't get kernel wake lock stats
08-19 14:16:56.698 W/ProcessCpuTracker(26994): Skipping unknown process pid 26720
08-19 14:16:56.705 I/IntentFirewall(26994): Read new rules (A:0 B:0 S:0)
08-19 14:16:56.710 I/SystemServiceManager(26994): Starting com.android.server.power.PowerManagerService
08-19 14:16:56.712 E/HAL     (26994): enter gralloc class_id=power
08-19 14:16:56.713 E/HAL     (26994): loaded HAL id=power path=/system/lib/hw/power.smdk4x12.so hmi=0x0 handle=0xe91a9424
08-19 14:16:56.714 W/BatteryStatsImpl(26994): Couldn't get kernel wake lock stats
08-19 14:16:56.715 I/SystemServiceManager(26994): Starting com.android.server.display.DisplayManagerService
08-19 14:16:56.715 E/BatteryStatsService(26994): Failed to open /sys/kernel/wakeup_reasons/last_resume_reason
08-19 14:16:56.717 I/SystemServiceManager(26994): Starting phase 100
08-19 14:16:56.720 I/DisplayManagerService(26994): Display device added: DisplayDeviceInfo{"内置屏幕": uniqueId="local:0", 1080 x 2400, 120.00001 fps, supportedRefreshRates [120.00001], density 440, 159.89508 x 160.42105 dpi, appVsyncOff 0, presDeadline 9333333, touch INTERNAL, rotation 0, type BUILT_IN, state UNKNOWN, FLAG_DEFAULT_DISPLAY, FLAG_ROTATES_WITH_CONTENT, FLAG_SECURE, FLAG_SUPPORTS_PROTECTED_BUFFERS}
08-19 14:16:56.720 I/SystemServer(26994): Package Manager
08-19 14:16:56.725 W/SystemConfig(26994): No directory /system/etc/sysconfig, skipping
08-19 14:16:56.727 I/OMX-VDEC-1080P( 1377): set_frame_rate: the current time is 141656
08-19 14:16:56.730 W/SystemConfig(26994): Got exception parsing permissions.
08-19 14:16:56.730 W/SystemConfig(26994): org.xmlpull.v1.XmlPullParserException: Unexpected token (position:unknown @2:1 in java.io.FileReader@eecf965) 
08-19 14:16:56.730 W/SystemConfig(26994): 	at org.kxml2.io.KXmlParser.next(KXmlParser.java:428)
08-19 14:16:56.730 W/SystemConfig(26994): 	at org.kxml2.io.KXmlParser.next(KXmlParser.java:313)
08-19 14:16:56.730 W/SystemConfig(26994): 	at com.android.server.SystemConfig.readPermissionsFromXml(SystemConfig.java:199)
08-19 14:16:56.730 W/SystemConfig(26994): 	at com.android.server.SystemConfig.readPermissions(SystemConfig.java:173)
08-19 14:16:56.730 W/SystemConfig(26994): 	at com.android.server.SystemConfig.<init>(SystemConfig.java:133)
08-19 14:16:56.730 W/SystemConfig(26994): 	at com.android.server.SystemConfig.getInstance(SystemConfig.java:94)
08-19 14:16:56.730 W/SystemConfig(26994): 	at com.android.server.pm.PackageManagerService.<init>(PackageManagerService.java:1404)
08-19 14:16:56.730 W/SystemConfig(26994): 	at com.android.server.pm.PackageManagerService.main(PackageManagerService.java:1312)
08-19 14:16:56.730 W/SystemConfig(26994): 	at com.android.server.SystemServer.startBootstrapServices(SystemServer.java:357)
08-19 14:16:56.730 W/SystemConfig(26994): 	at de.robv.android.xposed.XposedBridge.invokeOriginalMethodNative(Native Method)
08-19 14:16:56.730 W/SystemConfig(26994): 	at de.robv.android.xposed.XposedBridge.handleHookedMethod(XposedBridge.java:360)
08-19 14:16:56.730 W/SystemConfig(26994): 	at com.android.server.SystemServer.startBootstrapServices(<Xposed>)
08-19 14:16:56.730 W/SystemConfig(26994): 	at com.android.server.SystemServer.run(SystemServer.java:260)
08-19 14:16:56.730 W/SystemConfig(26994): 	at com.android.server.SystemServer.main(SystemServer.java:171)
08-19 14:16:56.730 W/SystemConfig(26994): 	at java.lang.reflect.Method.invoke(Native Method)
08-19 14:16:56.730 W/SystemConfig(26994): 	at java.lang.reflect.Method.invoke(Method.java:372)
08-19 14:16:56.730 W/SystemConfig(26994): 	at com.android.internal.os.ZygoteInit$MethodAndArgsCaller.run(ZygoteInit.java:1100)
08-19 14:16:56.730 W/SystemConfig(26994): 	at com.android.internal.os.ZygoteInit.main(ZygoteInit.java:875)
08-19 14:16:56.730 W/SystemConfig(26994): 	at de.robv.android.xposed.XposedBridge.main(XposedBridge.java:107)
08-19 14:16:56.732 I/SystemConfig(26994): Non-xml file /system/etc/permissions/.tcookieid in /system/etc/permissions directory, ignoring
08-19 14:16:56.768 I/OMX-VDEC-1080P( 1377): set_frame_rate: the current time is 141656
08-19 14:16:56.780 I/sensors-hal(  937): batch:180, android.sensor.gyroscope/38, period=50000000, max_latency=0
08-19 14:16:56.781 I/sensors-hal(  937): batch:189, android.sensor.gyroscope/38, period=50000000, max_latency=0 request completed
08-19 14:16:56.781 I/sensors-hal(  937): activate:147, android.sensor.gyroscope/38 en=1
08-19 14:16:56.781 I/sensors-hal(  937): get_qmi_debug_flag:241, support_qmi_debug : false
08-19 14:16:56.787 I/chatty  (  937): uid=1000(system) HwBinder:937_1 identical 1 line
08-19 14:16:56.791 I/sensors-hal(  937): get_qmi_debug_flag:241, support_qmi_debug : false
08-19 14:16:56.793 D/PackageManager(26994): No files in app dir /vendor/overlay
08-19 14:16:56.795 W/PackageManager(26994): Failed to parse /system/framework/arm: Missing base APK in /system/framework/arm
08-19 14:16:56.797 I/sensors-hal(  937): activate:158, android.sensor.gyroscope/38 en=1 completed
08-19 14:16:56.803 W/PackageManager(26994): Failed to parse /system/framework/webview: Missing base APK in /system/framework/webview
08-19 14:16:56.807 I/OMX-VDEC-1080P( 1377): set_frame_rate: the current time is 141656
08-19 14:16:56.817 W/PackageParser(26994): No actions in intent filter at /system/priv-app/Contacts/Contacts.apk Binary XML file line #356
08-19 14:16:56.807 I/OMX-VDEC-1080P( 1377): set_frame_rate: the current time is 141656
08-19 14:16:56.818 I/cmd     (27064): oneway function results will be dropped but finished with status OK and parcel size 4
08-19 14:16:56.839 W/PackageParser(26994): No actions in intent filter at /system/priv-app/Dialer/Dialer.apk Binary XML file line #166
08-19 14:16:56.839 W/system_server(26994): type=1400 audit(0.0:1640397): avc: granted { open } for path="/dev/ashmem" dev="tmpfs" ino=1135 scontext=u:r:untrusted_app_27:s0:c32,c257,c512,c768 tcontext=u:object_r:ashmem_device:s0 tclass=chr_file app=com.vmos.app
08-19 14:16:56.851 I/chatty  (26994): uid=10288(com.vmos.app) system_server identical 3 lines
08-19 14:16:56.855 W/system_server(26994): type=1400 audit(0.0:1640401): avc: granted { open } for path="/dev/ashmem" dev="tmpfs" ino=1135 scontext=u:r:untrusted_app_27:s0:c32,c257,c512,c768 tcontext=u:object_r:ashmem_device:s0 tclass=chr_file app=com.vmos.app
08-19 14:16:56.887 I/OMX-VDEC-1080P( 1377): set_frame_rate: the current time is 141656
08-19 14:16:56.925 I/cmd     (27075): oneway function results will be dropped but finished with status OK and parcel size 4
08-19 14:16:56.927 I/OMX-VDEC-1080P( 1377): set_frame_rate: the current time is 141656
08-19 14:16:56.965 W/PackageParser(26994): Unknown element under <intent-filter>: android at /system/priv-app/Telecom/Telecom.apk Binary XML file line #232
08-19 14:16:56.967 I/chatty  ( 1377): uid=1046(mediacodec) omx@1.0-service identical 1 line
08-19 14:16:56.968 I/OMX-VDEC-1080P( 1377): set_frame_rate: the current time is 141656
08-19 14:16:56.984 W/ResourceType(26994): Failure getting entry for 0x7f08026f (t=7 e=623) (error -75)
08-19 14:16:57.033 W/PackageParser(26994): Unknown element under <application>: permission at /system/app/Gallery2/Gallery2.apk Binary XML file line #242
08-19 14:16:57.033 W/PackageParser(26994): Unknown element under <application>: permission at /system/app/Gallery2/Gallery2.apk Binary XML file line #245
08-19 14:16:57.047 I/OMX-VDEC-1080P( 1377): set_frame_rate: the current time is 141657
08-19 14:16:57.098 W/PackageManager(26994): Skipping provider name com.vmos.hint.updateFileProvider (in package com.vmos.hint): name already used by com.vmos.hint
08-19 14:16:57.123 W/PackageManager(26994): Failed to parse /system/app/superuser: No packages found in split
08-19 14:16:57.088 I/OMX-VDEC-1080P( 1377): set_frame_rate: the current time is 141657
08-19 14:16:57.126 I/mi_thermald( 1323): v_algo_init
08-19 14:16:57.127 I/OMX-VDEC-1080P( 1377): set_frame_rate: the current time is 141657
08-19 14:16:57.127 I/OMX-VDEC-1080P( 1377): set_frame_rate: the current time is 141657
08-19 14:16:57.130 D/PackageManager(26994): No files in app dir /data/data/com.vmos.app/osimg/r/ot01/system/vendor/app
08-19 14:16:57.130 D/PackageManager(26994): No files in app dir /oem/app
08-19 14:16:57.140 I/CameraService(26922): CameraService started (pid=26922)
08-19 14:16:57.140 E/HAL     (26922): enter gralloc class_id=camera
08-19 14:16:57.144 E/EmulatedCamera_QemuClient(26922): Send query 'list'
08-19 14:16:57.144 E/EmulatedCamera_QemuClient(26922): doQuery: receiveMessage
08-19 14:16:57.145 E/EmulatedCamera_QemuClient(26922): *data=ok
08-19 14:16:57.145 E/EmulatedCamera_QemuClient(26922): doQuery: receiveMessage end
08-19 14:16:57.145 E/EmulatedCamera_QemuClient(26922): Response to query 'list': Status = 'ok', 1195 bytes in response
08-19 14:16:57.145 E/EmulatedCamera_QemuClient(26922): doQuery: Complete the query
08-19 14:16:57.145 D/EmulatedCamera_QemuClient(26922): Emulated camera list: name=camera_0 framedims=1920x1440,1920x1080,1600x1200,1600x720,1280x960,1280x720,720x480,640x480,640x360,352x288,320x240,176x144 dir=back areasnums=1 zoom=100,109,118,127,136,145,154,163,172,181,190,200,209,218,227,236,245,254,263,272,281,290,299,309,318,327,336,345,354,363,372,381,390,399,409,418,427,436,445,454,463,472,481,490,499,509,518,527,536,545,554,563,572,581,590,599,609,618,627,636,645,654,663,672,681,690,699,709,718,727,736,745,754,763,772,781,790,799,809,818,827,836,845,854,863,872,881,890,899,909,918,927,936,945,954,963,972,981,990,999 focus=infinity,auto,macro,continuous-video,continuous-picture 
08-19 14:16:57.145 D/EmulatedCamera_QemuClient(26922): name=camera_1 framedims=1920x1440,1920x1080,1600x1200,1600x720,1280x960,1280x720,720x480,640x480,640x360,352x288,320x240,176x144 dir=front areasnums=0 zoom=100,109,118,127,136,145,154,163,172,181,190,200,209,218,227,236,245,254,263,272,281,290,299,309,318,327,336,345,354,363,372,381,390,399,409,418,427,436,445,454,463,472,481,490,499,509,518,527,536,545,554,563,572,581,590,599,609
08-19 14:16:57.145 E/EmulatedCamera_Factory(26922): createQemuCameras: zoom_start=true zoom_start=zoom=100,109,118,127,136,145,154,163,172,181,190,200,209,218,227,236,245,254,263,272,281,290,299,309,318,327,336,345,354,363,372,381,390,399,409,418,427,436,445,454,463,472,481,490,499,509,518,527,536,545,554,563,572,581,590,599,609,618,627,636,645,654,663,672,681,690,699,709,718,727,736,745,754,763,772,781,790,799,809,818,827,836,845,854,863,872,881,890,899,909,918,927,936,945,954,963,972,981,990,999 focus=infinity,auto,macro,continuous-video,continuous-picture  focus_start=focus=infinity,auto,macro,continuous-video,continuous-picture  areasnums_start=areasnums=1 zoom=100,109,118,127,136,145,154,163,172,181,190,200,209,218,227,236,245,254,263,272,281,290,299,309,318,327,336,345,354,363,372,381,390,399,409,418,427,436,445,454,463,472,481,490,499,509,518,527,536,545,554,563,572,581,590,599,609,618,627,636,645,654,663,672,681,690,699,709,718,727,736,745,754,763,772,781,790,799,809,818,827,836,845,854,863,872,881,890,899,909,918,927,936,945,954,963,972,981,990,999 f
08-19 14:16:57.145 V/EmulatedCamera_QemuCamera(26922): Initialize:
08-19 14:16:57.145 V/EmulatedCamera_QemuCamera(26922):    Name=camera_0
08-19 14:16:57.145 V/EmulatedCamera_QemuCamera(26922):    Facing 'back'
08-19 14:16:57.145 V/EmulatedCamera_QemuCamera(26922):    Dimensions=1920x1440,1920x1080,1600x1200,1600x720,1280x960,1280x720,720x480,640x480,640x360,352x288,320x240,176x144 supportzoom=true focus_dir=infinity,auto,macro,continuous-video,continuous-picture areasnums_dir=1
08-19 14:16:57.145 V/EmulatedCamera_QemuDevice(26922): Initialize: Connected to the emulated camera service 'camera_0'
08-19 14:16:57.145 V/EmulatedCamera_Device(26922): initializeWhiteBalanceModes with auto, 1.000000, 1.000000
08-19 14:16:57.145 V/EmulatedCamera_Device(26922): initializeWhiteBalanceModes with incandescent, 1.380000, 0.600000
08-19 14:16:57.145 V/EmulatedCamera_Device(26922): initializeWhiteBalanceModes with daylight, 1.090000, 0.920000
08-19 14:16:57.145 V/EmulatedCamera_Device(26922): initializeWhiteBalanceModes with twilight, 0.920000, 1.220000
08-19 14:16:57.145 V/EmulatedCamera_Device(26922): setWhiteBalanceMode with white balance auto
08-19 14:16:57.145 E/EmulatedCamera_QemuCamera(26922): SHENG_TMP focus_dir=infinity,auto,macro,continuous-video,continuous-picture
08-19 14:16:57.145 V/EmulatedCamera_QemuCamera(26922): Initialize: Qemu camera camera_0 is initialized. Current frame is 1920x1440
08-19 14:16:57.145 E/EmulatedCamera_Factory(26922): createQemuCameras: zoom_start=true zoom_start=zoom=100,109,118,127,136,145,154,163,172,181,190,200,209,218,227,236,245,254,263,272,281,290,299,309,318,327,336,345,354,363,372,381,390,399,409,418,427,436,445,454,463,472,481,490,499,509,518,527,536,545,554,563,572,581,590,599,609,618,627,636,645,654,663,672,681,690,699,709,718,727,736,745,754,763,772,781,790,799,809,818,827,836,845,854,863,872,881,890,899,909,918,927,936,945,954,963,972,981,990,999 focus=fixed  focus_start=focus=fixed  areasnums_start=areasnums=0 zoom=100,109,118,127,136,145,154,163,172,181,190,200,209,218,227,236,245,254,263,272,281,290,299,309,318,327,336,345,354,363,372,381,390,399,409,418,427,436,445,454,463,472,481,490,499,509,518,527,536,545,554,563,572,581,590,599,609,618,627,636,645,654,663,672,681,690,699,709,718,727,736,745,754,763,772,781,790,799,809,818,827,836,845,854,863,872,881,890,899,909,918,927,936,945,954,963,972,981,990,999 focus=fixed  flash_start=(null)
08-19 14:16:57.146 V/EmulatedCamera_QemuCamera(26922): Initialize:
08-19 14:16:57.146 V/EmulatedCamera_QemuCamera(26922):    Name=camera_1
08-19 14:16:57.146 V/EmulatedCamera_QemuCamera(26922):    Facing 'front'
08-19 14:16:57.146 V/EmulatedCamera_QemuCamera(26922):    Dimensions=1920x1440,1920x1080,1600x1200,1600x720,1280x960,1280x720,720x480,640x480,640x360,352x288,320x240,176x144 supportzoom=true focus_dir=fixed areasnums_dir=0
08-19 14:16:57.146 V/EmulatedCamera_QemuDevice(26922): Initialize: Connected to the emulated camera service 'camera_1'
08-19 14:16:57.146 V/EmulatedCamera_Device(26922): initializeWhiteBalanceModes with auto, 1.000000, 1.000000
08-19 14:16:57.146 V/EmulatedCamera_Device(26922): initializeWhiteBalanceModes with incandescent, 1.380000, 0.600000
08-19 14:16:57.146 V/EmulatedCamera_Device(26922): initializeWhiteBalanceModes with daylight, 1.090000, 0.920000
08-19 14:16:57.146 V/EmulatedCamera_Device(26922): initializeWhiteBalanceModes with twilight, 0.920000, 1.220000
08-19 14:16:57.146 V/EmulatedCamera_Device(26922): setWhiteBalanceMode with white balance auto
08-19 14:16:57.146 E/EmulatedCamera_QemuCamera(26922): SHENG_TMP focus_dir=fixed
08-19 14:16:57.146 V/EmulatedCamera_QemuCamera(26922): Initialize: Qemu camera camera_1 is initialized. Current frame is 1920x1440
08-19 14:16:57.146 V/EmulatedCamera_Factory(26922): 2 cameras are being emulated. 0 of them are fake cameras.
08-19 14:16:57.147 E/HAL     (26922): loaded HAL id=camera path=/system/lib/hw/camera.smdk4x12.so hmi=0x0 handle=0xe739ec64
08-19 14:16:57.147 I/CameraService(26922): Loaded "Emulated Camera Module" camera module
08-19 14:16:57.147 V/EmulatedCamera_Factory(26922): setCallbacks: callbacks = 0xe71290d4
08-19 14:16:57.147 I/CameraService(26922): setUpVendorTags: No vendor tags defined for this device.
08-19 14:16:57.147 V/EmulatedCamera_HotplugThread(26922): readyToRun: Initializing inotify
08-19 14:16:57.148 V/EmulatedCamera_HotplugThread(26922): addWatch: Watch added for camID='0', wd='1'
08-19 14:16:57.148 V/EmulatedCamera_HotplugThread(26922): addWatch: Watch added for camID='1', wd='2'
08-19 14:16:57.148 I/AudioPolicyService(26922): AudioPolicyService CSTOR in new mode
08-19 14:16:57.149 I/AudioPolicyManager(26922): loadAudioPolicyConfig() loaded /system/etc/audio_policy.conf
08-19 14:16:57.149 E/HAL     (26922): enter gralloc class_id=audio
08-19 14:16:57.150 E/HAL     (26922): loaded HAL id=audio path=/system/lib/hw/audio.primary.smdk4x12.so hmi=0xfffffff8 handle=0xe739edc4
08-19 14:16:57.150 I/AudioFlinger(26922): loadHwModule() Loaded primary audio interface from audio HW HAL (audio) handle 1
08-19 14:16:57.150 I/AudioFlinger(26922): HAL output buffer size 1024 frames, normal sink buffer size 1024 frames
08-19 14:16:57.150 E/HAL     (26922): enter gralloc class_id=local_time
08-19 14:16:57.151 E/HAL     (26922): loaded HAL id=local_time path=/system/lib/hw/local_time.default.so hmi=0x1 handle=0xe7059004
08-19 14:16:57.160 I/AudioMixer(26922): found effect "Multichannel Downmix To Stereo" from The Android Open Source Project
08-19 14:16:57.160 I/AudioFlinger(26922): Using module 1 has the primary audio interface
08-19 14:16:57.160 I/AudioFlinger(26922): AudioFlinger's thread 0xe707b900 ready to run
08-19 14:16:57.163 E/audio_hw_generic(26922): Error opening input stream format 1, channel_mask 0010, sample_rate 16000
08-19 14:16:57.164 D/AudioRecord(26302): set(): inputSource 1, sampleRate 11025, format 0x1, channelMask 0x10, frameCount 640, notificationFrames 0, sessionId 0, transferType 0, flags 0, opPackageName com.vmos.app uid -1, pid -1
08-19 14:16:57.164 W/Binder  (26994): Caught a RuntimeException from the binder stub implementation.
08-19 14:16:57.164 W/Binder  (26994): java.lang.NullPointerException: Attempt to invoke interface method 'int android.app.IActivityManager.checkPermission(java.lang.String, int, int)' on a null object reference
08-19 14:16:57.164 W/Binder  (26994): 	at android.app.ContextImpl.checkPermission(ContextImpl.java:1884)
08-19 14:16:57.164 W/Binder  (26994): 	at android.app.ContextImpl.checkCallingOrSelfPermission(ContextImpl.java:1925)
08-19 14:16:57.164 W/Binder  (26994): 	at android.app.ContextImpl.enforceCallingOrSelfPermission(ContextImpl.java:1962)
08-19 14:16:57.164 W/Binder  (26994): 	at com.android.server.power.PowerManagerService$BinderService.acquireWakeLock(PowerManagerService.java:2839)
08-19 14:16:57.164 W/Binder  (26994): 	at android.os.IPowerManager$Stub.onTransact(IPowerManager.java:66)
08-19 14:16:57.164 W/Binder  (26994): 	at android.os.Binder.execTransact(Binder.java:446)
08-19 14:16:57.166 I/AudioFlinger(26922): AudioFlinger's thread 0xe6a88b00 ready to run
08-19 14:16:57.166 E/HAL     (26922): enter gralloc class_id=audio
08-19 14:16:57.169 W/PackageManager(26994): Package com.lerist.fakelocation desires unavailable shared library org.apache.http.legacy; ignoring!
08-19 14:16:57.170 E/HAL     (26922): loaded HAL id=audio path=/system/lib/hw/audio.r_submix.default.so hmi=0xfffffff8 handle=0xe7059844
08-19 14:16:57.170 I/r_submix(26922): adev_open(name=audio_hw_if)
08-19 14:16:57.170 I/r_submix(26922): adev_init_check()
08-19 14:16:57.170 I/AudioFlinger(26922): loadHwModule() Loaded r_submix audio interface from Wifi Display audio HAL (audio) handle 4
08-19 14:16:57.170 D/r_submix(26922): adev_open_input_stream(addr=0)
08-19 14:16:57.170 D/r_submix(26922): submix_audio_device_create_pipe_l(addr=0, idx=9)
08-19 14:16:57.170 D/r_submix(26922):   now using address 0 for route 9
08-19 14:16:57.171 E/MonoPipe(26922): Failed to fetch local time frequency when constructing a MonoPipe (res = -32).  getNextWriteTimestamp calls will be non-functional
08-19 14:16:57.172 W/Binder  (26994): Caught a RuntimeException from the binder stub implementation.
08-19 14:16:57.172 W/Binder  (26994): java.lang.NullPointerException: Attempt to invoke interface method 'int android.app.IActivityManager.checkPermission(java.lang.String, int, int)' on a null object reference
08-19 14:16:57.172 W/Binder  (26994): 	at android.app.ContextImpl.checkPermission(ContextImpl.java:1884)
08-19 14:16:57.172 W/Binder  (26994): 	at android.app.ContextImpl.checkCallingOrSelfPermission(ContextImpl.java:1925)
08-19 14:16:57.172 W/Binder  (26994): 	at android.app.ContextImpl.enforceCallingOrSelfPermission(ContextImpl.java:1962)
08-19 14:16:57.172 W/Binder  (26994): 	at com.android.server.power.PowerManagerService$BinderService.releaseWakeLock(PowerManagerService.java:2867)
08-19 14:16:57.172 W/Binder  (26994): 	at android.os.IPowerManager$Stub.onTransact(IPowerManager.java:94)
08-19 14:16:57.172 W/Binder  (26994): 	at android.os.Binder.execTransact(Binder.java:446)
08-19 14:16:57.172 W/Binder  (26994): Caught a RuntimeException from the binder stub implementation.
08-19 14:16:57.172 W/Binder  (26994): java.lang.NullPointerException: Attempt to invoke interface method 'int android.app.IActivityManager.checkPermission(java.lang.String, int, int)' on a null object reference
08-19 14:16:57.172 W/Binder  (26994): 	at android.app.ContextImpl.checkPermission(ContextImpl.java:1884)
08-19 14:16:57.172 W/Binder  (26994): 	at android.app.ContextImpl.checkCallingOrSelfPermission(ContextImpl.java:1925)
08-19 14:16:57.172 W/Binder  (26994): 	at android.app.ContextImpl.enforceCallingOrSelfPermission(ContextImpl.java:1962)
08-19 14:16:57.172 W/Binder  (26994): 	at com.android.server.power.PowerManagerService$BinderService.acquireWakeLock(PowerManagerService.java:2839)
08-19 14:16:57.172 W/Binder  (26994): 	at android.os.IPowerManager$Stub.onTransact(IPowerManager.java:66)
08-19 14:16:57.172 W/Binder  (26994): 	at android.os.Binder.execTransact(Binder.java:446)
08-19 14:16:57.173 W/Binder  (26994): Caught a RuntimeException from the binder stub implementation.
08-19 14:16:57.173 W/Binder  (26994): java.lang.NullPointerException: Attempt to invoke interface method 'int android.app.IActivityManager.checkPermission(java.lang.String, int, int)' on a null object reference
08-19 14:16:57.173 W/Binder  (26994): 	at android.app.ContextImpl.checkPermission(ContextImpl.java:1884)
08-19 14:16:57.173 W/Binder  (26994): 	at android.app.ContextImpl.checkCallingOrSelfPermission(ContextImpl.java:1925)
08-19 14:16:57.173 W/Binder  (26994): 	at android.app.ContextImpl.enforceCallingOrSelfPermission(ContextImpl.java:1962)
08-19 14:16:57.173 W/Binder  (26994): 	at com.android.server.power.PowerManagerService$BinderService.updateWakeLockWorkSource(PowerManagerService.java:2898)
08-19 14:16:57.173 W/Binder  (26994): 	at com.android.server.power.PowerManagerService$BinderService.updateWakeLockUids(PowerManagerService.java:2889)
08-19 14:16:57.173 W/Binder  (26994): 	at android.os.IPowerManager$Stub.onTransact(IPowerManager.java:105)
08-19 14:16:57.173 W/Binder  (26994): 	at android.os.Binder.execTransact(Binder.java:446)
08-19 14:16:57.173 D/ServiceUtilities(  996): Request app pkg name: com.vmos.app
08-19 14:16:57.173 I/AudioFlinger(26922): AudioFlinger's thread 0xe6a2fd80 ready to run
08-19 14:16:57.173 D/r_submix(26922): adev_close_input_stream()
