08-19 14:16:58.434 D/Launcher.Model(27363): cn:1 ComponentInfo{com.vmos.recovery/com.vmos.recovery.activity.TransitionActivity}  intent.getPackage():null
08-19 14:16:58.434 D/Launcher.Model(27363): cn:1 com.vmos.recovery
08-19 14:16:58.435 D/Launcher.Model(27363): cn:1  validPkg:true   targetPackage:com.vmos.recovery
08-19 14:16:58.435 D/Launcher.Model(27363): cn:1  intent:Intent { act=android.intent.action.MAIN cat=[android.intent.category.LAUNCHER] flg=0x10200000 cmp=com.vmos.recovery/.activity.TransitionActivity (has extras) }  itemReplaced:false  restored:false
08-19 14:16:58.437 D/Launcher.Model(27363): title:2 备份与恢复
08-19 14:16:58.439 D/Launcher.Model(27363): getNonNullIcon entry.icon: android.graphics.Bitmap@f5f540a
08-19 14:16:58.439 D/shortInfo(27363): getIcon info.title:备份与恢复-android.graphics.Bitmap@f5f540a
08-19 14:16:58.439 D/Launcher.Model(27363): title:1 提示
08-19 14:16:58.439 D/Launcher.Model(27363): cn:1 ComponentInfo{com.vmos.hint/com.vmos.hint.activity.MainActivity}  intent.getPackage():null
08-19 14:16:58.439 D/Launcher.Model(27363): cn:1 com.vmos.hint
08-19 14:16:58.442 D/Launcher.Model(27363): cn:1  validPkg:true   targetPackage:com.vmos.hint
08-19 14:16:58.443 D/Launcher.Model(27363): cn:1  intent:Intent { act=android.intent.action.MAIN cat=[android.intent.category.LAUNCHER] flg=0x10200000 cmp=com.vmos.hint/.activity.MainActivity (has extras) }  itemReplaced:false  restored:false
08-19 14:16:58.445 D/Launcher.Model(27363): title:2 提示
08-19 14:16:58.447 D/Launcher.Model(27363): getNonNullIcon entry.icon: android.graphics.Bitmap@20ee047b
08-19 14:16:58.447 D/shortInfo(27363): getIcon info.title:提示-android.graphics.Bitmap@20ee047b
08-19 14:16:58.448 D/Launcher.Model(27363): title:1 超级用户
08-19 14:16:58.448 D/Launcher.Model(27363): cn:1 ComponentInfo{com.koushikdutta.superuser/com.koushikdutta.superuser.MainActivity}  intent.getPackage():null
08-19 14:16:58.448 D/Launcher.Model(27363): cn:1 com.koushikdutta.superuser
08-19 14:16:58.450 D/Launcher.Model(27363): cn:1  validPkg:true   targetPackage:com.koushikdutta.superuser
08-19 14:16:58.451 D/Launcher.Model(27363): cn:1  intent:Intent { act=android.intent.action.MAIN cat=[android.intent.category.LAUNCHER] flg=0x10200000 cmp=com.koushikdutta.superuser/.MainActivity (has extras) }  itemReplaced:false  restored:false
08-19 14:16:58.455 D/Launcher.Model(27363): title:2 超级用户
08-19 14:16:58.459 D/Launcher.Model(27363): getNonNullIcon entry.icon: android.graphics.Bitmap@3cd79298
08-19 14:16:58.459 D/shortInfo(27363): getIcon info.title:超级用户-android.graphics.Bitmap@3cd79298
08-19 14:16:58.460 D/Launcher.Model(27363): title:1 Xposed Installer
08-19 14:16:58.460 D/Launcher.Model(27363): cn:1 ComponentInfo{de.robv.android.xposed.installer/de.robv.android.xposed.installer.WelcomeActivity}  intent.getPackage():null
08-19 14:16:58.460 D/Launcher.Model(27363): cn:1 de.robv.android.xposed.installer
08-19 14:16:58.460 D/Launcher.Model(27363): cn:1  validPkg:true   targetPackage:de.robv.android.xposed.installer
08-19 14:16:58.460 D/Launcher.Model(27363): cn:1  intent:Intent { act=android.intent.action.MAIN cat=[android.intent.category.LAUNCHER] flg=0x10200000 cmp=de.robv.android.xposed.installer/.WelcomeActivity (has extras) }  itemReplaced:false  restored:false
08-19 14:16:58.461 D/Launcher.Model(27363): title:2 Xposed Installer
08-19 14:16:58.463 D/Launcher.Model(27363): getNonNullIcon entry.icon: android.graphics.Bitmap@1003eaf1
08-19 14:16:58.463 D/shortInfo(27363): getIcon info.title:Xposed Installer-android.graphics.Bitmap@1003eaf1
08-19 14:16:58.463 D/Launcher.Model(27363): title:1 ROOT状态
08-19 14:16:58.463 D/Launcher.Model(27363): cn:1 null  intent.getPackage():null
08-19 14:16:58.463 D/Launcher.Model(27363): cn:1  intent:Intent { act=android.intent.action.VIEW }  itemReplaced:false  restored:false
08-19 14:16:58.465 D/loadInfo(27363): title:ROOT状态  icon: android.graphics.Bitmap@2aa6a6d6
08-19 14:16:58.465 D/Launcher.Model(27363): title:1 Fake Location
08-19 14:16:58.465 D/Launcher.Model(27363): cn:1 ComponentInfo{com.lerist.fakelocation/com.lerist.fakelocation.ui.activity.MainActivity}  intent.getPackage():null
08-19 14:16:58.465 D/Launcher.Model(27363): cn:1 com.lerist.fakelocation
08-19 14:16:58.466 D/Launcher.Model(27363): cn:1  validPkg:true   targetPackage:com.lerist.fakelocation
08-19 14:16:58.466 D/Launcher.Model(27363): cn:1  intent:Intent { act=android.intent.action.MAIN cat=[android.intent.category.LAUNCHER] flg=0x10200000 cmp=com.lerist.fakelocation/.ui.activity.MainActivity (has extras) }  itemReplaced:false  restored:false
08-19 14:16:58.467 D/Launcher.Model(27363): title:2 Fake Location
08-19 14:16:58.476 D/Launcher.Model(27363): getNonNullIcon entry.icon: android.graphics.Bitmap@f4e6d57
08-19 14:16:58.476 D/shortInfo(27363): getIcon info.title:Fake Location-android.graphics.Bitmap@f4e6d57
08-19 14:16:58.487 I/OMX-VDEC-1080P( 1377): set_frame_rate: the current time is 141658
08-19 14:16:58.495 D/Launcher.Model(27363): loaded workspace in 279ms
08-19 14:16:58.495 D/Launcher.Model(27363): workspace layout: 
08-19 14:16:58.495 D/Launcher.Model(27363): [  |  ]
08-19 14:16:58.496 I/chatty  (27363): uid=10288(com.vmos.app) launcher-loader identical 3 lines
08-19 14:16:58.496 D/Launcher.Model(27363): [  |  ]
08-19 14:16:58.503 I/cmd     (27617): oneway function results will be dropped but finished with status OK and parcel size 4
08-19 14:16:58.504 D/PagedView(27363): PagedView.onMeasure(): 1080, 2400
08-19 14:16:58.504 D/PagedView(27363): PagedView.scaledSize: 6480, 6480
08-19 14:16:58.504 D/PagedView(27363): PagedView.parentSize: 4536, 4536
08-19 14:16:58.504 D/PagedView(27363): PagedView.horizontalPadding: 44
08-19 14:16:58.504 D/PagedView(27363): PagedView.verticalPadding: 418
08-19 14:16:58.504 D/PagedView(27363): PagedView.onLayout()
08-19 14:16:58.504 D/PagedView(27363): 	layout-child0: 2722, 2073
08-19 14:16:58.510 D/PagedView(27363): PagedView.onMeasure(): 1080, 2400
08-19 14:16:58.510 D/PagedView(27363): PagedView.scaledSize: 6480, 6480
08-19 14:16:58.510 D/PagedView(27363): PagedView.parentSize: 4536, 4536
08-19 14:16:58.510 D/PagedView(27363): PagedView.horizontalPadding: 44
08-19 14:16:58.510 D/PagedView(27363): PagedView.verticalPadding: 418
08-19 14:16:58.510 D/PagedView(27363): PagedView.onLayout()
08-19 14:16:58.510 D/PagedView(27363): 	layout-child0: 2722, 2073
08-19 14:16:58.510 D/PagedView(27363): 	layout-child1: 3781, 2073
08-19 14:16:58.512 D/bind    (27363): bindItems  item:ROOT状态   forceAnimateIcons:falsei:0
08-19 14:16:58.513 D/BubbleTextView(27363): applyFromShortcutInfo1
08-19 14:16:58.513 D/BubbleTextView(27363): applyFromShortcutInfo2
08-19 14:16:58.526 D/shortInfo(27363): getIcon info.title:ROOT状态-android.graphics.Bitmap@2520d1c8
08-19 14:16:58.526 D/BubbleTextView(27363): applyIconAndLabel
08-19 14:16:58.527 D/testIcon(27363): FastBitmapDrawable :176---176
08-19 14:16:58.527 D/icon    (27363): mDeviceProfile.iconSizePx:176  mDeviceProfile.iconSizePx:176
08-19 14:16:58.527 D/testIcon(27363): applyIconAndLabel info.isDisabled():false
08-19 14:16:58.527 D/BubbleTextView(27363): setIcon
08-19 14:16:58.527 D/icon    (27363): icon:Rect(0, 0 - 176, 176)
08-19 14:16:58.527 D/icon    (27363): width:176  height176
08-19 14:16:58.527 D/BubbleTextView(27363): applyCompoundDrawables
08-19 14:16:58.529 D/BubbleTextView(27363): onAttachedToWindow
08-19 14:16:58.529 D/bind    (27363): bindItems  item:浏览器   forceAnimateIcons:falsei:1
08-19 14:16:58.530 D/BubbleTextView(27363): applyFromShortcutInfo1
08-19 14:16:58.530 D/BubbleTextView(27363): applyFromShortcutInfo2
08-19 14:16:58.530 D/shortInfo(27363): getIcon info.title:浏览器-android.graphics.Bitmap@3cb7e777
08-19 14:16:58.530 D/BubbleTextView(27363): applyIconAndLabel
08-19 14:16:58.530 D/testIcon(27363): FastBitmapDrawable :176---176
08-19 14:16:58.530 D/icon    (27363): mDeviceProfile.iconSizePx:176  mDeviceProfile.iconSizePx:176
08-19 14:16:58.530 D/testIcon(27363): applyIconAndLabel info.isDisabled():false
08-19 14:16:58.530 D/BubbleTextView(27363): setIcon
08-19 14:16:58.530 D/icon    (27363): icon:Rect(0, 0 - 176, 176)
08-19 14:16:58.530 D/icon    (27363): width:176  height176
08-19 14:16:58.530 D/BubbleTextView(27363): applyCompoundDrawables
08-19 14:16:58.530 D/BubbleTextView(27363): onAttachedToWindow
08-19 14:16:58.530 D/bind    (27363): bindItems  item:文件中转站   forceAnimateIcons:falsei:2
08-19 14:16:58.531 D/BubbleTextView(27363): applyFromShortcutInfo1
08-19 14:16:58.531 D/BubbleTextView(27363): applyFromShortcutInfo2
08-19 14:16:58.531 D/shortInfo(27363): getIcon info.title:文件中转站-android.graphics.Bitmap@29398413
08-19 14:16:58.531 D/BubbleTextView(27363): applyIconAndLabel
08-19 14:16:58.531 D/testIcon(27363): FastBitmapDrawable :176---176
08-19 14:16:58.531 D/icon    (27363): mDeviceProfile.iconSizePx:176  mDeviceProfile.iconSizePx:176
08-19 14:16:58.531 D/testIcon(27363): applyIconAndLabel info.isDisabled():false
08-19 14:16:58.531 D/BubbleTextView(27363): setIcon
08-19 14:16:58.531 D/icon    (27363): icon:Rect(0, 0 - 176, 176)
08-19 14:16:58.531 D/icon    (27363): width:176  height176
08-19 14:16:58.531 D/BubbleTextView(27363): applyCompoundDrawables
08-19 14:16:58.531 D/BubbleTextView(27363): onAttachedToWindow
08-19 14:16:58.531 D/bind    (27363): bindItems  item:设置   forceAnimateIcons:falsei:3
08-19 14:16:58.532 D/BubbleTextView(27363): applyFromShortcutInfo1
08-19 14:16:58.532 D/BubbleTextView(27363): applyFromShortcutInfo2
08-19 14:16:58.532 D/shortInfo(27363): getIcon info.title:设置-android.graphics.Bitmap@3d917f68
08-19 14:16:58.532 D/BubbleTextView(27363): applyIconAndLabel
08-19 14:16:58.532 D/testIcon(27363): FastBitmapDrawable :176---176
08-19 14:16:58.532 D/icon    (27363): mDeviceProfile.iconSizePx:176  mDeviceProfile.iconSizePx:176
08-19 14:16:58.532 D/testIcon(27363): applyIconAndLabel info.isDisabled():false
08-19 14:16:58.532 D/BubbleTextView(27363): setIcon
08-19 14:16:58.532 D/icon    (27363): icon:Rect(0, 0 - 176, 176)
08-19 14:16:58.532 D/icon    (27363): width:176  height176
08-19 14:16:58.532 D/BubbleTextView(27363): applyCompoundDrawables
08-19 14:16:58.532 D/BubbleTextView(27363): onAttachedToWindow
08-19 14:16:58.532 D/bind    (27363): bindItems  item:图库   forceAnimateIcons:falsei:4
08-19 14:16:58.532 D/BubbleTextView(27363): applyFromShortcutInfo1
08-19 14:16:58.533 D/BubbleTextView(27363): applyFromShortcutInfo2
08-19 14:16:58.533 I/OMX-VDEC-1080P( 1377): set_frame_rate: the current time is 141658
08-19 14:16:58.533 D/shortInfo(27363): getIcon info.title:图库-android.graphics.Bitmap@3e351f81
08-19 14:16:58.533 D/BubbleTextView(27363): applyIconAndLabel
08-19 14:16:58.533 D/testIcon(27363): FastBitmapDrawable :176---176
08-19 14:16:58.533 D/icon    (27363): mDeviceProfile.iconSizePx:176  mDeviceProfile.iconSizePx:176
08-19 14:16:58.533 D/testIcon(27363): applyIconAndLabel info.isDisabled():false
08-19 14:16:58.533 D/BubbleTextView(27363): setIcon
08-19 14:16:58.534 D/icon    (27363): icon:Rect(0, 0 - 176, 176)
08-19 14:16:58.534 D/icon    (27363): width:176  height176
08-19 14:16:58.534 D/BubbleTextView(27363): applyCompoundDrawables
08-19 14:16:58.534 D/BubbleTextView(27363): onAttachedToWindow
08-19 14:16:58.534 D/bind    (27363): animateIcons:false
08-19 14:16:58.534 D/PagedView(27363): PagedView.onMeasure(): 1080, 2400
08-19 14:16:58.534 D/PagedView(27363): PagedView.scaledSize: 6480, 6480
08-19 14:16:58.534 D/PagedView(27363): PagedView.parentSize: 4536, 4536
08-19 14:16:58.534 D/PagedView(27363): PagedView.horizontalPadding: 44
08-19 14:16:58.534 D/PagedView(27363): PagedView.verticalPadding: 418
08-19 14:16:58.534 D/BubbleTextView(27363): onMeasure
08-19 14:16:58.541 I/chatty  (27363): uid=10288(com.vmos.app) com.android.launcher3 identical 3 lines
08-19 14:16:58.542 D/BubbleTextView(27363): onMeasure
08-19 14:16:58.542 D/PagedView(27363): PagedView.onLayout()
08-19 14:16:58.542 D/PagedView(27363): 	layout-child0: 2722, 2073
08-19 14:16:58.542 D/BubbleTextView(27363): setFrame  left:207   top:1584  right:414  bottom:1980
08-19 14:16:58.542 D/PagedView(27363): 	layout-child1: 3781, 2073
08-19 14:16:58.542 D/BubbleTextView(27363): setFrame  left:0   top:0  right:207  bottom:286
08-19 14:16:58.542 D/BubbleTextView(27363): setFrame  left:414   top:0  right:621  bottom:286
08-19 14:16:58.543 D/BubbleTextView(27363): setFrame  left:621   top:0  right:828  bottom:286
08-19 14:16:58.543 D/BubbleTextView(27363): setFrame  left:828   top:0  right:1035  bottom:286
08-19 14:16:58.548 D/Launcher.Model(27363): done with previous binding step
08-19 14:16:58.548 D/Launcher.Model(27363): waited 52ms for previous step to finish binding
08-19 14:16:58.548 D/Launcher.Model(27363): step 2: loading all apps
08-19 14:16:58.548 D/Launcher.Model(27363): loadAndBindAllApps mAllAppsLoaded=false
08-19 14:16:58.563 D/BluetoothManagerService(26994): Message: 20
08-19 14:16:58.567 I/OMX-VDEC-1080P( 1377): set_frame_rate: the current time is 141658
08-19 14:16:58.567 I/OMX-VDEC-1080P( 1377): set_frame_rate: the current time is 141658
08-19 14:16:58.568 D/BluetoothManagerService(26994): Added callback: android.bluetooth.IBluetoothManagerCallback$Stub$Proxy@1ff8aef8:true
08-19 14:16:58.569 D/BluetoothAdapter(27244): 644602431: getState() :  mService = null. Returning STATE_OFF
08-19 14:16:58.570 D/BluetoothManagerService(26994): Message: 30
08-19 14:16:58.570 D/BluetoothAdapter(27244): 644602431: getState() :  mService = null. Returning STATE_OFF
08-19 14:16:58.573 E/BluetoothA2dp(27244): Could not bind to Bluetooth A2DP Service with Intent { act=android.bluetooth.IBluetoothA2dp }
08-19 14:16:58.574 D/BluetoothManagerService(26994): Message: 30
08-19 14:16:58.574 I/MiuiNetworkPolicy( 1783): bandwidth: 1055 KB/s, Max bandwidth: 4964 KB/s
08-19 14:16:58.574 E/BluetoothA2dpSink(27244): Could not bind to Bluetooth A2DP Service with Intent { act=android.bluetooth.IBluetoothA2dpSink }
08-19 14:16:58.575 D/Launcher.Model(27363): getActivityList took 27ms for user UserHandle{0}
08-19 14:16:58.575 D/Launcher.Model(27363): getActivityList got 16 apps for user UserHandle{0}
08-19 14:16:58.575 D/BluetoothManagerService(26994): Message: 30
08-19 14:16:58.576 E/BluetoothAvrcpController(27244): Could not bind to Bluetooth AVRCP Controller Service with Intent { act=android.bluetooth.IBluetoothAvrcpController }
08-19 14:16:58.577 D/BluetoothManagerService(26994): Message: 30
08-19 14:16:58.577 D/Launcher.Model(27363): getNonNullIcon entry.icon: android.graphics.Bitmap@26362012
08-19 14:16:58.577 D/BluetoothManagerService(26994): Trying to bind to profile: 1, while Bluetooth was disabled
08-19 14:16:58.578 D/BluetoothManagerService(26994): Message: 30
08-19 14:16:58.578 D/Launcher.Model(27363): getNonNullIcon entry.icon: android.graphics.Bitmap@22bd53e3
08-19 14:16:58.578 E/BluetoothHeadsetClient(27244): Could not bind to Bluetooth Headset Client Service with Intent { act=android.bluetooth.IBluetoothHeadsetClient }
08-19 14:16:58.579 D/BluetoothManagerService(26994): Message: 30
08-19 14:16:58.579 D/Launcher.Model(27363): getNonNullIcon entry.icon: android.graphics.Bitmap@3ebe11e0
08-19 14:16:58.580 E/BluetoothInputDevice(27244): Could not bind to Bluetooth HID Service with Intent { act=android.bluetooth.IBluetoothInputDevice }
08-19 14:16:58.580 D/BluetoothMap(27244): Create BluetoothMap proxy object
08-19 14:16:58.580 D/Launcher.Model(27363): getNonNullIcon entry.icon: android.graphics.Bitmap@13a00c99
08-19 14:16:58.580 D/BluetoothManagerService(26994): Message: 30
08-19 14:16:58.581 E/BluetoothMap(27244): Could not bind to Bluetooth MAP Service with Intent { act=android.bluetooth.IBluetoothMap }
08-19 14:16:58.581 D/BluetoothManagerService(26994): Message: 30
08-19 14:16:58.582 E/BluetoothPan(27244): Could not bind to Bluetooth Pan Service with Intent { act=android.bluetooth.IBluetoothPan }
08-19 14:16:58.584 D/Launcher.Model(27363): getNonNullIcon entry.icon: android.graphics.Bitmap@36522b5e
08-19 14:16:58.589 D/Launcher.Model(27363): getNonNullIcon entry.icon: android.graphics.Bitmap@37226c0c
08-19 14:16:58.592 D/Launcher.Model(27363): getNonNullIcon entry.icon: android.graphics.Bitmap@13dbd955
08-19 14:16:58.593 D/Launcher.Model(27363): getNonNullIcon entry.icon: android.graphics.Bitmap@1d919f6a
08-19 14:16:58.595 D/Launcher.Model(27363): getNonNullIcon entry.icon: android.graphics.Bitmap@2b8f5c5b
08-19 14:16:58.596 D/Launcher.Model(27363): getNonNullIcon entry.icon: android.graphics.Bitmap@3903cf8
08-19 14:16:58.598 E/WifiService(26994): Invoking mWifiStateMachine.setWifiEnabled
08-19 14:16:58.599 D/Launcher.Model(27363): getNonNullIcon entry.icon: android.graphics.Bitmap@16cdb5d1
08-19 14:16:58.601 D/Launcher.Model(27363): getNonNullIcon entry.icon: android.graphics.Bitmap@13a24836
08-19 14:16:58.603 I/CameraManagerGlobal(27244): getCameraService: Reconnecting to camera service
08-19 14:16:58.603 D/Launcher.Model(27363): getNonNullIcon entry.icon: android.graphics.Bitmap@1ddd6337
08-19 14:16:58.605 D/Launcher.Model(27363): getNonNullIcon entry.icon: android.graphics.Bitmap@1f0830a4
08-19 14:16:58.605 V/RenderScript(27363): 0xdd217800 Launching thread(s), CPUs 8
08-19 14:16:58.607 D/Launcher.Model(27363): getNonNullIcon entry.icon: android.graphics.Bitmap@3826de0d
08-19 14:16:58.609 D/Launcher.Model(27363): getNonNullIcon entry.icon: android.graphics.Bitmap@b42b1c2
08-19 14:16:58.610 V/EmulatedCamera_Factory(26922): getCameraInfo: id = 0
08-19 14:16:58.610 V/EmulatedCamera_BaseCamera(26922): getCameraInfo
08-19 14:16:58.610 I/CameraService(26922): getCameraCharacteristics: Switching to HAL1 shim implementation...
08-19 14:16:58.610 V/EmulatedCamera_Factory(26922): getCameraInfo: id = 0
08-19 14:16:58.610 V/EmulatedCamera_BaseCamera(26922): getCameraInfo
08-19 14:16:58.610 V/EmulatedCamera_Factory(26922): getCameraInfo: id = 0
08-19 14:16:58.610 V/EmulatedCamera_BaseCamera(26922): getCameraInfo
08-19 14:16:58.613 D/Launcher.Model(27363): Icons processed in 65ms
08-19 14:16:58.622 I/FFmpegExtractor(26922): android-source:0xe7254700
08-19 14:16:58.626 I/FFMPEG  (26922): Input #0, ogg, from 'android-source:0xe7254700':
08-19 14:16:58.626 I/FFMPEG  (26922):   Duration: 00:00:00.42, start: 0.000000, bitrate: 113 kb/s
08-19 14:16:58.626 I/FFMPEG  (26922):     Stream #0:0: Audio: vorbis, 48000 Hz, mono, fltp, 48 kb/s
08-19 14:16:58.626 I/FFMPEG  (26922):     Metadata:
08-19 14:16:58.626 I/FFMPEG  (26922):       TITLE           : Camera Shutter
08-19 14:16:58.626 I/FFMPEG  (26922):       ARTIST          : (c) 2012 Android Open Source Project
08-19 14:16:58.626 D/FFmpegExtractor(26922): FFmpegExtrator, url: android-source:0xe7254700, format_name: ogg, format_long_name: Ogg
08-19 14:16:58.626 I/FFmpegExtractor(26922): adjust mime(application/ogg -> audio/vorbis)
08-19 14:16:58.626 D/FFmpegExtractor(26922): suppoted codec(vorbis) by official Stagefright
08-19 14:16:58.626 D/FFmpegExtractor(26922): ffmpeg detected media content as 'audio/vorbis' with confidence 0.08
08-19 14:16:58.633 I/FFmpegExtractor(26922): android-source:0xe7254a80
08-19 14:16:58.636 D/Launcher.Model(27363): bound 15 apps in 2ms
08-19 14:16:58.636 I/FFMPEG  (26922): Input #0, ogg, from 'android-source:0xe7254a80':
08-19 14:16:58.636 I/FFMPEG  (26922):   Duration: 00:00:00.54, start: 0.000000, bitrate: 95 kb/s
08-19 14:16:58.636 I/FFMPEG  (26922):     Stream #0:0: Audio: vorbis, 48000 Hz, mono, fltp, 48 kb/s
08-19 14:16:58.636 I/FFMPEG  (26922):     Metadata:
08-19 14:16:58.636 I/FFMPEG  (26922):       TITLE           : Video Record
08-19 14:16:58.636 I/FFMPEG  (26922):       ARTIST          : (c) 2012 Android Open Source Project
08-19 14:16:58.637 D/BubbleTextView(27363): applyFromApplicationInfo
08-19 14:16:58.637 D/BubbleTextView(27363): applyIconAndLabel
08-19 14:16:58.637 D/testIcon(27363): FastBitmapDrawable :35---35
08-19 14:16:58.637 D/icon    (27363): mDeviceProfile.iconSizePx:176  mDeviceProfile.iconSizePx:176
08-19 14:16:58.637 D/testIcon(27363): applyIconAndLabel info.isDisabled():false
08-19 14:16:58.637 D/BubbleTextView(27363): setIcon
08-19 14:16:58.637 D/icon    (27363): icon:Rect(0, 0 - 176, 176)
08-19 14:16:58.637 D/icon    (27363): width:35  height35
08-19 14:16:58.637 D/BubbleTextView(27363): applyCompoundDrawables
08-19 14:16:58.637 D/BubbleTextView(27363): verifyHighRes
08-19 14:16:58.636 D/FFmpegExtractor(26922): FFmpegExtrator, url: android-source:0xe7254a80, format_name: ogg, format_long_name: Ogg
08-19 14:16:58.638 I/FFmpegExtractor(26922): adjust mime(application/ogg -> audio/vorbis)
08-19 14:16:58.638 D/FFmpegExtractor(26922): suppoted codec(vorbis) by official Stagefright
08-19 14:16:58.638 D/FFmpegExtractor(26922): ffmpeg detected media content as 'audio/vorbis' with confidence 0.08
08-19 14:16:58.639 D/BubbleTextView(27363): applyFromApplicationInfo
08-19 14:16:58.639 D/BubbleTextView(27363): applyIconAndLabel
08-19 14:16:58.639 D/testIcon(27363): FastBitmapDrawable :35---35
08-19 14:16:58.639 D/icon    (27363): mDeviceProfile.iconSizePx:176  mDeviceProfile.iconSizePx:176
08-19 14:16:58.639 D/testIcon(27363): applyIconAndLabel info.isDisabled():false
08-19 14:16:58.639 D/BubbleTextView(27363): setIcon
08-19 14:16:58.639 D/icon    (27363): icon:Rect(0, 0 - 176, 176)
08-19 14:16:58.639 D/icon    (27363): width:35  height35
08-19 14:16:58.639 D/BubbleTextView(27363): applyCompoundDrawables
08-19 14:16:58.639 D/BubbleTextView(27363): verifyHighRes
08-19 14:16:58.639 D/Launcher.Model(27363): getNonNullIcon entry.icon: android.graphics.Bitmap@b1ce06c
08-19 14:16:58.639 D/BubbleTextView(27363): applyFromApplicationInfo
08-19 14:16:58.639 D/BubbleTextView(27363): applyIconAndLabel
08-19 14:16:58.640 D/testIcon(27363): FastBitmapDrawable :35---35
08-19 14:16:58.640 D/icon    (27363): mDeviceProfile.iconSizePx:176  mDeviceProfile.iconSizePx:176
08-19 14:16:58.640 D/testIcon(27363): applyIconAndLabel info.isDisabled():false
08-19 14:16:58.640 D/BubbleTextView(27363): setIcon
08-19 14:16:58.640 D/icon    (27363): icon:Rect(0, 0 - 176, 176)
08-19 14:16:58.640 D/icon    (27363): width:35  height35
08-19 14:16:58.640 D/BubbleTextView(27363): applyCompoundDrawables
08-19 14:16:58.640 D/BubbleTextView(27363): verifyHighRes
08-19 14:16:58.642 D/BubbleTextView(27363): applyFromApplicationInfo
08-19 14:16:58.642 D/BubbleTextView(27363): applyIconAndLabel
08-19 14:16:58.642 D/testIcon(27363): FastBitmapDrawable :35---35
08-19 14:16:58.642 D/icon    (27363): mDeviceProfile.iconSizePx:176  mDeviceProfile.iconSizePx:176
08-19 14:16:58.642 D/testIcon(27363): applyIconAndLabel info.isDisabled():false
08-19 14:16:58.642 D/BubbleTextView(27363): setIcon
08-19 14:16:58.642 D/icon    (27363): icon:Rect(0, 0 - 176, 176)
08-19 14:16:58.642 D/icon    (27363): width:35  height35
08-19 14:16:58.642 D/BubbleTextView(27363): applyCompoundDrawables
08-19 14:16:58.642 D/BubbleTextView(27363): verifyHighRes
08-19 14:16:58.643 D/BubbleTextView(27363): applyFromApplicationInfo
08-19 14:16:58.643 D/BubbleTextView(27363): applyIconAndLabel
08-19 14:16:58.643 D/testIcon(27363): FastBitmapDrawable :35---35
08-19 14:16:58.643 D/icon    (27363): mDeviceProfile.iconSizePx:176  mDeviceProfile.iconSizePx:176
08-19 14:16:58.643 D/testIcon(27363): applyIconAndLabel info.isDisabled():false
08-19 14:16:58.643 D/BubbleTextView(27363): setIcon
08-19 14:16:58.643 D/icon    (27363): icon:Rect(0, 0 - 176, 176)
08-19 14:16:58.643 D/icon    (27363): width:35  height35
08-19 14:16:58.643 D/BubbleTextView(27363): applyCompoundDrawables
08-19 14:16:58.643 D/BubbleTextView(27363): verifyHighRes
08-19 14:16:58.643 D/BubbleTextView(27363): onAttachedToWindow
08-19 14:16:58.643 D/BubbleTextView(27363): onMeasure
08-19 14:16:58.644 D/BubbleTextView(27363): onAttachedToWindow
08-19 14:16:58.644 I/CameraClient(26922): Opening camera 0
08-19 14:16:58.644 V/EmulatedCamera_Factory(26922): getCameraInfo: id = 0
08-19 14:16:58.644 V/EmulatedCamera_BaseCamera(26922): getCameraInfo
08-19 14:16:58.644 V/EmulatedCamera_Factory(26922): cameraDeviceOpen: id = 0
08-19 14:16:58.644 V/EmulatedCamera_QemuDevice(26922): connectDevice
08-19 14:16:58.644 E/EmulatedCamera_QemuClient(26922): Send query 'connect name=camera_0'
08-19 14:16:58.644 E/EmulatedCamera_QemuClient(26922): doQuery: receiveMessage
08-19 14:16:58.644 D/Launcher.Model(27363): getNonNullIcon entry.icon: android.graphics.Bitmap@1a9670b1
08-19 14:16:58.644 D/BubbleTextView(27363): onMeasure
08-19 14:16:58.645 E/EmulatedCamera_QemuClient(26922): *data=ok
08-19 14:16:58.645 E/EmulatedCamera_QemuClient(26922): doQuery: receiveMessage end
08-19 14:16:58.645 E/EmulatedCamera_QemuClient(26922): Response to query 'connect name=camera_0': Status = 'ok', 3 bytes in response
08-19 14:16:58.645 E/EmulatedCamera_QemuClient(26922): doQuery: Complete the query
08-19 14:16:58.645 V/EmulatedCamera_QemuDevice(26922): connectDevice: Connected to device 'camera_0'
08-19 14:16:58.645 D/BubbleTextView(27363): onAttachedToWindow
08-19 14:16:58.645 D/BubbleTextView(27363): onMeasure
08-19 14:16:58.646 D/BubbleTextView(27363): onAttachedToWindow
08-19 14:16:58.646 V/EmulatedCamera_QemuDevice(26922): disconnectDevice
08-19 14:16:58.646 D/BubbleTextView(27363): onMeasure
08-19 14:16:58.646 E/EmulatedCamera_QemuClient(26922): Send query 'disconnect'
08-19 14:16:58.646 E/EmulatedCamera_QemuClient(26922): doQuery: receiveMessage
08-19 14:16:58.646 E/EmulatedCamera_QemuClient(26922): *data=ok
08-19 14:16:58.646 E/EmulatedCamera_QemuClient(26922): doQuery: receiveMessage end
08-19 14:16:58.646 E/EmulatedCamera_QemuClient(26922): Response to query 'disconnect': Status = 'ok', 3 bytes in response
08-19 14:16:58.646 E/EmulatedCamera_QemuClient(26922): doQuery: Complete the query
08-19 14:16:58.646 V/EmulatedCamera_QemuDevice(26922): disconnectDevice: Disonnected from device 'camera_0'
08-19 14:16:58.646 D/BubbleTextView(27363): onAttachedToWindow
08-19 14:16:58.646 I/CameraClient(26922): Destroying camera 0
08-19 14:16:58.646 D/BubbleTextView(27363): onMeasure
08-19 14:16:58.646 D/BubbleTextView(27363): setFrame  left:25   top:25  right:231  bottom:381
08-19 14:16:58.646 D/BubbleTextView(27363): setFrame  left:231   top:25  right:437  bottom:381
08-19 14:16:58.647 I/OMX-VDEC-1080P( 1377): set_frame_rate: the current time is 141658
08-19 14:16:58.647 D/BubbleTextView(27363): setFrame  left:437   top:25  right:643  bottom:381
08-19 14:16:58.647 D/BubbleTextView(27363): setFrame  left:643   top:25  right:849  bottom:381
08-19 14:16:58.647 D/BubbleTextView(27363): setFrame  left:849   top:25  right:1055  bottom:381
08-19 14:16:58.647 D/BubbleTextView(27363): applyFromApplicationInfo
08-19 14:16:58.647 D/BubbleTextView(27363): applyIconAndLabel
08-19 14:16:58.647 D/testIcon(27363): FastBitmapDrawable :35---35
08-19 14:16:58.647 D/icon    (27363): mDeviceProfile.iconSizePx:176  mDeviceProfile.iconSizePx:176
08-19 14:16:58.647 D/testIcon(27363): applyIconAndLabel info.isDisabled():false
08-19 14:16:58.647 D/BubbleTextView(27363): setIcon
08-19 14:16:58.647 D/icon    (27363): icon:Rect(0, 0 - 176, 176)
08-19 14:16:58.647 D/icon    (27363): width:35  height35
08-19 14:16:58.647 D/BubbleTextView(27363): applyCompoundDrawables
08-19 14:16:58.647 D/BubbleTextView(27363): verifyHighRes
08-19 14:16:58.648 D/BubbleTextView(27363): applyFromApplicationInfo
08-19 14:16:58.648 D/BubbleTextView(27363): applyIconAndLabel
08-19 14:16:58.648 D/testIcon(27363): FastBitmapDrawable :35---35
08-19 14:16:58.648 D/icon    (27363): mDeviceProfile.iconSizePx:176  mDeviceProfile.iconSizePx:176
08-19 14:16:58.648 D/testIcon(27363): applyIconAndLabel info.isDisabled():false
08-19 14:16:58.648 D/BubbleTextView(27363): setIcon
08-19 14:16:58.648 D/icon    (27363): icon:Rect(0, 0 - 176, 176)
08-19 14:16:58.648 D/icon    (27363): width:35  height35
08-19 14:16:58.648 D/BubbleTextView(27363): applyCompoundDrawables
08-19 14:16:58.648 D/BubbleTextView(27363): verifyHighRes
08-19 14:16:58.648 D/BubbleTextView(27363): applyFromApplicationInfo
08-19 14:16:58.648 D/BubbleTextView(27363): applyIconAndLabel
08-19 14:16:58.649 D/testIcon(27363): FastBitmapDrawable :176---176
08-19 14:16:58.649 D/icon    (27363): mDeviceProfile.iconSizePx:176  mDeviceProfile.iconSizePx:176
08-19 14:16:58.649 D/testIcon(27363): applyIconAndLabel info.isDisabled():false
08-19 14:16:58.649 D/BubbleTextView(27363): setIcon
08-19 14:16:58.649 D/icon    (27363): icon:Rect(0, 0 - 176, 176)
08-19 14:16:58.649 D/icon    (27363): width:176  height176
08-19 14:16:58.649 D/BubbleTextView(27363): applyCompoundDrawables
08-19 14:16:58.649 D/BubbleTextView(27363): verifyHighRes
08-19 14:16:58.649 D/BubbleTextView(27363): applyFromApplicationInfo
08-19 14:16:58.649 D/BubbleTextView(27363): applyIconAndLabel
08-19 14:16:58.649 D/Launcher.Model(27363): getNonNullIcon entry.icon: android.graphics.Bitmap@2e7984e9
08-19 14:16:58.649 D/testIcon(27363): FastBitmapDrawable :35---35
08-19 14:16:58.649 D/icon    (27363): mDeviceProfile.iconSizePx:176  mDeviceProfile.iconSizePx:176
08-19 14:16:58.649 D/testIcon(27363): applyIconAndLabel info.isDisabled():false
08-19 14:16:58.649 D/BubbleTextView(27363): setIcon
08-19 14:16:58.649 D/icon    (27363): icon:Rect(0, 0 - 176, 176)
08-19 14:16:58.649 D/icon    (27363): width:35  height35
08-19 14:16:58.649 D/BubbleTextView(27363): applyCompoundDrawables
08-19 14:16:58.649 D/BubbleTextView(27363): verifyHighRes
08-19 14:16:58.650 D/BubbleTextView(27363): applyFromApplicationInfo
08-19 14:16:58.650 D/BubbleTextView(27363): applyIconAndLabel
08-19 14:16:58.650 D/testIcon(27363): FastBitmapDrawable :35---35
08-19 14:16:58.650 D/icon    (27363): mDeviceProfile.iconSizePx:176  mDeviceProfile.iconSizePx:176
08-19 14:16:58.650 D/testIcon(27363): applyIconAndLabel info.isDisabled():false
08-19 14:16:58.650 D/BubbleTextView(27363): setIcon
08-19 14:16:58.650 D/icon    (27363): icon:Rect(0, 0 - 176, 176)
08-19 14:16:58.650 D/icon    (27363): width:35  height35
08-19 14:16:58.650 D/BubbleTextView(27363): applyCompoundDrawables
08-19 14:16:58.650 D/BubbleTextView(27363): verifyHighRes
08-19 14:16:58.650 D/BubbleTextView(27363): onAttachedToWindow
08-19 14:16:58.650 D/BubbleTextView(27363): onMeasure
08-19 14:16:58.651 D/BubbleTextView(27363): onAttachedToWindow
08-19 14:16:58.651 D/BubbleTextView(27363): onMeasure
08-19 14:16:58.651 D/BubbleTextView(27363): onAttachedToWindow
08-19 14:16:58.651 D/BubbleTextView(27363): onMeasure
08-19 14:16:58.651 D/BubbleTextView(27363): onAttachedToWindow
08-19 14:16:58.651 D/BubbleTextView(27363): onMeasure
08-19 14:16:58.652 D/BubbleTextView(27363): onAttachedToWindow
08-19 14:16:58.652 D/BubbleTextView(27363): onMeasure
08-19 14:16:58.652 D/BubbleTextView(27363): setFrame  left:25   top:381  right:231  bottom:737
08-19 14:16:58.652 D/BubbleTextView(27363): setFrame  left:231   top:381  right:437  bottom:737
08-19 14:16:58.652 D/BubbleTextView(27363): setFrame  left:437   top:381  right:643  bottom:737
08-19 14:16:58.652 D/BubbleTextView(27363): setFrame  left:643   top:381  right:849  bottom:737
08-19 14:16:58.652 D/BubbleTextView(27363): setFrame  left:849   top:381  right:1055  bottom:737
08-19 14:16:58.653 D/BubbleTextView(27363): applyFromApplicationInfo
08-19 14:16:58.653 D/BubbleTextView(27363): applyIconAndLabel
08-19 14:16:58.653 D/testIcon(27363): FastBitmapDrawable :35---35
08-19 14:16:58.653 D/icon    (27363): mDeviceProfile.iconSizePx:176  mDeviceProfile.iconSizePx:176
08-19 14:16:58.653 D/testIcon(27363): applyIconAndLabel info.isDisabled():false
08-19 14:16:58.653 D/BubbleTextView(27363): setIcon
08-19 14:16:58.653 D/icon    (27363): icon:Rect(0, 0 - 176, 176)
08-19 14:16:58.653 D/icon    (27363): width:35  height35
08-19 14:16:58.653 D/BubbleTextView(27363): applyCompoundDrawables
08-19 14:16:58.653 D/BubbleTextView(27363): verifyHighRes
08-19 14:16:58.655 E/SocketClientManager(26994): getData action == 15  ReceiverListener:com.floatview.WindowService$5@2baa0e7d
08-19 14:16:58.655 D/BubbleTextView(27363): applyFromApplicationInfo
08-19 14:16:58.655 D/BubbleTextView(27363): applyIconAndLabel
08-19 14:16:58.656 E/c_filter(26994): onReceiver registerReceiver socketBean:{"action":15,"action_id":1629353818655,"method":1}  receiverAction:com.floatview.WindowService$5@2baa0e7d
08-19 14:16:58.656 E/c_output(26994): ThreadOutputSteam sendAction
08-19 14:16:58.656 D/testIcon(27363): FastBitmapDrawable :35---35
08-19 14:16:58.656 D/icon    (27363): mDeviceProfile.iconSizePx:176  mDeviceProfile.iconSizePx:176
08-19 14:16:58.656 E/c_output(26994): ThreadOutputSteam run start
08-19 14:16:58.656 E/SocketClientManager(26994): getData action == 10002  ReceiverListener:com.floatview.WindowService$6@2e6d39c3
08-19 14:16:58.656 E/c_filter(26994): onReceiver registerReceiver socketBean:{"action":10002,"action_id":1629353818656,"method":1}  receiverAction:com.floatview.WindowService$6@2e6d39c3
08-19 14:16:58.656 E/c_output(26994): ThreadOutputSteam sendAction
08-19 14:16:58.656 D/testIcon(27363): applyIconAndLabel info.isDisabled():false
08-19 14:16:58.656 D/BubbleTextView(27363): setIcon
08-19 14:16:58.657 D/icon    (27363): icon:Rect(0, 0 - 176, 176)
08-19 14:16:58.657 E/SocketClientManager(26994): getData action == 10004  ReceiverListener:com.floatview.WindowService$7@26ce1579
08-19 14:16:58.657 D/icon    (27363): width:35  height35
08-19 14:16:58.657 D/BubbleTextView(27363): applyCompoundDrawables
08-19 14:16:58.657 E/c_filter(26994): onReceiver registerReceiver socketBean:{"action":10004,"action_id":1629353818657,"method":1}  receiverAction:com.floatview.WindowService$7@26ce1579
08-19 14:16:58.657 E/c_output(26994): ThreadOutputSteam sendAction
08-19 14:16:58.657 D/BubbleTextView(27363): verifyHighRes
08-19 14:16:58.657 E/s_input (26302): ThreadInputSteam str:ThreadInputSteam read{"action":15,"action_id":1629353818655,"method":1} readS:{"action":15,"action_id":1629353818655,"method":1}
08-19 14:16:58.658 D/Launcher.Model(27363): getNonNullIcon entry.icon: android.graphics.Bitmap@1cda1446
08-19 14:16:58.659 D/BubbleTextView(27363): applyFromApplicationInfo
08-19 14:16:58.659 D/BubbleTextView(27363): applyIconAndLabel
08-19 14:16:58.659 D/testIcon(27363): FastBitmapDrawable :35---35
08-19 14:16:58.659 D/icon    (27363): mDeviceProfile.iconSizePx:176  mDeviceProfile.iconSizePx:176
08-19 14:16:58.659 D/testIcon(27363): applyIconAndLabel info.isDisabled():false
08-19 14:16:58.659 D/BubbleTextView(27363): setIcon
08-19 14:16:58.659 D/icon    (27363): icon:Rect(0, 0 - 176, 176)
08-19 14:16:58.659 E/s_filter(26302): onReceiver KEY:15
08-19 14:16:58.659 D/icon    (27363): width:35  height35
08-19 14:16:58.659 E/s_filter(26302): onReceiver receiverActions:null
08-19 14:16:58.659 D/BubbleTextView(27363): applyCompoundDrawables
08-19 14:16:58.659 D/BubbleTextView(27363): verifyHighRes
08-19 14:16:58.659 D/BubbleTextView(27363): applyFromApplicationInfo
08-19 14:16:58.659 D/BubbleTextView(27363): applyIconAndLabel
08-19 14:16:58.660 D/testIcon(27363): FastBitmapDrawable :35---35
08-19 14:16:58.660 D/icon    (27363): mDeviceProfile.iconSizePx:176  mDeviceProfile.iconSizePx:176
08-19 14:16:58.660 D/testIcon(27363): applyIconAndLabel info.isDisabled():false
08-19 14:16:58.660 D/BubbleTextView(27363): setIcon
08-19 14:16:58.660 D/icon    (27363): icon:Rect(0, 0 - 176, 176)
08-19 14:16:58.660 D/icon    (27363): width:35  height35
08-19 14:16:58.660 D/BubbleTextView(27363): applyCompoundDrawables
08-19 14:16:58.660 D/BubbleTextView(27363): verifyHighRes
08-19 14:16:58.660 E/GetFaceResourceService(26994): 获取资源。。。。。。。。。。。。。
08-19 14:16:58.660 D/BubbleTextView(27363): applyFromApplicationInfo
08-19 14:16:58.660 D/BubbleTextView(27363): applyIconAndLabel
08-19 14:16:58.660 D/testIcon(27363): FastBitmapDrawable :35---35
08-19 14:16:58.660 D/icon    (27363): mDeviceProfile.iconSizePx:176  mDeviceProfile.iconSizePx:176
08-19 14:16:58.661 D/testIcon(27363): applyIconAndLabel info.isDisabled():false
08-19 14:16:58.661 D/NuPlayerDriver(26922): reset(0xe7255d80)
08-19 14:16:58.661 D/BubbleTextView(27363): setIcon
08-19 14:16:58.661 D/icon    (27363): icon:Rect(0, 0 - 176, 176)
08-19 14:16:58.661 D/icon    (27363): width:35  height35
08-19 14:16:58.661 D/BubbleTextView(27363): applyCompoundDrawables
08-19 14:16:58.661 D/BubbleTextView(27363): verifyHighRes
08-19 14:16:58.661 D/BubbleTextView(27363): onAttachedToWindow
08-19 14:16:58.661 D/NuPlayerDriver(26922): notifyResetComplete(0xe7255d80)
08-19 14:16:58.661 D/BubbleTextView(27363): onMeasure
08-19 14:16:58.661 D/BubbleTextView(27363): onAttachedToWindow
08-19 14:16:58.661 D/BubbleTextView(27363): onMeasure
08-19 14:16:58.661 D/Launcher.Model(27363): getNonNullIcon entry.icon: android.graphics.Bitmap@d489ea0
08-19 14:16:58.662 D/NuPlayerDriver(26922): reset(0xe7255f60)
08-19 14:16:58.662 D/BubbleTextView(27363): onAttachedToWindow
08-19 14:16:58.662 D/BubbleTextView(27363): onMeasure
08-19 14:16:58.662 D/BubbleTextView(27363): onAttachedToWindow
08-19 14:16:58.662 D/NuPlayerDriver(26922): notifyResetComplete(0xe7255f60)
08-19 14:16:58.662 D/BubbleTextView(27363): onMeasure
08-19 14:16:58.663 D/BubbleTextView(27363): onAttachedToWindow
08-19 14:16:58.663 D/BubbleTextView(27363): onMeasure
08-19 14:16:58.663 D/BubbleTextView(27363): setFrame  left:25   top:737  right:231  bottom:1093
08-19 14:16:58.663 D/BubbleTextView(27363): setFrame  left:231   top:737  right:437  bottom:1093
08-19 14:16:58.663 D/BubbleTextView(27363): setFrame  left:437   top:737  right:643  bottom:1093
08-19 14:16:58.663 D/BubbleTextView(27363): setFrame  left:643   top:737  right:849  bottom:1093
08-19 14:16:58.663 D/BubbleTextView(27363): setFrame  left:849   top:737  right:1055  bottom:1093
08-19 14:16:58.665 V/RequestDataUtils(26994): getResourceAndStickerMenu
08-19 14:16:58.666 D/Launcher.Model(27363): getNonNullIcon entry.icon: android.graphics.Bitmap@36a904cc
08-19 14:16:58.666 E/c_output(26994): ThreadOutputSteam run writer end
08-19 14:16:58.666 D/BubbleTextView(27363): reapplyItemInfo
08-19 14:16:58.666 E/c_output(26994): ThreadOutputSteam run start
08-19 14:16:58.667 D/BubbleTextView(27363): applyFromApplicationInfo
08-19 14:16:58.667 D/BubbleTextView(27363): applyIconAndLabel
08-19 14:16:58.668 D/testIcon(27363): FastBitmapDrawable :176---176
08-19 14:16:58.668 V/EmulatedCamera_Factory(26922): getCameraInfo: id = 1
08-19 14:16:58.668 V/EmulatedCamera_BaseCamera(26922): getCameraInfo
08-19 14:16:58.668 I/CameraService(26922): getCameraCharacteristics: Switching to HAL1 shim implementation...
08-19 14:16:58.669 V/EmulatedCamera_Factory(26922): getCameraInfo: id = 1
08-19 14:16:58.669 V/EmulatedCamera_BaseCamera(26922): getCameraInfo
08-19 14:16:58.669 V/EmulatedCamera_Factory(26922): getCameraInfo: id = 1
08-19 14:16:58.669 V/EmulatedCamera_BaseCamera(26922): getCameraInfo
08-19 14:16:58.669 D/icon    (27363): mDeviceProfile.iconSizePx:176  mDeviceProfile.iconSizePx:176
08-19 14:16:58.669 D/testIcon(27363): applyIconAndLabel info.isDisabled():false
08-19 14:16:58.669 D/BubbleTextView(27363): setIcon
08-19 14:16:58.669 D/icon    (27363): icon:Rect(0, 0 - 176, 176)
08-19 14:16:58.670 D/icon    (27363): width:176  height176
08-19 14:16:58.670 D/BubbleTextView(27363): applyCompoundDrawables
08-19 14:16:58.670 D/BubbleTextView(27363): verifyHighRes
08-19 14:16:58.675 I/FFmpegExtractor(26922): android-source:0xe7254480
08-19 14:16:58.677 I/FFMPEG  (26922): Input #0, ogg, from 'android-source:0xe7254480':
08-19 14:16:58.677 I/FFMPEG  (26922):   Duration: 00:00:00.42, start: 0.000000, bitrate: 113 kb/s
08-19 14:16:58.677 I/FFMPEG  (26922):     Stream #0:0: Audio: vorbis, 48000 Hz, mono, fltp, 48 kb/s
08-19 14:16:58.677 I/FFMPEG  (26922):     Metadata:
08-19 14:16:58.677 I/FFMPEG  (26922):       TITLE           : Camera Shutter
08-19 14:16:58.677 I/FFMPEG  (26922):       ARTIST          : (c) 2012 Android Open Source Project
08-19 14:16:58.677 D/FFmpegExtractor(26922): FFmpegExtrator, url: android-source:0xe7254480, format_name: ogg, format_long_name: Ogg
08-19 14:16:58.677 I/FFmpegExtractor(26922): adjust mime(application/ogg -> audio/vorbis)
08-19 14:16:58.677 D/FFmpegExtractor(26922): suppoted codec(vorbis) by official Stagefright
08-19 14:16:58.677 D/FFmpegExtractor(26922): ffmpeg detected media content as 'audio/vorbis' with confidence 0.08
08-19 14:16:58.679 D/BubbleTextView(27363): reapplyItemInfo
08-19 14:16:58.679 D/BubbleTextView(27363): applyFromApplicationInfo
08-19 14:16:58.679 D/BubbleTextView(27363): applyIconAndLabel
08-19 14:16:58.679 D/testIcon(27363): FastBitmapDrawable :176---176
08-19 14:16:58.679 D/icon    (27363): mDeviceProfile.iconSizePx:176  mDeviceProfile.iconSizePx:176
08-19 14:16:58.679 D/testIcon(27363): applyIconAndLabel info.isDisabled():false
08-19 14:16:58.680 D/BubbleTextView(27363): setIcon
08-19 14:16:58.680 D/icon    (27363): icon:Rect(0, 0 - 176, 176)
08-19 14:16:58.680 D/icon    (27363): width:176  height176
08-19 14:16:58.680 D/BubbleTextView(27363): applyCompoundDrawables
08-19 14:16:58.681 D/BubbleTextView(27363): verifyHighRes
08-19 14:16:58.681 D/BubbleTextView(27363): reapplyItemInfo
08-19 14:16:58.681 D/BubbleTextView(27363): applyFromApplicationInfo
08-19 14:16:58.681 D/BubbleTextView(27363): applyIconAndLabel
08-19 14:16:58.681 D/testIcon(27363): FastBitmapDrawable :176---176
08-19 14:16:58.681 I/FFmpegExtractor(26922): android-source:0xe7254a00
08-19 14:16:58.684 I/FFMPEG  (26922): Input #0, ogg, from 'android-source:0xe7254a00':
08-19 14:16:58.684 I/FFMPEG  (26922):   Duration: 00:00:00.54, start: 0.000000, bitrate: 95 kb/s
08-19 14:16:58.684 I/FFMPEG  (26922):     Stream #0:0: Audio: vorbis, 48000 Hz, mono, fltp, 48 kb/s
08-19 14:16:58.684 I/FFMPEG  (26922):     Metadata:
08-19 14:16:58.684 I/FFMPEG  (26922):       TITLE           : Video Record
08-19 14:16:58.684 I/FFMPEG  (26922):       ARTIST          : (c) 2012 Android Open Source Project
08-19 14:16:58.684 D/FFmpegExtractor(26922): FFmpegExtrator, url: android-source:0xe7254a00, format_name: ogg, format_long_name: Ogg
08-19 14:16:58.684 I/FFmpegExtractor(26922): adjust mime(application/ogg -> audio/vorbis)
08-19 14:16:58.684 D/FFmpegExtractor(26922): suppoted codec(vorbis) by official Stagefright
08-19 14:16:58.684 D/FFmpegExtractor(26922): ffmpeg detected media content as 'audio/vorbis' with confidence 0.08
08-19 14:16:58.686 D/icon    (27363): mDeviceProfile.iconSizePx:176  mDeviceProfile.iconSizePx:176
08-19 14:16:58.687 I/OMX-VDEC-1080P( 1377): set_frame_rate: the current time is 141658
08-19 14:16:58.687 D/testIcon(27363): applyIconAndLabel info.isDisabled():false
08-19 14:16:58.687 D/BubbleTextView(27363): setIcon
08-19 14:16:58.687 D/icon    (27363): icon:Rect(0, 0 - 176, 176)
08-19 14:16:58.688 D/icon    (27363): width:176  height176
08-19 14:16:58.688 D/BubbleTextView(27363): applyCompoundDrawables
08-19 14:16:58.688 D/BubbleTextView(27363): verifyHighRes
08-19 14:16:58.688 D/BubbleTextView(27363): reapplyItemInfo
08-19 14:16:58.688 D/BubbleTextView(27363): applyFromApplicationInfo
08-19 14:16:58.688 D/BubbleTextView(27363): applyIconAndLabel
08-19 14:16:58.688 D/testIcon(27363): FastBitmapDrawable :176---176
08-19 14:16:58.688 D/icon    (27363): mDeviceProfile.iconSizePx:176  mDeviceProfile.iconSizePx:176
08-19 14:16:58.688 D/testIcon(27363): applyIconAndLabel info.isDisabled():false
08-19 14:16:58.688 D/BubbleTextView(27363): setIcon
08-19 14:16:58.689 D/icon    (27363): icon:Rect(0, 0 - 176, 176)
08-19 14:16:58.689 D/icon    (27363): width:176  height176
08-19 14:16:58.689 D/BubbleTextView(27363): applyCompoundDrawables
08-19 14:16:58.689 D/Launcher.Model(27363): getNonNullIcon entry.icon: android.graphics.Bitmap@7356315
08-19 14:16:58.689 D/BubbleTextView(27363): verifyHighRes
08-19 14:16:58.689 D/BubbleTextView(27363): reapplyItemInfo
08-19 14:16:58.689 D/BubbleTextView(27363): applyFromApplicationInfo
08-19 14:16:58.689 D/BubbleTextView(27363): applyIconAndLabel
08-19 14:16:58.689 D/testIcon(27363): FastBitmapDrawable :176---176
08-19 14:16:58.689 D/icon    (27363): mDeviceProfile.iconSizePx:176  mDeviceProfile.iconSizePx:176
08-19 14:16:58.689 D/testIcon(27363): applyIconAndLabel info.isDisabled():false
08-19 14:16:58.689 D/BubbleTextView(27363): setIcon
08-19 14:16:58.689 D/icon    (27363): icon:Rect(0, 0 - 176, 176)
08-19 14:16:58.689 D/icon    (27363): width:176  height176
08-19 14:16:58.689 D/BubbleTextView(27363): applyCompoundDrawables
08-19 14:16:58.690 D/BubbleTextView(27363): verifyHighRes
08-19 14:16:58.690 D/BubbleTextView(27363): reapplyItemInfo
08-19 14:16:58.690 D/BubbleTextView(27363): applyFromApplicationInfo
08-19 14:16:58.690 D/BubbleTextView(27363): applyIconAndLabel
08-19 14:16:58.690 D/testIcon(27363): FastBitmapDrawable :176---176
08-19 14:16:58.690 D/icon    (27363): mDeviceProfile.iconSizePx:176  mDeviceProfile.iconSizePx:176
08-19 14:16:58.690 D/testIcon(27363): applyIconAndLabel info.isDisabled():false
08-19 14:16:58.690 D/BubbleTextView(27363): setIcon
08-19 14:16:58.690 D/icon    (27363): icon:Rect(0, 0 - 176, 176)
08-19 14:16:58.690 D/icon    (27363): width:176  height176
08-19 14:16:58.690 D/BubbleTextView(27363): applyCompoundDrawables
08-19 14:16:58.690 D/BubbleTextView(27363): verifyHighRes
08-19 14:16:58.692 D/BubbleTextView(27363): reapplyItemInfo
08-19 14:16:58.692 D/BubbleTextView(27363): applyFromApplicationInfo
08-19 14:16:58.693 D/BubbleTextView(27363): applyIconAndLabel
08-19 14:16:58.693 I/CameraClient(26922): Opening camera 1
08-19 14:16:58.693 V/EmulatedCamera_Factory(26922): getCameraInfo: id = 1
08-19 14:16:58.693 V/EmulatedCamera_BaseCamera(26922): getCameraInfo
08-19 14:16:58.693 V/EmulatedCamera_Factory(26922): cameraDeviceOpen: id = 1
08-19 14:16:58.693 V/EmulatedCamera_QemuDevice(26922): connectDevice
08-19 14:16:58.693 E/EmulatedCamera_QemuClient(26922): Send query 'connect name=camera_1'
08-19 14:16:58.693 E/EmulatedCamera_QemuClient(26922): doQuery: receiveMessage
08-19 14:16:58.693 D/testIcon(27363): FastBitmapDrawable :176---176
08-19 14:16:58.693 D/icon    (27363): mDeviceProfile.iconSizePx:176  mDeviceProfile.iconSizePx:176
08-19 14:16:58.693 D/testIcon(27363): applyIconAndLabel info.isDisabled():false
08-19 14:16:58.694 E/EmulatedCamera_QemuClient(26922): *data=ok
08-19 14:16:58.694 E/EmulatedCamera_QemuClient(26922): doQuery: receiveMessage end
08-19 14:16:58.694 E/EmulatedCamera_QemuClient(26922): Response to query 'connect name=camera_1': Status = 'ok', 3 bytes in response
08-19 14:16:58.694 D/BubbleTextView(27363): setIcon
08-19 14:16:58.694 E/EmulatedCamera_QemuClient(26922): doQuery: Complete the query
08-19 14:16:58.694 D/icon    (27363): icon:Rect(0, 0 - 176, 176)
08-19 14:16:58.694 V/EmulatedCamera_QemuDevice(26922): connectDevice: Connected to device 'camera_1'
08-19 14:16:58.694 D/icon    (27363): width:176  height176
08-19 14:16:58.694 D/BubbleTextView(27363): applyCompoundDrawables
08-19 14:16:58.694 V/EmulatedCamera_QemuDevice(26922): disconnectDevice
08-19 14:16:58.694 E/EmulatedCamera_QemuClient(26922): Send query 'disconnect'
08-19 14:16:58.694 E/EmulatedCamera_QemuClient(26922): doQuery: receiveMessage
08-19 14:16:58.694 E/EmulatedCamera_QemuClient(26922): *data=ok
08-19 14:16:58.694 E/EmulatedCamera_QemuClient(26922): doQuery: receiveMessage end
08-19 14:16:58.694 E/EmulatedCamera_QemuClient(26922): Response to query 'disconnect': Status = 'ok', 3 bytes in response
08-19 14:16:58.694 E/EmulatedCamera_QemuClient(26922): doQuery: Complete the query
08-19 14:16:58.694 V/EmulatedCamera_QemuDevice(26922): disconnectDevice: Disonnected from device 'camera_1'
08-19 14:16:58.694 I/CameraClient(26922): Destroying camera 1
08-19 14:16:58.695 D/BubbleTextView(27363): verifyHighRes
08-19 14:16:58.696 D/LeboService(26994): onCreate
08-19 14:16:58.697 D/NuPlayerDriver(26922): reset(0xe7255fc0)
08-19 14:16:58.697 D/Launcher.Model(27363): getNonNullIcon entry.icon: android.graphics.Bitmap@d29c62a
08-19 14:16:58.697 D/BubbleTextView(27363): reapplyItemInfo
08-19 14:16:58.697 D/BubbleTextView(27363): applyFromApplicationInfo
08-19 14:16:58.697 D/BubbleTextView(27363): applyIconAndLabel
08-19 14:16:58.698 D/testIcon(27363): FastBitmapDrawable :176---176
08-19 14:16:58.698 D/icon    (27363): mDeviceProfile.iconSizePx:176  mDeviceProfile.iconSizePx:176
08-19 14:16:58.698 D/NuPlayerDriver(26922): notifyResetComplete(0xe7255fc0)
08-19 14:16:58.698 D/testIcon(27363): applyIconAndLabel info.isDisabled():false
08-19 14:16:58.699 D/NuPlayerDriver(26922): reset(0xe7255e40)
08-19 14:16:58.700 D/NuPlayerDriver(26922): notifyResetComplete(0xe7255e40)
08-19 14:16:58.700 D/BubbleTextView(27363): setIcon
08-19 14:16:58.700 D/icon    (27363): icon:Rect(0, 0 - 176, 176)
08-19 14:16:58.700 D/icon    (27363): width:176  height176
08-19 14:16:58.700 D/BubbleTextView(27363): applyCompoundDrawables
08-19 14:16:58.701 E/Notification(26994): 连接成功时调用，一般在开启监听后会回调一次该方法
08-19 14:16:58.701 D/Launcher.Model(27363): getNonNullIcon entry.icon: android.graphics.Bitmap@3a65c1b
08-19 14:16:58.701 D/BubbleTextView(27363): verifyHighRes
08-19 14:16:58.701 V/EmulatedCamera_Factory(26922): getCameraInfo: id = 0
08-19 14:16:58.701 V/EmulatedCamera_BaseCamera(26922): getCameraInfo
08-19 14:16:58.702 E/DBLogUtil(26994): connect bw:java.io.BufferedWriter@c0b561b  br:java.io.BufferedReader@8f213b8
08-19 14:16:58.703 D/BubbleTextView(27363): reapplyItemInfo
08-19 14:16:58.703 D/BubbleTextView(27363): applyFromApplicationInfo
08-19 14:16:58.703 D/BubbleTextView(27363): applyIconAndLabel
08-19 14:16:58.703 D/testIcon(27363): FastBitmapDrawable :176---176
08-19 14:16:58.703 D/icon    (27363): mDeviceProfile.iconSizePx:176  mDeviceProfile.iconSizePx:176
08-19 14:16:58.703 D/testIcon(27363): applyIconAndLabel info.isDisabled():false
08-19 14:16:58.703 D/BubbleTextView(27363): setIcon
08-19 14:16:58.703 D/icon    (27363): icon:Rect(0, 0 - 176, 176)
08-19 14:16:58.703 D/icon    (27363): width:176  height176
08-19 14:16:58.703 D/BubbleTextView(27363): applyCompoundDrawables
08-19 14:16:58.703 D/BubbleTextView(27363): verifyHighRes
08-19 14:16:58.705 D/Launcher.Model(27363): getNonNullIcon entry.icon: android.graphics.Bitmap@15c7a1b8
