08-19 14:19:04.479 I/cmd     (31933): oneway function results will be dropped but finished with status OK and parcel size 4
08-19 14:19:04.463 I/chatty  (26994): uid=10288(com.vmos.app) Binder_2 identical 1 line
08-19 14:19:04.469 W/BatteryStatsImpl(26994): Couldn't get kernel wake lock stats
08-19 14:19:04.480 I/EntropyMixer(26994): Writing entropy...
08-19 14:19:04.499 W/Thread-89(26994): type=1400 audit(0.0:1643014): avc: granted { open } for path="/dev/ashmem" dev="tmpfs" ino=1135 scontext=u:r:untrusted_app_27:s0:c32,c257,c512,c768 tcontext=u:object_r:ashmem_device:s0 tclass=chr_file app=com.vmos.app
08-19 14:19:04.563 W/Thread-21( 6397): type=1400 audit(0.0:1643015): avc: denied { read } for name="devices" dev="proc" ino=4026532038 scontext=u:r:untrusted_app_27:s0:c512,c768 tcontext=u:object_r:proc:s0 tclass=file permissive=0 app=com.tmri.app.main
08-19 14:19:04.695 I/MiuiNetworkPolicy( 1783): bandwidth: 0 KB/s, Max bandwidth: 4964 KB/s
08-19 14:19:05.571 W/Thread-21( 6397): type=1400 audit(0.0:1643016): avc: denied { read } for name="devices" dev="proc" ino=4026532038 scontext=u:r:untrusted_app_27:s0:c512,c768 tcontext=u:object_r:proc:s0 tclass=file permissive=0 app=com.tmri.app.main
08-19 14:19:05.987 W/Thread-110(26994): type=1400 audit(0.0:1643017): avc: granted { open } for path="/dev/ashmem" dev="tmpfs" ino=1135 scontext=u:r:untrusted_app_27:s0:c32,c257,c512,c768 tcontext=u:object_r:ashmem_device:s0 tclass=chr_file app=com.vmos.app
08-19 14:19:06.275 I/cmd     (31978): oneway function results will be dropped but finished with status OK and parcel size 4
08-19 14:19:06.342 E/QSAnimator( 2677): tileView is null custom(com.android.settings/.development.qstile.DevelopmentTiles$WirelessDebugging)
08-19 14:19:06.342 E/QSAnimator( 2677): tileView is null flashlight
08-19 14:19:06.342 E/QSAnimator( 2677): tileView is null mute
08-19 14:19:06.342 E/QSAnimator( 2677): tileView is null screenshot
08-19 14:19:06.342 E/QSAnimator( 2677): tileView is null airplane
08-19 14:19:06.342 E/QSAnimator( 2677): tileView is null screenlock
08-19 14:19:06.342 E/QSAnimator( 2677): tileView is null gps
08-19 14:19:06.342 E/QSAnimator( 2677): tileView is null rotation
08-19 14:19:06.342 E/QSAnimator( 2677): tileView is null scanner
08-19 14:19:06.342 E/QSAnimator( 2677): tileView is null papermode
08-19 14:19:06.342 E/QSAnimator( 2677): tileView is null night
08-19 14:19:06.342 E/QSAnimator( 2677): tileView is null quietmode
08-19 14:19:06.342 E/QSAnimator( 2677): tileView is null batterysaver
08-19 14:19:06.342 E/QSAnimator( 2677): tileView is null custom(com.miui.securitycenter/com.miui.superpower.notification.SuperPowerTileService)
08-19 14:19:06.342 E/QSAnimator( 2677): tileView is null custom(com.milink.service/com.milink.ui.service.MiLinkTileService)
08-19 14:19:06.342 E/QSAnimator( 2677): tileView is null custom(com.miui.mishare.connectivity/.tile.MiShareTileService)
08-19 14:19:06.342 E/QSAnimator( 2677): tileView is null freeformhang
08-19 14:19:06.342 E/QSAnimator( 2677): tileView is null custom(com.miui.screenrecorder/.service.QuickService)
08-19 14:19:06.342 E/QSAnimator( 2677): tileView is null vibrate
08-19 14:19:06.342 E/QSAnimator( 2677): tileView is null hotspot
08-19 14:19:06.342 E/QSAnimator( 2677): tileView is null nfc
08-19 14:19:06.342 E/QSAnimator( 2677): tileView is null edit
08-19 14:19:06.603 W/Thread-21( 6397): type=1400 audit(0.0:1643018): avc: denied { read } for name="devices" dev="proc" ino=4026532038 scontext=u:r:untrusted_app_27:s0:c512,c768 tcontext=u:object_r:proc:s0 tclass=file permissive=0 app=com.tmri.app.main
08-19 14:19:06.831 I/cmd     (31995): oneway function results will be dropped but finished with status OK and parcel size 4
08-19 14:19:07.623 W/Thread-21( 6397): type=1400 audit(0.0:1643019): avc: denied { read } for name="devices" dev="proc" ino=4026532038 scontext=u:r:untrusted_app_27:s0:c512,c768 tcontext=u:object_r:proc:s0 tclass=file permissive=0 app=com.tmri.app.main
08-19 14:19:07.697 I/MiuiNetworkPolicy( 1783): bandwidth: 0 KB/s, Max bandwidth: 4964 KB/s
08-19 14:19:07.733 I/cmd     (32020): oneway function results will be dropped but finished with status OK and parcel size 4
08-19 14:19:08.083 I/cmd     (32026): oneway function results will be dropped but finished with status OK and parcel size 4
08-19 14:19:08.210 I/cmd     (32030): oneway function results will be dropped but finished with status OK and parcel size 4
08-19 14:19:08.627 W/Thread-21( 6397): type=1400 audit(0.0:1643020): avc: denied { read } for name="devices" dev="proc" ino=4026532038 scontext=u:r:untrusted_app_27:s0:c512,c768 tcontext=u:object_r:proc:s0 tclass=file permissive=0 app=com.tmri.app.main
08-19 14:19:08.673 I/cmd     (32042): oneway function results will be dropped but finished with status OK and parcel size 4
08-19 14:19:09.009 I/cmd     (32049): oneway function results will be dropped but finished with status OK and parcel size 4
08-19 14:19:09.260 E/WifiStateMachine(26994): WifiStateMachine CMD_START_SCAN source -2 txSuccessRate=-0.00 rxSuccessRate=-0.00 targetRoamBSSID=any RSSI=-45
08-19 14:19:09.261 D/LocalLog.java(26994): wlan0: 60:IFNAME=wlan0 SCAN TYPE=ONLY -> true
08-19 14:19:09.264 D/WifiHW  (26994): yuelog mywifi strstr(cmd, wlan0 BSS RANGE=0
08-19 14:19:09.266 I/WifiService( 1783): startScan uid=10288
08-19 14:19:09.287 E/wificond( 1364): Skip scan ssid for single scan: {}
08-19 14:19:09.288 E/wificond( 1364): scan() freq: {}
08-19 14:19:09.288 E/wificond( 1364): scan() ssid: 
08-19 14:19:09.288 E/wificond( 1364): scan() type: 0, random_mac: 0
08-19 14:19:09.289 E/WifiStateMachine(26994): WifiStateMachine shouldSwitchNetwork  txSuccessRate=-0.00 rxSuccessRate=-0.00 delta 999 -> 999
08-19 14:19:09.293 E/WifiStateMachine(26994): CMD_AUTO_ROAM sup state CompletedState my state ConnectedState nid=0 config "wifi"NONE roam=1 to any targetRoamBSSID any
08-19 14:19:09.293 E/WifiStateMachine(26994): AUTO_ROAM nothing to do
08-19 14:19:09.511 W/Thread-89(26994): type=1400 audit(0.0:1643021): avc: granted { open } for path="/dev/ashmem" dev="tmpfs" ino=1135 scontext=u:r:untrusted_app_27:s0:c32,c257,c512,c768 tcontext=u:object_r:ashmem_device:s0 tclass=chr_file app=com.vmos.app
08-19 14:19:09.631 W/Thread-21( 6397): type=1400 audit(0.0:1643022): avc: denied { read } for name="devices" dev="proc" ino=4026532038 scontext=u:r:untrusted_app_27:s0:c512,c768 tcontext=u:object_r:proc:s0 tclass=file permissive=0 app=com.tmri.app.main
08-19 14:19:09.876 I/cmd     (32075): oneway function results will be dropped but finished with status OK and parcel size 4
08-19 14:19:10.447 D/WifiNl80211Manager( 1783): Scan result ready event
08-19 14:19:10.447 D/WifiNative( 1783): Scan result ready event
08-19 14:19:10.448 I/LOWI-9.0.0.55( 1558): [LOWI-Scan] lowi_close_record:Scan done in 8964813ms, 15 APs in scan results
08-19 14:19:10.450 I/LOWI-9.0.0.55( 1558): [LOWIUtils] responseToOutPostcard - TO: FreeWifiScanObserver, FROM:   LOWI-SERVER, RESP:  LOWI_ASYNC_DISCOVERY_SCAN_RESULTS
08-19 14:19:10.470 E/WifiService( 1783): Permission violation - getScanResults not allowed for uid=10252, packageName=com.tencent.mtt, reason=java.lang.SecurityException: UID 10252 has no location permission
08-19 14:19:10.470 E/WifiService( 1783): Permission violation - getScanResults not allowed for uid=10088, packageName=com.miui.personalassistant, reason=java.lang.SecurityException: UID 10088 has no location permission
08-19 14:19:10.470 W/WifiMonitor( 1281): available wifis has none
08-19 14:19:10.470 W/WifiMonitor( 1281): getScanResults has none
08-19 14:19:10.472 E/WifiService( 1783): Permission violation - getScanResults not allowed for uid=10088, packageName=com.miui.personalassistant, reason=java.lang.SecurityException: UID 10088 has no location permission
08-19 14:19:10.473 W/WifiMonitor( 4602): available wifis has none
08-19 14:19:10.473 W/WifiMonitor( 4602): getScanResults has none
08-19 14:19:10.473 E/WifiService( 1783): Permission violation - getScanResults not allowed for uid=10252, packageName=com.tencent.mtt, reason=java.lang.SecurityException: UID 10252 has no location permission
08-19 14:19:10.487 E/AppScanObserverService( 1783): Result available, null observers for user: 0
08-19 14:19:10.490 I/com.miui.daemo( 4064): oneway function results will be dropped but finished with status OK and parcel size 4
08-19 14:19:10.490 I/com.miui.daemo( 4064): oneway function results will be dropped but finished with status OK and parcel size 4
08-19 14:19:10.701 I/MiuiNetworkPolicy( 1783): bandwidth: 0 KB/s, Max bandwidth: 4964 KB/s
08-19 14:19:10.703 W/Thread-21( 6397): type=1400 audit(0.0:1643023): avc: denied { read } for name="devices" dev="proc" ino=4026532038 scontext=u:r:untrusted_app_27:s0:c512,c768 tcontext=u:object_r:proc:s0 tclass=file permissive=0 app=com.tmri.app.main
08-19 14:19:11.023 W/Thread-110(26994): type=1400 audit(0.0:1643024): avc: granted { open } for path="/dev/ashmem" dev="tmpfs" ino=1135 scontext=u:r:untrusted_app_27:s0:c32,c257,c512,c768 tcontext=u:object_r:ashmem_device:s0 tclass=chr_file app=com.vmos.app
08-19 14:19:11.202 E/WifiHAL (  941): Received Data Stall event, sending alert 8
08-19 14:19:11.211 E/WifiHAL (  941): Received fatal event, sending alert
08-19 14:19:11.213 W/WifiVendorHal( 1783): onDebugErrorAlert 264
08-19 14:19:11.214 W/WifiVendorHal( 1783): onDebugErrorAlert 6
08-19 14:19:11.214 W/WifiDiags( 1783): CaptureBugReport 264
08-19 14:19:11.223 W/WifiDiags( 1783): CaptureBugReport 6
08-19 14:19:11.225 E/WifiHAL (  941): wifi_get_ring_data: Error -5 happened. 
08-19 14:19:11.229 E/WifiVendorHal( 1783): getRingBufferData(l.1754) failed {.code = ERROR_INVALID_ARGS, .description = }
08-19 14:19:11.323 I/cmd     (32114): oneway function results will be dropped but finished with status OK and parcel size 4
08-19 14:19:11.498 I/com.miui.daemo( 4064): oneway function results will be dropped but finished with status OK and parcel size 4
08-19 14:19:11.501 I/com.miui.daemo( 4064): oneway function results will be dropped but finished with status OK and parcel size 4
08-19 14:19:11.726 E/AggregateListener( 4836): notification text&title is null, key = 0|com.tencent.mtt|83|null|10252
08-19 14:19:11.735 W/Thread-21( 6397): type=1400 audit(0.0:1643025): avc: denied { read } for name="devices" dev="proc" ino=4026532038 scontext=u:r:untrusted_app_27:s0:c512,c768 tcontext=u:object_r:proc:s0 tclass=file permissive=0 app=com.tmri.app.main
08-19 14:19:11.934 V/onNotificationPostedCallBack( 4989): flags=610
08-19 14:19:11.935 V/n       ( 4989): ret=1
08-19 14:19:11.935 V/onNotificationPostedCallBack( 4989): 2flags=610
08-19 14:19:11.938 D/InterruptionStateProvider( 2677): No bubble up: not allowed to bubble: 0|com.tencent.mtt|83|null|10252
08-19 14:19:11.939 D/InterruptionStateProvider( 2677): No heads up: unimportant notification: 0|com.tencent.mtt|83|null|10252
08-19 14:19:11.942 W/AsyncLayoutInflater( 2677): Failed to inflate resource in the background! Retrying on the UI thread
08-19 14:19:11.942 W/AsyncLayoutInflater( 2677): android.view.InflateException: Binary XML file line #33 in com.android.systemui:layout/status_bar_notification_row: Animators may only be run on Looper threads
08-19 14:19:11.942 W/AsyncLayoutInflater( 2677): Caused by: android.util.AndroidRuntimeException: Animators may only be run on Looper threads
08-19 14:19:11.942 W/AsyncLayoutInflater( 2677): 	at android.animation.AnimatorSet.start(AnimatorSet.java:705)
08-19 14:19:11.942 W/AsyncLayoutInflater( 2677): 	at android.animation.AnimatorSet.start(AnimatorSet.java:684)
08-19 14:19:11.942 W/AsyncLayoutInflater( 2677): 	at android.animation.StateListAnimator.start(StateListAnimator.java:188)
08-19 14:19:11.942 W/AsyncLayoutInflater( 2677): 	at android.animation.StateListAnimator.setState(StateListAnimator.java:181)
08-19 14:19:11.942 W/AsyncLayoutInflater( 2677): 	at android.view.View.drawableStateChanged(View.java:23521)
08-19 14:19:11.942 W/AsyncLayoutInflater( 2677): 	at android.widget.TextView.drawableStateChanged(TextView.java:5853)
08-19 14:19:11.942 W/AsyncLayoutInflater( 2677): 	at android.view.View.originalRefreshDrawableState(View.java:23594)
08-19 14:19:11.942 W/AsyncLayoutInflater( 2677): 	at android.view.View$14.refreshDrawableState(View.java:30912)
08-19 14:19:11.942 W/AsyncLayoutInflater( 2677): 	at com.miui.internal.variable.v21.Android_View_View_class.callOriginalRefreshDrawableState(Android_View_View_class.java:61)
08-19 14:19:11.942 W/AsyncLayoutInflater( 2677): 	at com.miui.internal.variable.v16.Android_View_View_class_common.handleRefreshDrawableState(Android_View_View_class_common.java:90)
08-19 14:19:11.942 W/AsyncLayoutInflater( 2677): 	at com.miui.internal.variable.v21.Android_View_View_class.access$000(Android_View_View_class.java:22)
08-19 14:19:11.942 W/AsyncLayoutInflater( 2677): 	at com.miui.internal.variable.v21.Android_View_View_class$1.refreshDrawableState(Android_View_View_class.java:88)
08-19 14:19:11.942 W/AsyncLayoutInflater( 2677): 	at android.view.View.refreshDrawableState(View.java:23585)
08-19 14:19:11.942 W/AsyncLayoutInflater( 2677): 	at com.miui.internal.util.TaggingDrawableHelper.tagView(TaggingDrawableHelper.java:203)
08-19 14:19:11.942 W/AsyncLayoutInflater( 2677): 	at com.miui.internal.util.TaggingDrawableHelper.tagChildSequenceState(TaggingDrawableHelper.java:59)
08-19 14:19:11.942 W/AsyncLayoutInflater( 2677): 	at com.miui.internal.variable.v16.Android_View_ViewGroup_class.handleAddInArray(Android_View_ViewGroup_class.java:96)
08-19 14:19:11.942 W/AsyncLayoutInflater( 2677): 	at com.miui.internal.variable.v21.Android_View_ViewGroup_class.access$000(Android_View_ViewGroup_class.java:23)
08-19 14:19:11.942 W/AsyncLayoutInflater( 2677): 	at com.miui.internal.variable.v21.Android_View_ViewGroup_class$1.addInArray(Android_View_ViewGroup_class.java:171)
08-19 14:19:11.942 W/AsyncLayoutInflater( 2677): 	at android.view.ViewGroup.addInArray(ViewGroup.java:5380)
08-19 14:19:11.942 W/AsyncLayoutInflater( 2677): 	at android.view.ViewGroup.addViewInner(ViewGroup.java:5295)
08-19 14:19:11.942 W/AsyncLayoutInflater( 2677): 	at android.view.ViewGroup.addView(ViewGroup.java:5102)
08-19 14:19:11.942 W/AsyncLayoutInflater( 2677): 	at android.view.ViewGroup.addView(ViewGroup.java:5071)
08-19 14:19:11.942 W/AsyncLayoutInflater( 2677): 	at android.view.LayoutInflater.rInflate(LayoutInflater.java:1129)
08-19 14:19:11.942 W/AsyncLayoutInflater( 2677): 	at android.view.LayoutInflater.rInflateChildren(LayoutInflater.java:1086)
08-19 14:19:11.942 W/AsyncLayoutInflater( 2677): 	at android.view.LayoutInflater.inflate(LayoutInflater.java:684)
08-19 14:19:11.942 W/AsyncLayoutInflater( 2677): 	at android.view.LayoutInflater.inflate(LayoutInflater.java:536)
08-19 14:19:11.942 W/AsyncLayoutInflater( 2677): 	at androidx.asynclayoutinflater.view.AsyncLayoutInflater$InflateThread.runInner(AsyncLayoutInflater.java:189)
08-19 14:19:11.942 W/AsyncLayoutInflater( 2677): 	at androidx.asynclayoutinflater.view.AsyncLayoutInflater$InflateThread.run(AsyncLayoutInflater.java:203)
08-19 14:19:11.943 D/IMReply:Notif( 3982): onNotificationPosted before sbn = 83
08-19 14:19:11.943 D/IMReply:Notif( 3982): onNotificationPosted onNotificationRemoved sbn = 83
08-19 14:19:11.974 D/NotifBadge( 2677): update app badge num: com.tencent.mtt/,num=0,isAllowed=true,userId=0
08-19 14:19:11.974 W/ActivityManager( 1783): Sending non-protected broadcast android.intent.action.APPLICATION_MESSAGE_UPDATE from system 2677:com.android.systemui/1000 pkg com.android.systemui. Callers=
08-19 14:19:11.975 I/Launcher.ApplicationsMessage( 3002): onReceive true
08-19 14:19:11.975 I/Launcher.ApplicationsMessage( 3002): update com.tencent.mtt/ to null
08-19 14:19:12.188 I/cmd     (32142): oneway function results will be dropped but finished with status OK and parcel size 4
08-19 14:19:12.457 E/QSAnimator( 2677): tileView is null custom(com.android.settings/.development.qstile.DevelopmentTiles$WirelessDebugging)
08-19 14:19:12.457 E/QSAnimator( 2677): tileView is null flashlight
08-19 14:19:12.457 E/QSAnimator( 2677): tileView is null mute
08-19 14:19:12.458 E/QSAnimator( 2677): tileView is null screenshot
08-19 14:19:12.458 E/QSAnimator( 2677): tileView is null airplane
08-19 14:19:12.458 E/QSAnimator( 2677): tileView is null screenlock
08-19 14:19:12.458 E/QSAnimator( 2677): tileView is null gps
08-19 14:19:12.458 E/QSAnimator( 2677): tileView is null rotation
08-19 14:19:12.458 E/QSAnimator( 2677): tileView is null scanner
08-19 14:19:12.458 E/QSAnimator( 2677): tileView is null papermode
08-19 14:19:12.458 E/QSAnimator( 2677): tileView is null night
08-19 14:19:12.458 E/QSAnimator( 2677): tileView is null quietmode
08-19 14:19:12.458 E/QSAnimator( 2677): tileView is null batterysaver
08-19 14:19:12.458 E/QSAnimator( 2677): tileView is null custom(com.miui.securitycenter/com.miui.superpower.notification.SuperPowerTileService)
08-19 14:19:12.458 E/QSAnimator( 2677): tileView is null custom(com.milink.service/com.milink.ui.service.MiLinkTileService)
08-19 14:19:12.458 E/QSAnimator( 2677): tileView is null custom(com.miui.mishare.connectivity/.tile.MiShareTileService)
08-19 14:19:12.458 E/QSAnimator( 2677): tileView is null freeformhang
08-19 14:19:12.458 E/QSAnimator( 2677): tileView is null custom(com.miui.screenrecorder/.service.QuickService)
08-19 14:19:12.458 E/QSAnimator( 2677): tileView is null vibrate
08-19 14:19:12.458 E/QSAnimator( 2677): tileView is null hotspot
08-19 14:19:12.458 E/QSAnimator( 2677): tileView is null nfc
08-19 14:19:12.458 E/QSAnimator( 2677): tileView is null edit
08-19 14:19:12.513 I/cmd     (32146): oneway function results will be dropped but finished with status OK and parcel size 4
08-19 14:19:12.639 D/NetworkSpeedTracker( 2989): receive actionandroid.intent.action.BATTERY_CHANGED
08-19 14:19:12.639 D/NetworkSpeedTracker( 2989): onReceive ACTION_BATTERY_CHANGED mBatteryLevel = 70;mIsCharging =true
08-19 14:19:12.639 D/KeyguardUpdateMonitor( 2677): received broadcast android.intent.action.BATTERY_CHANGED
08-19 14:19:12.639 D/BatteryController( 2677): onReceive: Intent = Intent { act=android.intent.action.BATTERY_CHANGED flg=0x60000010 (has extras) } action = android.intent.action.BATTERY_CHANGED
08-19 14:19:12.641 D/UploadVoiceJobService( 3982): needUploadVoice timeSinceLastUpload = 48772
08-19 14:19:12.642 I/BatteryInfoReceiver( 4989): ACTION_BATTERY_CHANGED
08-19 14:19:12.642 D/PowerCheckerService( 5940): onBatteryChanged, mBatteryLevel = 70, status = 2, level = 70, plug = 1, scale = 100
08-19 14:19:12.646 D/DeviceStatisticsService( 2921): chargerType=1 batteryLevel=70 totalBatteryCapacity=4241400
08-19 14:19:12.646 D/DeviceInfoHidlClient( 2921): getPowerInfoSupportStatus()=1
08-19 14:19:12.646 D/DeviceInfoHidlClient( 2921): isRadioOn()=true
08-19 14:19:12.646 I/DeviceInfoHidlClient( 2921): isPowerInfoNeverSent=false batteryLevel=70 batteryLevelIndex=2 chargingMode=1 totalCapacity=4241400 powerSaveMode=false
08-19 14:19:12.650 D/        (26994): set_light_battery: Not implemented.
08-19 14:19:12.651 D/        (26994): set_light_battery: Not implemented.
08-19 14:19:12.759 W/Thread-21( 6397): type=1400 audit(0.0:1643026): avc: denied { read } for name="devices" dev="proc" ino=4026532038 scontext=u:r:untrusted_app_27:s0:c512,c768 tcontext=u:object_r:proc:s0 tclass=file permissive=0 app=com.tmri.app.main
08-19 14:19:12.940 D/NotifBadge( 2677): update app badge num: com.tencent.mtt/,num=0,isAllowed=true,userId=0
08-19 14:19:12.940 W/ActivityManager( 1783): Sending non-protected broadcast android.intent.action.APPLICATION_MESSAGE_UPDATE from system 2677:com.android.systemui/1000 pkg com.android.systemui. Callers=
08-19 14:19:12.942 I/Launcher.ApplicationsMessage( 3002): onReceive true
08-19 14:19:12.942 I/Launcher.ApplicationsMessage( 3002): update com.tencent.mtt/ to null
08-19 14:19:13.705 I/MiuiNetworkPolicy( 1783): bandwidth: 0 KB/s, Max bandwidth: 4964 KB/s
08-19 14:19:13.763 W/Thread-21( 6397): type=1400 audit(0.0:1643027): avc: denied { read } for name="devices" dev="proc" ino=4026532038 scontext=u:r:untrusted_app_27:s0:c512,c768 tcontext=u:object_r:proc:s0 tclass=file permissive=0 app=com.tmri.app.main
08-19 14:19:14.004 I/cmd     (32187): oneway function results will be dropped but finished with status OK and parcel size 4
08-19 14:19:14.462 I/cmd     (32200): oneway function results will be dropped but finished with status OK and parcel size 4
08-19 14:19:14.535 W/Thread-89(26994): type=1400 audit(0.0:1643028): avc: granted { open } for path="/dev/ashmem" dev="tmpfs" ino=1135 scontext=u:r:untrusted_app_27:s0:c32,c257,c512,c768 tcontext=u:object_r:ashmem_device:s0 tclass=chr_file app=com.vmos.app
08-19 14:19:14.799 W/Thread-21( 6397): type=1400 audit(0.0:1643029): avc: denied { read } for name="devices" dev="proc" ino=4026532038 scontext=u:r:untrusted_app_27:s0:c512,c768 tcontext=u:object_r:proc:s0 tclass=file permissive=0 app=com.tmri.app.main
08-19 14:19:14.927 I/cmd     (32208): oneway function results will be dropped but finished with status OK and parcel size 4
08-19 14:19:15.358 I/cmd     (32223): oneway function results will be dropped but finished with status OK and parcel size 4
08-19 14:19:15.532 E/QSAnimator( 2677): tileView is null custom(com.android.settings/.development.qstile.DevelopmentTiles$WirelessDebugging)
08-19 14:19:15.532 E/QSAnimator( 2677): tileView is null flashlight
08-19 14:19:15.532 E/QSAnimator( 2677): tileView is null mute
08-19 14:19:15.532 E/QSAnimator( 2677): tileView is null screenshot
08-19 14:19:15.532 E/QSAnimator( 2677): tileView is null airplane
08-19 14:19:15.532 E/QSAnimator( 2677): tileView is null screenlock
08-19 14:19:15.532 E/QSAnimator( 2677): tileView is null gps
08-19 14:19:15.532 E/QSAnimator( 2677): tileView is null rotation
08-19 14:19:15.532 E/QSAnimator( 2677): tileView is null scanner
08-19 14:19:15.532 E/QSAnimator( 2677): tileView is null papermode
08-19 14:19:15.532 E/QSAnimator( 2677): tileView is null night
08-19 14:19:15.532 E/QSAnimator( 2677): tileView is null quietmode
08-19 14:19:15.532 E/QSAnimator( 2677): tileView is null batterysaver
08-19 14:19:15.532 E/QSAnimator( 2677): tileView is null custom(com.miui.securitycenter/com.miui.superpower.notification.SuperPowerTileService)
08-19 14:19:15.532 E/QSAnimator( 2677): tileView is null custom(com.milink.service/com.milink.ui.service.MiLinkTileService)
08-19 14:19:15.533 E/QSAnimator( 2677): tileView is null custom(com.miui.mishare.connectivity/.tile.MiShareTileService)
08-19 14:19:15.533 E/QSAnimator( 2677): tileView is null freeformhang
08-19 14:19:15.533 E/QSAnimator( 2677): tileView is null custom(com.miui.screenrecorder/.service.QuickService)
08-19 14:19:15.533 E/QSAnimator( 2677): tileView is null vibrate
08-19 14:19:15.533 E/QSAnimator( 2677): tileView is null hotspot
08-19 14:19:15.533 E/QSAnimator( 2677): tileView is null nfc
08-19 14:19:15.533 E/QSAnimator( 2677): tileView is null edit
08-19 14:19:15.614 D/NetworkSpeedTracker( 2989): receive actionandroid.intent.action.BATTERY_CHANGED
08-19 14:19:15.614 D/NetworkSpeedTracker( 2989): onReceive ACTION_BATTERY_CHANGED mBatteryLevel = 70;mIsCharging =true
08-19 14:19:15.616 I/BatteryInfoReceiver( 4989): ACTION_BATTERY_CHANGED
08-19 14:19:15.617 D/PowerCheckerService( 5940): onBatteryChanged, mBatteryLevel = 70, status = 2, level = 70, plug = 1, scale = 100
08-19 14:19:15.617 D/UploadVoiceJobService( 3982): needUploadVoice timeSinceLastUpload = 51748
08-19 14:19:15.618 D/KeyguardUpdateMonitor( 2677): received broadcast android.intent.action.BATTERY_CHANGED
08-19 14:19:15.618 D/BatteryController( 2677): onReceive: Intent = Intent { act=android.intent.action.BATTERY_CHANGED flg=0x60000010 (has extras) } action = android.intent.action.BATTERY_CHANGED
08-19 14:19:15.622 D/        (26994): set_light_battery: Not implemented.
08-19 14:19:15.623 D/DeviceStatisticsService( 2921): chargerType=1 batteryLevel=70 totalBatteryCapacity=4242800
08-19 14:19:15.623 D/DeviceInfoHidlClient( 2921): getPowerInfoSupportStatus()=1
08-19 14:19:15.623 D/DeviceInfoHidlClient( 2921): isRadioOn()=true
08-19 14:19:15.623 I/DeviceInfoHidlClient( 2921): isPowerInfoNeverSent=false batteryLevel=70 batteryLevelIndex=2 chargingMode=1 totalCapacity=4242800 powerSaveMode=false
08-19 14:19:15.623 D/        (26994): set_light_battery: Not implemented.
08-19 14:19:15.807 W/Thread-21( 6397): type=1400 audit(0.0:1643030): avc: denied { read } for name="devices" dev="proc" ino=4026532038 scontext=u:r:untrusted_app_27:s0:c512,c768 tcontext=u:object_r:proc:s0 tclass=file permissive=0 app=com.tmri.app.main
08-19 14:19:16.063 W/Thread-110(26994): type=1400 audit(0.0:1643031): avc: granted { open } for path="/dev/ashmem" dev="tmpfs" ino=1135 scontext=u:r:untrusted_app_27:s0:c32,c257,c512,c768 tcontext=u:object_r:ashmem_device:s0 tclass=chr_file app=com.vmos.app
08-19 14:19:16.210 I/cmd     (32246): oneway function results will be dropped but finished with status OK and parcel size 4
08-19 14:19:16.708 I/MiuiNetworkPolicy( 1783): bandwidth: 0 KB/s, Max bandwidth: 4964 KB/s
08-19 14:19:16.839 W/Thread-21( 6397): type=1400 audit(0.0:1643032): avc: denied { read } for name="devices" dev="proc" ino=4026532038 scontext=u:r:untrusted_app_27:s0:c512,c768 tcontext=u:object_r:proc:s0 tclass=file permissive=0 app=com.tmri.app.main
08-19 14:19:17.106 I/cmd     (32270): oneway function results will be dropped but finished with status OK and parcel size 4
08-19 14:19:17.442 I/cmd     (32277): oneway function results will be dropped but finished with status OK and parcel size 4
08-19 14:19:17.553 I/cmd     (32281): oneway function results will be dropped but finished with status OK and parcel size 4
08-19 14:19:17.879 W/Thread-21( 6397): type=1400 audit(0.0:1643033): avc: denied { read } for name="devices" dev="proc" ino=4026532038 scontext=u:r:untrusted_app_27:s0:c512,c768 tcontext=u:object_r:proc:s0 tclass=file permissive=0 app=com.tmri.app.main
08-19 14:19:17.890 I/cmd     (32289): oneway function results will be dropped but finished with status OK and parcel size 4
08-19 14:19:18.428 D/MiuiNetworkPolicy( 1783): updateLimit mLimitEnabled=true,enabled=false,mNetworkPriorityMode=1
08-19 14:19:18.777 I/cmd     (32312): oneway function results will be dropped but finished with status OK and parcel size 4
08-19 14:19:18.874 I/LOGSDK_CmdFetchPlugin(19947): handleFetchResult, onResult, resultCode: 200, resultMsg: {"code":200,"msg":null,"data":{"guid":"a638c20c7b28739d4624618a83f1f501bbd13f6688693810608da40cc2fd885a","cmdList":[]}}

08-19 14:19:18.874 I/LOGSDK_PollRequest(19947): isResultValid, response.data.cmdList is empty
08-19 14:19:18.911 W/Thread-21( 6397): type=1400 audit(0.0:1643034): avc: denied { read } for name="devices" dev="proc" ino=4026532038 scontext=u:r:untrusted_app_27:s0:c512,c768 tcontext=u:object_r:proc:s0 tclass=file permissive=0 app=com.tmri.app.main
08-19 14:19:19.232 I/cmd     (32320): oneway function results will be dropped but finished with status OK and parcel size 4
08-19 14:19:19.327 I/cmd     (32331): oneway function results will be dropped but finished with status OK and parcel size 4
08-19 14:19:19.571 W/Thread-89(26994): type=1400 audit(0.0:1643035): avc: granted { open } for path="/dev/ashmem" dev="tmpfs" ino=1135 scontext=u:r:untrusted_app_27:s0:c32,c257,c512,c768 tcontext=u:object_r:ashmem_device:s0 tclass=chr_file app=com.vmos.app
08-19 14:19:19.709 I/MiuiNetworkPolicy( 1783): bandwidth: 0 KB/s, Max bandwidth: 4964 KB/s
08-19 14:19:19.943 W/Thread-21( 6397): type=1400 audit(0.0:1643036): avc: denied { read } for name="devices" dev="proc" ino=4026532038 scontext=u:r:untrusted_app_27:s0:c512,c768 tcontext=u:object_r:proc:s0 tclass=file permissive=0 app=com.tmri.app.main
08-19 14:19:20.135 I/cmd     (32348): oneway function results will be dropped but finished with status OK and parcel size 4
08-19 14:19:20.260 I/cmd     (32353): oneway function results will be dropped but finished with status OK and parcel size 4
08-19 14:19:20.701 D/NetworkSpeedTracker( 2989): receive actionandroid.intent.action.BATTERY_CHANGED
08-19 14:19:20.701 D/NetworkSpeedTracker( 2989): onReceive ACTION_BATTERY_CHANGED mBatteryLevel = 70;mIsCharging =true
08-19 14:19:20.702 D/KeyguardUpdateMonitor( 2677): received broadcast android.intent.action.BATTERY_CHANGED
08-19 14:19:20.702 D/BatteryController( 2677): onReceive: Intent = Intent { act=android.intent.action.BATTERY_CHANGED flg=0x60000010 (has extras) } action = android.intent.action.BATTERY_CHANGED
08-19 14:19:20.703 I/BatteryInfoReceiver( 4989): ACTION_BATTERY_CHANGED
08-19 14:19:20.705 D/PowerCheckerService( 5940): onBatteryChanged, mBatteryLevel = 70, status = 2, level = 70, plug = 1, scale = 100
08-19 14:19:20.706 D/UploadVoiceJobService( 3982): needUploadVoice timeSinceLastUpload = 56837
08-19 14:19:20.708 D/DeviceStatisticsService( 2921): chargerType=1 batteryLevel=70 totalBatteryCapacity=4245100
08-19 14:19:20.708 D/DeviceInfoHidlClient( 2921): getPowerInfoSupportStatus()=1
08-19 14:19:20.708 D/DeviceInfoHidlClient( 2921): isRadioOn()=true
08-19 14:19:20.708 I/DeviceInfoHidlClient( 2921): isPowerInfoNeverSent=false batteryLevel=70 batteryLevelIndex=2 chargingMode=1 totalCapacity=4245100 powerSaveMode=false
08-19 14:19:20.709 D/        (26994): set_light_battery: Not implemented.
08-19 14:19:20.715 D/        (26994): set_light_battery: Not implemented.
08-19 14:19:20.754 D/AppOpsAdapter(11833): using permission notify! 32 , groundState 0
08-19 14:19:20.979 W/Thread-21( 6397): type=1400 audit(0.0:1643037): avc: denied { read } for name="devices" dev="proc" ino=4026532038 scontext=u:r:untrusted_app_27:s0:c512,c768 tcontext=u:object_r:proc:s0 tclass=file permissive=0 app=com.tmri.app.main
08-19 14:19:21.035 I/cmd     (32385): oneway function results will be dropped but finished with status OK and parcel size 4
08-19 14:19:21.087 W/Thread-110(26994): type=1400 audit(0.0:1643038): avc: granted { open } for path="/dev/ashmem" dev="tmpfs" ino=1135 scontext=u:r:untrusted_app_27:s0:c32,c257,c512,c768 tcontext=u:object_r:ashmem_device:s0 tclass=chr_file app=com.vmos.app
08-19 14:19:21.495 I/cmd     (32405): oneway function results will be dropped but finished with status OK and parcel size 4
08-19 14:19:21.602 I/cmd     (32410): oneway function results will be dropped but finished with status OK and parcel size 4
08-19 14:19:21.637 E/QSAnimator( 2677): tileView is null custom(com.android.settings/.development.qstile.DevelopmentTiles$WirelessDebugging)
08-19 14:19:21.638 E/QSAnimator( 2677): tileView is null flashlight
08-19 14:19:21.638 E/QSAnimator( 2677): tileView is null mute
08-19 14:19:21.638 E/QSAnimator( 2677): tileView is null screenshot
08-19 14:19:21.638 E/QSAnimator( 2677): tileView is null airplane
08-19 14:19:21.638 E/QSAnimator( 2677): tileView is null screenlock
08-19 14:19:21.638 E/QSAnimator( 2677): tileView is null gps
08-19 14:19:21.638 E/QSAnimator( 2677): tileView is null rotation
08-19 14:19:21.638 E/QSAnimator( 2677): tileView is null scanner
08-19 14:19:21.638 E/QSAnimator( 2677): tileView is null papermode
08-19 14:19:21.638 E/QSAnimator( 2677): tileView is null night
08-19 14:19:21.638 E/QSAnimator( 2677): tileView is null quietmode
08-19 14:19:21.638 E/QSAnimator( 2677): tileView is null batterysaver
08-19 14:19:21.638 E/QSAnimator( 2677): tileView is null custom(com.miui.securitycenter/com.miui.superpower.notification.SuperPowerTileService)
08-19 14:19:21.638 E/QSAnimator( 2677): tileView is null custom(com.milink.service/com.milink.ui.service.MiLinkTileService)
08-19 14:19:21.638 E/QSAnimator( 2677): tileView is null custom(com.miui.mishare.connectivity/.tile.MiShareTileService)
08-19 14:19:21.638 E/QSAnimator( 2677): tileView is null freeformhang
08-19 14:19:21.638 E/QSAnimator( 2677): tileView is null custom(com.miui.screenrecorder/.service.QuickService)
08-19 14:19:21.638 E/QSAnimator( 2677): tileView is null vibrate
08-19 14:19:21.638 E/QSAnimator( 2677): tileView is null hotspot
08-19 14:19:21.638 E/QSAnimator( 2677): tileView is null nfc
08-19 14:19:21.638 E/QSAnimator( 2677): tileView is null edit
08-19 14:19:21.670 D/hpplay-java(26302): [Thread-45]:IMSDK:AbstractBlockingClient:heartBeatWrite
08-19 14:19:21.715 D/hpplay-java(26302): [pool-17-thread-1]:IMSDK:MessageClient:heartBeatReceived
08-19 14:19:21.933 I/cmd     (32414): oneway function results will be dropped but finished with status OK and parcel size 4
08-19 14:19:22.019 W/Thread-21( 6397): type=1400 audit(0.0:1643039): avc: denied { read } for name="devices" dev="proc" ino=4026532038 scontext=u:r:untrusted_app_27:s0:c512,c768 tcontext=u:object_r:proc:s0 tclass=file permissive=0 app=com.tmri.app.main
08-19 14:19:22.712 I/MiuiNetworkPolicy( 1783): bandwidth: 0 KB/s, Max bandwidth: 4964 KB/s
08-19 14:19:22.849 I/cmd     (32444): oneway function results will be dropped but finished with status OK and parcel size 4
08-19 14:19:22.957 I/cmd     (32457): oneway function results will be dropped but finished with status OK and parcel size 4
08-19 14:19:23.047 W/Thread-21( 6397): type=1400 audit(0.0:1643040): avc: denied { read } for name="devices" dev="proc" ino=4026532038 scontext=u:r:untrusted_app_27:s0:c512,c768 tcontext=u:object_r:proc:s0 tclass=file permissive=0 app=com.tmri.app.main
08-19 14:19:23.437 D/MiuiNetworkPolicy( 1783): updateLimit mLimitEnabled=false,enabled=true,mNetworkPriorityMode=1
08-19 14:19:23.755 I/cmd     (32487): oneway function results will be dropped but finished with status OK and parcel size 4
08-19 14:19:23.864 I/cmd     (32491): oneway function results will be dropped but finished with status OK and parcel size 4
08-19 14:19:24.055 W/Thread-21( 6397): type=1400 audit(0.0:1643041): avc: denied { read } for name="devices" dev="proc" ino=4026532038 scontext=u:r:untrusted_app_27:s0:c512,c768 tcontext=u:object_r:proc:s0 tclass=file permissive=0 app=com.tmri.app.main
08-19 14:19:24.071 I/MiuiNetworkPolicy( 1783): updateUidState uid = 99021, uidState = 17
08-19 14:19:24.071 I/MiuiNetworkPolicy( 1783): updateUidState uid = 10140, uidState = 19
08-19 14:19:24.208 I/cmd     (32495): oneway function results will be dropped but finished with status OK and parcel size 4
08-19 14:19:24.343 I/MiuiNetworkPolicy( 1783): updateUidState uid = 10278, uidState = 6
08-19 14:19:24.349 D/CompatibilityInfo( 1783): mCompatibilityFlags - 0
08-19 14:19:24.349 D/CompatibilityInfo( 1783): applicationDensity - 440
08-19 14:19:24.349 D/CompatibilityInfo( 1783): applicationScale - 1.0
08-19 14:19:24.350 I/[[AppLaunchMonitor]MonitorCalc](21329): onAppFirstComponentCreateBegin: 01-com.tencent.qqlive:xg_vip_service, com.tencent.android.tpush.XGPushReceiver, FirstComponentCreateBegin
08-19 14:19:24.354 I/MiuiNetworkPolicy( 1783): updateUidState uid = 10278, uidState = 11
08-19 14:19:24.367 I/MiuiNetworkPolicy( 1783): updateUidState uid = 10278, uidState = 16
08-19 14:19:24.373 I/MiuiNetworkPolicy( 1783): updateUidState uid = 10278, uidState = 10
08-19 14:19:24.382 W/ActivityManager( 1783): Unable to start service Intent { act=com.tencent.tpns.mqttchannel.FEEDBACK pkg=com.tencent.qqlive } U=0: not found
08-19 14:19:24.384 I/TPush   (21329): [XGVipPushService] heartBeat
08-19 14:19:24.387 I/MiuiNetworkPolicy( 1783): updateUidState uid = 10278, uidState = 6
08-19 14:19:24.390 I/MiuiNetworkPolicy( 1783): updateUidState uid = 10278, uidState = 10
08-19 14:19:24.395 I/TPush   (21329): [ServiceUtil] disable pull up other app
08-19 14:19:24.619 W/Thread-89(26994): type=1400 audit(0.0:1643042): avc: granted { open } for path="/dev/ashmem" dev="tmpfs" ino=1135 scontext=u:r:untrusted_app_27:s0:c32,c257,c512,c768 tcontext=u:object_r:ashmem_device:s0 tclass=chr_file app=com.vmos.app
08-19 14:19:24.648 I/cmd     (32516): oneway function results will be dropped but finished with status OK and parcel size 4
08-19 14:19:25.071 I/cmd     (32532): oneway function results will be dropped but finished with status OK and parcel size 4
08-19 14:19:25.091 W/Thread-21( 6397): type=1400 audit(0.0:1643043): avc: denied { read } for name="devices" dev="proc" ino=4026532038 scontext=u:r:untrusted_app_27:s0:c512,c768 tcontext=u:object_r:proc:s0 tclass=file permissive=0 app=com.tmri.app.main
08-19 14:19:25.201 I/cmd     (32536): oneway function results will be dropped but finished with status OK and parcel size 4
08-19 14:19:25.714 I/MiuiNetworkPolicy( 1783): bandwidth: 0 KB/s, Max bandwidth: 4964 KB/s
08-19 14:19:26.103 W/Thread-21( 6397): type=1400 audit(0.0:1643044): avc: denied { read } for name="devices" dev="proc" ino=4026532038 scontext=u:r:untrusted_app_27:s0:c512,c768 tcontext=u:object_r:proc:s0 tclass=file permissive=0 app=com.tmri.app.main
08-19 14:19:26.115 W/Thread-110(26994): type=1400 audit(0.0:1643045): avc: granted { open } for path="/dev/ashmem" dev="tmpfs" ino=1135 scontext=u:r:untrusted_app_27:s0:c32,c257,c512,c768 tcontext=u:object_r:ashmem_device:s0 tclass=chr_file app=com.vmos.app
08-19 14:19:26.397 I/MiuiChargeManager( 2677): notifyBatteryStatusChanged:  status: 2 isPlugged: 1 level: 71 wireState: 11 chargeSpeed: 0 mWiredChargeType: 0 mWirelessChargeType: 0 chargeDeviceType: 0 maxChargingWattage: 7500000 SUPPORT_BROADCAST_QUICK_CHARGE: true
08-19 14:19:26.398 D/KeyguardUpdateMonitor( 2677): handleBatteryUpdate
08-19 14:19:26.398 D/NetworkSpeedTracker( 2989): receive actionandroid.intent.action.BATTERY_CHANGED
08-19 14:19:26.398 D/NetworkSpeedTracker( 2989): onReceive ACTION_BATTERY_CHANGED mBatteryLevel = 71;mIsCharging =true
08-19 14:19:26.398 I/BatteryController(13193): notifyBatteryStatusChanged:  status: 2 isPlugged: 1 level: 71 wireState: 11 chargeSpeed: 0 mWiredChargeType: 0 mWirelessChargeType: 0 chargeDeviceType: 0
08-19 14:19:26.398 I/BatteryController( 3439): notifyBatteryStatusChanged:  status: 2 isPlugged: 1 level: 71 wireState: 11 chargeSpeed: 0 mWiredChargeType: 0 mWirelessChargeType: 0 chargeDeviceType: 0
08-19 14:19:26.401 I/BatteryInfoReceiver( 4989): ACTION_BATTERY_CHANGED
08-19 14:19:26.401 W/BatteryHistoryLoadMgr( 4989): getHistoryInfo begin
08-19 14:19:26.403 D/PowerCheckerService( 5940): onBatteryChanged, mBatteryLevel = 70, status = 2, level = 71, plug = 1, scale = 100
08-19 14:19:26.404 I/MiuiChargeController( 2677): checkBatteryStatus: wireState 11 status 2 plugged 1 chargeSpeed 0 maxChargingWattage 7500000 isRapidCharge false isSuperCharge false isStrongSuperCharge false isCarMode false mChargeDeviceType 0 mChargeDeviceForAnalytic -1 SUPPORT_NEW_ANIMATION true isChargeAnimationDisabled false
08-19 14:19:26.404 I/MiuiChargeController( 2677): dealWithAnimationShow mWireState=11,wireState=11
08-19 14:19:26.404 I/MiuiChargeController( 2677):  dealWithAnimationShow 相同 
08-19 14:19:26.404 D/UploadVoiceJobService( 3982): needUploadVoice timeSinceLastUpload = 62535
08-19 14:19:26.405 I/PowerCenterProvider( 4989): call METHOD_GET_BATTERY_INFO
08-19 14:19:26.406 D/KeyguardUpdateMonitor( 2677): received broadcast android.intent.action.BATTERY_CHANGED
08-19 14:19:26.406 D/BatteryController( 2677): onReceive: Intent = Intent { act=android.intent.action.BATTERY_CHANGED flg=0x60000010 (has extras) } action = android.intent.action.BATTERY_CHANGED
08-19 14:19:26.409 D/DeviceStatisticsService( 2921): chargerType=1 batteryLevel=71 totalBatteryCapacity=4187500
08-19 14:19:26.409 D/DeviceInfoHidlClient( 2921): getPowerInfoSupportStatus()=1
08-19 14:19:26.409 D/DeviceInfoHidlClient( 2921): isRadioOn()=true
08-19 14:19:26.409 I/DeviceInfoHidlClient( 2921): isPowerInfoNeverSent=false batteryLevel=71 batteryLevelIndex=2 chargingMode=1 totalCapacity=4187500 powerSaveMode=false
08-19 14:19:26.412 W/BatteryHistoryLoadMgr( 4989): getHistoryInfo begin
08-19 14:19:26.427 E/QSAnimator( 2677): tileView is null custom(com.android.settings/.development.qstile.DevelopmentTiles$WirelessDebugging)
08-19 14:19:26.428 E/QSAnimator( 2677): tileView is null flashlight
08-19 14:19:26.428 E/QSAnimator( 2677): tileView is null mute
08-19 14:19:26.428 E/QSAnimator( 2677): tileView is null screenshot
08-19 14:19:26.428 E/QSAnimator( 2677): tileView is null airplane
08-19 14:19:26.428 E/QSAnimator( 2677): tileView is null screenlock
08-19 14:19:26.428 E/QSAnimator( 2677): tileView is null gps
08-19 14:19:26.428 E/QSAnimator( 2677): tileView is null rotation
08-19 14:19:26.428 E/QSAnimator( 2677): tileView is null scanner
08-19 14:19:26.428 E/QSAnimator( 2677): tileView is null papermode
08-19 14:19:26.428 E/QSAnimator( 2677): tileView is null night
08-19 14:19:26.428 E/QSAnimator( 2677): tileView is null quietmode
08-19 14:19:26.428 E/QSAnimator( 2677): tileView is null batterysaver
08-19 14:19:26.428 E/QSAnimator( 2677): tileView is null custom(com.miui.securitycenter/com.miui.superpower.notification.SuperPowerTileService)
08-19 14:19:26.428 E/QSAnimator( 2677): tileView is null custom(com.milink.service/com.milink.ui.service.MiLinkTileService)
08-19 14:19:26.428 E/QSAnimator( 2677): tileView is null custom(com.miui.mishare.connectivity/.tile.MiShareTileService)
08-19 14:19:26.428 E/QSAnimator( 2677): tileView is null freeformhang
08-19 14:19:26.428 E/QSAnimator( 2677): tileView is null custom(com.miui.screenrecorder/.service.QuickService)
08-19 14:19:26.428 E/QSAnimator( 2677): tileView is null vibrate
08-19 14:19:26.428 E/QSAnimator( 2677): tileView is null hotspot
08-19 14:19:26.428 E/QSAnimator( 2677): tileView is null nfc
08-19 14:19:26.428 E/QSAnimator( 2677): tileView is null edit
08-19 14:19:26.456 I/cmd     (32567): oneway function results will be dropped but finished with status OK and parcel size 4
08-19 14:19:26.467 I/hwservicemanager(  601): getTransport: Cannot find entry android.hardware.power.stats@1.0::IPowerStats/default in either framework or device manifest.
08-19 14:19:26.468 I/hwservicemanager(  601): getTransport: Cannot find entry android.hardware.power@1.0::IPower/default in either framework or device manifest.
08-19 14:19:26.468 E/BatteryStatsService( 1783): Unable to load Power Hal or power.stats HAL
08-19 14:19:26.468 I/hwservicemanager(  601): getTransport: Cannot find entry android.hardware.power.stats@1.0::IPowerStats/default in either framework or device manifest.
08-19 14:19:26.468 I/hwservicemanager(  601): getTransport: Cannot find entry android.hardware.power@1.0::IPower/default in either framework or device manifest.
08-19 14:19:26.468 E/BatteryStatsService( 1783): Unable to load Power Hal or power.stats HAL
08-19 14:19:26.475 W/Binder:668_2(  668): type=1400 audit(0.0:1643046): avc: denied { read } for name="wakeup58" dev="sysfs" ino=81861 scontext=u:r:system_suspend:s0 tcontext=u:object_r:vendor_sysfs_usb_supply:s0 tclass=dir permissive=0
08-19 14:19:26.479 E/android.system.suspend@1.0-service(  668): Error opening kernel wakelock stats for: wakeup58: Permission denied
08-19 14:19:26.480 E/android.system.suspend@1.0-service(  668): Error opening kernel wakelock stats for: wakeup4: Permission denied
08-19 14:19:26.480 E/android.system.suspend@1.0-service(  668): Error opening kernel wakelock stats for: wakeup76: Permission denied
08-19 14:19:26.479 W/Binder:668_2(  668): type=1400 audit(0.0:1643047): avc: denied { read } for name="wakeup4" dev="sysfs" ino=55912 scontext=u:r:system_suspend:s0 tcontext=u:object_r:sysfs:s0 tclass=dir permissive=0
08-19 14:19:26.479 W/Binder:668_2(  668): type=1400 audit(0.0:1643048): avc: denied { read } for name="wakeup76" dev="sysfs" ino=89236 scontext=u:r:system_suspend:s0 tcontext=u:object_r:sysfs:s0 tclass=dir permissive=0
08-19 14:19:26.480 E/android.system.suspend@1.0-service(  668): Error opening kernel wakelock stats for: wakeup38: Permission denied
08-19 14:19:26.479 W/Binder:668_2(  668): type=1400 audit(0.0:1643049): avc: denied { read } for name="wakeup38" dev="sysfs" ino=71742 scontext=u:r:system_suspend:s0 tcontext=u:object_r:sysfs:s0 tclass=dir permissive=0
08-19 14:19:26.481 E/android.system.suspend@1.0-service(  668): Error opening kernel wakelock stats for: wakeup56: Permission denied
08-19 14:19:26.479 W/Binder:668_2(  668): type=1400 audit(0.0:1643050): avc: denied { read } for name="wakeup56" dev="sysfs" ino=81673 scontext=u:r:system_suspend:s0 tcontext=u:object_r:sysfs:s0 tclass=dir permissive=0
08-19 14:19:26.482 E/android.system.suspend@1.0-service(  668): Error opening kernel wakelock stats for: wakeup46: Permission denied
08-19 14:19:26.479 W/Binder:668_2(  668): type=1400 audit(0.0:1643051): avc: denied { read } for name="wakeup46" dev="sysfs" ino=73453 scontext=u:r:system_suspend:s0 tcontext=u:object_r:sysfs:s0 tclass=dir permissive=0
08-19 14:19:26.482 E/android.system.suspend@1.0-service(  668): Error opening kernel wakelock stats for: wakeup2: Permission denied
08-19 14:19:26.479 W/Binder:668_2(  668): type=1400 audit(0.0:1643052): avc: denied { read } for name="wakeup2" dev="sysfs" ino=52590 scontext=u:r:system_suspend:s0 tcontext=u:object_r:sysfs:s0 tclass=dir permissive=0
08-19 14:19:26.482 E/android.system.suspend@1.0-service(  668): Error opening kernel wakelock stats for: wakeup74: Permission denied
08-19 14:19:26.483 E/android.system.suspend@1.0-service(  668): Error opening kernel wakelock stats for: wakeup36: Permission denied
08-19 14:19:26.484 E/android.system.suspend@1.0-service(  668): Error opening kernel wakelock stats for: wakeup82: Permission denied
08-19 14:19:26.484 E/android.system.suspend@1.0-service(  668): Error opening kernel wakelock stats for: wakeup44: Permission denied
08-19 14:19:26.485 E/android.system.suspend@1.0-service(  668): Error opening kernel wakelock stats for: wakeup0: Permission denied
08-19 14:19:26.485 E/android.system.suspend@1.0-service(  668): Error opening kernel wakelock stats for: wakeup72: Permission denied
08-19 14:19:26.485 E/android.system.suspend@1.0-service(  668): Error opening kernel wakelock stats for: wakeup62: Permission denied
08-19 14:19:26.486 E/android.system.suspend@1.0-service(  668): Error opening kernel wakelock stats for: wakeup52: Permission denied
08-19 14:19:26.486 E/android.system.suspend@1.0-service(  668): Error opening kernel wakelock stats for: wakeup9: Permission denied
08-19 14:19:26.486 E/android.system.suspend@1.0-service(  668): Error opening kernel wakelock stats for: wakeup80: Permission denied
08-19 14:19:26.486 E/android.system.suspend@1.0-service(  668): Error opening kernel wakelock stats for: wakeup42: Permission denied
08-19 14:19:26.487 E/android.system.suspend@1.0-service(  668): Error opening kernel wakelock stats for: wakeup70: Permission denied
08-19 14:19:26.487 E/android.system.suspend@1.0-service(  668): Error opening kernel wakelock stats for: wakeup32: Permission denied
08-19 14:19:26.487 E/android.system.suspend@1.0-service(  668): Error opening kernel wakelock stats for: wakeup130: Permission denied
08-19 14:19:26.487 E/android.system.suspend@1.0-service(  668): Error opening kernel wakelock stats for: wakeup60: Permission denied
08-19 14:19:26.487 E/android.system.suspend@1.0-service(  668): Error opening kernel wakelock stats for: wakeup89: Permission denied
08-19 14:19:26.488 E/android.system.suspend@1.0-service(  668): Error opening kernel wakelock stats for: wakeup7: Permission denied
08-19 14:19:26.488 E/android.system.suspend@1.0-service(  668): Error opening kernel wakelock stats for: wakeup79: Permission denied
08-19 14:19:26.489 E/android.system.suspend@1.0-service(  668): Error opening kernel wakelock stats for: wakeup40: Permission denied
08-19 14:19:26.489 E/android.system.suspend@1.0-service(  668): Error opening kernel wakelock stats for: wakeup69: Permission denied
08-19 14:19:26.489 E/android.system.suspend@1.0-service(  668): Error opening kernel wakelock stats for: wakeup100: Permission denied
08-19 14:19:26.489 E/android.system.suspend@1.0-service(  668): Error opening kernel wakelock stats for: wakeup30: Permission denied
08-19 14:19:26.490 E/android.system.suspend@1.0-service(  668): Error opening kernel wakelock stats for: wakeup59: Permission denied
08-19 14:19:26.491 E/android.system.suspend@1.0-service(  668): Error opening kernel wakelock stats for: wakeup77: Permission denied
08-19 14:19:26.491 E/android.system.suspend@1.0-service(  668): Error opening kernel wakelock stats for: wakeup10: Permission denied
08-19 14:19:26.491 E/android.system.suspend@1.0-service(  668): Error opening kernel wakelock stats for: wakeup39: Permission denied
08-19 14:19:26.492 E/android.system.suspend@1.0-service(  668): Error opening kernel wakelock stats for: wakeup29: Permission denied
08-19 14:19:26.492 E/android.system.suspend@1.0-service(  668): Error opening kernel wakelock stats for: wakeup57: Permission denied
08-19 14:19:26.493 E/android.system.suspend@1.0-service(  668): Error opening kernel wakelock stats for: wakeup19: Permission denied
08-19 14:19:26.493 E/android.system.suspend@1.0-service(  668): Error opening kernel wakelock stats for: wakeup47: Permission denied
08-19 14:19:26.494 E/android.system.suspend@1.0-service(  668): Error opening kernel wakelock stats for: wakeup3: Permission denied
08-19 14:19:26.494 E/android.system.suspend@1.0-service(  668): Error opening kernel wakelock stats for: wakeup75: Permission denied
08-19 14:19:26.494 E/android.system.suspend@1.0-service(  668): Error opening kernel wakelock stats for: wakeup37: Permission denied
08-19 14:19:26.494 E/android.system.suspend@1.0-service(  668): Error opening kernel wakelock stats for: wakeup65: Permission denied
08-19 14:19:26.495 E/android.system.suspend@1.0-service(  668): Error opening kernel wakelock stats for: wakeup27: Permission denied
08-19 14:19:26.495 E/android.system.suspend@1.0-service(  668): Error opening kernel wakelock stats for: wakeup55: Permission denied
08-19 14:19:26.496 E/android.system.suspend@1.0-service(  668): Error opening kernel wakelock stats for: wakeup17: Permission denied
08-19 14:19:26.496 E/android.system.suspend@1.0-service(  668): Error opening kernel wakelock stats for: wakeup45: Permission denied
