08-19 14:19:53.620 D/BatteryController( 2677): onReceive: Intent = Intent { act=android.intent.action.BATTERY_CHANGED flg=0x60000010 (has extras) } action = android.intent.action.BATTERY_CHANGED
08-19 14:19:53.620 D/PowerCheckerService( 5940): onBatteryChanged, mBatteryLevel = 71, status = 2, level = 71, plug = 1, scale = 100
08-19 14:19:53.621 D/UploadVoiceJobService( 3982): needUploadVoice timeSinceLastUpload = 89752
08-19 14:19:53.622 D/NetworkSpeedTracker( 2989): receive actionandroid.intent.action.BATTERY_CHANGED
08-19 14:19:53.622 D/NetworkSpeedTracker( 2989): onReceive ACTION_BATTERY_CHANGED mBatteryLevel = 71;mIsCharging =true
08-19 14:19:53.626 D/DeviceStatisticsService( 2921): chargerType=1 batteryLevel=71 totalBatteryCapacity=4200100
08-19 14:19:53.626 D/DeviceInfoHidlClient( 2921): getPowerInfoSupportStatus()=1
08-19 14:19:53.626 D/DeviceInfoHidlClient( 2921): isRadioOn()=true
08-19 14:19:53.626 I/DeviceInfoHidlClient( 2921): isPowerInfoNeverSent=false batteryLevel=71 batteryLevelIndex=2 chargingMode=1 totalCapacity=4200100 powerSaveMode=false
08-19 14:19:53.734 I/cmd     ( 1760): oneway function results will be dropped but finished with status OK and parcel size 4
08-19 14:19:53.959 W/Thread-21( 6397): type=1400 audit(0.0:1643225): avc: denied { read } for name="devices" dev="proc" ino=4026532038 scontext=u:r:untrusted_app_27:s0:c512,c768 tcontext=u:object_r:proc:s0 tclass=file permissive=0 app=com.tmri.app.main
08-19 14:19:54.389 D/NetworkController.MobileSignalController(1)( 2677): onDataActivity: direction=4
08-19 14:19:54.393 D/NetworkController.MobileSignalController(1)( 2677): onDataActivity: direction=0
08-19 14:19:54.394 D/DynamicSarService( 2989): PhoneStateListener.onDataActivity: direction=4
08-19 14:19:54.394 D/DynamicSarService( 2989): modem or radio power state change,messageType: 128 state: 4
08-19 14:19:54.394 D/DynamicSarService( 2989): PhoneStateListener.onDataActivity: direction=0
08-19 14:19:54.394 D/DynamicSarService( 2989): modem or radio power state change,messageType: 128 state: 0
08-19 14:19:54.394 D/NetworkSpeedTracker( 2989): onLinkStateChanged direction=0
08-19 14:19:54.394 D/NetworkSpeedTracker( 2989): startDataPoll mPollActive=false
08-19 14:19:54.394 D/NetworkSpeedTracker( 2989): stopDataPoll
08-19 14:19:54.394 D/NetworkSpeedTracker( 2989): postUpdateNetworkRateDelay mIsScreenOn=true,mIsMobileDataOn=false
08-19 14:19:54.671 I/cmd     ( 1786): oneway function results will be dropped but finished with status OK and parcel size 4
08-19 14:19:54.807 W/Thread-89(26994): type=1400 audit(0.0:1643226): avc: granted { open } for path="/dev/ashmem" dev="tmpfs" ino=1135 scontext=u:r:untrusted_app_27:s0:c32,c257,c512,c768 tcontext=u:object_r:ashmem_device:s0 tclass=chr_file app=com.vmos.app
08-19 14:19:54.875 I/QImsService( 2866): ImsRadioIndication : onRegistrationChanged_1_6()
08-19 14:19:54.875 I/QImsService( 2866): ImsSenderRxr : [UNSL]< UNSOL_RESPONSE_IMS_NETWORK_STATE_CHANGED[SUB0]
08-19 14:19:54.879 I/QImsService( 2866): ImsServiceSubHandler : Message received: what = 2
08-19 14:19:54.880 I/QImsService( 2866): ImsServiceSub : [0] handleImsStateChanged
08-19 14:19:54.882 I/QImsService( 2866): ImsSenderRxr : [0032]> REQUEST_QUERY_SERVICE_STATUS [SUB0]
08-19 14:19:54.882 I/QImsService( 2866): ImsServiceSub : [0] VOLTE ims registered, WFC change to Not  registered
08-19 14:19:54.885 I/QImsService( 2866): ImsRadioResponse : queryServiceStatusResponse_1_6()
08-19 14:19:54.885 I/QImsService( 2866): Class : Num of SrvUpdates = 8
08-19 14:19:54.886 I/QImsService( 2866): Class :  networkMode = 14 status = 2 restrictCause = 0 registered = 1
08-19 14:19:54.886 I/QImsService( 2866): Class : Partially Enabled Status due to Restrict Cause
08-19 14:19:54.886 I/QImsService( 2866): Class : RTT: copySrvStatusList rtt mode = 2
08-19 14:19:54.886 I/QImsService( 2866): Class :  networkMode = 14 status = 2 restrictCause = 0 registered = 1
08-19 14:19:54.886 I/QImsService( 2866): Class : Partially Enabled Status due to Restrict Cause
08-19 14:19:54.886 I/QImsService( 2866): Class : RTT: copySrvStatusList rtt mode = 2
08-19 14:19:54.886 I/QImsService( 2866): Class :  networkMode = 14 status = 2 restrictCause = 0 registered = 1
08-19 14:19:54.886 I/QImsService( 2866): Class : Partially Enabled Status due to Restrict Cause
08-19 14:19:54.886 I/QImsService( 2866): Class : RTT: copySrvStatusList rtt mode = 2
08-19 14:19:54.886 I/QImsService( 2866): Class :  networkMode = 14 status = 2 restrictCause = 0 registered = 1
08-19 14:19:54.886 I/QImsService( 2866): Class : Partially Enabled Status due to Restrict Cause
08-19 14:19:54.886 I/QImsService( 2866): Class : RTT: copySrvStatusList rtt mode = 2
08-19 14:19:54.886 I/QImsService( 2866): Class :  networkMode = 14 status = 2 restrictCause = 0 registered = 1
08-19 14:19:54.886 I/QImsService( 2866): Class : Partially Enabled Status due to Restrict Cause
08-19 14:19:54.886 I/QImsService( 2866): Class : RTT: copySrvStatusList rtt mode = 2
08-19 14:19:54.886 I/QImsService( 2866): Class :  networkMode = 14 status = 2 restrictCause = 0 registered = 1
08-19 14:19:54.886 I/QImsService( 2866): Class : Partially Enabled Status due to Restrict Cause
08-19 14:19:54.886 I/QImsService( 2866): Class : RTT: copySrvStatusList rtt mode = 2
08-19 14:19:54.886 I/QImsService( 2866): Class :  networkMode = 14 status = 0 restrictCause = 0 registered = 2
08-19 14:19:54.886 I/QImsService( 2866): Class : RTT: copySrvStatusList rtt mode = 2
08-19 14:19:54.886 I/QImsService( 2866): Class :  networkMode = 14 status = 0 restrictCause = 0 registered = 2
08-19 14:19:54.886 I/QImsService( 2866): Class : RTT: copySrvStatusList rtt mode = 2
08-19 14:19:54.886 I/QImsService( 2866): ImsSenderRxr : [0032]< REQUEST_QUERY_SERVICE_STATUS [org.codeaurora.ims.ServiceStatus@246e31, org.codeaurora.ims.ServiceStatus@3fc0916, org.codeaurora.ims.ServiceStatus@a18c297, org.codeaurora.ims.ServiceStatus@f9f0c84, org.codeaurora.ims.ServiceStatus@ea0bc6d, org.codeaurora.ims.ServiceStatus@d27a0a2, org.codeaurora.ims.ServiceStatus@c1cf133, org.codeaurora.ims.ServiceStatus@a426cf0][SUB0]
08-19 14:19:54.887 I/QImsService( 2866): ImsServiceSub : [0] sendBroadcastForDisconnected
08-19 14:19:54.889 D/ImsRegCallbackHelper( 2989): updateRegistrationState: registration state from 2 to 2
08-19 14:19:54.890 I/QImsService( 2866): ImsServiceSubHandler : Message received: what = 5
08-19 14:19:54.890 I/QImsService( 2866): ImsServiceSub : [0] Received event: EVENT_GET_STATUS_UPDATE
08-19 14:19:54.890 I/QImsService( 2866): ImsServiceSub : [0] type = 5 status = 1 isValid = true
08-19 14:19:54.890 I/QImsService( 2866): ImsServiceSub : [0] Call Type 5has num updates = 1
08-19 14:19:54.890 I/QImsService( 2866): ImsServiceSub : [0] StatusForAccessTech networkMode = 14 registered = 1 status = 2 restrictCause = 0
08-19 14:19:54.890 I/QImsService( 2866): ImsServiceSub : [0] type = 0 status = 1 isValid = true
08-19 14:19:54.890 I/QImsService( 2866): ImsServiceSub : [0] Call Type 0has num updates = 1
08-19 14:19:54.890 I/QImsService( 2866): ImsServiceSub : [0] StatusForAccessTech networkMode = 14 registered = 1 status = 2 restrictCause = 0
08-19 14:19:54.890 I/QImsService( 2866): ImsServiceSub : [0] type = 3 status = 1 isValid = true
08-19 14:19:54.890 I/QImsService( 2866): ImsServiceSub : [0] Call Type 3has num updates = 1
08-19 14:19:54.890 I/QImsService( 2866): ImsServiceSub : [0] StatusForAccessTech networkMode = 14 registered = 1 status = 2 restrictCause = 0
08-19 14:19:54.890 I/QImsService( 2866): ImsServiceSub : [0] type = 1 status = 1 isValid = true
08-19 14:19:54.890 I/QImsService( 2866): ImsServiceSub : [0] Call Type 1has num updates = 1
08-19 14:19:54.890 I/QImsService( 2866): ImsServiceSub : [0] StatusForAccessTech networkMode = 14 registered = 1 status = 2 restrictCause = 0
08-19 14:19:54.890 I/QImsService( 2866): ImsServiceSub : [0] type = 2 status = 1 isValid = true
08-19 14:19:54.890 I/QImsService( 2866): ImsServiceSub : [0] Call Type 2has num updates = 1
08-19 14:19:54.890 I/QImsService( 2866): ImsServiceSub : [0] StatusForAccessTech networkMode = 14 registered = 1 status = 2 restrictCause = 0
08-19 14:19:54.890 I/QImsService( 2866): ImsServiceSub : [0] type = 25 status = 1 isValid = true
08-19 14:19:54.890 I/QImsService( 2866): ImsServiceSub : [0] Call Type 25has num updates = 1
08-19 14:19:54.890 I/QImsService( 2866): ImsServiceSub : [0] StatusForAccessTech networkMode = 14 registered = 1 status = 2 restrictCause = 0
08-19 14:19:54.890 I/QImsService( 2866): ImsServiceSub : [0] type = 26 status = 0 isValid = true
08-19 14:19:54.890 I/QImsService( 2866): ImsServiceSub : [0] Call Type 26has num updates = 1
08-19 14:19:54.890 I/QImsService( 2866): ImsServiceSub : [0] StatusForAccessTech networkMode = 14 registered = 2 status = 0 restrictCause = 0
08-19 14:19:54.891 I/QImsService( 2866): ImsServiceSub : [0] type = 27 status = 0 isValid = true
08-19 14:19:54.891 I/QImsService( 2866): ImsServiceSub : [0] Call Type 27has num updates = 1
08-19 14:19:54.891 I/QImsService( 2866): ImsServiceSub : [0] StatusForAccessTech networkMode = 14 registered = 2 status = 0 restrictCause = 0
08-19 14:19:54.892 I/QImsService( 2866): ImsServiceClassTracker : updateFeatureCapabilities video true voice true
08-19 14:19:54.892 D/ImsMultiEndpointImpl( 2866): Message received: what = 2
08-19 14:19:54.892 D/ImsMultiEndpointImpl( 2866): EVENT_CAPABILITIES_CHANGED
08-19 14:19:54.892 D/ImsMultiEndpointImpl( 2866): updateCapabilities:: Video = true, Voice = true
08-19 14:19:54.892 D/ImsViceParser( 2866): getCallPullInfo mDialogIds null
08-19 14:19:54.892 I/ImsMultiEndpointImpl( 2866): Calling onImsExternalCallStateUpdate
08-19 14:19:54.892 D/MultiEndpointImplBase( 2866): ims external call state update triggered.
08-19 14:19:54.893 D/RegistrationOverIms( 8095): ims sms capability is true;last time ims cap is true
08-19 14:19:54.893 D/ImsExternalCallTracker( 2989): refreshExternalCallState
08-19 14:19:54.901 I/Telephony( 2989): isRttCurrentlySupported -- regular acct, hasVoiceAvailability: true
08-19 14:19:54.901 I/Telephony( 2989):  isRttSupported: false
08-19 14:19:54.901 I/Telephony( 2989):  isRoaming: false
08-19 14:19:54.901 I/Telephony( 2989):  isOnWfc: false
08-19 14:19:54.995 W/Thread-21( 6397): type=1400 audit(0.0:1643227): avc: denied { read } for name="devices" dev="proc" ino=4026532038 scontext=u:r:untrusted_app_27:s0:c512,c768 tcontext=u:object_r:proc:s0 tclass=file permissive=0 app=com.tmri.app.main
08-19 14:19:55.062 E/QSAnimator( 2677): tileView is null custom(com.android.settings/.development.qstile.DevelopmentTiles$WirelessDebugging)
08-19 14:19:55.062 E/QSAnimator( 2677): tileView is null flashlight
08-19 14:19:55.062 E/QSAnimator( 2677): tileView is null mute
08-19 14:19:55.062 E/QSAnimator( 2677): tileView is null screenshot
08-19 14:19:55.062 E/QSAnimator( 2677): tileView is null airplane
08-19 14:19:55.062 E/QSAnimator( 2677): tileView is null screenlock
08-19 14:19:55.062 E/QSAnimator( 2677): tileView is null gps
08-19 14:19:55.062 E/QSAnimator( 2677): tileView is null rotation
08-19 14:19:55.062 E/QSAnimator( 2677): tileView is null scanner
08-19 14:19:55.062 E/QSAnimator( 2677): tileView is null papermode
08-19 14:19:55.062 E/QSAnimator( 2677): tileView is null night
08-19 14:19:55.062 E/QSAnimator( 2677): tileView is null quietmode
08-19 14:19:55.062 E/QSAnimator( 2677): tileView is null batterysaver
08-19 14:19:55.062 E/QSAnimator( 2677): tileView is null custom(com.miui.securitycenter/com.miui.superpower.notification.SuperPowerTileService)
08-19 14:19:55.062 E/QSAnimator( 2677): tileView is null custom(com.milink.service/com.milink.ui.service.MiLinkTileService)
08-19 14:19:55.062 E/QSAnimator( 2677): tileView is null custom(com.miui.mishare.connectivity/.tile.MiShareTileService)
08-19 14:19:55.062 E/QSAnimator( 2677): tileView is null freeformhang
08-19 14:19:55.062 E/QSAnimator( 2677): tileView is null custom(com.miui.screenrecorder/.service.QuickService)
08-19 14:19:55.062 E/QSAnimator( 2677): tileView is null vibrate
08-19 14:19:55.062 E/QSAnimator( 2677): tileView is null hotspot
08-19 14:19:55.062 E/QSAnimator( 2677): tileView is null nfc
08-19 14:19:55.062 E/QSAnimator( 2677): tileView is null edit
08-19 14:19:55.089 D/CompatibilityInfo( 1783): mCompatibilityFlags - 0
08-19 14:19:55.089 D/CompatibilityInfo( 1783): applicationDensity - 440
08-19 14:19:55.089 D/CompatibilityInfo( 1783): applicationScale - 1.0
08-19 14:19:55.091 W/ActivityManager( 1783): Sending non-protected broadcast miui.intent.action.CHECK_TIME_UP from system uid 1000 pkg android. Callers=com.android.server.am.ActivityManagerService.broadcastIntentLocked:17163 com.android.server.am.ActivityManagerService.broadcastIntentInPackage:17343 com.android.server.am.ActivityManagerService$LocalService.broadcastIntentInPackage:20037 com.android.server.am.PendingIntentRecord.sendInner:445 com.android.server.am.PendingIntentRecord.sendWithResult:285 
08-19 14:19:55.093 I/PowerKeeperBackgroundService( 5940): onStartCommand()
08-19 14:19:55.093 I/PowerKeeperService( 5940): onAlarm
08-19 14:19:55.099 I/drm     ( 1783): check theme drm event received
08-19 14:19:55.100 I/drm     ( 1783): validate theme in /data/system/theme/
08-19 14:19:55.100 I/drm     ( 1783): validate theme in /data/system/theme/.runtime
08-19 14:19:55.105 I/drm     ( 1783): validate theme in /data/system/theme/compatibility-v12
08-19 14:19:55.105 I/drm     ( 1783): validate theme in /data/system/theme/rights
08-19 14:19:55.106 I/drm     ( 1783): validate theme in /data/system/theme/boots/bootanimation.zip
08-19 14:19:55.122 I/TrafficManageService( 4989): mina mTrafficStatsReceiver onReceive
08-19 14:19:55.123 I/cmd     ( 1811): oneway function results will be dropped but finished with status OK and parcel size 4
08-19 14:19:55.129 D/CompatibilityInfo( 1783): mCompatibilityFlags - 0
08-19 14:19:55.129 D/CompatibilityInfo( 1783): applicationDensity - 440
08-19 14:19:55.129 D/CompatibilityInfo( 1783): applicationScale - 1.0
08-19 14:19:55.131 I/NetworkScheduler.Stats( 3549): Task com.google.android.gms/com.google.android.gms.auth.account.be.legacy.AuthCronService started execution. cause:4 exec_start_elapsed_seconds: 9022 [CONTEXT service_id=218 ]
08-19 14:19:55.134 I/NetworkScheduler.Stats( 3549): Task com.google.android.gms/com.google.android.gms.auth.account.be.legacy.AuthCronService finished executing. cause:4 result: 1 elapsed_millis: 13 uptime_millis: 13 exec_start_elapsed_seconds: 9022 [CONTEXT service_id=218 ]
08-19 14:19:55.444 I/cmd     ( 1821): oneway function results will be dropped but finished with status OK and parcel size 4
08-19 14:19:55.562 I/cmd     ( 1851): oneway function results will be dropped but finished with status OK and parcel size 4
08-19 14:19:55.567 W/emotecontrolle(10009): Reducing the number of considered missed Gc histogram windows from 271 to 100
08-19 14:19:55.742 I/MiuiNetworkPolicy( 1783): bandwidth: 0 KB/s, Max bandwidth: 4964 KB/s
08-19 14:19:55.879 I/cmd     ( 1876): oneway function results will be dropped but finished with status OK and parcel size 4
08-19 14:19:56.001 I/cmd     ( 1882): oneway function results will be dropped but finished with status OK and parcel size 4
08-19 14:19:56.023 W/Thread-21( 6397): type=1400 audit(0.0:1643228): avc: denied { read } for name="devices" dev="proc" ino=4026532038 scontext=u:r:untrusted_app_27:s0:c512,c768 tcontext=u:object_r:proc:s0 tclass=file permissive=0 app=com.tmri.app.main
08-19 14:19:56.335 W/Thread-110(26994): type=1400 audit(0.0:1643229): avc: granted { open } for path="/dev/ashmem" dev="tmpfs" ino=1135 scontext=u:r:untrusted_app_27:s0:c32,c257,c512,c768 tcontext=u:object_r:ashmem_device:s0 tclass=chr_file app=com.vmos.app
08-19 14:19:56.465 I/cmd     ( 1955): oneway function results will be dropped but finished with status OK and parcel size 4
08-19 14:19:56.907 I/cmd     ( 1973): oneway function results will be dropped but finished with status OK and parcel size 4
08-19 14:19:57.027 W/Thread-21( 6397): type=1400 audit(0.0:1643230): avc: denied { read } for name="devices" dev="proc" ino=4026532038 scontext=u:r:untrusted_app_27:s0:c512,c768 tcontext=u:object_r:proc:s0 tclass=file permissive=0 app=com.tmri.app.main
08-19 14:19:57.987 W/ThreadPoolForeg(27040): type=1400 audit(0.0:1643231): avc: denied { write } for name="traced_producer" dev="tmpfs" ino=20309 scontext=u:r:platform_app:s0:c512,c768 tcontext=u:object_r:traced_producer_socket:s0 tclass=sock_file permissive=0 app=com.android.browser
08-19 14:19:58.059 W/Thread-21( 6397): type=1400 audit(0.0:1643232): avc: denied { read } for name="devices" dev="proc" ino=4026532038 scontext=u:r:untrusted_app_27:s0:c512,c768 tcontext=u:object_r:proc:s0 tclass=file permissive=0 app=com.tmri.app.main
08-19 14:19:58.161 I/cmd     ( 2062): oneway function results will be dropped but finished with status OK and parcel size 4
08-19 14:19:58.287 I/cmd     ( 2067): oneway function results will be dropped but finished with status OK and parcel size 4
08-19 14:19:58.625 I/cmd     ( 2109): oneway function results will be dropped but finished with status OK and parcel size 4
08-19 14:19:58.744 I/MiuiNetworkPolicy( 1783): bandwidth: 0 KB/s, Max bandwidth: 4964 KB/s
08-19 14:19:58.750 I/cmd     ( 2121): oneway function results will be dropped but finished with status OK and parcel size 4
08-19 14:19:59.099 W/Thread-21( 6397): type=1400 audit(0.0:1643233): avc: denied { read } for name="devices" dev="proc" ino=4026532038 scontext=u:r:untrusted_app_27:s0:c512,c768 tcontext=u:object_r:proc:s0 tclass=file permissive=0 app=com.tmri.app.main
08-19 14:19:59.843 W/Thread-89(26994): type=1400 audit(0.0:1643234): avc: granted { open } for path="/dev/ashmem" dev="tmpfs" ino=1135 scontext=u:r:untrusted_app_27:s0:c32,c257,c512,c768 tcontext=u:object_r:ashmem_device:s0 tclass=chr_file app=com.vmos.app
08-19 14:19:59.961 I/cmd     ( 2187): oneway function results will be dropped but finished with status OK and parcel size 4
08-19 14:20:00.002 D/KeyguardUpdateMonitor( 2677): received broadcast android.intent.action.TIME_TICK
08-19 14:20:00.033 D/KeyguardUpdateMonitor( 2677): handleTimeUpdate
08-19 14:20:00.034 D/KeyguardUpdateMonitor( 2677): received broadcast android.intent.action.TIME_TICK
08-19 14:20:00.036 E/QSAnimator( 2677): tileView is null custom(com.android.settings/.development.qstile.DevelopmentTiles$WirelessDebugging)
08-19 14:20:00.036 E/QSAnimator( 2677): tileView is null flashlight
08-19 14:20:00.036 E/QSAnimator( 2677): tileView is null mute
08-19 14:20:00.036 E/QSAnimator( 2677): tileView is null screenshot
08-19 14:20:00.036 E/QSAnimator( 2677): tileView is null airplane
08-19 14:20:00.036 E/QSAnimator( 2677): tileView is null screenlock
08-19 14:20:00.036 E/QSAnimator( 2677): tileView is null gps
08-19 14:20:00.036 E/QSAnimator( 2677): tileView is null rotation
08-19 14:20:00.036 E/QSAnimator( 2677): tileView is null scanner
08-19 14:20:00.036 E/QSAnimator( 2677): tileView is null papermode
08-19 14:20:00.036 E/QSAnimator( 2677): tileView is null night
08-19 14:20:00.036 E/QSAnimator( 2677): tileView is null quietmode
08-19 14:20:00.036 E/QSAnimator( 2677): tileView is null batterysaver
08-19 14:20:00.036 E/QSAnimator( 2677): tileView is null custom(com.miui.securitycenter/com.miui.superpower.notification.SuperPowerTileService)
08-19 14:20:00.036 E/QSAnimator( 2677): tileView is null custom(com.milink.service/com.milink.ui.service.MiLinkTileService)
08-19 14:20:00.036 E/QSAnimator( 2677): tileView is null custom(com.miui.mishare.connectivity/.tile.MiShareTileService)
08-19 14:20:00.036 E/QSAnimator( 2677): tileView is null freeformhang
08-19 14:20:00.036 E/QSAnimator( 2677): tileView is null custom(com.miui.screenrecorder/.service.QuickService)
08-19 14:20:00.036 E/QSAnimator( 2677): tileView is null vibrate
08-19 14:20:00.036 E/QSAnimator( 2677): tileView is null hotspot
08-19 14:20:00.036 E/QSAnimator( 2677): tileView is null nfc
08-19 14:20:00.036 E/QSAnimator( 2677): tileView is null edit
08-19 14:20:00.037 D/KeyguardUpdateMonitor( 2677): handleTimeUpdate
08-19 14:20:00.061 E/QSAnimator( 2677): tileView is null custom(com.android.settings/.development.qstile.DevelopmentTiles$WirelessDebugging)
08-19 14:20:00.061 E/QSAnimator( 2677): tileView is null flashlight
08-19 14:20:00.061 E/QSAnimator( 2677): tileView is null mute
08-19 14:20:00.061 E/QSAnimator( 2677): tileView is null screenshot
08-19 14:20:00.061 E/QSAnimator( 2677): tileView is null airplane
08-19 14:20:00.061 E/QSAnimator( 2677): tileView is null screenlock
08-19 14:20:00.061 E/QSAnimator( 2677): tileView is null gps
08-19 14:20:00.061 E/QSAnimator( 2677): tileView is null rotation
08-19 14:20:00.061 E/QSAnimator( 2677): tileView is null scanner
08-19 14:20:00.061 E/QSAnimator( 2677): tileView is null papermode
08-19 14:20:00.061 E/QSAnimator( 2677): tileView is null night
08-19 14:20:00.061 E/QSAnimator( 2677): tileView is null quietmode
08-19 14:20:00.061 E/QSAnimator( 2677): tileView is null batterysaver
08-19 14:20:00.061 E/QSAnimator( 2677): tileView is null custom(com.miui.securitycenter/com.miui.superpower.notification.SuperPowerTileService)
08-19 14:20:00.061 E/QSAnimator( 2677): tileView is null custom(com.milink.service/com.milink.ui.service.MiLinkTileService)
08-19 14:20:00.061 E/QSAnimator( 2677): tileView is null custom(com.miui.mishare.connectivity/.tile.MiShareTileService)
08-19 14:20:00.061 E/QSAnimator( 2677): tileView is null freeformhang
08-19 14:20:00.061 E/QSAnimator( 2677): tileView is null custom(com.miui.screenrecorder/.service.QuickService)
08-19 14:20:00.061 E/QSAnimator( 2677): tileView is null vibrate
08-19 14:20:00.061 E/QSAnimator( 2677): tileView is null hotspot
08-19 14:20:00.061 E/QSAnimator( 2677): tileView is null nfc
08-19 14:20:00.061 E/QSAnimator( 2677): tileView is null edit
08-19 14:20:00.135 W/Thread-21( 6397): type=1400 audit(0.0:1643235): avc: denied { read } for name="devices" dev="proc" ino=4026532038 scontext=u:r:untrusted_app_27:s0:c512,c768 tcontext=u:object_r:proc:s0 tclass=file permissive=0 app=com.tmri.app.main
08-19 14:20:00.882 I/cmd     ( 2230): oneway function results will be dropped but finished with status OK and parcel size 4
08-19 14:20:00.975 I/cmd     ( 2240): oneway function results will be dropped but finished with status OK and parcel size 4
08-19 14:20:01.171 W/Thread-21( 6397): type=1400 audit(0.0:1643236): avc: denied { read } for name="devices" dev="proc" ino=4026532038 scontext=u:r:untrusted_app_27:s0:c512,c768 tcontext=u:object_r:proc:s0 tclass=file permissive=0 app=com.tmri.app.main
08-19 14:20:01.317 I/cmd     ( 2244): oneway function results will be dropped but finished with status OK and parcel size 4
08-19 14:20:01.367 W/Thread-110(26994): type=1400 audit(0.0:1643237): avc: granted { open } for path="/dev/ashmem" dev="tmpfs" ino=1135 scontext=u:r:untrusted_app_27:s0:c32,c257,c512,c768 tcontext=u:object_r:ashmem_device:s0 tclass=chr_file app=com.vmos.app
08-19 14:20:01.430 I/cmd     ( 2248): oneway function results will be dropped but finished with status OK and parcel size 4
08-19 14:20:01.749 I/MiuiNetworkPolicy( 1783): bandwidth: 0 KB/s, Max bandwidth: 4964 KB/s
08-19 14:20:01.777 I/cmd     ( 2256): oneway function results will be dropped but finished with status OK and parcel size 4
08-19 14:20:01.791 D/KeyguardUpdateMonitor( 2677): received broadcast android.intent.action.BATTERY_CHANGED
08-19 14:20:01.793 D/NetworkSpeedTracker( 2989): receive actionandroid.intent.action.BATTERY_CHANGED
08-19 14:20:01.793 D/NetworkSpeedTracker( 2989): onReceive ACTION_BATTERY_CHANGED mBatteryLevel = 71;mIsCharging =true
08-19 14:20:01.793 D/BatteryController( 2677): onReceive: Intent = Intent { act=android.intent.action.BATTERY_CHANGED flg=0x60000010 (has extras) } action = android.intent.action.BATTERY_CHANGED
08-19 14:20:01.795 D/UploadVoiceJobService( 3982): needUploadVoice timeSinceLastUpload = 97926
08-19 14:20:01.795 I/BatteryInfoReceiver( 4989): ACTION_BATTERY_CHANGED
08-19 14:20:01.796 D/PowerCheckerService( 5940): onBatteryChanged, mBatteryLevel = 71, status = 2, level = 71, plug = 1, scale = 100
08-19 14:20:01.799 D/DeviceStatisticsService( 2921): chargerType=1 batteryLevel=71 totalBatteryCapacity=4203500
08-19 14:20:01.799 D/DeviceInfoHidlClient( 2921): getPowerInfoSupportStatus()=1
08-19 14:20:01.799 D/DeviceInfoHidlClient( 2921): isRadioOn()=true
08-19 14:20:01.799 I/DeviceInfoHidlClient( 2921): isPowerInfoNeverSent=false batteryLevel=71 batteryLevelIndex=2 chargingMode=1 totalCapacity=4203500 powerSaveMode=false
08-19 14:20:01.803 D/        (26994): set_light_battery: Not implemented.
08-19 14:20:01.804 D/        (26994): set_light_battery: Not implemented.
08-19 14:20:01.913 I/cmd     ( 2265): oneway function results will be dropped but finished with status OK and parcel size 4
08-19 14:20:02.211 W/Thread-21( 6397): type=1400 audit(0.0:1643238): avc: denied { read } for name="devices" dev="proc" ino=4026532038 scontext=u:r:untrusted_app_27:s0:c512,c768 tcontext=u:object_r:proc:s0 tclass=file permissive=0 app=com.tmri.app.main
08-19 14:20:02.706 I/cmd     ( 2284): oneway function results will be dropped but finished with status OK and parcel size 4
08-19 14:20:02.830 I/cmd     ( 2288): oneway function results will be dropped but finished with status OK and parcel size 4
08-19 14:20:03.150 I/cmd     ( 2299): oneway function results will be dropped but finished with status OK and parcel size 4
08-19 14:20:03.215 W/Thread-21( 6397): type=1400 audit(0.0:1643239): avc: denied { read } for name="devices" dev="proc" ino=4026532038 scontext=u:r:untrusted_app_27:s0:c512,c768 tcontext=u:object_r:proc:s0 tclass=file permissive=0 app=com.tmri.app.main
08-19 14:20:03.585 I/cmd     ( 2310): oneway function results will be dropped but finished with status OK and parcel size 4
08-19 14:20:03.711 I/cmd     ( 2316): oneway function results will be dropped but finished with status OK and parcel size 4
08-19 14:20:04.184 E/QSAnimator( 2677): tileView is null custom(com.android.settings/.development.qstile.DevelopmentTiles$WirelessDebugging)
08-19 14:20:04.184 E/QSAnimator( 2677): tileView is null flashlight
08-19 14:20:04.184 E/QSAnimator( 2677): tileView is null mute
08-19 14:20:04.184 E/QSAnimator( 2677): tileView is null screenshot
08-19 14:20:04.184 E/QSAnimator( 2677): tileView is null airplane
08-19 14:20:04.184 E/QSAnimator( 2677): tileView is null screenlock
08-19 14:20:04.184 E/QSAnimator( 2677): tileView is null gps
08-19 14:20:04.184 E/QSAnimator( 2677): tileView is null rotation
08-19 14:20:04.184 E/QSAnimator( 2677): tileView is null scanner
08-19 14:20:04.184 E/QSAnimator( 2677): tileView is null papermode
08-19 14:20:04.184 E/QSAnimator( 2677): tileView is null night
08-19 14:20:04.184 E/QSAnimator( 2677): tileView is null quietmode
08-19 14:20:04.184 E/QSAnimator( 2677): tileView is null batterysaver
08-19 14:20:04.184 E/QSAnimator( 2677): tileView is null custom(com.miui.securitycenter/com.miui.superpower.notification.SuperPowerTileService)
08-19 14:20:04.184 E/QSAnimator( 2677): tileView is null custom(com.milink.service/com.milink.ui.service.MiLinkTileService)
08-19 14:20:04.184 E/QSAnimator( 2677): tileView is null custom(com.miui.mishare.connectivity/.tile.MiShareTileService)
08-19 14:20:04.184 E/QSAnimator( 2677): tileView is null freeformhang
08-19 14:20:04.184 E/QSAnimator( 2677): tileView is null custom(com.miui.screenrecorder/.service.QuickService)
08-19 14:20:04.184 E/QSAnimator( 2677): tileView is null vibrate
08-19 14:20:04.184 E/QSAnimator( 2677): tileView is null hotspot
08-19 14:20:04.184 E/QSAnimator( 2677): tileView is null nfc
08-19 14:20:04.184 E/QSAnimator( 2677): tileView is null edit
08-19 14:20:04.215 W/Thread-21( 6397): type=1400 audit(0.0:1643240): avc: denied { read } for name="devices" dev="proc" ino=4026532038 scontext=u:r:untrusted_app_27:s0:c512,c768 tcontext=u:object_r:proc:s0 tclass=file permissive=0 app=com.tmri.app.main
08-19 14:20:04.526 I/cmd     ( 2336): oneway function results will be dropped but finished with status OK and parcel size 4
08-19 14:20:04.658 I/cmd     ( 2344): oneway function results will be dropped but finished with status OK and parcel size 4
08-19 14:20:04.753 I/MiuiNetworkPolicy( 1783): bandwidth: 0 KB/s, Max bandwidth: 4964 KB/s
08-19 14:20:04.875 W/Thread-89(26994): type=1400 audit(0.0:1643241): avc: granted { open } for path="/dev/ashmem" dev="tmpfs" ino=1135 scontext=u:r:untrusted_app_27:s0:c32,c257,c512,c768 tcontext=u:object_r:ashmem_device:s0 tclass=chr_file app=com.vmos.app
08-19 14:20:05.019 W/ActivityManager(26994): type=1400 audit(0.0:1643242): avc: denied { read } for name="loadavg" dev="proc" ino=4026532259 scontext=u:r:untrusted_app_27:s0:c32,c257,c512,c768 tcontext=u:object_r:proc_loadavg:s0 tclass=file permissive=0 app=com.vmos.app
08-19 14:20:05.193 D/NetworkController.MobileSignalController(1)( 2677): onDataActivity: direction=0
08-19 14:20:05.194 D/NetworkController.MobileSignalController(1)( 2677): onDataActivity: direction=4
08-19 14:20:05.195 D/DynamicSarService( 2989): PhoneStateListener.onDataActivity: direction=0
08-19 14:20:05.195 D/DynamicSarService( 2989): modem or radio power state change,messageType: 128 state: 0
08-19 14:20:05.195 D/DynamicSarService( 2989): PhoneStateListener.onDataActivity: direction=4
08-19 14:20:05.195 D/DynamicSarService( 2989): modem or radio power state change,messageType: 128 state: 4
08-19 14:20:05.196 D/NetworkSpeedTracker( 2989): onLinkStateChanged direction=4
08-19 14:20:05.196 D/NetworkSpeedTracker( 2989): stopDataPoll
08-19 14:20:05.251 W/Thread-21( 6397): type=1400 audit(0.0:1643243): avc: denied { read } for name="devices" dev="proc" ino=4026532038 scontext=u:r:untrusted_app_27:s0:c512,c768 tcontext=u:object_r:proc:s0 tclass=file permissive=0 app=com.tmri.app.main
08-19 14:20:06.255 W/Thread-21( 6397): type=1400 audit(0.0:1643244): avc: denied { read } for name="devices" dev="proc" ino=4026532038 scontext=u:r:untrusted_app_27:s0:c512,c768 tcontext=u:object_r:proc:s0 tclass=file permissive=0 app=com.tmri.app.main
08-19 14:20:06.353 I/cmd     ( 2411): oneway function results will be dropped but finished with status OK and parcel size 4
08-19 14:20:06.403 W/Thread-110(26994): type=1400 audit(0.0:1643245): avc: granted { open } for path="/dev/ashmem" dev="tmpfs" ino=1135 scontext=u:r:untrusted_app_27:s0:c32,c257,c512,c768 tcontext=u:object_r:ashmem_device:s0 tclass=chr_file app=com.vmos.app
08-19 14:20:06.449 I/cmd     ( 2420): oneway function results will be dropped but finished with status OK and parcel size 4
08-19 14:20:06.895 I/cmd     ( 2445): oneway function results will be dropped but finished with status OK and parcel size 4
08-19 14:20:07.503 W/Thread-21( 6397): type=1400 audit(0.0:1643246): avc: denied { read } for name="devices" dev="proc" ino=4026532038 scontext=u:r:untrusted_app_27:s0:c512,c768 tcontext=u:object_r:proc:s0 tclass=file permissive=0 app=com.tmri.app.main
08-19 14:20:07.757 I/MiuiNetworkPolicy( 1783): bandwidth: 0 KB/s, Max bandwidth: 4964 KB/s
08-19 14:20:08.129 I/cmd     ( 2496): oneway function results will be dropped but finished with status OK and parcel size 4
08-19 14:20:08.255 I/cmd     ( 2551): oneway function results will be dropped but finished with status OK and parcel size 4
08-19 14:20:08.507 W/Thread-21( 6397): type=1400 audit(0.0:1643247): avc: denied { read } for name="devices" dev="proc" ino=4026532038 scontext=u:r:untrusted_app_27:s0:c512,c768 tcontext=u:object_r:proc:s0 tclass=file permissive=0 app=com.tmri.app.main
08-19 14:20:08.595 I/cmd     ( 2564): oneway function results will be dropped but finished with status OK and parcel size 4
08-19 14:20:08.717 I/cmd     ( 2579): oneway function results will be dropped but finished with status OK and parcel size 4
08-19 14:20:09.058 I/cmd     ( 2608): oneway function results will be dropped but finished with status OK and parcel size 4
08-19 14:20:09.269 E/WifiStateMachine(26994): WifiStateMachine CMD_START_SCAN source -2 txSuccessRate=-0.00 rxSuccessRate=-0.00 targetRoamBSSID=any RSSI=-45
08-19 14:20:09.511 I/cmd     ( 2622): oneway function results will be dropped but finished with status OK and parcel size 4
08-19 14:20:09.539 W/Thread-21( 6397): type=1400 audit(0.0:1643248): avc: denied { read } for name="devices" dev="proc" ino=4026532038 scontext=u:r:untrusted_app_27:s0:c512,c768 tcontext=u:object_r:proc:s0 tclass=file permissive=0 app=com.tmri.app.main
08-19 14:20:09.625 I/cmd     ( 2633): oneway function results will be dropped but finished with status OK and parcel size 4
08-19 14:20:09.907 W/Thread-89(26994): type=1400 audit(0.0:1643249): avc: granted { open } for path="/dev/ashmem" dev="tmpfs" ino=1135 scontext=u:r:untrusted_app_27:s0:c32,c257,c512,c768 tcontext=u:object_r:ashmem_device:s0 tclass=chr_file app=com.vmos.app
08-19 14:20:09.960 I/cmd     ( 2637): oneway function results will be dropped but finished with status OK and parcel size 4
08-19 14:20:09.976 D/KeyguardUpdateMonitor( 2677): received broadcast android.intent.action.BATTERY_CHANGED
08-19 14:20:09.976 D/BatteryController( 2677): onReceive: Intent = Intent { act=android.intent.action.BATTERY_CHANGED flg=0x60000010 (has extras) } action = android.intent.action.BATTERY_CHANGED
08-19 14:20:09.976 D/NetworkSpeedTracker( 2989): receive actionandroid.intent.action.BATTERY_CHANGED
08-19 14:20:09.976 D/NetworkSpeedTracker( 2989): onReceive ACTION_BATTERY_CHANGED mBatteryLevel = 71;mIsCharging =true
08-19 14:20:09.978 I/BatteryInfoReceiver( 4989): ACTION_BATTERY_CHANGED
08-19 14:20:09.979 D/UploadVoiceJobService( 3982): needUploadVoice timeSinceLastUpload = 106110
08-19 14:20:09.981 D/PowerCheckerService( 5940): onBatteryChanged, mBatteryLevel = 71, status = 2, level = 71, plug = 1, scale = 100
08-19 14:20:09.983 D/DeviceStatisticsService( 2921): chargerType=1 batteryLevel=71 totalBatteryCapacity=4207100
08-19 14:20:09.983 D/DeviceInfoHidlClient( 2921): getPowerInfoSupportStatus()=1
08-19 14:20:09.983 D/DeviceInfoHidlClient( 2921): isRadioOn()=true
08-19 14:20:09.983 I/DeviceInfoHidlClient( 2921): isPowerInfoNeverSent=false batteryLevel=71 batteryLevelIndex=2 chargingMode=1 totalCapacity=4207100 powerSaveMode=false
08-19 14:20:10.069 W/rsonalassistan( 4602): Reducing the number of considered missed Gc histogram windows from 187 to 100
08-19 14:20:10.070 I/cmd     ( 2643): oneway function results will be dropped but finished with status OK and parcel size 4
08-19 14:20:10.086 W/System  ( 4602): A resource failed to call close. 
08-19 14:20:10.091 I/chatty  ( 4602): uid=10088(com.miui.personalassistant) FinalizerDaemon identical 9 lines
08-19 14:20:10.092 W/System  ( 4602): A resource failed to call close. 
08-19 14:20:10.490 I/cmd     ( 2682): oneway function results will be dropped but finished with status OK and parcel size 4
08-19 14:20:10.555 W/Thread-21( 6397): type=1400 audit(0.0:1643250): avc: denied { read } for name="devices" dev="proc" ino=4026532038 scontext=u:r:untrusted_app_27:s0:c512,c768 tcontext=u:object_r:proc:s0 tclass=file permissive=0 app=com.tmri.app.main
08-19 14:20:10.759 I/MiuiNetworkPolicy( 1783): bandwidth: 0 KB/s, Max bandwidth: 4964 KB/s
08-19 14:20:10.829 I/sensors-hal(  937): flush:209, android.sensor.accelerometer/64
08-19 14:20:10.831 I/sensors-hal(  937): flush:215, android.sensor.accelerometer/64 completed
08-19 14:20:10.832 I/cmd     ( 2705): oneway function results will be dropped but finished with status OK and parcel size 4
08-19 14:20:10.935 I/sensors-hal(  937): batch:180, android.sensor.accelerometer/64, period=66667000, max_latency=0
08-19 14:20:10.935 I/sensors-hal(  937): batch:189, android.sensor.accelerometer/64, period=66667000, max_latency=0 request completed
08-19 14:20:10.938 I/CZL_META(LITE)(26302): 

08-19 14:20:10.938 I/CZL_META(LITE)(26302): [26302]    meta(1213)

08-19 14:20:11.407 I/cmd     ( 2759): oneway function results will be dropped but finished with status OK and parcel size 4
08-19 14:20:11.423 W/Thread-110(26994): type=1400 audit(0.0:1643251): avc: granted { open } for path="/dev/ashmem" dev="tmpfs" ino=1135 scontext=u:r:untrusted_app_27:s0:c32,c257,c512,c768 tcontext=u:object_r:ashmem_device:s0 tclass=chr_file app=com.vmos.app
08-19 14:20:11.591 W/Thread-21( 6397): type=1400 audit(0.0:1643252): avc: denied { read } for name="devices" dev="proc" ino=4026532038 scontext=u:r:untrusted_app_27:s0:c512,c768 tcontext=u:object_r:proc:s0 tclass=file permissive=0 app=com.tmri.app.main
08-19 14:20:11.672 D/hpplay-java(26302): [Thread-45]:IMSDK:AbstractBlockingClient:heartBeatWrite
08-19 14:20:11.718 D/hpplay-java(26302): [pool-17-thread-1]:IMSDK:MessageClient:heartBeatReceived
08-19 14:20:11.729 I/cmd     ( 2770): oneway function results will be dropped but finished with status OK and parcel size 4
08-19 14:20:11.772 I/com.miui.daemo( 4064): oneway function results will be dropped but finished with status OK and parcel size 4
08-19 14:20:11.783 I/chatty  ( 4064): uid=1000(system) Binder:4064_5 identical 1 line
08-19 14:20:11.785 I/com.miui.daemo( 4064): oneway function results will be dropped but finished with status OK and parcel size 4
08-19 14:20:11.789 E/AggregateListener( 4836): notification text&title is null, key = 0|com.tencent.mtt|83|null|10252
08-19 14:20:11.856 I/com.miui.daemo( 4064): oneway function results will be dropped but finished with status OK and parcel size 4
08-19 14:20:11.997 D/IMReply:Notif( 3982): onNotificationPosted before sbn = 83
08-19 14:20:11.997 V/onNotificationPostedCallBack( 4989): flags=610
08-19 14:20:11.998 V/n       ( 4989): ret=1
08-19 14:20:11.998 V/onNotificationPostedCallBack( 4989): 2flags=610
08-19 14:20:12.000 D/InterruptionStateProvider( 2677): No bubble up: not allowed to bubble: 0|com.tencent.mtt|83|null|10252
08-19 14:20:12.001 D/InterruptionStateProvider( 2677): No heads up: unimportant notification: 0|com.tencent.mtt|83|null|10252
08-19 14:20:12.003 D/IMReply:Notif( 3982): onNotificationPosted onNotificationRemoved sbn = 83
08-19 14:20:12.006 W/AsyncLayoutInflater( 2677): Failed to inflate resource in the background! Retrying on the UI thread
08-19 14:20:12.006 W/AsyncLayoutInflater( 2677): android.view.InflateException: Binary XML file line #33 in com.android.systemui:layout/status_bar_notification_row: Animators may only be run on Looper threads
08-19 14:20:12.006 W/AsyncLayoutInflater( 2677): Caused by: android.util.AndroidRuntimeException: Animators may only be run on Looper threads
08-19 14:20:12.006 W/AsyncLayoutInflater( 2677): 	at android.animation.AnimatorSet.start(AnimatorSet.java:705)
08-19 14:20:12.006 W/AsyncLayoutInflater( 2677): 	at android.animation.AnimatorSet.start(AnimatorSet.java:684)
08-19 14:20:12.006 W/AsyncLayoutInflater( 2677): 	at android.animation.StateListAnimator.start(StateListAnimator.java:188)
08-19 14:20:12.006 W/AsyncLayoutInflater( 2677): 	at android.animation.StateListAnimator.setState(StateListAnimator.java:181)
08-19 14:20:12.006 W/AsyncLayoutInflater( 2677): 	at android.view.View.drawableStateChanged(View.java:23521)
08-19 14:20:12.006 W/AsyncLayoutInflater( 2677): 	at android.widget.TextView.drawableStateChanged(TextView.java:5853)
08-19 14:20:12.006 W/AsyncLayoutInflater( 2677): 	at android.view.View.originalRefreshDrawableState(View.java:23594)
08-19 14:20:12.006 W/AsyncLayoutInflater( 2677): 	at android.view.View$14.refreshDrawableState(View.java:30912)
08-19 14:20:12.006 W/AsyncLayoutInflater( 2677): 	at com.miui.internal.variable.v21.Android_View_View_class.callOriginalRefreshDrawableState(Android_View_View_class.java:61)
08-19 14:20:12.006 W/AsyncLayoutInflater( 2677): 	at com.miui.internal.variable.v16.Android_View_View_class_common.handleRefreshDrawableState(Android_View_View_class_common.java:90)
08-19 14:20:12.006 W/AsyncLayoutInflater( 2677): 	at com.miui.internal.variable.v21.Android_View_View_class.access$000(Android_View_View_class.java:22)
08-19 14:20:12.006 W/AsyncLayoutInflater( 2677): 	at com.miui.internal.variable.v21.Android_View_View_class$1.refreshDrawableState(Android_View_View_class.java:88)
08-19 14:20:12.006 W/AsyncLayoutInflater( 2677): 	at android.view.View.refreshDrawableState(View.java:23585)
08-19 14:20:12.006 W/AsyncLayoutInflater( 2677): 	at com.miui.internal.util.TaggingDrawableHelper.tagView(TaggingDrawableHelper.java:203)
08-19 14:20:12.006 W/AsyncLayoutInflater( 2677): 	at com.miui.internal.util.TaggingDrawableHelper.tagChildSequenceState(TaggingDrawableHelper.java:59)
08-19 14:20:12.006 W/AsyncLayoutInflater( 2677): 	at com.miui.internal.variable.v16.Android_View_ViewGroup_class.handleAddInArray(Android_View_ViewGroup_class.java:96)
08-19 14:20:12.006 W/AsyncLayoutInflater( 2677): 	at com.miui.internal.variable.v21.Android_View_ViewGroup_class.access$000(Android_View_ViewGroup_class.java:23)
08-19 14:20:12.006 W/AsyncLayoutInflater( 2677): 	at com.miui.internal.variable.v21.Android_View_ViewGroup_class$1.addInArray(Android_View_ViewGroup_class.java:171)
08-19 14:20:12.006 W/AsyncLayoutInflater( 2677): 	at android.view.ViewGroup.addInArray(ViewGroup.java:5380)
08-19 14:20:12.006 W/AsyncLayoutInflater( 2677): 	at android.view.ViewGroup.addViewInner(ViewGroup.java:5295)
08-19 14:20:12.006 W/AsyncLayoutInflater( 2677): 	at android.view.ViewGroup.addView(ViewGroup.java:5102)
08-19 14:20:12.006 W/AsyncLayoutInflater( 2677): 	at android.view.ViewGroup.addView(ViewGroup.java:5071)
08-19 14:20:12.006 W/AsyncLayoutInflater( 2677): 	at android.view.LayoutInflater.rInflate(LayoutInflater.java:1129)
08-19 14:20:12.006 W/AsyncLayoutInflater( 2677): 	at android.view.LayoutInflater.rInflateChildren(LayoutInflater.java:1086)
08-19 14:20:12.006 W/AsyncLayoutInflater( 2677): 	at android.view.LayoutInflater.inflate(LayoutInflater.java:684)
08-19 14:20:12.006 W/AsyncLayoutInflater( 2677): 	at android.view.LayoutInflater.inflate(LayoutInflater.java:536)
08-19 14:20:12.006 W/AsyncLayoutInflater( 2677): 	at androidx.asynclayoutinflater.view.AsyncLayoutInflater$InflateThread.runInner(AsyncLayoutInflater.java:189)
08-19 14:20:12.006 W/AsyncLayoutInflater( 2677): 	at androidx.asynclayoutinflater.view.AsyncLayoutInflater$InflateThread.run(AsyncLayoutInflater.java:203)
08-19 14:20:12.040 D/NotifBadge( 2677): update app badge num: com.tencent.mtt/,num=0,isAllowed=true,userId=0
08-19 14:20:12.041 W/ActivityManager( 1783): Sending non-protected broadcast android.intent.action.APPLICATION_MESSAGE_UPDATE from system 2677:com.android.systemui/1000 pkg com.android.systemui. Callers=
08-19 14:20:12.042 I/Launcher.ApplicationsMessage( 3002): onReceive true
08-19 14:20:12.042 I/Launcher.ApplicationsMessage( 3002): update com.tencent.mtt/ to null
08-19 14:20:12.171 I/cmd     ( 2780): oneway function results will be dropped but finished with status OK and parcel size 4
08-19 14:20:12.631 W/Thread-21( 6397): type=1400 audit(0.0:1643253): avc: denied { read } for name="devices" dev="proc" ino=4026532038 scontext=u:r:untrusted_app_27:s0:c512,c768 tcontext=u:object_r:proc:s0 tclass=file permissive=0 app=com.tmri.app.main
08-19 14:20:13.006 D/NotifBadge( 2677): update app badge num: com.tencent.mtt/,num=0,isAllowed=true,userId=0
08-19 14:20:13.007 W/ActivityManager( 1783): Sending non-protected broadcast android.intent.action.APPLICATION_MESSAGE_UPDATE from system 2677:com.android.systemui/1000 pkg com.android.systemui. Callers=
08-19 14:20:13.008 I/Launcher.ApplicationsMessage( 3002): onReceive true
08-19 14:20:13.008 I/Launcher.ApplicationsMessage( 3002): update com.tencent.mtt/ to null
08-19 14:20:13.064 I/cmd     ( 2823): oneway function results will be dropped but finished with status OK and parcel size 4
08-19 14:20:13.370 E/QSAnimator( 2677): tileView is null custom(com.android.settings/.development.qstile.DevelopmentTiles$WirelessDebugging)
08-19 14:20:13.370 E/QSAnimator( 2677): tileView is null flashlight
08-19 14:20:13.370 E/QSAnimator( 2677): tileView is null mute
08-19 14:20:13.370 E/QSAnimator( 2677): tileView is null screenshot
08-19 14:20:13.370 E/QSAnimator( 2677): tileView is null airplane
08-19 14:20:13.370 E/QSAnimator( 2677): tileView is null screenlock
08-19 14:20:13.370 E/QSAnimator( 2677): tileView is null gps
08-19 14:20:13.370 E/QSAnimator( 2677): tileView is null rotation
08-19 14:20:13.370 E/QSAnimator( 2677): tileView is null scanner
08-19 14:20:13.370 E/QSAnimator( 2677): tileView is null papermode
08-19 14:20:13.370 E/QSAnimator( 2677): tileView is null night
08-19 14:20:13.370 E/QSAnimator( 2677): tileView is null quietmode
08-19 14:20:13.370 E/QSAnimator( 2677): tileView is null batterysaver
08-19 14:20:13.370 E/QSAnimator( 2677): tileView is null custom(com.miui.securitycenter/com.miui.superpower.notification.SuperPowerTileService)
08-19 14:20:13.370 E/QSAnimator( 2677): tileView is null custom(com.milink.service/com.milink.ui.service.MiLinkTileService)
08-19 14:20:13.370 E/QSAnimator( 2677): tileView is null custom(com.miui.mishare.connectivity/.tile.MiShareTileService)
08-19 14:20:13.370 E/QSAnimator( 2677): tileView is null freeformhang
08-19 14:20:13.370 E/QSAnimator( 2677): tileView is null custom(com.miui.screenrecorder/.service.QuickService)
08-19 14:20:13.370 E/QSAnimator( 2677): tileView is null vibrate
08-19 14:20:13.370 E/QSAnimator( 2677): tileView is null hotspot
08-19 14:20:13.370 E/QSAnimator( 2677): tileView is null nfc
08-19 14:20:13.370 E/QSAnimator( 2677): tileView is null edit
08-19 14:20:13.501 I/cmd     ( 2862): oneway function results will be dropped but finished with status OK and parcel size 4
08-19 14:20:13.626 I/cmd     ( 2870): oneway function results will be dropped but finished with status OK and parcel size 4
08-19 14:20:13.651 W/Thread-21( 6397): type=1400 audit(0.0:1643254): avc: denied { read } for name="devices" dev="proc" ino=4026532038 scontext=u:r:untrusted_app_27:s0:c512,c768 tcontext=u:object_r:proc:s0 tclass=file permissive=0 app=com.tmri.app.main
08-19 14:20:13.761 I/MiuiNetworkPolicy( 1783): bandwidth: 0 KB/s, Max bandwidth: 4964 KB/s
08-19 14:20:13.954 I/cmd     ( 2896): oneway function results will be dropped but finished with status OK and parcel size 4
08-19 14:20:14.076 I/cmd     ( 2904): oneway function results will be dropped but finished with status OK and parcel size 4
08-19 14:20:14.188 I/mars::stn(21911): [longlink_connect_monitor.cc, OnHeartbeatAlarmReceived, 474]:longlink_progress on_heartbeat_alarm, time: 9041069, is_noop_timeout:false
08-19 14:20:14.213 I/mars::stn(21911): [longlink_connect_monitor.cc, OnHeartbeatAlarmSet, 470]:longlink_progress on_heartbeat_set, time: 9041093, time interval:330000
08-19 14:20:14.218 I/mars::stn(21911): [longlink_connect_monitor.cc, OnHeartbeatAlarmSet, 470]:longlink_progress on_heartbeat_set, time: 9041098, time interval:330000
08-19 14:20:14.396 I/cmd     ( 2909): oneway function results will be dropped but finished with status OK and parcel size 4
08-19 14:20:14.507 I/cmd     ( 2922): oneway function results will be dropped but finished with status OK and parcel size 4
08-19 14:20:14.687 W/Thread-21( 6397): type=1400 audit(0.0:1643255): avc: denied { read } for name="devices" dev="proc" ino=4026532038 scontext=u:r:untrusted_app_27:s0:c512,c768 tcontext=u:object_r:proc:s0 tclass=file permissive=0 app=com.tmri.app.main
08-19 14:20:14.947 I/cmd     ( 2967): oneway function results will be dropped but finished with status OK and parcel size 4
08-19 14:20:14.947 W/Thread-89(26994): type=1400 audit(0.0:1643256): avc: granted { open } for path="/dev/ashmem" dev="tmpfs" ino=1135 scontext=u:r:untrusted_app_27:s0:c32,c257,c512,c768 tcontext=u:object_r:ashmem_device:s0 tclass=chr_file app=com.vmos.app
08-19 14:20:15.407 I/cmd     ( 2997): oneway function results will be dropped but finished with status OK and parcel size 4
08-19 14:20:15.684 D/MIUIInput( 1783): [MotionEvent] publisher action=0x0, 8944257, channel '6ffeaf2 com.vmos.app/com.vmos.app.RendererActivity (server)'
08-19 14:20:15.686 I/ANDR-PERF-LM(  952): LMPerfGlue: perfmodule_submit_request() 132: perfmodule_submit_request()
08-19 14:20:15.687 I/ANDR-PERF-LM(  952): Core: getInstance() 84: LM getInstance
08-19 14:20:15.687 I/ANDR-PERF-LM(  952): WQ: push() 59: LMTriggerQ push() size=0
08-19 14:20:15.687 I/ANDR-PERF-LM(  952): WQ: push() 61: LMTriggerQ push() done size=1
08-19 14:20:15.687 I/ANDR-PERF-LM(  952): WQ: pop() 42: LMTriggerQ pop() done size=0
08-19 14:20:15.687 I/ANDR-PERF-LM(  952): Core: lmMain() 381: Calling runAsync for AdaptLaunch
08-19 14:20:15.687 I/ANDR-PERF-LM(  952): Core: lmMain() 391: runAsync for AdaptLaunch returned
08-19 14:20:15.687 I/ANDR-PERF-LM(  952): Core: lmMain() 381: Calling runAsync for GameOptimization
08-19 14:20:15.687 E/ANDR-PERF-LM(  952): GamePerfEngine: runAsync() 488: Hint is for  = 0x1043 PID=1783
08-19 14:20:15.687 I/ANDR-PERF-LM(  952): Core: lmMain() 391: runAsync for GameOptimization returned
08-19 14:20:15.687 I/ANDR-PERF-LM(  952): Core: lmMain() 373: Waiting on trigger Queue
08-19 14:20:15.687 I/ANDR-PERF-LM(  952): WQ: pop() 31: LMTriggerQ pop() size=0
08-19 14:20:15.691 V/MiuiFrameworkFactory(26302): get AllImpl object = android.common.MiuiFrameworkFactoryImpl@3b3081d
08-19 14:20:15.727 W/Thread-21( 6397): type=1400 audit(0.0:1643257): avc: denied { read } for name="devices" dev="proc" ino=4026532038 scontext=u:r:untrusted_app_27:s0:c512,c768 tcontext=u:object_r:proc:s0 tclass=file permissive=0 app=com.tmri.app.main
08-19 14:20:15.739 I/cmd     ( 3044): oneway function results will be dropped but finished with status OK and parcel size 4
08-19 14:20:15.756 D/MIUIInput( 1783): [MotionEvent] publisher action=0x1, 8944331, channel '6ffeaf2 com.vmos.app/com.vmos.app.RendererActivity (server)'
08-19 14:20:15.824 D/BubbleTextView(27363): setPressed
08-19 14:20:15.824 D/BubbleTextView(27363): updateIconState
08-19 14:20:16.075 W/BaseMiuiPhoneWindowManager( 1783): keyCode:4 down:true eventTime:8944650 downTime:8944650 policyFlags:2b000000 flags:0 deviceId:-1 isScreenOn:true keyguardActive:false repeatCount:0
