08-19 14:20:16.076 W/ActivityManager( 1783): Sending non-protected broadcast miui.intent.KEYCODE_BACK from system 1783:system/1000 pkg android. Callers=com.android.server.am.ActivityManagerService.broadcastIntentLocked:17065 com.android.server.am.ActivityManagerService.broadcastIntentLocked:16484 com.android.server.am.ActivityManagerService.broadcastIntentWithFeature:17320 android.app.ContextImpl.sendBroadcastAsUser:1300 com.android.server.policy.BaseMiuiPhoneWindowManager$15.run:2364 
08-19 14:20:16.076 W/ActivityManager( 1783): Sending non-protected broadcast miui.intent.KEYCODE_BACK from system 1783:system/1000 pkg android. Callers=com.android.server.am.ActivityManagerService.broadcastIntentLocked:17163 com.android.server.am.ActivityManagerService.broadcastIntentLocked:16484 com.android.server.am.ActivityManagerService.broadcastIntentWithFeature:17320 android.app.ContextImpl.sendBroadcastAsUser:1300 com.android.server.policy.BaseMiuiPhoneWindowManager$15.run:2364 
08-19 14:20:16.077 D/MIUIInput( 1783): [KeyEvent] publisher action:0x0,  keyCode:4 , 8944650,channel '6ffeaf2 com.vmos.app/com.vmos.app.RendererActivity (server)' 
08-19 14:20:16.078 D/MIUIInput(26302): [KeyEvent] ViewRootImpl KeyEvent { action=ACTION_DOWN, keyCode=KEYCODE_BACK, scanCode=0, metaState=0, flags=0x0, repeatCount=0, eventTime=8944650, downTime=8944650, deviceId=-1, source=0x0, displayId=0 }
08-19 14:20:16.182 W/BaseMiuiPhoneWindowManager( 1783): keyCode:4 down:false eventTime:8944757 downTime:8944757 policyFlags:2b000000 flags:0 deviceId:-1 isScreenOn:true keyguardActive:false repeatCount:0
08-19 14:20:16.183 W/ActivityManager( 1783): Sending non-protected broadcast miui.intent.KEYCODE_BACK from system 1783:system/1000 pkg android. Callers=com.android.server.am.ActivityManagerService.broadcastIntentLocked:17065 com.android.server.am.ActivityManagerService.broadcastIntentLocked:16484 com.android.server.am.ActivityManagerService.broadcastIntentWithFeature:17320 android.app.ContextImpl.sendBroadcastAsUser:1300 com.android.server.policy.BaseMiuiPhoneWindowManager$15.run:2364 
08-19 14:20:16.183 W/ActivityManager( 1783): Sending non-protected broadcast miui.intent.KEYCODE_BACK from system 1783:system/1000 pkg android. Callers=com.android.server.am.ActivityManagerService.broadcastIntentLocked:17163 com.android.server.am.ActivityManagerService.broadcastIntentLocked:16484 com.android.server.am.ActivityManagerService.broadcastIntentWithFeature:17320 android.app.ContextImpl.sendBroadcastAsUser:1300 com.android.server.policy.BaseMiuiPhoneWindowManager$15.run:2364 
08-19 14:20:16.183 D/MIUIInput( 1783): [KeyEvent] publisher action:0x1,  keyCode:4 , 8944757,channel '6ffeaf2 com.vmos.app/com.vmos.app.RendererActivity (server)' 
08-19 14:20:16.184 D/MIUIInput(26302): [KeyEvent] ViewRootImpl KeyEvent { action=ACTION_UP, keyCode=KEYCODE_BACK, scanCode=0, metaState=0, flags=0x0, repeatCount=0, eventTime=8944757, downTime=8944757, deviceId=-1, source=0x0, displayId=0 }
08-19 14:20:16.184 E/SocketServerManager(26302): getData action == 612  ReceiverListener:com.vmos.app.listener.ListenOnVirtualTopActivity$1@3217a92
08-19 14:20:16.185 E/s_filter(26302): onReceiver registerReceiver socketBean:{"action":612,"action_id":1629354016185,"method":1}  receiverAction:com.vmos.app.listener.ListenOnVirtualTopActivity$1@3217a92
08-19 14:20:16.185 E/s_output(26302): ThreadOutputSteam sendAction
08-19 14:20:16.185 E/s_output(26302): ThreadOutputSteam run start
08-19 14:20:16.185 E/s_output(26302): ThreadOutputSteam run writer end
08-19 14:20:16.186 E/c_input (26994): ThreadInputSteam str:ThreadInputSteam read{"action":612,"action_id":1629354016185,"method":1} readS:{"action":612,"action_id":1629354016185,"method":1}
08-19 14:20:16.187 E/c_filter(26994): onReceiver KEY:612
08-19 14:20:16.187 E/c_filter(26994): onReceiver receiverActions:{612=com.lebo.socketlisten.ListenOnTopActivity$1@120bc283}
08-19 14:20:16.187 E/c_filter(26994): onReceiver  type:class java.lang.Boolean
08-19 14:20:16.188 E/topActivity(26994): ╔════════════════════════════════════════════════════════════════════
08-19 14:20:16.188 E/topActivity(26994): ║ Thread: pool-1-thread-4
08-19 14:20:16.188 E/topActivity(26994): ╟────────────────────────────────────────────────────────────────────
08-19 14:20:16.188 E/topActivity(26994): ║ ListenOnTopActivity$1.receiver  (ListenOnTopActivity.java:23)
08-19 14:20:16.188 E/topActivity(26994): ╟────────────────────────────────────────────────────────────────────
08-19 14:20:16.188 E/topActivity(26994): ║ vm flag=true
08-19 14:20:16.188 E/topActivity(26994): ╚════════════════════════════════════════════════════════════════════
08-19 14:20:16.188 E/c_output(26994): ThreadOutputSteam sendAction
08-19 14:20:16.188 E/c_output(26994): ThreadOutputSteam run start
08-19 14:20:16.188 E/c_output(26994): ThreadOutputSteam run writer end
08-19 14:20:16.189 E/s_input (26302): ThreadInputSteam str:ThreadInputSteam read{"action":612,"action_id":1629354016185,"data":true,"method":2} readS:{"action":612,"action_id":1629354016185,"data":true,"method":2}
08-19 14:20:16.190 E/s_filter(26302): onReceiver KEY:612
08-19 14:20:16.190 E/s_filter(26302): onReceiver receiverActions:{1629354016185=com.vmos.app.listener.ListenOnVirtualTopActivity$1@3217a92}
08-19 14:20:16.190 E/s_filter(26302): onReceiver  type:class java.lang.Boolean
08-19 14:20:16.190 E/s_filter(26302): onReceiver serverBean:{"action":612,"action_id":1629354016185,"data":true,"method":0}
08-19 14:20:16.296 I/cmd     ( 3105): oneway function results will be dropped but finished with status OK and parcel size 4
08-19 14:20:16.336 I/ActivityTaskManager( 1783): moveTaskToBack: Task{d0a9952 #230 visible=true type=standard mode=fullscreen translucent=true A=10288:com.vmos.app U=0 StackId=230 sz=1}
08-19 14:20:16.346 D/Launcher( 3002): getLastLaunchApp, pkg=com.vmos.app
08-19 14:20:16.346 I/ANDR-PERF-LM(  952): LMPerfGlue: perfmodule_submit_request() 132: perfmodule_submit_request()
08-19 14:20:16.346 I/ANDR-PERF-LM(  952): Core: getInstance() 84: LM getInstance
08-19 14:20:16.346 I/ANDR-PERF-LM(  952): WQ: push() 59: LMTriggerQ push() size=0
08-19 14:20:16.346 I/ANDR-PERF-LM(  952): WQ: push() 61: LMTriggerQ push() done size=1
08-19 14:20:16.346 I/ANDR-PERF-LM(  952): WQ: pop() 42: LMTriggerQ pop() done size=0
08-19 14:20:16.346 I/ANDR-PERF-LM(  952): Core: lmMain() 381: Calling runAsync for AdaptLaunch
08-19 14:20:16.346 I/ANDR-PERF-LM(  952): MetaMeter: isValidAsync() 194: AsyncInfo: hintID = 4098
08-19 14:20:16.346 I/ANDR-PERF-LM(  952): hintType: -1
08-19 14:20:16.346 I/ANDR-PERF-LM(  952): isPrimary = 0
08-19 14:20:16.346 I/ANDR-PERF-LM(  952): MetaMeter: isValidAsync() 196: (hintID,hintType,Primary) = (4098, -1, 1)
08-19 14:20:16.347 I/ANDR-PERF-LM(  952): MetaMeter: handleAsync() 173: AdaptLaunch MetaMeter handleAsync start() Entry
08-19 14:20:16.347 I/ANDR-PERF-LM(  952): MetaMeter: isPrimaryASync() 185: (hintID,hintType,Primary) = (4098, -1, 1)
08-19 14:20:16.347 D/ANDR-PERF-LM(  952): MetaMeter: handlePrimaryAsync() 102: AdaptLaunch MeterMgr-0 oldState = 0, newState = 1, asyncId = 4098
08-19 14:20:16.347 D/ANDR-PERF-LM(  952): MetaMeter: handlePrimaryAsync() 109: AdaptLaunch starting meters 0
08-19 14:20:16.347 I/ANDR-PERF-LM(  952): MetaMeter: startMeters() 221: AsyncInfo:(hintID,hintType,Primary,MeterHelper,started)=(4098,-1,1,0xb40000708ac39280,0)
08-19 14:20:16.347 I/ANDR-PERF-LM(  952): Meter: asyncTriggerUpdate() 63: (hintID,hintType,meterName) = (4098, -1,VmRss)
08-19 14:20:16.347 D/ANDR-PERF-LM(  952): ThreadHelper: wakeUp() 103: (Meter,Helper,Name,pending)=(0xb40000708acad000,0xb40000708ac39320,AdaptLaunch VmRss,1)
08-19 14:20:16.347 I/ANDR-PERF-LM(  952): MetaMeter: handleAsync() 189: AdaptLaunch MetaMeter handleAsync End() Exit
08-19 14:20:16.347 D/ANDR-PERF-LM(  952): ThreadHelper: thread_callback() 149: Starting:(Meter,Helper,Name,pending)=(0xb40000708acad000,0xb40000708ac39320,AdaptLaunch VmRss,0) 
08-19 14:20:16.347 I/ANDR-PERF-LM(  952): MetaMeter: isValidAsync() 194: AsyncInfo: hintID = 4098
08-19 14:20:16.347 I/ANDR-PERF-LM(  952): hintType: -1
08-19 14:20:16.347 I/ANDR-PERF-LM(  952): isPrimary = 0
08-19 14:20:16.347 I/ANDR-PERF-LM(  952): MetaMeter: isValidAsync() 196: (hintID,hintType,Primary) = (4098, -1, 1)
08-19 14:20:16.347 I/ANDR-PERF-LM(  952): MetaMeter: handleAsync() 173: AdaptLaunch MetaMeter handleAsync start() Entry
08-19 14:20:16.347 I/ANDR-PERF-LM(  952): MetaMeter: isPrimaryASync() 185: (hintID,hintType,Primary) = (4098, -1, 1)
08-19 14:20:16.347 D/ANDR-PERF-LM(  952): MetaMeter: handlePrimaryAsync() 102: AdaptLaunch MeterMgr-1 oldState = 0, newState = 1, asyncId = 4098
08-19 14:20:16.347 D/ANDR-PERF-LM(  952): MetaMeter: handlePrimaryAsync() 109: AdaptLaunch starting meters 1
08-19 14:20:16.347 I/ANDR-PERF-LM(  952): MetaMeter: startMeters() 221: AsyncInfo:(hintID,hintType,Primary,MeterHelper,started)=(4098,-1,1,0xb40000708ac393c0,0)
08-19 14:20:16.347 I/ANDR-PERF-LM(  952): Meter: asyncTriggerUpdate() 63: (hintID,hintType,meterName) = (4098, -1,VmRss)
08-19 14:20:16.347 D/ANDR-PERF-LM(  952): ThreadHelper: wakeUp() 103: (Meter,Helper,Name,pending)=(0xb40000708acad1c0,0xb40000708ac39460,AdaptLaunch VmRss,1)
08-19 14:20:16.348 D/ANDR-PERF-LM(  952): MetaMeter: restoreMeterMgr() 66: AdaptLaunch Setting Stop Notification. (index,state)=(0,1)
08-19 14:20:16.348 D/ANDR-PERF-LM(  952): MetaMeter: restoreMeterMgr() 68: AdaptLaunch Setting Stop Notification  (index,state)=(0,2)
08-19 14:20:16.348 I/ANDR-PERF-LM(  952): Meter: asyncTriggerUpdate() 55:  stop notification on VmRss
08-19 14:20:16.348 I/ANDR-PERF-LM(  952): MetaMeter: handleAsync() 189: AdaptLaunch MetaMeter handleAsync End() Exit
08-19 14:20:16.348 D/ANDR-PERF-LM(  952): ThreadHelper: thread_callback() 149: Starting:(Meter,Helper,Name,pending)=(0xb40000708acad1c0,0xb40000708ac39460,AdaptLaunch VmRss,0) 
08-19 14:20:16.348 I/ANDR-PERF-LM(  952): Core: lmMain() 391: runAsync for AdaptLaunch returned
08-19 14:20:16.348 I/ANDR-PERF-LM(  952): Core: lmMain() 381: Calling runAsync for GameOptimization
08-19 14:20:16.348 D/ANDR-PERF-LM(  952): Feature: lookup() 101: Feature Name = AppClassifier, total featuers = 3, featureFound = 1
08-19 14:20:16.348 D/ANDR-PERF-LM(  952): Feature: getData() 112: data.data = 0
08-19 14:20:16.348 D/ActivityTrigger( 1783): ActivityTrigger activityPauseTrigger 
08-19 14:20:16.348 I/ANDR-PERF-LM(  952): LMPerfGlue: perfmodule_submit_request() 132: perfmodule_submit_request()
08-19 14:20:16.348 I/ANDR-PERF-LM(  952): Core: getInstance() 84: LM getInstance
08-19 14:20:16.348 I/ANDR-PERF-LM(  952): WQ: push() 59: LMTriggerQ push() size=0
08-19 14:20:16.348 I/ANDR-PERF-LM(  952): WQ: push() 61: LMTriggerQ push() done size=1
08-19 14:20:16.349 I/ANDR-PERF-LM(  952): Core: lmMain() 391: runAsync for GameOptimization returned
08-19 14:20:16.349 I/ANDR-PERF-LM(  952): Core: lmMain() 373: Waiting on trigger Queue
08-19 14:20:16.349 I/ANDR-PERF-LM(  952): WQ: pop() 31: LMTriggerQ pop() size=1
08-19 14:20:16.349 I/ANDR-PERF-LM(  952): WQ: pop() 42: LMTriggerQ pop() done size=0
08-19 14:20:16.349 I/ANDR-PERF-LM(  952): Core: lmMain() 381: Calling runAsync for AdaptLaunch
08-19 14:20:16.349 I/ANDR-PERF-LM(  952): Core: lmMain() 391: runAsync for AdaptLaunch returned
08-19 14:20:16.349 I/ANDR-PERF-LM(  952): Core: lmMain() 381: Calling runAsync for GameOptimization
08-19 14:20:16.349 W/SchedBoost( 1783): SchedBoost begin: proc: 3002/3147, mode: 1 aff:[4, 5, 6]
08-19 14:20:16.349 D/ANDR-PERF-LM(  952): Feature: lookup() 101: Feature Name = AppClassifier, total featuers = 3, featureFound = 1
08-19 14:20:16.349 D/ANDR-PERF-LM(  952): Feature: getData() 112: data.data = 1
08-19 14:20:16.349 I/ANDR-PERF-LM(  952): Core: lmMain() 391: runAsync for GameOptimization returned
08-19 14:20:16.349 I/ANDR-PERF-LM(  952): Core: lmMain() 373: Waiting on trigger Queue
08-19 14:20:16.349 I/ANDR-PERF-LM(  952): WQ: pop() 31: LMTriggerQ pop() size=0
08-19 14:20:16.353 D/PerfEngineController( 5940): ForegroundInfo{mForegroundPackageName='com.miui.home', mForegroundUid=10103, mForegroundPid=3002, mLastForegroundPackageName='com.vmos.app', mLastForegroundUid=10288, mLastForegroundPid=26302, mMultiWindowForegroundPackageName='null', mMultiWindowForegroundUid=-1, mFlags=0}
08-19 14:20:16.353 I/GST     ( 5967): forePkg: com.miui.home, preForePkg: com.vmos.app
08-19 14:20:16.353 D/AutoInstallService( 6822): onForegroundInfoChanged: com.miui.home
08-19 14:20:16.353 I/ProcessMonitor( 4989): onForegroundInfoChanged: ForegroundInfo{mForegroundPackageName='com.miui.home', mForegroundUid=10103, mForegroundPid=3002, mLastForegroundPackageName='com.vmos.app', mLastForegroundUid=10288, mLastForegroundPid=26302, mMultiWindowForegroundPackageName='null', mMultiWindowForegroundUid=-1, mFlags=0}
08-19 14:20:16.353 I/GameBoosterService( 4989): onForegroundInfoChanged: Cur=com.miui.home	 last=com.vmos.app
08-19 14:20:16.354 W/MessageQueue( 5940): Handler (com.miui.powerkeeper.feedbackcontrol.FeedbackControlService$FeedbackControlHandler) {11c58b7} sending message to a Handler on a dead thread
08-19 14:20:16.354 W/MessageQueue( 5940): java.lang.IllegalStateException: Handler (com.miui.powerkeeper.feedbackcontrol.FeedbackControlService$FeedbackControlHandler) {11c58b7} sending message to a Handler on a dead thread
08-19 14:20:16.354 W/MessageQueue( 5940): 	at android.os.MessageQueue.enqueueMessage(MessageQueue.java:563)
08-19 14:20:16.354 W/MessageQueue( 5940): 	at android.os.Handler.enqueueMessage(Handler.java:778)
08-19 14:20:16.354 W/MessageQueue( 5940): 	at android.os.Handler.sendMessageAtTime(Handler.java:727)
08-19 14:20:16.354 W/MessageQueue( 5940): 	at com.miui.powerkeeper.event.EventsAggregator$EventRegistrant.notifyResult(Unknown Source:26)
08-19 14:20:16.354 W/MessageQueue( 5940): 	at com.miui.powerkeeper.event.EventsAggregator.notifyForForegroundInfo(Unknown Source:47)
08-19 14:20:16.354 W/MessageQueue( 5940): 	at com.miui.powerkeeper.utils.ProcessObserver.notifyForegroundListener(Unknown Source:17)
08-19 14:20:16.354 W/MessageQueue( 5940): 	at com.miui.powerkeeper.utils.ProcessObserver.access$1000(Unknown Source:0)
08-19 14:20:16.354 W/MessageQueue( 5940): 	at com.miui.powerkeeper.utils.ProcessObserver$2.onForegroundInfoChanged(Unknown Source:2)
08-19 14:20:16.354 W/MessageQueue( 5940): 	at miui.process.IForegroundInfoListener$Stub.onTransact(IForegroundInfoListener.java:87)
08-19 14:20:16.354 W/MessageQueue( 5940): 	at android.os.Binder.execTransactInternal(Binder.java:1162)
08-19 14:20:16.354 W/MessageQueue( 5940): 	at android.os.Binder.execTransact(Binder.java:1126)
08-19 14:20:16.354 D/GameBoosterService( 4989): onGameStatusChange foreground:ForegroundInfo{mForegroundPackageName='com.miui.home', mForegroundUid=10103, mForegroundPid=3002, mLastForegroundPackageName='com.vmos.app', mLastForegroundUid=10288, mLastForegroundPid=26302, mMultiWindowForegroundPackageName='null', mMultiWindowForegroundUid=-1, mFlags=0}
08-19 14:20:16.354 I/GameBoosterService( 4989): onForegroundInfoChanged: Exit
08-19 14:20:16.355 I/VideoBoxUtils( 4989): isSupportVideoBox: true
08-19 14:20:16.355 I/VideoBoxUtils( 4989): isSupportVideoBox: true
08-19 14:20:16.355 I/VideoToolBoxService( 4989): onForegroundInfoChanged: Exit Vtb
08-19 14:20:16.355 D/CrashReport(26302): >>> com.vmos.app.RendererActivity onPaused <<<
08-19 14:20:16.355 I/CrashReport-Native(26302): jni_setNativeInfo: key is 14
08-19 14:20:16.355 I/CrashReport-Native(26302): Set native info: isAppForeground(false)
08-19 14:20:16.358 I/Timeline( 1783): Timeline: App_transition_ready time:8944934
08-19 14:20:16.359 E/SocketServerManager(26302): sendData serverBean: {"action":10004,"action_id":0,"data":1,"method":0}
08-19 14:20:16.359 E/SocketServerManager(26302): socketServerConnect != null 
08-19 14:20:16.359 E/s_output(26302): ThreadOutputSteam sendAction
08-19 14:20:16.359 E/s_output(26302): ThreadOutputSteam run start
08-19 14:20:16.359 E/s_output(26302): ThreadOutputSteam run writer end
08-19 14:20:16.360 E/WindowService(26302): changeResources  bbbbbbbbbbbbb
08-19 14:20:16.360 E/WindowService(26302): changeResources   mfloatViewParams.x=472
08-19 14:20:16.360 E/WindowService(26302): changeResources   mfloatViewParams.y=589
08-19 14:20:16.360 E/c_input (26994): ThreadInputSteam str:ThreadInputSteam read{"action":10004,"action_id":0,"data":1,"method":0} readS:{"action":10004,"action_id":0,"data":1,"method":0}
08-19 14:20:16.360 E/changeResources(26302): FloatingPermissionCompat.get().check(WindowService.this)=true
08-19 14:20:16.360 W/CustomVerticalSwitcher( 4602): startFlipping is not in minusScreen!
08-19 14:20:16.361 E/WindowService(26302): changeResources 1111111111
08-19 14:20:16.361 E/WindowService(26302): changeResources  visable 显示悬浮球
08-19 14:20:16.362 E/c_filter(26994): onReceiver KEY:10004
08-19 14:20:16.362 E/c_filter(26994): onReceiver receiverActions:{1629353818657=com.floatview.WindowService$7@26ce1579}
08-19 14:20:16.362 E/c_filter(26994): onReceiver  type:class java.lang.Integer
08-19 14:20:16.363 W/SQLiteLog(26302): (28) double-quoted string literal: "DC15D767304113684E1CCC36C373B430"
08-19 14:20:16.363 D/MIUIInput( 1783): [FoucsChange]: Display  0 FocusedWindow From Window{6ffeaf2 mode=0 rootTaskId=230 u0 com.vmos.app/com.vmos.app.RendererActivity}(1,1)  to null(0,0)
08-19 14:20:16.364 W/SQLiteLog(26302): (28) double-quoted string literal: "
08-19 14:20:16.364 W/SQLiteLog(26302): (28) double-quoted string literal: "DC15D767304113684E1CCC36C373B430"
08-19 14:20:16.364 I/Timeline( 1783): Timeline: App_transition_ready time:8944939
08-19 14:20:16.365 I/AssistHolderView.Content( 4602): forceFitSystemWindows pb = 0
08-19 14:20:16.365 I/Timeline( 1783): Timeline: App_transition_ready time:8944941
08-19 14:20:16.366 D/Launcher.Lifecycle( 3002): onStart:UserHandle{0},8b4a9b6,false
08-19 14:20:16.366 W/ExtendedOnScrollListener2( 4602): calculateScrollY firstView is null!
08-19 14:20:16.367 I/RenderThread( 3002): RenderThread resumed
08-19 14:20:16.367 I/RenderThread( 3002): All controllers paused.
08-19 14:20:16.367 I/RenderThread( 3002): RenderThread paused, waiting for signal
08-19 14:20:16.367 D/Launcher.Lifecycle( 3002): onResume:UserHandle{0},8b4a9b6,false
08-19 14:20:16.367 I/RenderThread( 3002): RenderThread resumed
08-19 14:20:16.367 D/LauncherOverlay(26971): setActivityState:1
08-19 14:20:16.367 I/RenderThread( 3002): All controllers paused.
08-19 14:20:16.367 I/RenderThread( 3002): RenderThread paused, waiting for signal
08-19 14:20:16.367 D/LauncherOverlay(26971): setActivityState:3
08-19 14:20:16.367 D/LauncherOverlay( 4602): setActivityState:1
08-19 14:20:16.367 D/LauncherOverlay( 4602): setActivityState:3
08-19 14:20:16.367 I/Timeline( 1783): Timeline: App_transition_ready time:8944943
08-19 14:20:16.369 D/StatusBarClockController( 3002): show status bar clock
08-19 14:20:16.369 W/AssistHolderView.Bg( 4602): scrollWithAssistList no header bg!
08-19 14:20:16.370 E/ball_location(26302): updateFImagelayout params.x=540 params.y=589
08-19 14:20:16.370 E/WindowService(26302): updateFImagelayout  visable 显示悬浮球
08-19 14:20:16.371 I/------------>(26302): run: 3946
08-19 14:20:16.372 I/Timeline( 1783): Timeline: App_transition_ready time:8944947
08-19 14:20:16.372 W/SQLiteLog(26302): (28) double-quoted string literal: "DC15D767304113684E1CCC36C373B430"
08-19 14:20:16.372 W/SQLiteLog(26302): (28) double-quoted string literal: "
08-19 14:20:16.372 W/SQLiteLog(26302): (28) double-quoted string literal: "DC15D767304113684E1CCC36C373B430"
08-19 14:20:16.374 I/MiuiNetworkPolicy( 1783): updateUidState uid = 10103, uidState = 2
08-19 14:20:16.375 I/MiuiNetworkPolicyTrafficLimit( 1783): updateWhiteListUidForMobileTraffic uid=10103,add=true
08-19 14:20:16.375 D/MiuiNetworkPolicyTrafficLimit( 1783): updateWhiteListUidForMobileTraffic rst=true
08-19 14:20:16.376 I/ContextHelper(26971): fail to get activity
08-19 14:20:16.382 D/Layer   ( 1001): ---setAlpha Launcher=1.000000
08-19 14:20:16.382 I/Timeline( 1783): Timeline: App_transition_ready time:8944958
08-19 14:20:16.383 E/RecyclerView(26971): No adapter attached; skipping layout
08-19 14:20:16.384 E/RecyclerView(26971): No adapter attached; skipping layout
08-19 14:20:16.389 D/Layer   ( 1001): ---setAlpha Launcher=1.000000
08-19 14:20:16.389 I/Timeline( 1783): Timeline: App_transition_ready time:8944965
08-19 14:20:16.392 D/Layer   ( 1001): ---setAlpha Launcher=1.000000
08-19 14:20:16.392 I/Timeline( 1783): Timeline: App_transition_ready time:8944968
08-19 14:20:16.394 D/LauncherOverlay.Window( 4602): onStart
08-19 14:20:16.394 D/LauncherOverlay.Window( 4602): onResume
08-19 14:20:16.394 D/LauncherOverlay.Window(26971): onStart
08-19 14:20:16.394 D/LauncherOverlay.Window(26971): onResume
08-19 14:20:16.394 D/BlurLayerHolder( 3002): register android.view.ViewRootImpl@d7e588
08-19 14:20:16.395 D/GestureStubView( 3002): gatherTransparentRegion: need render w:54  h:1440
08-19 14:20:16.395 D/DisplayFeatureHal(  967): setFeatureEnable: FeatureId=FPS_SWITCH_STATE modeId=1 cookie=246
08-19 14:20:16.395 D/DisplayFeatureHal(  967): current wcg state 0, setting to 0
08-19 14:20:16.395 E/DisplayFeatureHal(  967): setFeatureEnable: failed to set fps(1)
08-19 14:20:16.395 D/SurfaceFlinger( 1001): notifyDfLauncherFlag launcher changed[1]
08-19 14:20:16.395 D/SurfaceFlinger( 1001): Launcher Changed hasLauncher=1
08-19 14:20:16.399 D/Layer   ( 1001): ---setAlpha Launcher=1.000000
08-19 14:20:16.399 I/Timeline( 1783): Timeline: App_transition_ready time:8944975
08-19 14:20:16.402 I/Timeline( 1783): Timeline: App_transition_ready time:8944978
08-19 14:20:16.400 I/chatty  ( 1001): uid=1000(system) Binder:1001_2 identical 1 line
08-19 14:20:16.402 D/Layer   ( 1001): ---setAlpha Launcher=1.000000
08-19 14:20:16.405 D/ScreenView_ScreenView( 3002): dispatchDraw:0
08-19 14:20:16.405 D/ScreenView_Workspace( 3002): dispatchDraw:2160
08-19 14:20:16.405 D/Layer   ( 1001): ---setAlpha Launcher=1.000000
08-19 14:20:16.405 D/ScreenView_HotSeats( 3002): dispatchDraw:0
08-19 14:20:16.405 I/Timeline( 1783): Timeline: App_transition_ready time:8944981
08-19 14:20:16.411 D/NavStubView( 3002): gatherTransparentRegion: need render w:1080  h:35
08-19 14:20:16.411 W/NavStubView( 3002): onComputeInternalInsets  bounds=Rect(0, 0 - 1080, 35)   mHideGestureLine=true   mIsShowNavBar=true
08-19 14:20:16.411 D/GestureStubView( 3002): gatherTransparentRegion: need render w:54  h:1440
08-19 14:20:16.411 D/StatusBar( 2677): disable<e i a s b h r c s > disable2<q i n >
08-19 14:20:16.412 I/AssistHolderView.Content( 4602): forceFitSystemWindows pb = 0
08-19 14:20:16.413 D/Layer   ( 1001): ---setAlpha Launcher=1.000000
08-19 14:20:16.414 I/ContextHelper(26971): fail to get activity
08-19 14:20:16.414 D/Launcher_WallpaperUtils( 3002): changeStatusBarMode:false
08-19 14:20:16.414 D/RecentsImpl( 3002): mActivityStateObserver com.miui.home.launcher.Launcher
08-19 14:20:16.414 W/ExtendedOnScrollListener2( 4602): calculateScrollY firstView is null!
08-19 14:20:16.414 W/RecentsImpl( 3002): onResumed className=com.miui.home.launcher.Launcher   mIsInAnotherPro=false
08-19 14:20:16.416 D/Layer   ( 1001): ---setAlpha Launcher=1.000000
08-19 14:20:16.417 W/RecentsImpl( 3002): updateFsgWindowVisibilityState   isEnter=false   typeFrom=typefrom_home   isOpen=true   mIsInAnotherPro=false   mIsStatusBarExpansion=false
08-19 14:20:16.417 E/RecyclerView(26971): No adapter attached; skipping layout
08-19 14:20:16.417 W/RecentsImpl( 3002): getTopActivity from observer.   cn=ComponentInfo{com.miui.home/com.miui.home.launcher.Launcher}
08-19 14:20:16.417 D/RecentsImpl( 3002): showNavStubView
08-19 14:20:16.417 D/RecentsImpl( 3002): hideBackStubWindow
08-19 14:20:16.418 E/RecyclerView(26971): No adapter attached; skipping layout
08-19 14:20:16.418 W/AssistHolderView.Bg( 4602): scrollWithAssistList no header bg!
08-19 14:20:16.421 W/SchedBoost( 1783): SchedBoost continue: proc: 3002/3147
08-19 14:20:16.424 I/Timeline( 1783): Timeline: App_transition_ready time:8945000
08-19 14:20:16.425 D/CommandQueue( 2677): setStatus: setStatus: what = 0, action = upate_specail_mode, ext = Bundle[mParcelledData.dataSize=92][pkg = com.miui.home[enable_config = true
08-19 14:20:16.426 D/Layer   ( 1001): ---setAlpha Launcher=1.000000
08-19 14:20:16.427 W/System.err( 3002): java.lang.NoSuchFieldException: android.view.RemoteAnimationTarget#packageName
08-19 14:20:16.427 W/System.err( 3002): 	at miui.util.ReflectionUtils.findField(ReflectionUtils.java:105)
08-19 14:20:16.427 W/System.err( 3002): 	at com.android.systemui.shared.recents.system.RemoteAnimationTargetCompat.<init>(RemoteAnimationTargetCompat.java:69)
08-19 14:20:16.427 W/System.err( 3002): 	at com.android.systemui.shared.recents.system.RemoteAnimationTargetCompat.wrap(RemoteAnimationTargetCompat.java:99)
08-19 14:20:16.427 W/System.err( 3002): 	at com.android.systemui.shared.recents.system.RemoteAnimationAdapterCompat$1.onAnimationStart(RemoteAnimationAdapterCompat.java:50)
08-19 14:20:16.427 W/System.err( 3002): 	at com.android.systemui.shared.recents.system.RemoteAnimationAdapterCompat$1.onAnimationStart(RemoteAnimationAdapterCompat.java:68)
08-19 14:20:16.427 W/System.err( 3002): 	at android.view.IRemoteAnimationRunner$Stub.onTransact(IRemoteAnimationRunner.java:108)
08-19 14:20:16.427 W/System.err( 3002): 	at android.os.Binder.execTransactInternal(Binder.java:1162)
08-19 14:20:16.427 W/System.err( 3002): 	at android.os.Binder.execTransact(Binder.java:1126)
08-19 14:20:16.427 W/System.err( 3002): java.lang.NoSuchFieldException: android.view.RemoteAnimationTarget#packageName
08-19 14:20:16.427 W/System.err( 3002): 	at miui.util.ReflectionUtils.findField(ReflectionUtils.java:105)
08-19 14:20:16.427 W/System.err( 3002): 	at com.android.systemui.shared.recents.system.RemoteAnimationTargetCompat.<init>(RemoteAnimationTargetCompat.java:69)
08-19 14:20:16.427 W/System.err( 3002): 	at com.android.systemui.shared.recents.system.RemoteAnimationTargetCompat.wrap(RemoteAnimationTargetCompat.java:99)
08-19 14:20:16.427 W/System.err( 3002): 	at com.android.systemui.shared.recents.system.RemoteAnimationAdapterCompat$1.onAnimationStart(RemoteAnimationAdapterCompat.java:50)
08-19 14:20:16.427 W/System.err( 3002): 	at com.android.systemui.shared.recents.system.RemoteAnimationAdapterCompat$1.onAnimationStart(RemoteAnimationAdapterCompat.java:68)
08-19 14:20:16.427 W/System.err( 3002): 	at android.view.IRemoteAnimationRunner$Stub.onTransact(IRemoteAnimationRunner.java:108)
08-19 14:20:16.427 W/System.err( 3002): 	at android.os.Binder.execTransactInternal(Binder.java:1162)
08-19 14:20:16.427 W/System.err( 3002): 	at android.os.Binder.execTransact(Binder.java:1126)
08-19 14:20:16.427 E/LauncherAnimationRunner( 3002): onAnimationStart
08-19 14:20:16.427 E/LauncherAnimationRunner( 3002): onAnimationStart:   mode=1   taskId=230
08-19 14:20:16.427 D/ActivityUtils( 3982): packageNameComponentInfo{com.miui.home/com.miui.home.launcher.Launcher}
08-19 14:20:16.427 E/LauncherAnimationRunner( 3002): onAnimationStart:   mode=0   taskId=2
08-19 14:20:16.428 D/MIUIInput( 1783): [FoucsChange]: Display  0 FocusedWindow From null(0,0)  to Window{e42bb1b mode=1 rootTaskId=1 u0 com.miui.home/com.miui.home.launcher.Launcher}(1,1)
08-19 14:20:16.429 E/QuickstepAppTransitionManagerImpl( 3002): startClosingWindowAnimators
08-19 14:20:16.429 E/ClipAnimationHelper( 3002): updateSourceStack  mSourceInsets=Rect(0, 0 - 0, 0), mSourceStackBounds=Rect(0, 0 - 1080, 2400), mHomeStackBounds=Rect(0, 0 - 1080, 2400)
08-19 14:20:16.429 E/ClipAnimationHelper( 3002): updateTargetRect  mSourceRect=RectF(0.0, 0.0, 1080.0, 2400.0)   mTargetRect=RectF(0.0, 0.0, 1080.0, 2400.0)   mSourceWindowClipInsets=RectF(0.0, 0.0, 0.0, 0.0)   mHomeStackBounds=Rect(0, 0 - 1080, 2400)   targetRect=Rect(0, 0 - 1080, 2400)
08-19 14:20:16.429 E/QuickstepAppTransitionManagerImpl( 3002): startClosingWindowAnimators:startRect=RectF(0.0, 0.0, 1080.0, 2400.0), targetRect=Rect(336, 186 - 492, 342), currentRotation=0, isUseSimpleAnim=false
08-19 14:20:16.429 E/FloatingIconView( 3002): recycle
08-19 14:20:16.429 D/FloatingIconView( 3002): init, icon=com.miui.home.launcher.ShortcutIcon{83a8df2 VFE...CL. ........ 287,84-541,364}(VMOS), isOpening=false, mIsAdaptiveIcon=false
08-19 14:20:16.429 D/QuickstepAppTransitionManagerImpl( 3002): startClosingWindowAnimators, springAnim start, hide icon=com.miui.home.launcher.ShortcutIcon{83a8df2 VFE...CL. ........ 287,84-541,364}(VMOS)
08-19 14:20:16.430 W/DimLayer( 3002): createDimLayer
08-19 14:20:16.430 E/QuickstepAppTransitionManagerImpl( 3002): startLauncherContentAnimator:isAppOpening=false
08-19 14:20:16.430 W/SurfaceFlinger( 1001): eEarlyWakeup is deprecated. Use eExplicitEarlyWakeup[Start|End]
08-19 14:20:16.431 W/SurfaceFlinger( 1001): eEarlyWakeup is deprecated. Use eExplicitEarlyWakeup[Start|End]
08-19 14:20:16.436 D/Launcher.Lifecycle( 3002): onWindowFocusChanged:true,UserHandle{0},8b4a9b6,false
08-19 14:20:16.436 D/Launcher_UnlockAnimationStateMachine( 3002): onWindowFocus:IDLE
08-19 14:20:16.437 I/MiuiNetworkPolicy( 1783): updateUidState uid = 10233, uidState = 3
08-19 14:20:16.437 D/AppOpsAdapter(11833): using permission notify! 32 , groundState 0
08-19 14:20:16.437 I/AppOpsAdapter(11833): 0@com.miui.personalassistant has start operation32
08-19 14:20:16.438 W/ActivityManager( 1783): Sending non-protected broadcast com.android.systemui.fullscreen.statechange from system 2677:com.android.systemui/1000 pkg com.android.systemui. Callers=
08-19 14:20:16.438 W/ActivityManager( 1783): Sending non-protected broadcast com.android.systemui.fullscreen.statechange from system 2677:com.android.systemui/1000 pkg com.android.systemui. Callers=
08-19 14:20:16.438 I/MiuiNetworkPolicyTrafficLimit( 1783): updateWhiteListUidForMobileTraffic uid=10233,add=true
08-19 14:20:16.438 I/MiuiNetworkPolicy( 1783): updateUidState uid = 10088, uidState = 3
08-19 14:20:16.438 I/AppOpsAdapter(11833): 0@com.miui.personalassistant has start operation32
08-19 14:20:16.438 I/AppOpsAdapter(11833): 0@com.miui.personalassistant has start operation32
08-19 14:20:16.438 D/StatusBar( 2677): disable<e i a s b h r c s > disable2<q i n >
08-19 14:20:16.439 D/NotifBadge( 2677): recevie broadbcast ACTION_APPLICATION_MESSAGE_QUERY, requestFirstTime=false
08-19 14:20:16.439 I/MiuiNetworkPolicyTrafficLimit( 1783): updateWhiteListUidForMobileTraffic uid=10088,add=true
08-19 14:20:16.439 D/EventBus( 3002): No subscribers registered for event class com.miui.home.recents.messages.TaskSnapshotChangedEvent
08-19 14:20:16.439 D/EventBus( 3002): No subscribers registered for event class org.greenrobot.eventbus.NoSubscriberEvent
08-19 14:20:16.439 D/MiuiNetworkPolicyTrafficLimit( 1783): updateWhiteListUidForMobileTraffic rst=true
08-19 14:20:16.440 D/LauncherClient.Service( 3002): service already connected:com.miui.personalassistant
08-19 14:20:16.440 D/IdProviderImpl( 4656): getOAID
08-19 14:20:16.441 D/MiuiNetworkPolicyTrafficLimit( 1783): updateWhiteListUidForMobileTraffic rst=true
08-19 14:20:16.441 E/SpannableStringBuilder( 3002): SPAN_EXCLUSIVE_EXCLUSIVE spans cannot have a zero length
08-19 14:20:16.441 E/SpannableStringBuilder( 3002): SPAN_EXCLUSIVE_EXCLUSIVE spans cannot have a zero length
08-19 14:20:16.441 D/MiuiPhoneStatusBarPolicy( 2677): updateManagedProfile: secondSpace = false
08-19 14:20:16.444 W/SurfaceFlinger( 1001): eEarlyWakeup is deprecated. Use eExplicitEarlyWakeup[Start|End]
08-19 14:20:16.445 W/SurfaceFlinger( 1001): eEarlyWakeup is deprecated. Use eExplicitEarlyWakeup[Start|End]
08-19 14:20:16.450 D/NdkImageReader( 3002): acquireImageLocked: Producer buffer usage: 333, doesn't cover all usage bits AImageReader configured: 100003
08-19 14:20:16.451 D/AppMiniWindowManager( 2677): topActivity updated in onTaskStackChanged
08-19 14:20:16.461 W/SurfaceFlinger( 1001): eEarlyWakeup is deprecated. Use eExplicitEarlyWakeup[Start|End]
08-19 14:20:16.461 W/SurfaceFlinger( 1001): eEarlyWakeup is deprecated. Use eExplicitEarlyWakeup[Start|End]
08-19 14:20:16.463 W/Thread-110(26994): type=1400 audit(0.0:1643258): avc: granted { open } for path="/dev/ashmem" dev="tmpfs" ino=1135 scontext=u:r:untrusted_app_27:s0:c32,c257,c512,c768 tcontext=u:object_r:ashmem_device:s0 tclass=chr_file app=com.vmos.app
08-19 14:20:16.477 W/SurfaceFlinger( 1001): eEarlyWakeup is deprecated. Use eExplicitEarlyWakeup[Start|End]
08-19 14:20:16.477 W/SurfaceFlinger( 1001): eEarlyWakeup is deprecated. Use eExplicitEarlyWakeup[Start|End]
08-19 14:20:16.483 D/NdkImageReader( 3002): acquireImageLocked: Producer buffer usage: 333, doesn't cover all usage bits AImageReader configured: 100003
08-19 14:20:16.484 W/System  ( 2677): A resource failed to call release. 
08-19 14:20:16.493 W/SurfaceFlinger( 1001): eEarlyWakeup is deprecated. Use eExplicitEarlyWakeup[Start|End]
08-19 14:20:16.493 W/SurfaceFlinger( 1001): eEarlyWakeup is deprecated. Use eExplicitEarlyWakeup[Start|End]
08-19 14:20:16.510 W/SurfaceFlinger( 1001): eEarlyWakeup is deprecated. Use eExplicitEarlyWakeup[Start|End]
08-19 14:20:16.510 W/SurfaceFlinger( 1001): eEarlyWakeup is deprecated. Use eExplicitEarlyWakeup[Start|End]
08-19 14:20:16.516 D/NdkImageReader( 3002): acquireImageLocked: Producer buffer usage: 333, doesn't cover all usage bits AImageReader configured: 100003
08-19 14:20:16.526 W/SurfaceFlinger( 1001): eEarlyWakeup is deprecated. Use eExplicitEarlyWakeup[Start|End]
08-19 14:20:16.526 W/SurfaceFlinger( 1001): eEarlyWakeup is deprecated. Use eExplicitEarlyWakeup[Start|End]
08-19 14:20:16.543 W/SurfaceFlinger( 1001): eEarlyWakeup is deprecated. Use eExplicitEarlyWakeup[Start|End]
08-19 14:20:16.543 W/SurfaceFlinger( 1001): eEarlyWakeup is deprecated. Use eExplicitEarlyWakeup[Start|End]
08-19 14:20:16.545 W/SurfaceFlinger( 1001): eEarlyWakeup is deprecated. Use eExplicitEarlyWakeup[Start|End]
08-19 14:20:16.547 D/NdkImageReader( 3002): acquireImageLocked: Producer buffer usage: 333, doesn't cover all usage bits AImageReader configured: 100003
08-19 14:20:16.547 W//vendor/bin/hw/vendor.qti.hardware.perf@2.2-service(  952): type=1400 audit(0.0:1643259): avc: denied { search } for comm=41646170744C61756E636820566D name="1783" dev="proc" ino=27766 scontext=u:r:vendor_hal_perf_default:s0 tcontext=u:r:system_server:s0 tclass=dir permissive=0
08-19 14:20:16.547 W//vendor/bin/hw/vendor.qti.hardware.perf@2.2-service(  952): type=1400 audit(0.0:1643260): avc: denied { search } for comm=41646170744C61756E636820566D name="1790" dev="proc" ino=8097710 scontext=u:r:vendor_hal_perf_default:s0 tcontext=u:r:system_server:s0 tclass=dir permissive=0
08-19 14:20:16.559 W/SurfaceFlinger( 1001): eEarlyWakeup is deprecated. Use eExplicitEarlyWakeup[Start|End]
08-19 14:20:16.561 W/SurfaceFlinger( 1001): eEarlyWakeup is deprecated. Use eExplicitEarlyWakeup[Start|End]
08-19 14:20:16.570 I/MiuiNetworkPolicy( 1783): updateUidState uid = 10078, uidState = 3
08-19 14:20:16.571 I/MiuiNetworkPolicyTrafficLimit( 1783): updateWhiteListUidForMobileTraffic uid=10078,add=true
08-19 14:20:16.571 D/MiuiNetworkPolicyTrafficLimit( 1783): updateWhiteListUidForMobileTraffic rst=true
08-19 14:20:16.571 D/Launcher.Transfer( 3002): transfer:onResume, extra:null
08-19 14:20:16.576 W/SurfaceFlinger( 1001): eEarlyWakeup is deprecated. Use eExplicitEarlyWakeup[Start|End]
08-19 14:20:16.578 W/SurfaceFlinger( 1001): eEarlyWakeup is deprecated. Use eExplicitEarlyWakeup[Start|End]
08-19 14:20:16.581 D/NdkImageReader( 3002): acquireImageLocked: Producer buffer usage: 333, doesn't cover all usage bits AImageReader configured: 100003
08-19 14:20:16.592 W/SurfaceFlinger( 1001): eEarlyWakeup is deprecated. Use eExplicitEarlyWakeup[Start|End]
08-19 14:20:16.593 W/SurfaceFlinger( 1001): eEarlyWakeup is deprecated. Use eExplicitEarlyWakeup[Start|End]
08-19 14:20:16.598 I/cmd     ( 3120): oneway function results will be dropped but finished with status OK and parcel size 4
08-19 14:20:16.609 W/SurfaceFlinger( 1001): eEarlyWakeup is deprecated. Use eExplicitEarlyWakeup[Start|End]
08-19 14:20:16.610 W/SurfaceFlinger( 1001): eEarlyWakeup is deprecated. Use eExplicitEarlyWakeup[Start|End]
08-19 14:20:16.613 D/NdkImageReader( 3002): acquireImageLocked: Producer buffer usage: 333, doesn't cover all usage bits AImageReader configured: 100003
08-19 14:20:16.625 W/SurfaceFlinger( 1001): eEarlyWakeup is deprecated. Use eExplicitEarlyWakeup[Start|End]
08-19 14:20:16.628 W/SurfaceFlinger( 1001): eEarlyWakeup is deprecated. Use eExplicitEarlyWakeup[Start|End]
08-19 14:20:16.642 W/SurfaceFlinger( 1001): eEarlyWakeup is deprecated. Use eExplicitEarlyWakeup[Start|End]
08-19 14:20:16.643 W/SurfaceFlinger( 1001): eEarlyWakeup is deprecated. Use eExplicitEarlyWakeup[Start|End]
08-19 14:20:16.646 D/NdkImageReader( 3002): acquireImageLocked: Producer buffer usage: 333, doesn't cover all usage bits AImageReader configured: 100003
08-19 14:20:16.658 W/SurfaceFlinger( 1001): eEarlyWakeup is deprecated. Use eExplicitEarlyWakeup[Start|End]
08-19 14:20:16.660 W/SurfaceFlinger( 1001): eEarlyWakeup is deprecated. Use eExplicitEarlyWakeup[Start|End]
08-19 14:20:16.675 W/SurfaceFlinger( 1001): eEarlyWakeup is deprecated. Use eExplicitEarlyWakeup[Start|End]
08-19 14:20:16.676 W/SurfaceFlinger( 1001): eEarlyWakeup is deprecated. Use eExplicitEarlyWakeup[Start|End]
08-19 14:20:16.679 D/NdkImageReader( 3002): acquireImageLocked: Producer buffer usage: 333, doesn't cover all usage bits AImageReader configured: 100003
08-19 14:20:16.682 I/cmd     ( 3135): oneway function results will be dropped but finished with status OK and parcel size 4
08-19 14:20:16.691 W/SurfaceFlinger( 1001): eEarlyWakeup is deprecated. Use eExplicitEarlyWakeup[Start|End]
08-19 14:20:16.693 W/SurfaceFlinger( 1001): eEarlyWakeup is deprecated. Use eExplicitEarlyWakeup[Start|End]
08-19 14:20:16.708 I/chatty  ( 1001): uid=1000(system) Binder:1001_1 identical 1 line
08-19 14:20:16.709 W/SurfaceFlinger( 1001): eEarlyWakeup is deprecated. Use eExplicitEarlyWakeup[Start|End]
08-19 14:20:16.711 D/NdkImageReader( 3002): acquireImageLocked: Producer buffer usage: 333, doesn't cover all usage bits AImageReader configured: 100003
08-19 14:20:16.717 D/GestureStubView( 3002): hideGestureStub
08-19 14:20:16.717 D/GestureStubView( 3002): hideGestureStub
08-19 14:20:16.724 W/SurfaceFlinger( 1001): eEarlyWakeup is deprecated. Use eExplicitEarlyWakeup[Start|End]
08-19 14:20:16.726 W/SurfaceFlinger( 1001): eEarlyWakeup is deprecated. Use eExplicitEarlyWakeup[Start|End]
08-19 14:20:16.727 D/GestureStubView( 3002): gatherTransparentRegion: need render w:54  h:1440
08-19 14:20:16.729 D/GestureStubView( 3002): gatherTransparentRegion: need render w:54  h:1440
08-19 14:20:16.741 W/SurfaceFlinger( 1001): eEarlyWakeup is deprecated. Use eExplicitEarlyWakeup[Start|End]
08-19 14:20:16.743 W/SurfaceFlinger( 1001): eEarlyWakeup is deprecated. Use eExplicitEarlyWakeup[Start|End]
08-19 14:20:16.745 D/NdkImageReader( 3002): acquireImageLocked: Producer buffer usage: 333, doesn't cover all usage bits AImageReader configured: 100003
08-19 14:20:16.758 W/SurfaceFlinger( 1001): eEarlyWakeup is deprecated. Use eExplicitEarlyWakeup[Start|End]
08-19 14:20:16.755 W//vendor/bin/hw/vendor.qti.hardware.perf@2.2-service(  952): type=1400 audit(0.0:1643657): avc: denied { search } for comm=41646170744C61756E636820566D name="1783" dev="proc" ino=27766 scontext=u:r:vendor_hal_perf_default:s0 tcontext=u:r:system_server:s0 tclass=dir permissive=0
08-19 14:20:16.764 I/MiuiNetworkPolicy( 1783): bandwidth: 0 KB/s, Max bandwidth: 4964 KB/s
08-19 14:20:16.766 W/SurfaceFlinger( 1001): eEarlyWakeup is deprecated. Use eExplicitEarlyWakeup[Start|End]
08-19 14:20:16.769 D/NdkImageReader( 3002): acquireImageLocked: Producer buffer usage: 333, doesn't cover all usage bits AImageReader configured: 100003
08-19 14:20:16.774 W/SurfaceFlinger( 1001): eEarlyWakeup is deprecated. Use eExplicitEarlyWakeup[Start|End]
08-19 14:20:16.777 W/SurfaceFlinger( 1001): eEarlyWakeup is deprecated. Use eExplicitEarlyWakeup[Start|End]
08-19 14:20:16.791 W/SurfaceFlinger( 1001): eEarlyWakeup is deprecated. Use eExplicitEarlyWakeup[Start|End]
08-19 14:20:16.796 W/SurfaceFlinger( 1001): eEarlyWakeup is deprecated. Use eExplicitEarlyWakeup[Start|End]
08-19 14:20:16.798 D/NdkImageReader( 3002): acquireImageLocked: Producer buffer usage: 333, doesn't cover all usage bits AImageReader configured: 100003
08-19 14:20:16.807 W/SurfaceFlinger( 1001): eEarlyWakeup is deprecated. Use eExplicitEarlyWakeup[Start|End]
08-19 14:20:16.808 W/SurfaceFlinger( 1001): eEarlyWakeup is deprecated. Use eExplicitEarlyWakeup[Start|End]
08-19 14:20:16.811 I/chatty  ( 1001): uid=1000(system) Binder:1001_5 identical 1 line
08-19 14:20:16.811 W/SurfaceFlinger( 1001): eEarlyWakeup is deprecated. Use eExplicitEarlyWakeup[Start|End]
08-19 14:20:16.824 W/SurfaceFlinger( 1001): eEarlyWakeup is deprecated. Use eExplicitEarlyWakeup[Start|End]
08-19 14:20:16.827 W/SurfaceFlinger( 1001): eEarlyWakeup is deprecated. Use eExplicitEarlyWakeup[Start|End]
08-19 14:20:16.831 D/NdkImageReader( 3002): acquireImageLocked: Producer buffer usage: 333, doesn't cover all usage bits AImageReader configured: 100003
08-19 14:20:16.843 W/SurfaceFlinger( 1001): eEarlyWakeup is deprecated. Use eExplicitEarlyWakeup[Start|End]
08-19 14:20:16.860 W/SurfaceFlinger( 1001): eEarlyWakeup is deprecated. Use eExplicitEarlyWakeup[Start|End]
08-19 14:20:16.862 D/NdkImageReader( 3002): acquireImageLocked: Producer buffer usage: 333, doesn't cover all usage bits AImageReader configured: 100003
08-19 14:20:16.876 W/SurfaceFlinger( 1001): eEarlyWakeup is deprecated. Use eExplicitEarlyWakeup[Start|End]
08-19 14:20:16.894 W/SurfaceFlinger( 1001): eEarlyWakeup is deprecated. Use eExplicitEarlyWakeup[Start|End]
08-19 14:20:16.894 W/SurfaceFlinger( 1001): eEarlyWakeup is deprecated. Use eExplicitEarlyWakeup[Start|End]
08-19 14:20:16.899 D/NdkImageReader( 3002): acquireImageLocked: Producer buffer usage: 333, doesn't cover all usage bits AImageReader configured: 100003
08-19 14:20:16.909 W/SurfaceFlinger( 1001): eEarlyWakeup is deprecated. Use eExplicitEarlyWakeup[Start|End]
08-19 14:20:16.921 D/SchedBoost( 1783): thread tid=3002, priority is set to -10
08-19 14:20:16.921 D/SchedBoost( 1783): thread tid=3147, priority is set to -10
08-19 14:20:16.922 W/SchedBoost( 1783): SchedBoost end: proc: 3002/3147 573 aff:[0, 1, 2, 3, 4, 5, 6, 7]
08-19 14:20:16.929 W/SurfaceFlinger( 1001): eEarlyWakeup is deprecated. Use eExplicitEarlyWakeup[Start|End]
08-19 14:20:16.935 D/NdkImageReader( 3002): acquireImageLocked: Producer buffer usage: 333, doesn't cover all usage bits AImageReader configured: 100003
08-19 14:20:16.943 W/SurfaceFlinger( 1001): eEarlyWakeup is deprecated. Use eExplicitEarlyWakeup[Start|End]
08-19 14:20:16.962 W/SurfaceFlinger( 1001): eEarlyWakeup is deprecated. Use eExplicitEarlyWakeup[Start|End]
08-19 14:20:16.967 D/NdkImageReader( 3002): acquireImageLocked: Producer buffer usage: 333, doesn't cover all usage bits AImageReader configured: 100003
08-19 14:20:16.975 I/Timeline( 1783): Timeline: Activity_windows_visible id: ActivityRecord{c76478b u0 com.miui.home/.launcher.Launcher t2} time:8945551
08-19 14:20:16.978 I/Timeline( 1783): Timeline: App_transition_stopped time:8945554
08-19 14:20:16.980 E/LauncherAnimationRunner( 3002): finish: mFinishRunnable.run
08-19 14:20:16.981 D/FloatingIconView( 3002): onAnimationEnd, try run mEndRunnable
08-19 14:20:16.981 D/FloatingIconView( 3002): onAnimationEnd, try run mEndRunnable=com.miui.home.recents.views.-$$Lambda$FloatingIconView$CJCjuMq8JSrLWiEO7EbG57jp940@7e4c915
08-19 14:20:16.981 D/FloatingIconView( 3002): run mEndRunnable
08-19 14:20:16.981 D/FloatingIconView( 3002): finish
08-19 14:20:16.981 D/FloatingIconView( 3002): finish, visible icon=com.miui.home.launcher.ShortcutIcon{83a8df2 VFE...CL. .......D 287,84-541,364}(VMOS)
08-19 14:20:16.981 E/FloatingIconView( 3002): recycle
08-19 14:20:16.986 E/RotationHelper( 3002): setCurrentTransitionRequest: request=0
08-19 14:20:16.989 I/MiuiNetworkPolicy( 1783): updateUidState uid = 10288, uidState = 4
08-19 14:20:16.990 I/cmd     ( 3153): oneway function results will be dropped but finished with status OK and parcel size 4
08-19 14:20:16.994 W/MY_DEBUG_OPENGL_E(26302): RendererActivity removeSubWindow: m_subWin=b2ce9408 m_apiwin=b2ce9408
08-19 14:20:16.995 W/MY_DEBUG_OPENGL_E(26302): RendererActivity removeSubWindow: removeSubWindow=b2ce9408
08-19 14:20:16.995 D/NdkImageReader( 3002): acquireImageLocked: Producer buffer usage: 333, doesn't cover all usage bits AImageReader configured: 100003
08-19 14:20:16.995 W/SurfaceFlinger( 1001): eEarlyWakeup is deprecated. Use eExplicitEarlyWakeup[Start|End]
08-19 14:20:17.005 E/Layer   ( 1001): [Surface(name=Task=230)/@0xba7ef7c - animation-leash#0] No local sync point found
08-19 14:20:17.005 E/Layer   ( 1001): [Surface(name=Task=1)/@0x87dd6c8 - animation-leash#0] No local sync point found
08-19 14:20:17.026 D/NdkImageReader( 3002): acquireImageLocked: Producer buffer usage: 333, doesn't cover all usage bits AImageReader configured: 100003
08-19 14:20:17.026 I/MiuiNetworkPolicy( 1783): updateUidState uid = 10170, uidState = 17
08-19 14:20:17.026 I/MiuiNetworkPolicy( 1783): updateUidState uid = 10138, uidState = 17
08-19 14:20:17.046 D/NdkImageReader( 3002): acquireImageLocked: Producer buffer usage: 333, doesn't cover all usage bits AImageReader configured: 100003
08-19 14:20:17.144 I/chatty  ( 3002): uid=10103(com.miui.home) identical 3 lines
08-19 14:20:17.176 D/NdkImageReader( 3002): acquireImageLocked: Producer buffer usage: 333, doesn't cover all usage bits AImageReader configured: 100003
08-19 14:20:17.224 I/LOGSDK_CmdFetchPlugin(19947): handleFetchResult, onResult, resultCode: 200, resultMsg: {"code":200,"msg":null,"data":{"guid":"a638c20c7b28739d4624618a83f1f501bbd13f6688693810608da40cc2fd885a","cmdList":[]}}

08-19 14:20:17.225 I/LOGSDK_PollRequest(19947): isResultValid, response.data.cmdList is empty
08-19 14:20:17.227 D/NdkImageReader( 3002): acquireImageLocked: Producer buffer usage: 333, doesn't cover all usage bits AImageReader configured: 100003
08-19 14:20:17.325 I/chatty  ( 3002): uid=10103(com.miui.home) identical 3 lines
08-19 14:20:17.362 D/NdkImageReader( 3002): acquireImageLocked: Producer buffer usage: 333, doesn't cover all usage bits AImageReader configured: 100003
08-19 14:20:17.371 D/ScreenView_Workspace( 3002): dispatchDraw:2160
08-19 14:20:17.391 D/NdkImageReader( 3002): acquireImageLocked: Producer buffer usage: 333, doesn't cover all usage bits AImageReader configured: 100003
08-19 14:20:17.397 E/ANDR-PERF-LM(  952): VmRssMeter:: start() 400: Could not find pid, can not collect vmrss data
08-19 14:20:17.397 D/ANDR-PERF-LM(  952): MetaMeter: notifyReceiver() 141: AdaptLaunch : (Id : total,started,returned) = (1,1,1,1) 
08-19 14:20:17.397 E/ANDR-PERF-LM(  952): AdaptiveLaunch: writeToDataBase() 63: Meter aborted or could not get meter data for this run
08-19 14:20:17.397 I/ANDR-PERF-LM(  952): Meter: asyncTriggerUpdate() 55:  stop notification on VmRss
08-19 14:20:17.397 D/ANDR-PERF-LM(  952): MetaMeter: notifyReceiver() 162: AdaptLaunch : (Id : total,started,returned,state) = (1,1,0,0,0) 
08-19 14:20:17.397 D/ANDR-PERF-LM(  952): ThreadHelper: thread_callback() 162: Returned from Start:(Meter,Helper,Name,pending)=(0xb40000708acad1c0,0xb40000708ac39460,AdaptLaunch VmRss,0) 
08-19 14:20:17.397 D/ANDR-PERF-LM(  952): ThreadHelper: thread_callback() 134: Waiting:(Meter,Helper,Name,pending)=(0xb40000708acad1c0,0xb40000708ac39460,AdaptLaunch VmRss,0)
08-19 14:20:17.405 E/ANDR-PERF-LM(  952): VmRssMeter:: start() 400: Could not find pid, can not collect vmrss data
08-19 14:20:17.405 D/ANDR-PERF-LM(  952): MetaMeter: notifyReceiver() 141: AdaptLaunch : (Id : total,started,returned) = (0,1,1,1) 
08-19 14:20:17.405 I/ANDR-PERF-LM(  952): Meter: asyncTriggerUpdate() 55:  stop notification on VmRss
08-19 14:20:17.405 D/ANDR-PERF-LM(  952): MetaMeter: notifyReceiver() 148: AdaptLaunch : (Id : total,started,returned,state) = (0,1,0,0,0) 
08-19 14:20:17.405 D/ANDR-PERF-LM(  952): ThreadHelper: thread_callback() 162: Returned from Start:(Meter,Helper,Name,pending)=(0xb40000708acad000,0xb40000708ac39320,AdaptLaunch VmRss,0) 
08-19 14:20:17.405 D/ANDR-PERF-LM(  952): ThreadHelper: thread_callback() 134: Waiting:(Meter,Helper,Name,pending)=(0xb40000708acad000,0xb40000708ac39320,AdaptLaunch VmRss,0)
08-19 14:20:17.422 D/NdkImageReader( 3002): acquireImageLocked: Producer buffer usage: 333, doesn't cover all usage bits AImageReader configured: 100003
08-19 14:20:17.522 I/chatty  ( 3002): uid=10103(com.miui.home) identical 3 lines
08-19 14:20:17.558 D/NdkImageReader( 3002): acquireImageLocked: Producer buffer usage: 333, doesn't cover all usage bits AImageReader configured: 100003
08-19 14:20:17.577 I/MiuiNetworkPolicy( 1783): updateUidState uid = 10078, uidState = 15
08-19 14:20:17.578 I/MiuiNetworkPolicyTrafficLimit( 1783): updateWhiteListUidForMobileTraffic uid=10078,add=false
08-19 14:20:17.578 D/MiuiNetworkPolicyTrafficLimit( 1783): updateWhiteListUidForMobileTraffic rst=true
08-19 14:20:17.588 D/NdkImageReader( 3002): acquireImageLocked: Producer buffer usage: 333, doesn't cover all usage bits AImageReader configured: 100003
08-19 14:20:17.755 I/chatty  ( 3002): uid=10103(com.miui.home) identical 5 lines
08-19 14:20:17.787 D/NdkImageReader( 3002): acquireImageLocked: Producer buffer usage: 333, doesn't cover all usage bits AImageReader configured: 100003
08-19 14:20:17.807 W/Thread-21( 6397): type=1400 audit(0.0:1645250): avc: denied { read } for name="devices" dev="proc" ino=4026532038 scontext=u:r:untrusted_app_27:s0:c512,c768 tcontext=u:object_r:proc:s0 tclass=file permissive=0 app=com.tmri.app.main
08-19 14:20:17.825 I/cmd     ( 3234): oneway function results will be dropped but finished with status OK and parcel size 4
